[INFO] fetching crate norts 1.1.0...
[INFO] testing norts-1.1.0 against nightly-2025-01-18 for randomize-layout-2
[INFO] extracting crate norts 1.1.0 into /workspace/builds/worker-5-tc1/source
[INFO] validating manifest of crates.io crate norts 1.1.0 on toolchain nightly-2025-01-18
[INFO] running `Command { std: CARGO_HOME="/workspace/cargo-home" RUSTUP_HOME="/workspace/rustup-home" "/workspace/cargo-home/bin/cargo" "+nightly-2025-01-18" "metadata" "--manifest-path" "Cargo.toml" "--no-deps", kill_on_drop: false }`
[INFO] started tweaking crates.io crate norts 1.1.0
[INFO] finished tweaking crates.io crate norts 1.1.0
[INFO] tweaked toml for crates.io crate norts 1.1.0 written to /workspace/builds/worker-5-tc1/source/Cargo.toml
[INFO] running `Command { std: CARGO_HOME="/workspace/cargo-home" RUSTUP_HOME="/workspace/rustup-home" "/workspace/cargo-home/bin/cargo" "+nightly-2025-01-18" "generate-lockfile" "--manifest-path" "Cargo.toml", kill_on_drop: false }`
[INFO] [stderr]     Blocking waiting for file lock on package cache
[INFO] [stderr]     Blocking waiting for file lock on package cache
[INFO] running `Command { std: CARGO_HOME="/workspace/cargo-home" RUSTUP_HOME="/workspace/rustup-home" "/workspace/cargo-home/bin/cargo" "+nightly-2025-01-18" "fetch" "--manifest-path" "Cargo.toml", kill_on_drop: false }`
[INFO] [stderr]     Blocking waiting for file lock on package cache
[INFO] [stderr]     Blocking waiting for file lock on package cache
[INFO] running `Command { std: "docker" "create" "-v" "/var/lib/crater-agent-workspace/builds/worker-5-tc1/target:/opt/rustwide/target:rw,Z" "-v" "/var/lib/crater-agent-workspace/builds/worker-5-tc1/source:/opt/rustwide/workdir:ro,Z" "-v" "/var/lib/crater-agent-workspace/cargo-home:/opt/rustwide/cargo-home:ro,Z" "-v" "/var/lib/crater-agent-workspace/rustup-home:/opt/rustwide/rustup-home:ro,Z" "-e" "SOURCE_DIR=/opt/rustwide/workdir" "-e" "CARGO_TARGET_DIR=/opt/rustwide/target" "-e" "CARGO_HOME=/opt/rustwide/cargo-home" "-e" "RUSTUP_HOME=/opt/rustwide/rustup-home" "-w" "/opt/rustwide/workdir" "-m" "1610612736" "--user" "0:0" "--network" "none" "ghcr.io/rust-lang/crates-build-env/linux@sha256:819108c5571ea2e421544af4d832f968d213c87fbe3707a016657f43d2f853bc" "/opt/rustwide/cargo-home/bin/cargo" "+nightly-2025-01-18" "metadata" "--no-deps" "--format-version=1", kill_on_drop: false }`
[INFO] [stdout] 5d7a065aa2d2867cd84df37e6075865d81554a681503f1770a662b56bff9538d
[INFO] running `Command { std: "docker" "start" "-a" "5d7a065aa2d2867cd84df37e6075865d81554a681503f1770a662b56bff9538d", kill_on_drop: false }`
[INFO] running `Command { std: "docker" "inspect" "5d7a065aa2d2867cd84df37e6075865d81554a681503f1770a662b56bff9538d", kill_on_drop: false }`
[INFO] running `Command { std: "docker" "rm" "-f" "5d7a065aa2d2867cd84df37e6075865d81554a681503f1770a662b56bff9538d", kill_on_drop: false }`
[INFO] [stdout] 5d7a065aa2d2867cd84df37e6075865d81554a681503f1770a662b56bff9538d
[INFO] running `Command { std: "docker" "create" "-v" "/var/lib/crater-agent-workspace/builds/worker-5-tc1/target:/opt/rustwide/target:rw,Z" "-v" "/var/lib/crater-agent-workspace/builds/worker-5-tc1/source:/opt/rustwide/workdir:ro,Z" "-v" "/var/lib/crater-agent-workspace/cargo-home:/opt/rustwide/cargo-home:ro,Z" "-v" "/var/lib/crater-agent-workspace/rustup-home:/opt/rustwide/rustup-home:ro,Z" "-e" "SOURCE_DIR=/opt/rustwide/workdir" "-e" "CARGO_TARGET_DIR=/opt/rustwide/target" "-e" "CARGO_INCREMENTAL=0" "-e" "RUST_BACKTRACE=full" "-e" "RUSTFLAGS=--cap-lints=forbid" "-e" "RUSTDOCFLAGS=--cap-lints=forbid" "-e" "CARGO_HOME=/opt/rustwide/cargo-home" "-e" "RUSTUP_HOME=/opt/rustwide/rustup-home" "-w" "/opt/rustwide/workdir" "-m" "1610612736" "--user" "0:0" "--network" "none" "ghcr.io/rust-lang/crates-build-env/linux@sha256:819108c5571ea2e421544af4d832f968d213c87fbe3707a016657f43d2f853bc" "/opt/rustwide/cargo-home/bin/cargo" "+nightly-2025-01-18" "build" "--frozen" "--message-format=json", kill_on_drop: false }`
[INFO] [stdout] cd23c2fa3eeef0dbe8c181cb9692fd8b31e9be833625c662f3103a495f0ed3bb
[INFO] running `Command { std: "docker" "start" "-a" "cd23c2fa3eeef0dbe8c181cb9692fd8b31e9be833625c662f3103a495f0ed3bb", kill_on_drop: false }`
[INFO] [stderr]    Compiling norts v1.1.0 (/opt/rustwide/workdir)
[INFO] [stderr]     Finished `dev` profile [unoptimized + debuginfo] target(s) in 0.16s
[INFO] running `Command { std: "docker" "inspect" "cd23c2fa3eeef0dbe8c181cb9692fd8b31e9be833625c662f3103a495f0ed3bb", kill_on_drop: false }`
[INFO] running `Command { std: "docker" "rm" "-f" "cd23c2fa3eeef0dbe8c181cb9692fd8b31e9be833625c662f3103a495f0ed3bb", kill_on_drop: false }`
[INFO] [stdout] cd23c2fa3eeef0dbe8c181cb9692fd8b31e9be833625c662f3103a495f0ed3bb
[INFO] running `Command { std: "docker" "create" "-v" "/var/lib/crater-agent-workspace/builds/worker-5-tc1/target:/opt/rustwide/target:rw,Z" "-v" "/var/lib/crater-agent-workspace/builds/worker-5-tc1/source:/opt/rustwide/workdir:ro,Z" "-v" "/var/lib/crater-agent-workspace/cargo-home:/opt/rustwide/cargo-home:ro,Z" "-v" "/var/lib/crater-agent-workspace/rustup-home:/opt/rustwide/rustup-home:ro,Z" "-e" "SOURCE_DIR=/opt/rustwide/workdir" "-e" "CARGO_TARGET_DIR=/opt/rustwide/target" "-e" "CARGO_INCREMENTAL=0" "-e" "RUST_BACKTRACE=full" "-e" "RUSTFLAGS=--cap-lints=forbid" "-e" "RUSTDOCFLAGS=--cap-lints=forbid" "-e" "CARGO_HOME=/opt/rustwide/cargo-home" "-e" "RUSTUP_HOME=/opt/rustwide/rustup-home" "-w" "/opt/rustwide/workdir" "-m" "1610612736" "--user" "0:0" "--network" "none" "ghcr.io/rust-lang/crates-build-env/linux@sha256:819108c5571ea2e421544af4d832f968d213c87fbe3707a016657f43d2f853bc" "/opt/rustwide/cargo-home/bin/cargo" "+nightly-2025-01-18" "test" "--frozen" "--no-run" "--message-format=json", kill_on_drop: false }`
[INFO] [stdout] aea88dd4f99bd545b4736f4cb72c48640e5e02c5032ac56690565a7df2cd9388
[INFO] running `Command { std: "docker" "start" "-a" "aea88dd4f99bd545b4736f4cb72c48640e5e02c5032ac56690565a7df2cd9388", kill_on_drop: false }`
[INFO] [stderr]    Compiling norts v1.1.0 (/opt/rustwide/workdir)
[INFO] [stderr]     Finished `test` profile [unoptimized + debuginfo] target(s) in 0.25s
[INFO] running `Command { std: "docker" "inspect" "aea88dd4f99bd545b4736f4cb72c48640e5e02c5032ac56690565a7df2cd9388", kill_on_drop: false }`
[INFO] running `Command { std: "docker" "rm" "-f" "aea88dd4f99bd545b4736f4cb72c48640e5e02c5032ac56690565a7df2cd9388", kill_on_drop: false }`
[INFO] [stdout] aea88dd4f99bd545b4736f4cb72c48640e5e02c5032ac56690565a7df2cd9388
[INFO] running `Command { std: "docker" "create" "-v" "/var/lib/crater-agent-workspace/builds/worker-5-tc1/target:/opt/rustwide/target:rw,Z" "-v" "/var/lib/crater-agent-workspace/builds/worker-5-tc1/source:/opt/rustwide/workdir:ro,Z" "-v" "/var/lib/crater-agent-workspace/cargo-home:/opt/rustwide/cargo-home:ro,Z" "-v" "/var/lib/crater-agent-workspace/rustup-home:/opt/rustwide/rustup-home:ro,Z" "-e" "SOURCE_DIR=/opt/rustwide/workdir" "-e" "CARGO_TARGET_DIR=/opt/rustwide/target" "-e" "CARGO_INCREMENTAL=0" "-e" "RUST_BACKTRACE=full" "-e" "RUSTFLAGS=--cap-lints=forbid" "-e" "RUSTDOCFLAGS=--cap-lints=forbid" "-e" "CARGO_HOME=/opt/rustwide/cargo-home" "-e" "RUSTUP_HOME=/opt/rustwide/rustup-home" "-w" "/opt/rustwide/workdir" "-m" "1610612736" "--user" "0:0" "--network" "none" "ghcr.io/rust-lang/crates-build-env/linux@sha256:819108c5571ea2e421544af4d832f968d213c87fbe3707a016657f43d2f853bc" "/opt/rustwide/cargo-home/bin/cargo" "+nightly-2025-01-18" "test" "--frozen", kill_on_drop: false }`
[INFO] [stdout] 15378cb19061790f3a3c133be56809917275b7c55b1adcf306c6cad927de0182
[INFO] running `Command { std: "docker" "start" "-a" "15378cb19061790f3a3c133be56809917275b7c55b1adcf306c6cad927de0182", kill_on_drop: false }`
[INFO] [stderr]     Finished `test` profile [unoptimized + debuginfo] target(s) in 0.01s
[INFO] [stderr]      Running unittests src/lib.rs (/opt/rustwide/target/debug/deps/norts-1a4aad459fa7cc30)
[INFO] [stderr]    Doc-tests norts
[INFO] [stdout] 
[INFO] [stdout] running 0 tests
[INFO] [stdout] 
[INFO] [stdout] test result: ok. 0 passed; 0 failed; 0 ignored; 0 measured; 0 filtered out; finished in 0.00s
[INFO] [stdout] 
[INFO] [stdout] 
[INFO] [stdout] running 6 tests
[INFO] [stdout] test src/board.rs - board::Board::is_valid_pgn (line 132) ... ignored
[INFO] [stdout] test src/board.rs - board::Board::parse_pgn (line 166) ... ignored
[INFO] [stdout] test src/board.rs - board::Board::play (line 202) ... ignored
[INFO] [stdout] test src/board.rs - board::Board::play (line 197) ... FAILED
[INFO] [stdout] test src/board.rs - board::Board::is_valid_pgn (line 129) ... FAILED
[INFO] [stdout] test src/board.rs - board::Board::parse_pgn (line 163) ... FAILED
[INFO] [stdout] 
[INFO] [stdout] failures:
[INFO] [stdout] 
[INFO] [stdout] ---- src/board.rs - board::Board::play (line 197) stdout ----
[INFO] [stdout] error: expected one of `.`, `;`, `?`, `}`, or an operator, found `1`
[INFO] [stdout]  --> src/board.rs:198:4
[INFO] [stdout]   |
[INFO] [stdout] 3 | 0  1  2
[INFO] [stdout]   |    ^ expected one of `.`, `;`, `?`, `}`, or an operator
[INFO] [stdout] 
[INFO] [stdout] error: aborting due to 1 previous error
[INFO] [stdout] 
[INFO] [stdout] Couldn't compile the test.
[INFO] [stdout] ---- src/board.rs - board::Board::is_valid_pgn (line 129) stdout ----
[INFO] [stdout] error: unexpected token: `.`
[INFO] [stdout]  --> src/board.rs:132:2
[INFO] [stdout]   |
[INFO] [stdout] 5 |  .  .  .
[INFO] [stdout]   |  ^
[INFO] [stdout] 
[INFO] [stdout] error: unexpected token: `.`
[INFO] [stdout]  --> src/board.rs:132:5
[INFO] [stdout]   |
[INFO] [stdout] 5 |  .  .  .
[INFO] [stdout]   |     ^
[INFO] [stdout] 
[INFO] [stdout] error: unexpected token: `.`
[INFO] [stdout]  --> src/board.rs:132:8
[INFO] [stdout]   |
[INFO] [stdout] 5 |  .  .  .
[INFO] [stdout]   |        ^
[INFO] [stdout] 
[INFO] [stdout] error: unexpected token: `}`
[INFO] [stdout]  --> src/board.rs:133:1
[INFO] [stdout]   |
[INFO] [stdout] 6 | } _doctest_main_src_board_rs_129_0() }
[INFO] [stdout]   | ^
[INFO] [stdout] 
[INFO] [stdout] error[E0425]: cannot find value `X` in this scope
[INFO] [stdout]  --> src/board.rs:130:1
[INFO] [stdout]   |
[INFO] [stdout] 3 | X  .  X
[INFO] [stdout]   | ^ not found in this scope
[INFO] [stdout]   |
[INFO] [stdout] help: you might be missing a const parameter
[INFO] [stdout]   |
[INFO] [stdout] 2 | fn main() { #[allow(non_snake_case)] fn _doctest_main_src_board_rs_129_0<const X: /* Type */>() {
[INFO] [stdout]   |                                                                         +++++++++++++++++++++
[INFO] [stdout] 
[INFO] [stdout] error: aborting due to 5 previous errors
[INFO] [stdout] 
[INFO] [stdout] For more information about this error, try `rustc --explain E0425`.
[INFO] [stdout] Couldn't compile the test.
[INFO] [stdout] ---- src/board.rs - board::Board::parse_pgn (line 163) stdout ----
[INFO] [stdout] error: unexpected token: `.`
[INFO] [stdout]  --> src/board.rs:166:2
[INFO] [stdout]   |
[INFO] [stdout] 5 |  .  .  .
[INFO] [stdout]   |  ^
[INFO] [stdout] 
[INFO] [stdout] error: unexpected token: `.`
[INFO] [stdout]  --> src/board.rs:166:5
[INFO] [stdout]   |
[INFO] [stdout] 5 |  .  .  .
[INFO] [stdout]   |     ^
[INFO] [stdout] 
[INFO] [stdout] error: unexpected token: `.`
[INFO] [stdout]  --> src/board.rs:166:8
[INFO] [stdout]   |
[INFO] [stdout] 5 |  .  .  .
[INFO] [stdout]   |        ^
[INFO] [stdout] 
[INFO] [stdout] error: unexpected token: `}`
[INFO] [stdout]  --> src/board.rs:167:1
[INFO] [stdout]   |
[INFO] [stdout] 6 | } _doctest_main_src_board_rs_163_0() }
[INFO] [stdout]   | ^
[INFO] [stdout] 
[INFO] [stdout] error[E0425]: cannot find value `X` in this scope
[INFO] [stdout]  --> src/board.rs:164:1
[INFO] [stdout]   |
[INFO] [stdout] 3 | X  .  X
[INFO] [stdout]   | ^ not found in this scope
[INFO] [stdout]   |
[INFO] [stdout] help: you might be missing a const parameter
[INFO] [stdout]   |
[INFO] [stdout] 2 | fn main() { #[allow(non_snake_case)] fn _doctest_main_src_board_rs_163_0<const X: /* Type */>() {
[INFO] [stdout]   |                                                                         +++++++++++++++++++++
[INFO] [stdout] 
[INFO] [stdout] error: aborting due to 5 previous errors
[INFO] [stdout] 
[INFO] [stdout] For more information about this error, try `rustc --explain E0425`.
[INFO] [stdout] Couldn't compile the test.
[INFO] [stdout] 
[INFO] [stdout] failures:
[INFO] [stdout]     src/board.rs - board::Board::is_valid_pgn (line 129)
[INFO] [stdout]     src/board.rs - board::Board::parse_pgn (line 163)
[INFO] [stdout]     src/board.rs - board::Board::play (line 197)
[INFO] [stdout] 
[INFO] [stdout] test result: FAILED. 0 passed; 3 failed; 3 ignored; 0 measured; 0 filtered out; finished in 0.11s
[INFO] [stdout] 
[INFO] [stderr] error: doctest failed, to rerun pass `--doc`
[INFO] running `Command { std: "docker" "inspect" "15378cb19061790f3a3c133be56809917275b7c55b1adcf306c6cad927de0182", kill_on_drop: false }`
[INFO] running `Command { std: "docker" "rm" "-f" "15378cb19061790f3a3c133be56809917275b7c55b1adcf306c6cad927de0182", kill_on_drop: false }`
[INFO] [stdout] 15378cb19061790f3a3c133be56809917275b7c55b1adcf306c6cad927de0182
