[INFO] fetching crate nic-port-info 0.0.2-alphav1...
[INFO] testing nic-port-info-0.0.2-alphav1 against nightly-2025-01-18+rustflags=-Zrandomize-layout for randomize-layout-2
[INFO] extracting crate nic-port-info 0.0.2-alphav1 into /workspace/builds/worker-2-tc2/source
[INFO] validating manifest of crates.io crate nic-port-info 0.0.2-alphav1 on toolchain nightly-2025-01-18
[INFO] running `Command { std: CARGO_HOME="/workspace/cargo-home" RUSTUP_HOME="/workspace/rustup-home" "/workspace/cargo-home/bin/cargo" "+nightly-2025-01-18" "metadata" "--manifest-path" "Cargo.toml" "--no-deps", kill_on_drop: false }`
[INFO] started tweaking crates.io crate nic-port-info 0.0.2-alphav1
[INFO] finished tweaking crates.io crate nic-port-info 0.0.2-alphav1
[INFO] tweaked toml for crates.io crate nic-port-info 0.0.2-alphav1 written to /workspace/builds/worker-2-tc2/source/Cargo.toml
[INFO] crate crates.io crate nic-port-info 0.0.2-alphav1 already has a lockfile, it will not be regenerated
[INFO] running `Command { std: CARGO_HOME="/workspace/cargo-home" RUSTUP_HOME="/workspace/rustup-home" "/workspace/cargo-home/bin/cargo" "+nightly-2025-01-18" "fetch" "--manifest-path" "Cargo.toml", kill_on_drop: false }`
[INFO] running `Command { std: "docker" "create" "-v" "/var/lib/crater-agent-workspace/builds/worker-2-tc2/target:/opt/rustwide/target:rw,Z" "-v" "/var/lib/crater-agent-workspace/builds/worker-2-tc2/source:/opt/rustwide/workdir:ro,Z" "-v" "/var/lib/crater-agent-workspace/cargo-home:/opt/rustwide/cargo-home:ro,Z" "-v" "/var/lib/crater-agent-workspace/rustup-home:/opt/rustwide/rustup-home:ro,Z" "-e" "SOURCE_DIR=/opt/rustwide/workdir" "-e" "CARGO_TARGET_DIR=/opt/rustwide/target" "-e" "CARGO_HOME=/opt/rustwide/cargo-home" "-e" "RUSTUP_HOME=/opt/rustwide/rustup-home" "-w" "/opt/rustwide/workdir" "-m" "1610612736" "--user" "0:0" "--network" "none" "ghcr.io/rust-lang/crates-build-env/linux@sha256:819108c5571ea2e421544af4d832f968d213c87fbe3707a016657f43d2f853bc" "/opt/rustwide/cargo-home/bin/cargo" "+nightly-2025-01-18" "metadata" "--no-deps" "--format-version=1", kill_on_drop: false }`
[INFO] [stdout] 525bef07759db5a0b849dcbe41f4e65d4ce30895c5fab77ed0a6029a5f53ec69
[INFO] running `Command { std: "docker" "start" "-a" "525bef07759db5a0b849dcbe41f4e65d4ce30895c5fab77ed0a6029a5f53ec69", kill_on_drop: false }`
[INFO] running `Command { std: "docker" "inspect" "525bef07759db5a0b849dcbe41f4e65d4ce30895c5fab77ed0a6029a5f53ec69", kill_on_drop: false }`
[INFO] running `Command { std: "docker" "rm" "-f" "525bef07759db5a0b849dcbe41f4e65d4ce30895c5fab77ed0a6029a5f53ec69", kill_on_drop: false }`
[INFO] [stdout] 525bef07759db5a0b849dcbe41f4e65d4ce30895c5fab77ed0a6029a5f53ec69
[INFO] running `Command { std: "docker" "create" "-v" "/var/lib/crater-agent-workspace/builds/worker-2-tc2/target:/opt/rustwide/target:rw,Z" "-v" "/var/lib/crater-agent-workspace/builds/worker-2-tc2/source:/opt/rustwide/workdir:ro,Z" "-v" "/var/lib/crater-agent-workspace/cargo-home:/opt/rustwide/cargo-home:ro,Z" "-v" "/var/lib/crater-agent-workspace/rustup-home:/opt/rustwide/rustup-home:ro,Z" "-e" "SOURCE_DIR=/opt/rustwide/workdir" "-e" "CARGO_TARGET_DIR=/opt/rustwide/target" "-e" "CARGO_INCREMENTAL=0" "-e" "RUST_BACKTRACE=full" "-e" "RUSTFLAGS=--cap-lints=forbid -Zrandomize-layout" "-e" "RUSTDOCFLAGS=--cap-lints=forbid" "-e" "CARGO_HOME=/opt/rustwide/cargo-home" "-e" "RUSTUP_HOME=/opt/rustwide/rustup-home" "-w" "/opt/rustwide/workdir" "-m" "1610612736" "--user" "0:0" "--network" "none" "ghcr.io/rust-lang/crates-build-env/linux@sha256:819108c5571ea2e421544af4d832f968d213c87fbe3707a016657f43d2f853bc" "/opt/rustwide/cargo-home/bin/cargo" "+nightly-2025-01-18" "build" "--frozen" "--message-format=json", kill_on_drop: false }`
[INFO] [stdout] d05d542d10bd6841886cda84f6fa7794b98cdaa03759abbad72a3d3bcd884ba3
[INFO] running `Command { std: "docker" "start" "-a" "d05d542d10bd6841886cda84f6fa7794b98cdaa03759abbad72a3d3bcd884ba3", kill_on_drop: false }`
[INFO] [stderr]    Compiling autocfg v1.1.0
[INFO] [stderr]    Compiling libc v0.2.147
[INFO] [stderr]    Compiling pin-utils v0.1.0
[INFO] [stderr]    Compiling static_assertions v1.1.0
[INFO] [stderr]    Compiling memoffset v0.7.1
[INFO] [stderr]    Compiling nix v0.26.2
[INFO] [stderr]    Compiling nic-port-info v0.0.2-alphav1 (/opt/rustwide/workdir)
[INFO] [stderr]     Finished `dev` profile [unoptimized + debuginfo] target(s) in 6.04s
[INFO] running `Command { std: "docker" "inspect" "d05d542d10bd6841886cda84f6fa7794b98cdaa03759abbad72a3d3bcd884ba3", kill_on_drop: false }`
[INFO] running `Command { std: "docker" "rm" "-f" "d05d542d10bd6841886cda84f6fa7794b98cdaa03759abbad72a3d3bcd884ba3", kill_on_drop: false }`
[INFO] [stdout] d05d542d10bd6841886cda84f6fa7794b98cdaa03759abbad72a3d3bcd884ba3
[INFO] running `Command { std: "docker" "create" "-v" "/var/lib/crater-agent-workspace/builds/worker-2-tc2/target:/opt/rustwide/target:rw,Z" "-v" "/var/lib/crater-agent-workspace/builds/worker-2-tc2/source:/opt/rustwide/workdir:ro,Z" "-v" "/var/lib/crater-agent-workspace/cargo-home:/opt/rustwide/cargo-home:ro,Z" "-v" "/var/lib/crater-agent-workspace/rustup-home:/opt/rustwide/rustup-home:ro,Z" "-e" "SOURCE_DIR=/opt/rustwide/workdir" "-e" "CARGO_TARGET_DIR=/opt/rustwide/target" "-e" "CARGO_INCREMENTAL=0" "-e" "RUST_BACKTRACE=full" "-e" "RUSTFLAGS=--cap-lints=forbid -Zrandomize-layout" "-e" "RUSTDOCFLAGS=--cap-lints=forbid" "-e" "CARGO_HOME=/opt/rustwide/cargo-home" "-e" "RUSTUP_HOME=/opt/rustwide/rustup-home" "-w" "/opt/rustwide/workdir" "-m" "1610612736" "--user" "0:0" "--network" "none" "ghcr.io/rust-lang/crates-build-env/linux@sha256:819108c5571ea2e421544af4d832f968d213c87fbe3707a016657f43d2f853bc" "/opt/rustwide/cargo-home/bin/cargo" "+nightly-2025-01-18" "test" "--frozen" "--no-run" "--message-format=json", kill_on_drop: false }`
[INFO] [stdout] 2e72a0781854a38bc0140c920826e6d9bdce92685ef27e5d98bc350d331685a6
[INFO] running `Command { std: "docker" "start" "-a" "2e72a0781854a38bc0140c920826e6d9bdce92685ef27e5d98bc350d331685a6", kill_on_drop: false }`
[INFO] [stderr]    Compiling nic-port-info v0.0.2-alphav1 (/opt/rustwide/workdir)
[INFO] [stderr]     Finished `test` profile [unoptimized + debuginfo] target(s) in 0.34s
[INFO] running `Command { std: "docker" "inspect" "2e72a0781854a38bc0140c920826e6d9bdce92685ef27e5d98bc350d331685a6", kill_on_drop: false }`
[INFO] running `Command { std: "docker" "rm" "-f" "2e72a0781854a38bc0140c920826e6d9bdce92685ef27e5d98bc350d331685a6", kill_on_drop: false }`
[INFO] [stdout] 2e72a0781854a38bc0140c920826e6d9bdce92685ef27e5d98bc350d331685a6
[INFO] running `Command { std: "docker" "create" "-v" "/var/lib/crater-agent-workspace/builds/worker-2-tc2/target:/opt/rustwide/target:rw,Z" "-v" "/var/lib/crater-agent-workspace/builds/worker-2-tc2/source:/opt/rustwide/workdir:ro,Z" "-v" "/var/lib/crater-agent-workspace/cargo-home:/opt/rustwide/cargo-home:ro,Z" "-v" "/var/lib/crater-agent-workspace/rustup-home:/opt/rustwide/rustup-home:ro,Z" "-e" "SOURCE_DIR=/opt/rustwide/workdir" "-e" "CARGO_TARGET_DIR=/opt/rustwide/target" "-e" "CARGO_INCREMENTAL=0" "-e" "RUST_BACKTRACE=full" "-e" "RUSTFLAGS=--cap-lints=forbid -Zrandomize-layout" "-e" "RUSTDOCFLAGS=--cap-lints=forbid" "-e" "CARGO_HOME=/opt/rustwide/cargo-home" "-e" "RUSTUP_HOME=/opt/rustwide/rustup-home" "-w" "/opt/rustwide/workdir" "-m" "1610612736" "--user" "0:0" "--network" "none" "ghcr.io/rust-lang/crates-build-env/linux@sha256:819108c5571ea2e421544af4d832f968d213c87fbe3707a016657f43d2f853bc" "/opt/rustwide/cargo-home/bin/cargo" "+nightly-2025-01-18" "test" "--frozen", kill_on_drop: false }`
[INFO] [stdout] baf9937aac34783fa7a150950e3d1ad03ff18890e7afeeb576a5b4238791d9ec
[INFO] running `Command { std: "docker" "start" "-a" "baf9937aac34783fa7a150950e3d1ad03ff18890e7afeeb576a5b4238791d9ec", kill_on_drop: false }`
[INFO] [stderr]     Finished `test` profile [unoptimized + debuginfo] target(s) in 0.02s
[INFO] [stderr]      Running unittests src/lib.rs (/opt/rustwide/target/debug/deps/nic_port_info-33eceb9b54009d4e)
[INFO] [stdout] 
[INFO] [stdout] running 0 tests
[INFO] [stdout] 
[INFO] [stdout] test result: ok. 0 passed; 0 failed; 0 ignored; 0 measured; 0 filtered out; finished in 0.00s
[INFO] [stdout] 
[INFO] [stderr]    Doc-tests nic_port_info
[INFO] [stdout] 
[INFO] [stdout] running 4 tests
[INFO] [stdout] test src/internal.rs - internal::CmdContext (line 41) ... FAILED
[INFO] [stdout] test src/lib.rs - (line 7) ... ok
[INFO] [stdout] test src/lib.rs - (line 18) ... ok
[INFO] [stdout] test src/lib.rs - (line 29) ... FAILED
[INFO] [stdout] 
[INFO] [stdout] failures:
[INFO] [stdout] 
[INFO] [stdout] ---- src/internal.rs - internal::CmdContext (line 41) stdout ----
[INFO] [stdout] error[E0425]: cannot find value `ETHTOOL_GLINKSETTINGS` in this scope
[INFO] [stdout]  --> src/internal.rs:44:36
[INFO] [stdout]   |
[INFO] [stdout] 6 | let mut ecmd = EthtoolCommnad::new(ETHTOOL_GLINKSETTINGS).unwrap();
[INFO] [stdout]   |                                    ^^^^^^^^^^^^^^^^^^^^^ not found in this scope
[INFO] [stdout] 
[INFO] [stdout] error[E0433]: failed to resolve: use of undeclared type `Context`
[INFO] [stdout]  --> src/internal.rs:45:23
[INFO] [stdout]   |
[INFO] [stdout] 7 | let mut cmd_context = Context::new("eth0").unwrap();
[INFO] [stdout]   |                       ^^^^^^^ use of undeclared type `Context`
[INFO] [stdout]   |
[INFO] [stdout] help: consider importing this struct
[INFO] [stdout]   |
[INFO] [stdout] 2 + use std::task::Context;
[INFO] [stdout]   |
[INFO] [stdout] 
[INFO] [stdout] error[E0603]: module `internal` is private
[INFO] [stdout]   --> src/internal.rs:43:20
[INFO] [stdout]    |
[INFO] [stdout] 5  | use nic_port_info::internal::CmdContext;
[INFO] [stdout]    |                    ^^^^^^^^ private module
[INFO] [stdout]    |
[INFO] [stdout] note: the module `internal` is defined here
[INFO] [stdout]   --> /opt/rustwide/workdir/src/lib.rs:43:1
[INFO] [stdout]    |
[INFO] [stdout] 43 | mod internal;
[INFO] [stdout]    | ^^^^^^^^^^^^
[INFO] [stdout] 
[INFO] [stdout] error[E0433]: failed to resolve: use of undeclared type `EthtoolCommnad`
[INFO] [stdout]  --> src/internal.rs:44:16
[INFO] [stdout]   |
[INFO] [stdout] 6 | let mut ecmd = EthtoolCommnad::new(ETHTOOL_GLINKSETTINGS).unwrap();
[INFO] [stdout]   |                ^^^^^^^^^^^^^^ use of undeclared type `EthtoolCommnad`
[INFO] [stdout] 
[INFO] [stdout] error: aborting due to 4 previous errors
[INFO] [stdout] 
[INFO] [stdout] Some errors have detailed explanations: E0425, E0433, E0603.
[INFO] [stdout] For more information about an error, try `rustc --explain E0425`.
[INFO] [stdout] Couldn't compile the test.
[INFO] [stdout] ---- src/lib.rs - (line 29) stdout ----
[INFO] [stdout] Test executable failed (exit status: 101).
[INFO] [stdout] 
[INFO] [stdout] stderr:
[INFO] [stdout] 
[INFO] [stdout] thread 'main' panicked at src/lib.rs:6:44:
[INFO] [stdout] called `Result::unwrap()` on an `Err` value: EthtoolError { details: "Failed to send EthtoolCommnad" }
[INFO] [stdout] stack backtrace:
[INFO] [stdout]    0:     0x572b1afd7f9a - std::backtrace_rs::backtrace::libunwind::trace::hb059275cfc8d6126
[INFO] [stdout]                                at /rustc/6067b36314ab5eb2eb47cecc464545ba58e1ad24/library/std/src/../../backtrace/src/backtrace/libunwind.rs:116:5
[INFO] [stdout]    1:     0x572b1afd7f9a - std::backtrace_rs::backtrace::trace_unsynchronized::h2da071e4327ce3ee
[INFO] [stdout]                                at /rustc/6067b36314ab5eb2eb47cecc464545ba58e1ad24/library/std/src/../../backtrace/src/backtrace/mod.rs:66:5
[INFO] [stdout]    2:     0x572b1afd7f9a - std::sys::backtrace::_print_fmt::h842a1474e6f8d23f
[INFO] [stdout]                                at /rustc/6067b36314ab5eb2eb47cecc464545ba58e1ad24/library/std/src/sys/backtrace.rs:66:9
[INFO] [stdout]    3:     0x572b1afd7f9a - <std::sys::backtrace::BacktraceLock::print::DisplayBacktrace as core::fmt::Display>::fmt::h71a62eb3b9696b12
[INFO] [stdout]                                at /rustc/6067b36314ab5eb2eb47cecc464545ba58e1ad24/library/std/src/sys/backtrace.rs:39:26
[INFO] [stdout]    4:     0x572b1aff5013 - core::fmt::rt::Argument::fmt::hdb6b616786b41dc1
[INFO] [stdout]                                at /rustc/6067b36314ab5eb2eb47cecc464545ba58e1ad24/library/core/src/fmt/rt.rs:177:76
[INFO] [stdout]    5:     0x572b1aff5013 - core::fmt::write::h2cc1698af7e2d686
[INFO] [stdout]                                at /rustc/6067b36314ab5eb2eb47cecc464545ba58e1ad24/library/core/src/fmt/mod.rs:1440:21
[INFO] [stdout]    6:     0x572b1afd54d3 - std::io::Write::write_fmt::h00c8700df393f328
[INFO] [stdout]                                at /rustc/6067b36314ab5eb2eb47cecc464545ba58e1ad24/library/std/src/io/mod.rs:1887:15
[INFO] [stdout]    7:     0x572b1afd7de2 - std::sys::backtrace::BacktraceLock::print::h147fe35b4ea13b08
[INFO] [stdout]                                at /rustc/6067b36314ab5eb2eb47cecc464545ba58e1ad24/library/std/src/sys/backtrace.rs:42:9
[INFO] [stdout]    8:     0x572b1afd8d2f - std::panicking::default_hook::{{closure}}::hbd44223dbdc0d208
[INFO] [stdout]                                at /rustc/6067b36314ab5eb2eb47cecc464545ba58e1ad24/library/std/src/panicking.rs:298:22
[INFO] [stdout]    9:     0x572b1afd8b9a - std::panicking::default_hook::h20f81eb0576efcec
[INFO] [stdout]                                at /rustc/6067b36314ab5eb2eb47cecc464545ba58e1ad24/library/std/src/panicking.rs:325:9
[INFO] [stdout]   10:     0x572b1afd9602 - std::panicking::rust_panic_with_hook::h625eea43051b2edc
[INFO] [stdout]                                at /rustc/6067b36314ab5eb2eb47cecc464545ba58e1ad24/library/std/src/panicking.rs:831:13
[INFO] [stdout]   11:     0x572b1afd949a - std::panicking::begin_panic_handler::{{closure}}::h4f9159cfbc3f6bd3
[INFO] [stdout]                                at /rustc/6067b36314ab5eb2eb47cecc464545ba58e1ad24/library/std/src/panicking.rs:704:13
[INFO] [stdout]   12:     0x572b1afd8499 - std::sys::backtrace::__rust_end_short_backtrace::h0390abce48353151
[INFO] [stdout]                                at /rustc/6067b36314ab5eb2eb47cecc464545ba58e1ad24/library/std/src/sys/backtrace.rs:168:18
[INFO] [stdout]   13:     0x572b1afd912d - rust_begin_unwind
[INFO] [stdout]                                at /rustc/6067b36314ab5eb2eb47cecc464545ba58e1ad24/library/std/src/panicking.rs:695:5
[INFO] [stdout]   14:     0x572b1aff43e0 - core::panicking::panic_fmt::h9e7c637e9e5f29c9
[INFO] [stdout]                                at /rustc/6067b36314ab5eb2eb47cecc464545ba58e1ad24/library/core/src/panicking.rs:75:14
[INFO] [stdout]   15:     0x572b1aff4826 - core::result::unwrap_failed::h7979f09313fe1849
[INFO] [stdout]                                at /rustc/6067b36314ab5eb2eb47cecc464545ba58e1ad24/library/core/src/result.rs:1704:5
[INFO] [stdout]   16:     0x572b1afb255d - rust_out::main::_doctest_main_src_lib_rs_29_0::hd3c332e3e80b8c57
[INFO] [stdout]   17:     0x572b1afb24c6 - rust_out::main::he88f0b9b281d54e0
[INFO] [stdout]   18:     0x572b1afb21c3 - core::ops::function::FnOnce::call_once::hcf3829d8b58d0254
[INFO] [stdout]   19:     0x572b1afb2026 - std::sys::backtrace::__rust_begin_short_backtrace::h5e1527399e8d5bd4
[INFO] [stdout]   20:     0x572b1afb2009 - std::rt::lang_start::{{closure}}::h2c234101ed7b1b74
[INFO] [stdout]   21:     0x572b1afd2c00 - core::ops::function::impls::<impl core::ops::function::FnOnce<A> for &F>::call_once::h1b085b6c1d2518b2
[INFO] [stdout]                                at /rustc/6067b36314ab5eb2eb47cecc464545ba58e1ad24/library/core/src/ops/function.rs:284:13
[INFO] [stdout]   22:     0x572b1afd2c00 - std::panicking::try::do_call::h382f964a5a23b565
[INFO] [stdout]                                at /rustc/6067b36314ab5eb2eb47cecc464545ba58e1ad24/library/std/src/panicking.rs:587:40
[INFO] [stdout]   23:     0x572b1afd2c00 - std::panicking::try::h57f991055eb622f9
[INFO] [stdout]                                at /rustc/6067b36314ab5eb2eb47cecc464545ba58e1ad24/library/std/src/panicking.rs:550:19
[INFO] [stdout]   24:     0x572b1afd2c00 - std::panic::catch_unwind::h4d9a74ef04456343
[INFO] [stdout]                                at /rustc/6067b36314ab5eb2eb47cecc464545ba58e1ad24/library/std/src/panic.rs:358:14
[INFO] [stdout]   25:     0x572b1afd2c00 - std::rt::lang_start_internal::{{closure}}::h2faa8ae84a93f314
[INFO] [stdout]                                at /rustc/6067b36314ab5eb2eb47cecc464545ba58e1ad24/library/std/src/rt.rs:163:24
[INFO] [stdout]   26:     0x572b1afd2c00 - std::panicking::try::do_call::h0f8932bf638a9bf5
[INFO] [stdout]                                at /rustc/6067b36314ab5eb2eb47cecc464545ba58e1ad24/library/std/src/panicking.rs:587:40
[INFO] [stdout]   27:     0x572b1afd2c00 - std::panicking::try::h683416ea756b175d
[INFO] [stdout]                                at /rustc/6067b36314ab5eb2eb47cecc464545ba58e1ad24/library/std/src/panicking.rs:550:19
[INFO] [stdout]   28:     0x572b1afd2c00 - std::panic::catch_unwind::h56189fac8994979f
[INFO] [stdout]                                at /rustc/6067b36314ab5eb2eb47cecc464545ba58e1ad24/library/std/src/panic.rs:358:14
[INFO] [stdout]   29:     0x572b1afd2c00 - std::rt::lang_start_internal::h8bbc1061691274fe
[INFO] [stdout]                                at /rustc/6067b36314ab5eb2eb47cecc464545ba58e1ad24/library/std/src/rt.rs:159:5
[INFO] [stdout]   30:     0x572b1afb1ff1 - std::rt::lang_start::h601b10a269c70ef7
[INFO] [stdout]   31:     0x572b1afb2805 - main
[INFO] [stdout]   32:     0x790db3c64d90 - <unknown>
[INFO] [stdout]   33:     0x790db3c64e40 - __libc_start_main
[INFO] [stdout]   34:     0x572b1afb1f05 - _start
[INFO] [stdout]   35:                0x0 - <unknown>
[INFO] [stdout] 
[INFO] [stdout] 
[INFO] [stdout] 
[INFO] [stdout] failures:
[INFO] [stdout]     src/internal.rs - internal::CmdContext (line 41)
[INFO] [stdout]     src/lib.rs - (line 29)
[INFO] [stdout] 
[INFO] [stdout] test result: FAILED. 2 passed; 2 failed; 0 ignored; 0 measured; 0 filtered out; finished in 0.32s
[INFO] [stdout] 
[INFO] [stderr] error: doctest failed, to rerun pass `--doc`
[INFO] running `Command { std: "docker" "inspect" "baf9937aac34783fa7a150950e3d1ad03ff18890e7afeeb576a5b4238791d9ec", kill_on_drop: false }`
[INFO] running `Command { std: "docker" "rm" "-f" "baf9937aac34783fa7a150950e3d1ad03ff18890e7afeeb576a5b4238791d9ec", kill_on_drop: false }`
[INFO] [stdout] baf9937aac34783fa7a150950e3d1ad03ff18890e7afeeb576a5b4238791d9ec
