[INFO] fetching crate ndless-async 0.1.2...
[INFO] testing ndless-async-0.1.2 against nightly-2025-01-18 for randomize-layout-2
[INFO] extracting crate ndless-async 0.1.2 into /workspace/builds/worker-1-tc1/source
[INFO] validating manifest of crates.io crate ndless-async 0.1.2 on toolchain nightly-2025-01-18
[INFO] running `Command { std: CARGO_HOME="/workspace/cargo-home" RUSTUP_HOME="/workspace/rustup-home" "/workspace/cargo-home/bin/cargo" "+nightly-2025-01-18" "metadata" "--manifest-path" "Cargo.toml" "--no-deps", kill_on_drop: false }`
[INFO] started tweaking crates.io crate ndless-async 0.1.2
[INFO] finished tweaking crates.io crate ndless-async 0.1.2
[INFO] tweaked toml for crates.io crate ndless-async 0.1.2 written to /workspace/builds/worker-1-tc1/source/Cargo.toml
[INFO] running `Command { std: CARGO_HOME="/workspace/cargo-home" RUSTUP_HOME="/workspace/rustup-home" "/workspace/cargo-home/bin/cargo" "+nightly-2025-01-18" "generate-lockfile" "--manifest-path" "Cargo.toml", kill_on_drop: false }`
[INFO] [stderr]     Updating crates.io index
[INFO] [stderr]      Locking 27 packages to latest compatible versions
[INFO] [stderr]       Adding crossbeam-queue v0.2.3 (available: v0.3.12)
[INFO] running `Command { std: CARGO_HOME="/workspace/cargo-home" RUSTUP_HOME="/workspace/rustup-home" "/workspace/cargo-home/bin/cargo" "+nightly-2025-01-18" "fetch" "--manifest-path" "Cargo.toml", kill_on_drop: false }`
[INFO] [stderr]  Downloading crates ...
[INFO] [stderr]   Downloaded cty v0.1.5
[INFO] [stderr]   Downloaded ndless-static-vars v2.1.0
[INFO] [stderr]   Downloaded ignore-result v0.2.0
[INFO] [stderr]   Downloaded cstr_core v0.1.2
[INFO] [stderr]   Downloaded embedded-ffi v0.1.2
[INFO] [stderr]   Downloaded ndless-sys v0.2.0
[INFO] [stderr]   Downloaded ndless-macros v0.4.0
[INFO] [stderr]   Downloaded ndless v0.8.8
[INFO] running `Command { std: "docker" "create" "-v" "/var/lib/crater-agent-workspace/builds/worker-1-tc1/target:/opt/rustwide/target:rw,Z" "-v" "/var/lib/crater-agent-workspace/builds/worker-1-tc1/source:/opt/rustwide/workdir:ro,Z" "-v" "/var/lib/crater-agent-workspace/cargo-home:/opt/rustwide/cargo-home:ro,Z" "-v" "/var/lib/crater-agent-workspace/rustup-home:/opt/rustwide/rustup-home:ro,Z" "-e" "SOURCE_DIR=/opt/rustwide/workdir" "-e" "CARGO_TARGET_DIR=/opt/rustwide/target" "-e" "CARGO_HOME=/opt/rustwide/cargo-home" "-e" "RUSTUP_HOME=/opt/rustwide/rustup-home" "-w" "/opt/rustwide/workdir" "-m" "1610612736" "--user" "0:0" "--network" "none" "ghcr.io/rust-lang/crates-build-env/linux@sha256:819108c5571ea2e421544af4d832f968d213c87fbe3707a016657f43d2f853bc" "/opt/rustwide/cargo-home/bin/cargo" "+nightly-2025-01-18" "metadata" "--no-deps" "--format-version=1", kill_on_drop: false }`
[INFO] [stdout] f8d46db7653552896f6ce0b6d0221cf3dea076d8d99eed7cf0d8ee8410457ad6
[INFO] running `Command { std: "docker" "start" "-a" "f8d46db7653552896f6ce0b6d0221cf3dea076d8d99eed7cf0d8ee8410457ad6", kill_on_drop: false }`
[INFO] running `Command { std: "docker" "inspect" "f8d46db7653552896f6ce0b6d0221cf3dea076d8d99eed7cf0d8ee8410457ad6", kill_on_drop: false }`
[INFO] running `Command { std: "docker" "rm" "-f" "f8d46db7653552896f6ce0b6d0221cf3dea076d8d99eed7cf0d8ee8410457ad6", kill_on_drop: false }`
[INFO] [stdout] f8d46db7653552896f6ce0b6d0221cf3dea076d8d99eed7cf0d8ee8410457ad6
[INFO] running `Command { std: "docker" "create" "-v" "/var/lib/crater-agent-workspace/builds/worker-1-tc1/target:/opt/rustwide/target:rw,Z" "-v" "/var/lib/crater-agent-workspace/builds/worker-1-tc1/source:/opt/rustwide/workdir:ro,Z" "-v" "/var/lib/crater-agent-workspace/cargo-home:/opt/rustwide/cargo-home:ro,Z" "-v" "/var/lib/crater-agent-workspace/rustup-home:/opt/rustwide/rustup-home:ro,Z" "-e" "SOURCE_DIR=/opt/rustwide/workdir" "-e" "CARGO_TARGET_DIR=/opt/rustwide/target" "-e" "CARGO_INCREMENTAL=0" "-e" "RUST_BACKTRACE=full" "-e" "RUSTFLAGS=--cap-lints=forbid" "-e" "RUSTDOCFLAGS=--cap-lints=forbid" "-e" "CARGO_HOME=/opt/rustwide/cargo-home" "-e" "RUSTUP_HOME=/opt/rustwide/rustup-home" "-w" "/opt/rustwide/workdir" "-m" "1610612736" "--user" "0:0" "--network" "none" "ghcr.io/rust-lang/crates-build-env/linux@sha256:819108c5571ea2e421544af4d832f968d213c87fbe3707a016657f43d2f853bc" "/opt/rustwide/cargo-home/bin/cargo" "+nightly-2025-01-18" "build" "--frozen" "--message-format=json", kill_on_drop: false }`
[INFO] [stdout] 7656a49ec53949ca225b3b6ceaa9f5f164a60096beb40bc61c6ed1cc8b775872
[INFO] running `Command { std: "docker" "start" "-a" "7656a49ec53949ca225b3b6ceaa9f5f164a60096beb40bc61c6ed1cc8b775872", kill_on_drop: false }`
[INFO] [stderr]    Compiling proc-macro2 v1.0.93
[INFO] [stderr]    Compiling unicode-ident v1.0.14
[INFO] [stderr]    Compiling cty v0.2.2
[INFO] [stderr]    Compiling cty v0.1.5
[INFO] [stderr]    Compiling autocfg v1.4.0
[INFO] [stderr]    Compiling syn v1.0.109
[INFO] [stderr]    Compiling memchr v2.7.4
[INFO] [stderr]    Compiling maybe-uninit v2.0.0
[INFO] [stderr]    Compiling ndless-static-vars v2.1.0
[INFO] [stderr]    Compiling cfg-if v0.1.10
[INFO] [stderr]    Compiling ndless-sys v0.2.0
[INFO] [stderr]    Compiling futures-core v0.3.31
[INFO] [stderr]    Compiling pin-project-lite v0.2.16
[INFO] [stderr]    Compiling pin-utils v0.1.0
[INFO] [stderr]    Compiling futures-task v0.3.31
[INFO] [stderr]    Compiling ignore-result v0.2.0
[INFO] [stderr]    Compiling crossbeam-utils v0.7.2
[INFO] [stderr]    Compiling crossbeam-queue v0.2.3
[INFO] [stderr]    Compiling cstr_core v0.1.2
[INFO] [stderr]    Compiling cstr_core v0.2.6
[INFO] [stderr]    Compiling quote v1.0.38
[INFO] [stderr]    Compiling embedded-ffi v0.1.2
[INFO] [stderr]    Compiling syn v2.0.96
[INFO] [stderr]    Compiling futures-macro v0.3.31
[INFO] [stderr]    Compiling futures-util v0.3.31
[INFO] [stderr]    Compiling ndless-macros v0.4.0
[INFO] [stderr]    Compiling ndless v0.8.8
[INFO] [stderr]    Compiling ndless-async v0.1.2 (/opt/rustwide/workdir)
[INFO] [stdout] warning: the feature `wake_trait` has been stable since 1.51.0 and no longer requires an attribute to enable
[INFO] [stdout]   --> src/lib.rs:93:12
[INFO] [stdout]    |
[INFO] [stdout] 93 | #![feature(wake_trait)]
[INFO] [stdout]    |            ^^^^^^^^^^
[INFO] [stdout]    |
[INFO] [stdout]    = note: `#[warn(stable_features)]` on by default
[INFO] [stdout] 
[INFO] [stdout] 
[INFO] [stderr]     Finished `dev` profile [unoptimized + debuginfo] target(s) in 20.34s
[INFO] running `Command { std: "docker" "inspect" "7656a49ec53949ca225b3b6ceaa9f5f164a60096beb40bc61c6ed1cc8b775872", kill_on_drop: false }`
[INFO] running `Command { std: "docker" "rm" "-f" "7656a49ec53949ca225b3b6ceaa9f5f164a60096beb40bc61c6ed1cc8b775872", kill_on_drop: false }`
[INFO] [stdout] 7656a49ec53949ca225b3b6ceaa9f5f164a60096beb40bc61c6ed1cc8b775872
[INFO] running `Command { std: "docker" "create" "-v" "/var/lib/crater-agent-workspace/builds/worker-1-tc1/target:/opt/rustwide/target:rw,Z" "-v" "/var/lib/crater-agent-workspace/builds/worker-1-tc1/source:/opt/rustwide/workdir:ro,Z" "-v" "/var/lib/crater-agent-workspace/cargo-home:/opt/rustwide/cargo-home:ro,Z" "-v" "/var/lib/crater-agent-workspace/rustup-home:/opt/rustwide/rustup-home:ro,Z" "-e" "SOURCE_DIR=/opt/rustwide/workdir" "-e" "CARGO_TARGET_DIR=/opt/rustwide/target" "-e" "CARGO_INCREMENTAL=0" "-e" "RUST_BACKTRACE=full" "-e" "RUSTFLAGS=--cap-lints=forbid" "-e" "RUSTDOCFLAGS=--cap-lints=forbid" "-e" "CARGO_HOME=/opt/rustwide/cargo-home" "-e" "RUSTUP_HOME=/opt/rustwide/rustup-home" "-w" "/opt/rustwide/workdir" "-m" "1610612736" "--user" "0:0" "--network" "none" "ghcr.io/rust-lang/crates-build-env/linux@sha256:819108c5571ea2e421544af4d832f968d213c87fbe3707a016657f43d2f853bc" "/opt/rustwide/cargo-home/bin/cargo" "+nightly-2025-01-18" "test" "--frozen" "--no-run" "--message-format=json", kill_on_drop: false }`
[INFO] [stdout] 2632487de61bd9a9e30e609104b6a3576ec352bf59fa6f1fc1ed8bca382287a5
[INFO] running `Command { std: "docker" "start" "-a" "2632487de61bd9a9e30e609104b6a3576ec352bf59fa6f1fc1ed8bca382287a5", kill_on_drop: false }`
[INFO] [stderr]    Compiling ndless-async v0.1.2 (/opt/rustwide/workdir)
[INFO] [stdout] warning: the feature `wake_trait` has been stable since 1.51.0 and no longer requires an attribute to enable
[INFO] [stdout]   --> src/lib.rs:93:12
[INFO] [stdout]    |
[INFO] [stdout] 93 | #![feature(wake_trait)]
[INFO] [stdout]    |            ^^^^^^^^^^
[INFO] [stdout]    |
[INFO] [stdout]    = note: `#[warn(stable_features)]` on by default
[INFO] [stdout] 
[INFO] [stdout] 
[INFO] [stdout] warning: the feature `wake_trait` has been stable since 1.51.0 and no longer requires an attribute to enable
[INFO] [stdout]   --> src/lib.rs:93:12
[INFO] [stdout]    |
[INFO] [stdout] 93 | #![feature(wake_trait)]
[INFO] [stdout]    |            ^^^^^^^^^^
[INFO] [stdout]    |
[INFO] [stdout]    = note: `#[warn(stable_features)]` on by default
[INFO] [stdout] 
[INFO] [stdout] 
[INFO] [stderr]     Finished `test` profile [unoptimized + debuginfo] target(s) in 0.41s
[INFO] running `Command { std: "docker" "inspect" "2632487de61bd9a9e30e609104b6a3576ec352bf59fa6f1fc1ed8bca382287a5", kill_on_drop: false }`
[INFO] running `Command { std: "docker" "rm" "-f" "2632487de61bd9a9e30e609104b6a3576ec352bf59fa6f1fc1ed8bca382287a5", kill_on_drop: false }`
[INFO] [stdout] 2632487de61bd9a9e30e609104b6a3576ec352bf59fa6f1fc1ed8bca382287a5
[INFO] running `Command { std: "docker" "create" "-v" "/var/lib/crater-agent-workspace/builds/worker-1-tc1/target:/opt/rustwide/target:rw,Z" "-v" "/var/lib/crater-agent-workspace/builds/worker-1-tc1/source:/opt/rustwide/workdir:ro,Z" "-v" "/var/lib/crater-agent-workspace/cargo-home:/opt/rustwide/cargo-home:ro,Z" "-v" "/var/lib/crater-agent-workspace/rustup-home:/opt/rustwide/rustup-home:ro,Z" "-e" "SOURCE_DIR=/opt/rustwide/workdir" "-e" "CARGO_TARGET_DIR=/opt/rustwide/target" "-e" "CARGO_INCREMENTAL=0" "-e" "RUST_BACKTRACE=full" "-e" "RUSTFLAGS=--cap-lints=forbid" "-e" "RUSTDOCFLAGS=--cap-lints=forbid" "-e" "CARGO_HOME=/opt/rustwide/cargo-home" "-e" "RUSTUP_HOME=/opt/rustwide/rustup-home" "-w" "/opt/rustwide/workdir" "-m" "1610612736" "--user" "0:0" "--network" "none" "ghcr.io/rust-lang/crates-build-env/linux@sha256:819108c5571ea2e421544af4d832f968d213c87fbe3707a016657f43d2f853bc" "/opt/rustwide/cargo-home/bin/cargo" "+nightly-2025-01-18" "test" "--frozen", kill_on_drop: false }`
[INFO] [stdout] 041998c53b67567363cf0d2c93b979c8da92bba944ce58bc9eef286c8ca00186
[INFO] running `Command { std: "docker" "start" "-a" "041998c53b67567363cf0d2c93b979c8da92bba944ce58bc9eef286c8ca00186", kill_on_drop: false }`
[INFO] [stderr] warning: the feature `wake_trait` has been stable since 1.51.0 and no longer requires an attribute to enable
[INFO] [stderr]   --> src/lib.rs:93:12
[INFO] [stderr]    |
[INFO] [stderr] 93 | #![feature(wake_trait)]
[INFO] [stderr]    |            ^^^^^^^^^^
[INFO] [stderr]    |
[INFO] [stderr]    = note: `#[warn(stable_features)]` on by default
[INFO] [stderr] 
[INFO] [stderr] warning: `ndless-async` (lib) generated 1 warning
[INFO] [stderr] warning: `ndless-async` (lib test) generated 1 warning (1 duplicate)
[INFO] [stderr]     Finished `test` profile [unoptimized + debuginfo] target(s) in 0.11s
[INFO] [stderr]      Running unittests src/lib.rs (/opt/rustwide/target/debug/deps/ndless_async-062340247b9d07c4)
[INFO] [stdout] 
[INFO] [stdout] running 0 tests
[INFO] [stdout] 
[INFO] [stdout] test result: ok. 0 passed; 0 failed; 0 ignored; 0 measured; 0 filtered out; finished in 0.00s
[INFO] [stdout] 
[INFO] [stderr]    Doc-tests ndless_async
[INFO] [stdout] 
[INFO] [stdout] running 7 tests
[INFO] [stdout] test src/keypad.rs - keypad::KeyStream (line 264) ... FAILED
[INFO] [stdout] test src/task.rs - task (line 8) ... FAILED
[INFO] [stdout] test src/lib.rs - first (line 122) ... FAILED
[INFO] [stdout] test src/lib.rs - (line 39) ... FAILED
[INFO] [stdout] test src/timer.rs - timer::Interval (line 184) ... FAILED
[INFO] [stdout] test src/timer.rs - timer::Timer (line 267) ... FAILED
[INFO] [stdout] test src/keypad.rs - keypad::KeypadListener (line 111) ... FAILED
[INFO] [stdout] 
[INFO] [stdout] failures:
[INFO] [stdout] 
[INFO] [stdout] ---- src/keypad.rs - keypad::KeyStream (line 264) stdout ----
[INFO] [stdout] error[E0425]: cannot find value `listeners` in this scope
[INFO] [stdout]  --> src/keypad.rs:269:18
[INFO] [stdout]   |
[INFO] [stdout] 8 | let mut keypad = listeners.keypad();
[INFO] [stdout]   |                  ^^^^^^^^^ not found in this scope
[INFO] [stdout] 
[INFO] [stdout] error[E0728]: `await` is only allowed inside `async` functions and blocks
[INFO] [stdout]  --> src/keypad.rs:270:39
[INFO] [stdout]   |
[INFO] [stdout] 4 | fn main() { #[allow(non_snake_case)] fn _doctest_main_src_keypad_rs_264_0() {
[INFO] [stdout]   |                                      -------------------------------------- this is not `async`
[INFO] [stdout] ...
[INFO] [stdout] 9 | while let Some(event) = keypad.next().await {
[INFO] [stdout]   |                                       ^^^^^ only allowed inside `async` functions and blocks
[INFO] [stdout] 
[INFO] [stdout] error: aborting due to 2 previous errors
[INFO] [stdout] 
[INFO] [stdout] Some errors have detailed explanations: E0425, E0728.
[INFO] [stdout] For more information about an error, try `rustc --explain E0425`.
[INFO] [stdout] Couldn't compile the test.
[INFO] [stdout] ---- src/task.rs - task (line 8) stdout ----
[INFO] [stdout] error[E0425]: cannot find value `key` in this scope
[INFO] [stdout]   --> src/task.rs:21:26
[INFO] [stdout]    |
[INFO] [stdout] 16 |         println!("{:?}", key);
[INFO] [stdout]    |                          ^^^ not found in this scope
[INFO] [stdout] 
[INFO] [stdout] error[E0659]: `println` is ambiguous
[INFO] [stdout]   --> src/task.rs:21:9
[INFO] [stdout]    |
[INFO] [stdout] 16 |         println!("{:?}", key);
[INFO] [stdout]    |         ^^^^^^^ ambiguous name
[INFO] [stdout]    |
[INFO] [stdout]    = note: ambiguous because of a conflict between a name from a glob import and an outer scope during import or macro resolution
[INFO] [stdout]    = note: `println` could refer to a macro from prelude
[INFO] [stdout] note: `println` could also refer to the macro imported here
[INFO] [stdout]   --> src/task.rs:13:5
[INFO] [stdout]    |
[INFO] [stdout] 8  | use ndless::prelude::*;
[INFO] [stdout]    |     ^^^^^^^^^^^^^^^^^^
[INFO] [stdout]    = help: consider adding an explicit import of `println` to disambiguate
[INFO] [stdout] 
[INFO] [stdout] error[E0599]: no method named `keypad` found for reference `&AsyncListeners` in the current scope
[INFO] [stdout]   --> src/task.rs:19:32
[INFO] [stdout]    |
[INFO] [stdout] 14 |     let mut keypad = listeners.keypad();
[INFO] [stdout]    |                                ^^^^^^ method not found in `&AsyncListeners`
[INFO] [stdout] 
[INFO] [stdout] error: aborting due to 3 previous errors
[INFO] [stdout] 
[INFO] [stdout] Some errors have detailed explanations: E0425, E0599, E0659.
[INFO] [stdout] For more information about an error, try `rustc --explain E0425`.
[INFO] [stdout] Couldn't compile the test.
[INFO] [stdout] ---- src/lib.rs - first (line 122) stdout ----
[INFO] [stdout] error: cannot find macro `first` in this scope
[INFO] [stdout]   --> src/lib.rs:129:30
[INFO] [stdout]    |
[INFO] [stdout] 10 | block_on(&listeners, async { first!(timeout(&listeners), listen_for_esc(&listeners)) });
[INFO] [stdout]    |                              ^^^^^
[INFO] [stdout]    |
[INFO] [stdout] help: consider importing this macro
[INFO] [stdout]    |
[INFO] [stdout] 2  + use ndless_async::first;
[INFO] [stdout]    |
[INFO] [stdout] 
[INFO] [stdout] error[E0599]: no method named `keypad` found for reference `&AsyncListeners` in the current scope
[INFO] [stdout]   --> src/lib.rs:137:32
[INFO] [stdout]    |
[INFO] [stdout] 18 |     let mut keypad = listeners.keypad();
[INFO] [stdout]    |                                ^^^^^^ method not found in `&AsyncListeners`
[INFO] [stdout] 
[INFO] [stdout] error: aborting due to 2 previous errors
[INFO] [stdout] 
[INFO] [stdout] For more information about this error, try `rustc --explain E0599`.
[INFO] [stdout] Couldn't compile the test.
[INFO] [stdout] ---- src/lib.rs - (line 39) stdout ----
[INFO] [stdout] error[E0599]: no method named `list_keys` found for struct `KeyStream` in the current scope
[INFO] [stdout]   --> src/lib.rs:85:14
[INFO] [stdout]    |
[INFO] [stdout] 48 | /         keypad
[INFO] [stdout] 49 | |             .list_keys()
[INFO] [stdout]    | |             -^^^^^^^^^ method not found in `KeyStream`
[INFO] [stdout]    | |_____________|
[INFO] [stdout]    |
[INFO] [stdout]    |
[INFO] [stdout] note: there's an earlier shadowed binding `keypad` of type `&KeypadListener<'_>` that has method `list_keys` available
[INFO] [stdout]   --> src/lib.rs:70:19
[INFO] [stdout]    |
[INFO] [stdout] 34 | async fn do_stuff(keypad: &KeypadListener<'_>) {
[INFO] [stdout]    |                   ^^^^^^ `keypad` of type `&KeypadListener<'_>` that has method `list_keys` defined earlier here
[INFO] [stdout] 35 |     use ndless_async::keypad::KeyState::*;
[INFO] [stdout] 36 |     let mut keypad = keypad.stream();
[INFO] [stdout]    |         ---------- earlier `keypad` shadowed here with type `KeyStream`
[INFO] [stdout] 
[INFO] [stdout] error: aborting due to 1 previous error
[INFO] [stdout] 
[INFO] [stdout] For more information about this error, try `rustc --explain E0599`.
[INFO] [stdout] Couldn't compile the test.
[INFO] [stdout] ---- src/timer.rs - timer::Interval (line 184) stdout ----
[INFO] [stdout] error: linking with `cc` failed: exit status: 1
[INFO] [stdout]   |
[INFO] [stdout]   = note: LC_ALL="C" PATH="/opt/rustwide/rustup-home/toolchains/nightly-2025-01-18-x86_64-unknown-linux-gnu/lib/rustlib/x86_64-unknown-linux-gnu/bin:/opt/rustwide/rustup-home/toolchains/nightly-2025-01-18-x86_64-unknown-linux-gnu/lib/rustlib/x86_64-unknown-linux-gnu/bin/self-contained:/opt/rustwide/cargo-home/bin:/usr/local/sbin:/usr/local/bin:/usr/sbin:/usr/bin:/sbin:/bin" VSLANG="1033" "cc" "-m64" "/tmp/rustcqZk2J1/symbols.o" "<2 object files omitted>" "-Wl,--as-needed" "-Wl,-Bstatic" "/opt/rustwide/target/debug/deps/{libndless_async-d63b2a2bcd87e839.rlib,libndless-11d85cec94d14168.rlib,libembedded_ffi-cbfccbdc5686cccf.rlib,libcstr_core-dfe69f4054480dee.rlib,libcty-ec30531be2e07136.rlib,libndless_static_vars-8228222f1518c650.rlib,libndless_sys-68c68f7809e91c81.rlib,libcstr_core-4472f4e4aa4da4c0.rlib,libmemchr-29d6b2bc96b2b183.rlib,libcty-91d035af7f540a1d.rlib,libignore_result-c71dbc50fa905f56.rlib,libcrossbeam_queue-2f005f6f352dcb1b.rlib,libcrossbeam_utils-4438912357fa887e.rlib,libmaybe_uninit-dd2e9a8bbd6c23a5.rlib,libcfg_if-7e9efee4241be1ca.rlib,libfutures_util-e07e930d3e8889b3.rlib,libpin_project_lite-bedc6e0acd72ff2a.rlib,libfutures_task-bcce5f8e5b6ec165.rlib,libpin_utils-9a5791cba021167a.rlib,libfutures_core-caff8afb5fe06b45.rlib}" "/opt/rustwide/rustup-home/toolchains/nightly-2025-01-18-x86_64-unknown-linux-gnu/lib/rustlib/x86_64-unknown-linux-gnu/lib/{libstd-006123e2ce67e99d.rlib,libpanic_unwind-e1447e1efa6f1e57.rlib,libobject-f6963a4916fcf097.rlib,libmemchr-49a2d9af912f4524.rlib,libaddr2line-04d19aad3936869d.rlib,libgimli-483c235edb789db0.rlib,librustc_demangle-294281af50b8f748.rlib,libstd_detect-3b08295250aabc2a.rlib,libhashbrown-4472d1e05ba0dfaf.rlib,librustc_std_workspace_alloc-2ef099fac590e457.rlib,libminiz_oxide-8a51f5e848546c29.rlib,libadler2-3d3fa22b868db521.rlib,libunwind-0ffda8b08e22dbea.rlib,libcfg_if-b08f62458fdd43b9.rlib,liblibc-559675126e63b890.rlib,liballoc-fcf21c8d1c9c7b75.rlib,librustc_std_workspace_core-e0b0460135bcf21d.rlib,libcore-d4097fdcbddd3bc7.rlib,libcompiler_builtins-fea484ac1eed7881.rlib}" "-Wl,-Bdynamic" "-lgcc_s" "-lutil" "-lrt" "-lpthread" "-lm" "-ldl" "-lc" "-B/opt/rustwide/rustup-home/toolchains/nightly-2025-01-18-x86_64-unknown-linux-gnu/lib/rustlib/x86_64-unknown-linux-gnu/bin/gcc-ld" "-fuse-ld=lld" "-Wl,--eh-frame-hdr" "-Wl,-z,noexecstack" "-L" "/opt/rustwide/rustup-home/toolchains/nightly-2025-01-18-x86_64-unknown-linux-gnu/lib/rustlib/x86_64-unknown-linux-gnu/lib" "-o" "/tmp/rustdoctestvKRpsF/rust_out" "-Wl,--gc-sections" "-pie" "-Wl,-z,relro,-z,now" "-nodefaultlibs"
[INFO] [stdout]   = note: some arguments are omitted. use `--verbose` to show all linker arguments
[INFO] [stdout]   = note: rust-lld: error: undefined symbol: hwtype
[INFO] [stdout]           >>> referenced by hw.rs:28 (src/bindings/hw.rs:28)
[INFO] [stdout]           >>>               ndless-11d85cec94d14168.ndless.e3d98bcbeb5b5418-cgu.2.rcgu.o:(ndless::bindings::hw::is_classic::h21cd66880bb3045c) in archive /opt/rustwide/target/debug/deps/libndless-11d85cec94d14168.rlib
[INFO] [stdout]           
[INFO] [stdout]           rust-lld: error: undefined symbol: idle
[INFO] [stdout]           >>> referenced by hw.rs:87 (src/bindings/hw.rs:87)
[INFO] [stdout]           >>>               ndless-11d85cec94d14168.ndless.e3d98bcbeb5b5418-cgu.2.rcgu.o:(ndless::bindings::hw::idle::h4d86ea8e33965c18) in archive /opt/rustwide/target/debug/deps/libndless-11d85cec94d14168.rlib
[INFO] [stdout]           collect2: error: ld returned 1 exit status
[INFO] [stdout]           
[INFO] [stdout] 
[INFO] [stdout] error: aborting due to 1 previous error
[INFO] [stdout] 
[INFO] [stdout] Couldn't compile the test.
[INFO] [stdout] ---- src/timer.rs - timer::Timer (line 267) stdout ----
[INFO] [stdout] error: linking with `cc` failed: exit status: 1
[INFO] [stdout]   |
[INFO] [stdout]   = note: LC_ALL="C" PATH="/opt/rustwide/rustup-home/toolchains/nightly-2025-01-18-x86_64-unknown-linux-gnu/lib/rustlib/x86_64-unknown-linux-gnu/bin:/opt/rustwide/rustup-home/toolchains/nightly-2025-01-18-x86_64-unknown-linux-gnu/lib/rustlib/x86_64-unknown-linux-gnu/bin/self-contained:/opt/rustwide/cargo-home/bin:/usr/local/sbin:/usr/local/bin:/usr/sbin:/usr/bin:/sbin:/bin" VSLANG="1033" "cc" "-m64" "/tmp/rustcVD6zoE/symbols.o" "<2 object files omitted>" "-Wl,--as-needed" "-Wl,-Bstatic" "/opt/rustwide/target/debug/deps/{libndless_async-d63b2a2bcd87e839.rlib,libndless-11d85cec94d14168.rlib,libembedded_ffi-cbfccbdc5686cccf.rlib,libcstr_core-dfe69f4054480dee.rlib,libcty-ec30531be2e07136.rlib,libndless_static_vars-8228222f1518c650.rlib,libndless_sys-68c68f7809e91c81.rlib,libcstr_core-4472f4e4aa4da4c0.rlib,libmemchr-29d6b2bc96b2b183.rlib,libcty-91d035af7f540a1d.rlib,libignore_result-c71dbc50fa905f56.rlib,libcrossbeam_queue-2f005f6f352dcb1b.rlib,libcrossbeam_utils-4438912357fa887e.rlib,libmaybe_uninit-dd2e9a8bbd6c23a5.rlib,libcfg_if-7e9efee4241be1ca.rlib,libfutures_util-e07e930d3e8889b3.rlib,libpin_project_lite-bedc6e0acd72ff2a.rlib,libfutures_task-bcce5f8e5b6ec165.rlib,libpin_utils-9a5791cba021167a.rlib,libfutures_core-caff8afb5fe06b45.rlib}" "/opt/rustwide/rustup-home/toolchains/nightly-2025-01-18-x86_64-unknown-linux-gnu/lib/rustlib/x86_64-unknown-linux-gnu/lib/{libstd-006123e2ce67e99d.rlib,libpanic_unwind-e1447e1efa6f1e57.rlib,libobject-f6963a4916fcf097.rlib,libmemchr-49a2d9af912f4524.rlib,libaddr2line-04d19aad3936869d.rlib,libgimli-483c235edb789db0.rlib,librustc_demangle-294281af50b8f748.rlib,libstd_detect-3b08295250aabc2a.rlib,libhashbrown-4472d1e05ba0dfaf.rlib,librustc_std_workspace_alloc-2ef099fac590e457.rlib,libminiz_oxide-8a51f5e848546c29.rlib,libadler2-3d3fa22b868db521.rlib,libunwind-0ffda8b08e22dbea.rlib,libcfg_if-b08f62458fdd43b9.rlib,liblibc-559675126e63b890.rlib,liballoc-fcf21c8d1c9c7b75.rlib,librustc_std_workspace_core-e0b0460135bcf21d.rlib,libcore-d4097fdcbddd3bc7.rlib,libcompiler_builtins-fea484ac1eed7881.rlib}" "-Wl,-Bdynamic" "-lgcc_s" "-lutil" "-lrt" "-lpthread" "-lm" "-ldl" "-lc" "-B/opt/rustwide/rustup-home/toolchains/nightly-2025-01-18-x86_64-unknown-linux-gnu/lib/rustlib/x86_64-unknown-linux-gnu/bin/gcc-ld" "-fuse-ld=lld" "-Wl,--eh-frame-hdr" "-Wl,-z,noexecstack" "-L" "/opt/rustwide/rustup-home/toolchains/nightly-2025-01-18-x86_64-unknown-linux-gnu/lib/rustlib/x86_64-unknown-linux-gnu/lib" "-o" "/tmp/rustdoctestzOmhF3/rust_out" "-Wl,--gc-sections" "-pie" "-Wl,-z,relro,-z,now" "-nodefaultlibs"
[INFO] [stdout]   = note: some arguments are omitted. use `--verbose` to show all linker arguments
[INFO] [stdout]   = note: rust-lld: error: undefined symbol: hwtype
[INFO] [stdout]           >>> referenced by hw.rs:28 (src/bindings/hw.rs:28)
[INFO] [stdout]           >>>               ndless-11d85cec94d14168.ndless.e3d98bcbeb5b5418-cgu.2.rcgu.o:(ndless::bindings::hw::is_classic::h21cd66880bb3045c) in archive /opt/rustwide/target/debug/deps/libndless-11d85cec94d14168.rlib
[INFO] [stdout]           
[INFO] [stdout]           rust-lld: error: undefined symbol: idle
[INFO] [stdout]           >>> referenced by hw.rs:87 (src/bindings/hw.rs:87)
[INFO] [stdout]           >>>               ndless-11d85cec94d14168.ndless.e3d98bcbeb5b5418-cgu.2.rcgu.o:(ndless::bindings::hw::idle::h4d86ea8e33965c18) in archive /opt/rustwide/target/debug/deps/libndless-11d85cec94d14168.rlib
[INFO] [stdout]           collect2: error: ld returned 1 exit status
[INFO] [stdout]           
[INFO] [stdout] 
[INFO] [stdout] error: aborting due to 1 previous error
[INFO] [stdout] 
[INFO] [stdout] Couldn't compile the test.
[INFO] [stdout] ---- src/keypad.rs - keypad::KeypadListener (line 111) stdout ----
[INFO] [stdout] error: linking with `cc` failed: exit status: 1
[INFO] [stdout]   |
[INFO] [stdout]   = note: LC_ALL="C" PATH="/opt/rustwide/rustup-home/toolchains/nightly-2025-01-18-x86_64-unknown-linux-gnu/lib/rustlib/x86_64-unknown-linux-gnu/bin:/opt/rustwide/rustup-home/toolchains/nightly-2025-01-18-x86_64-unknown-linux-gnu/lib/rustlib/x86_64-unknown-linux-gnu/bin/self-contained:/opt/rustwide/cargo-home/bin:/usr/local/sbin:/usr/local/bin:/usr/sbin:/usr/bin:/sbin:/bin" VSLANG="1033" "cc" "-m64" "/tmp/rustc5V9FsF/symbols.o" "<2 object files omitted>" "-Wl,--as-needed" "-Wl,-Bstatic" "/opt/rustwide/target/debug/deps/{libndless_async-d63b2a2bcd87e839.rlib,libndless-11d85cec94d14168.rlib,libembedded_ffi-cbfccbdc5686cccf.rlib,libcstr_core-dfe69f4054480dee.rlib,libcty-ec30531be2e07136.rlib,libndless_static_vars-8228222f1518c650.rlib,libndless_sys-68c68f7809e91c81.rlib,libcstr_core-4472f4e4aa4da4c0.rlib,libmemchr-29d6b2bc96b2b183.rlib,libcty-91d035af7f540a1d.rlib,libignore_result-c71dbc50fa905f56.rlib,libcrossbeam_queue-2f005f6f352dcb1b.rlib,libcrossbeam_utils-4438912357fa887e.rlib,libmaybe_uninit-dd2e9a8bbd6c23a5.rlib,libcfg_if-7e9efee4241be1ca.rlib,libfutures_util-e07e930d3e8889b3.rlib,libpin_project_lite-bedc6e0acd72ff2a.rlib,libfutures_task-bcce5f8e5b6ec165.rlib,libpin_utils-9a5791cba021167a.rlib,libfutures_core-caff8afb5fe06b45.rlib}" "/opt/rustwide/rustup-home/toolchains/nightly-2025-01-18-x86_64-unknown-linux-gnu/lib/rustlib/x86_64-unknown-linux-gnu/lib/{libstd-006123e2ce67e99d.rlib,libpanic_unwind-e1447e1efa6f1e57.rlib,libobject-f6963a4916fcf097.rlib,libmemchr-49a2d9af912f4524.rlib,libaddr2line-04d19aad3936869d.rlib,libgimli-483c235edb789db0.rlib,librustc_demangle-294281af50b8f748.rlib,libstd_detect-3b08295250aabc2a.rlib,libhashbrown-4472d1e05ba0dfaf.rlib,librustc_std_workspace_alloc-2ef099fac590e457.rlib,libminiz_oxide-8a51f5e848546c29.rlib,libadler2-3d3fa22b868db521.rlib,libunwind-0ffda8b08e22dbea.rlib,libcfg_if-b08f62458fdd43b9.rlib,liblibc-559675126e63b890.rlib,liballoc-fcf21c8d1c9c7b75.rlib,librustc_std_workspace_core-e0b0460135bcf21d.rlib,libcore-d4097fdcbddd3bc7.rlib,libcompiler_builtins-fea484ac1eed7881.rlib}" "-Wl,-Bdynamic" "-lgcc_s" "-lutil" "-lrt" "-lpthread" "-lm" "-ldl" "-lc" "-B/opt/rustwide/rustup-home/toolchains/nightly-2025-01-18-x86_64-unknown-linux-gnu/lib/rustlib/x86_64-unknown-linux-gnu/bin/gcc-ld" "-fuse-ld=lld" "-Wl,--eh-frame-hdr" "-Wl,-z,noexecstack" "-L" "/opt/rustwide/rustup-home/toolchains/nightly-2025-01-18-x86_64-unknown-linux-gnu/lib/rustlib/x86_64-unknown-linux-gnu/lib" "-o" "/tmp/rustdoctestTrNq3j/rust_out" "-Wl,--gc-sections" "-pie" "-Wl,-z,relro,-z,now" "-nodefaultlibs"
[INFO] [stdout]   = note: some arguments are omitted. use `--verbose` to show all linker arguments
[INFO] [stdout]   = note: rust-lld: error: undefined symbol: hwtype
[INFO] [stdout]           >>> referenced by hw.rs:28 (src/bindings/hw.rs:28)
[INFO] [stdout]           >>>               ndless-11d85cec94d14168.ndless.e3d98bcbeb5b5418-cgu.2.rcgu.o:(ndless::bindings::hw::is_classic::h21cd66880bb3045c) in archive /opt/rustwide/target/debug/deps/libndless-11d85cec94d14168.rlib
[INFO] [stdout]           
[INFO] [stdout]           rust-lld: error: undefined symbol: idle
[INFO] [stdout]           >>> referenced by hw.rs:87 (src/bindings/hw.rs:87)
[INFO] [stdout]           >>>               ndless-11d85cec94d14168.ndless.e3d98bcbeb5b5418-cgu.2.rcgu.o:(ndless::bindings::hw::idle::h4d86ea8e33965c18) in archive /opt/rustwide/target/debug/deps/libndless-11d85cec94d14168.rlib
[INFO] [stdout]           
[INFO] [stdout]           rust-lld: error: undefined symbol: isKeyPressed
[INFO] [stdout]           >>> referenced by input.rs:423 (src/bindings/input.rs:423)
[INFO] [stdout]           >>>               ndless-11d85cec94d14168.ndless.e3d98bcbeb5b5418-cgu.3.rcgu.o:(ndless::bindings::input::iter_keys::_$u7b$$u7b$closure$u7d$$u7d$::h4fe7c801e551123d) in archive /opt/rustwide/target/debug/deps/libndless-11d85cec94d14168.rlib
[INFO] [stdout]           collect2: error: ld returned 1 exit status
[INFO] [stdout]           
[INFO] [stdout] 
[INFO] [stdout] error: aborting due to 1 previous error
[INFO] [stdout] 
[INFO] [stdout] Couldn't compile the test.
[INFO] [stdout] 
[INFO] [stdout] failures:
[INFO] [stdout]     src/keypad.rs - keypad::KeyStream (line 264)
[INFO] [stdout]     src/keypad.rs - keypad::KeypadListener (line 111)
[INFO] [stdout]     src/lib.rs - (line 39)
[INFO] [stdout]     src/lib.rs - first (line 122)
[INFO] [stdout]     src/task.rs - task (line 8)
[INFO] [stdout]     src/timer.rs - timer::Interval (line 184)
[INFO] [stdout]     src/timer.rs - timer::Timer (line 267)
[INFO] [stdout] 
[INFO] [stdout] test result: FAILED. 0 passed; 7 failed; 0 ignored; 0 measured; 0 filtered out; finished in 1.03s
[INFO] [stdout] 
[INFO] [stderr] error: doctest failed, to rerun pass `--doc`
[INFO] running `Command { std: "docker" "inspect" "041998c53b67567363cf0d2c93b979c8da92bba944ce58bc9eef286c8ca00186", kill_on_drop: false }`
[INFO] running `Command { std: "docker" "rm" "-f" "041998c53b67567363cf0d2c93b979c8da92bba944ce58bc9eef286c8ca00186", kill_on_drop: false }`
[INFO] [stdout] 041998c53b67567363cf0d2c93b979c8da92bba944ce58bc9eef286c8ca00186
