[INFO] fetching crate nam-ledger-proto 0.1.1-nam.0...
[INFO] testing nam-ledger-proto-0.1.1-nam.0 against nightly-2025-01-18 for randomize-layout-2
[INFO] extracting crate nam-ledger-proto 0.1.1-nam.0 into /workspace/builds/worker-5-tc1/source
[INFO] validating manifest of crates.io crate nam-ledger-proto 0.1.1-nam.0 on toolchain nightly-2025-01-18
[INFO] running `Command { std: CARGO_HOME="/workspace/cargo-home" RUSTUP_HOME="/workspace/rustup-home" "/workspace/cargo-home/bin/cargo" "+nightly-2025-01-18" "metadata" "--manifest-path" "Cargo.toml" "--no-deps", kill_on_drop: false }`
[INFO] started tweaking crates.io crate nam-ledger-proto 0.1.1-nam.0
[INFO] finished tweaking crates.io crate nam-ledger-proto 0.1.1-nam.0
[INFO] tweaked toml for crates.io crate nam-ledger-proto 0.1.1-nam.0 written to /workspace/builds/worker-5-tc1/source/Cargo.toml
[INFO] running `Command { std: CARGO_HOME="/workspace/cargo-home" RUSTUP_HOME="/workspace/rustup-home" "/workspace/cargo-home/bin/cargo" "+nightly-2025-01-18" "generate-lockfile" "--manifest-path" "Cargo.toml", kill_on_drop: false }`
[INFO] [stderr]     Updating crates.io index
[INFO] [stderr]      Locking 26 packages to latest compatible versions
[INFO] running `Command { std: CARGO_HOME="/workspace/cargo-home" RUSTUP_HOME="/workspace/rustup-home" "/workspace/cargo-home/bin/cargo" "+nightly-2025-01-18" "fetch" "--manifest-path" "Cargo.toml", kill_on_drop: false }`
[INFO] [stderr]  Downloading crates ...
[INFO] [stderr]   Downloaded encdec-base v0.10.0
[INFO] [stderr]   Downloaded encdec-macros v0.10.0
[INFO] [stderr]   Downloaded encdec v0.10.0
[INFO] running `Command { std: "docker" "create" "-v" "/var/lib/crater-agent-workspace/builds/worker-5-tc1/target:/opt/rustwide/target:rw,Z" "-v" "/var/lib/crater-agent-workspace/builds/worker-5-tc1/source:/opt/rustwide/workdir:ro,Z" "-v" "/var/lib/crater-agent-workspace/cargo-home:/opt/rustwide/cargo-home:ro,Z" "-v" "/var/lib/crater-agent-workspace/rustup-home:/opt/rustwide/rustup-home:ro,Z" "-e" "SOURCE_DIR=/opt/rustwide/workdir" "-e" "CARGO_TARGET_DIR=/opt/rustwide/target" "-e" "CARGO_HOME=/opt/rustwide/cargo-home" "-e" "RUSTUP_HOME=/opt/rustwide/rustup-home" "-w" "/opt/rustwide/workdir" "-m" "1610612736" "--user" "0:0" "--network" "none" "ghcr.io/rust-lang/crates-build-env/linux@sha256:819108c5571ea2e421544af4d832f968d213c87fbe3707a016657f43d2f853bc" "/opt/rustwide/cargo-home/bin/cargo" "+nightly-2025-01-18" "metadata" "--no-deps" "--format-version=1", kill_on_drop: false }`
[INFO] [stdout] 9b1b60c1f54baf9b2ffed1a2a29587163387410fb1fd618d431345be166e91d9
[INFO] running `Command { std: "docker" "start" "-a" "9b1b60c1f54baf9b2ffed1a2a29587163387410fb1fd618d431345be166e91d9", kill_on_drop: false }`
[INFO] running `Command { std: "docker" "inspect" "9b1b60c1f54baf9b2ffed1a2a29587163387410fb1fd618d431345be166e91d9", kill_on_drop: false }`
[INFO] running `Command { std: "docker" "rm" "-f" "9b1b60c1f54baf9b2ffed1a2a29587163387410fb1fd618d431345be166e91d9", kill_on_drop: false }`
[INFO] [stdout] 9b1b60c1f54baf9b2ffed1a2a29587163387410fb1fd618d431345be166e91d9
[INFO] running `Command { std: "docker" "create" "-v" "/var/lib/crater-agent-workspace/builds/worker-5-tc1/target:/opt/rustwide/target:rw,Z" "-v" "/var/lib/crater-agent-workspace/builds/worker-5-tc1/source:/opt/rustwide/workdir:ro,Z" "-v" "/var/lib/crater-agent-workspace/cargo-home:/opt/rustwide/cargo-home:ro,Z" "-v" "/var/lib/crater-agent-workspace/rustup-home:/opt/rustwide/rustup-home:ro,Z" "-e" "SOURCE_DIR=/opt/rustwide/workdir" "-e" "CARGO_TARGET_DIR=/opt/rustwide/target" "-e" "CARGO_INCREMENTAL=0" "-e" "RUST_BACKTRACE=full" "-e" "RUSTFLAGS=--cap-lints=forbid" "-e" "RUSTDOCFLAGS=--cap-lints=forbid" "-e" "CARGO_HOME=/opt/rustwide/cargo-home" "-e" "RUSTUP_HOME=/opt/rustwide/rustup-home" "-w" "/opt/rustwide/workdir" "-m" "1610612736" "--user" "0:0" "--network" "none" "ghcr.io/rust-lang/crates-build-env/linux@sha256:819108c5571ea2e421544af4d832f968d213c87fbe3707a016657f43d2f853bc" "/opt/rustwide/cargo-home/bin/cargo" "+nightly-2025-01-18" "build" "--frozen" "--message-format=json", kill_on_drop: false }`
[INFO] [stdout] e84138b19759ecea03ad43cb31e060cedf67338cb479959c8b8ce489bad177af
[INFO] running `Command { std: "docker" "start" "-a" "e84138b19759ecea03ad43cb31e060cedf67338cb479959c8b8ce489bad177af", kill_on_drop: false }`
[INFO] [stderr]    Compiling proc-macro2 v1.0.93
[INFO] [stderr]    Compiling unicode-ident v1.0.14
[INFO] [stderr]    Compiling syn v1.0.109
[INFO] [stderr]    Compiling autocfg v1.4.0
[INFO] [stderr]    Compiling ident_case v1.0.1
[INFO] [stderr]    Compiling strsim v0.10.0
[INFO] [stderr]    Compiling fnv v1.0.7
[INFO] [stderr]    Compiling serde v1.0.217
[INFO] [stderr]    Compiling byteorder v1.5.0
[INFO] [stderr]    Compiling thiserror v2.0.11
[INFO] [stderr]    Compiling num-traits v0.2.19
[INFO] [stderr]    Compiling quote v1.0.38
[INFO] [stderr]    Compiling syn v2.0.96
[INFO] [stderr]    Compiling encdec-base v0.10.0
[INFO] [stderr]    Compiling serde_derive v1.0.217
[INFO] [stderr]    Compiling num_enum_derive v0.7.3
[INFO] [stderr]    Compiling thiserror-impl v2.0.11
[INFO] [stderr]    Compiling displaydoc v0.2.5
[INFO] [stderr]    Compiling num_enum v0.7.3
[INFO] [stderr]    Compiling darling_core v0.14.4
[INFO] [stderr]    Compiling darling_macro v0.14.4
[INFO] [stderr]    Compiling darling v0.14.4
[INFO] [stderr]    Compiling encdec-macros v0.10.0
[INFO] [stderr]    Compiling encdec v0.10.0
[INFO] [stderr]    Compiling bitflags v2.8.0
[INFO] [stderr]    Compiling hex v0.4.3
[INFO] [stderr]    Compiling nam-ledger-proto v0.1.1-nam.0 (/opt/rustwide/workdir)
[INFO] [stderr]     Finished `dev` profile [unoptimized + debuginfo] target(s) in 17.47s
[INFO] running `Command { std: "docker" "inspect" "e84138b19759ecea03ad43cb31e060cedf67338cb479959c8b8ce489bad177af", kill_on_drop: false }`
[INFO] running `Command { std: "docker" "rm" "-f" "e84138b19759ecea03ad43cb31e060cedf67338cb479959c8b8ce489bad177af", kill_on_drop: false }`
[INFO] [stdout] e84138b19759ecea03ad43cb31e060cedf67338cb479959c8b8ce489bad177af
[INFO] running `Command { std: "docker" "create" "-v" "/var/lib/crater-agent-workspace/builds/worker-5-tc1/target:/opt/rustwide/target:rw,Z" "-v" "/var/lib/crater-agent-workspace/builds/worker-5-tc1/source:/opt/rustwide/workdir:ro,Z" "-v" "/var/lib/crater-agent-workspace/cargo-home:/opt/rustwide/cargo-home:ro,Z" "-v" "/var/lib/crater-agent-workspace/rustup-home:/opt/rustwide/rustup-home:ro,Z" "-e" "SOURCE_DIR=/opt/rustwide/workdir" "-e" "CARGO_TARGET_DIR=/opt/rustwide/target" "-e" "CARGO_INCREMENTAL=0" "-e" "RUST_BACKTRACE=full" "-e" "RUSTFLAGS=--cap-lints=forbid" "-e" "RUSTDOCFLAGS=--cap-lints=forbid" "-e" "CARGO_HOME=/opt/rustwide/cargo-home" "-e" "RUSTUP_HOME=/opt/rustwide/rustup-home" "-w" "/opt/rustwide/workdir" "-m" "1610612736" "--user" "0:0" "--network" "none" "ghcr.io/rust-lang/crates-build-env/linux@sha256:819108c5571ea2e421544af4d832f968d213c87fbe3707a016657f43d2f853bc" "/opt/rustwide/cargo-home/bin/cargo" "+nightly-2025-01-18" "test" "--frozen" "--no-run" "--message-format=json", kill_on_drop: false }`
[INFO] [stdout] 33ac43cef0fd2b23778252f5c11c625ef3c9a7b2a58c24b50ea74c13e31bcbfb
[INFO] running `Command { std: "docker" "start" "-a" "33ac43cef0fd2b23778252f5c11c625ef3c9a7b2a58c24b50ea74c13e31bcbfb", kill_on_drop: false }`
[INFO] [stderr]    Compiling nam-ledger-proto v0.1.1-nam.0 (/opt/rustwide/workdir)
[INFO] [stderr]     Finished `test` profile [unoptimized + debuginfo] target(s) in 0.63s
[INFO] running `Command { std: "docker" "inspect" "33ac43cef0fd2b23778252f5c11c625ef3c9a7b2a58c24b50ea74c13e31bcbfb", kill_on_drop: false }`
[INFO] running `Command { std: "docker" "rm" "-f" "33ac43cef0fd2b23778252f5c11c625ef3c9a7b2a58c24b50ea74c13e31bcbfb", kill_on_drop: false }`
[INFO] [stdout] 33ac43cef0fd2b23778252f5c11c625ef3c9a7b2a58c24b50ea74c13e31bcbfb
[INFO] running `Command { std: "docker" "create" "-v" "/var/lib/crater-agent-workspace/builds/worker-5-tc1/target:/opt/rustwide/target:rw,Z" "-v" "/var/lib/crater-agent-workspace/builds/worker-5-tc1/source:/opt/rustwide/workdir:ro,Z" "-v" "/var/lib/crater-agent-workspace/cargo-home:/opt/rustwide/cargo-home:ro,Z" "-v" "/var/lib/crater-agent-workspace/rustup-home:/opt/rustwide/rustup-home:ro,Z" "-e" "SOURCE_DIR=/opt/rustwide/workdir" "-e" "CARGO_TARGET_DIR=/opt/rustwide/target" "-e" "CARGO_INCREMENTAL=0" "-e" "RUST_BACKTRACE=full" "-e" "RUSTFLAGS=--cap-lints=forbid" "-e" "RUSTDOCFLAGS=--cap-lints=forbid" "-e" "CARGO_HOME=/opt/rustwide/cargo-home" "-e" "RUSTUP_HOME=/opt/rustwide/rustup-home" "-w" "/opt/rustwide/workdir" "-m" "1610612736" "--user" "0:0" "--network" "none" "ghcr.io/rust-lang/crates-build-env/linux@sha256:819108c5571ea2e421544af4d832f968d213c87fbe3707a016657f43d2f853bc" "/opt/rustwide/cargo-home/bin/cargo" "+nightly-2025-01-18" "test" "--frozen", kill_on_drop: false }`
[INFO] [stdout] 9b34d7613bbbefc9375034b2d6459a0231ebd8ac9fafcf7a348b18f4d1cc66ed
[INFO] running `Command { std: "docker" "start" "-a" "9b34d7613bbbefc9375034b2d6459a0231ebd8ac9fafcf7a348b18f4d1cc66ed", kill_on_drop: false }`
[INFO] [stderr]     Finished `test` profile [unoptimized + debuginfo] target(s) in 0.04s
[INFO] [stderr]      Running unittests src/lib.rs (/opt/rustwide/target/debug/deps/nam_ledger_proto-b68907e663ab0ff7)
[INFO] [stdout] 
[INFO] [stdout] running 4 tests
[INFO] [stdout] test tests::header_encode_decode ... ok
[INFO] [stdout] test apdus::device_info::tests::device_info_resp ... ok
[INFO] [stdout] test apdus::run_app::test::encode_decode_run_app_req ... ok
[INFO] [stdout] test apdus::app_info::tests::app_info_resp ... ok
[INFO] [stdout] 
[INFO] [stdout] test result: ok. 4 passed; 0 failed; 0 ignored; 0 measured; 0 filtered out; finished in 0.00s
[INFO] [stdout] 
[INFO] [stderr]    Doc-tests nam_ledger_proto
[INFO] [stdout] 
[INFO] [stdout] running 3 tests
[INFO] [stdout] test src/lib.rs - ApduStatic (line 143) ... FAILED
[INFO] [stdout] test src/lib.rs - (line 21) ... FAILED
[INFO] [stdout] test src/lib.rs - (line 40) ... FAILED
[INFO] [stdout] 
[INFO] [stdout] failures:
[INFO] [stdout] 
[INFO] [stdout] ---- src/lib.rs - ApduStatic (line 143) stdout ----
[INFO] [stdout] error[E0432]: unresolved import `ledger_proto`
[INFO] [stdout]  --> src/lib.rs:144:5
[INFO] [stdout]   |
[INFO] [stdout] 3 | use ledger_proto::{ApduStatic, ApduError, Encode, Decode};
[INFO] [stdout]   |     ^^^^^^^^^^^^ use of undeclared crate or module `ledger_proto`
[INFO] [stdout]   |
[INFO] [stdout] help: there is a crate or module with a similar name
[INFO] [stdout]   |
[INFO] [stdout] 3 | use nam_ledger_proto::{ApduStatic, ApduError, Encode, Decode};
[INFO] [stdout]   |     ~~~~~~~~~~~~~~~~
[INFO] [stdout] 
[INFO] [stdout] error: cannot find attribute `encdec` in this scope
[INFO] [stdout]  --> src/lib.rs:148:3
[INFO] [stdout]   |
[INFO] [stdout] 7 | #[encdec(error = "ApduError")]
[INFO] [stdout]   |   ^^^^^^
[INFO] [stdout]   |
[INFO] [stdout]   = note: `encdec` is in scope, but it is a crate, not an attribute
[INFO] [stdout] 
[INFO] [stdout] error: aborting due to 2 previous errors
[INFO] [stdout] 
[INFO] [stdout] For more information about this error, try `rustc --explain E0432`.
[INFO] [stdout] Couldn't compile the test.
[INFO] [stdout] ---- src/lib.rs - (line 21) stdout ----
[INFO] [stdout] error[E0432]: unresolved import `ledger_proto`
[INFO] [stdout]  --> src/lib.rs:22:5
[INFO] [stdout]   |
[INFO] [stdout] 3 | use ledger_proto::{ApduStatic, ApduError, Encode, DecodeOwned};
[INFO] [stdout]   |     ^^^^^^^^^^^^ use of undeclared crate or module `ledger_proto`
[INFO] [stdout]   |
[INFO] [stdout] help: there is a crate or module with a similar name
[INFO] [stdout]   |
[INFO] [stdout] 3 | use nam_ledger_proto::{ApduStatic, ApduError, Encode, DecodeOwned};
[INFO] [stdout]   |     ~~~~~~~~~~~~~~~~
[INFO] [stdout] 
[INFO] [stdout] error: cannot find attribute `encdec` in this scope
[INFO] [stdout]  --> src/lib.rs:26:3
[INFO] [stdout]   |
[INFO] [stdout] 7 | #[encdec(error = "ApduError")]
[INFO] [stdout]   |   ^^^^^^
[INFO] [stdout]   |
[INFO] [stdout]   = note: `encdec` is in scope, but it is a crate, not an attribute
[INFO] [stdout] 
[INFO] [stdout] error: aborting due to 2 previous errors
[INFO] [stdout] 
[INFO] [stdout] For more information about this error, try `rustc --explain E0432`.
[INFO] [stdout] Couldn't compile the test.
[INFO] [stdout] ---- src/lib.rs - (line 40) stdout ----
[INFO] [stdout] error[E0432]: unresolved import `ledger_proto`
[INFO] [stdout]  --> src/lib.rs:41:5
[INFO] [stdout]   |
[INFO] [stdout] 3 | use ledger_proto::{ApduStatic, ApduError, Encode, Decode};
[INFO] [stdout]   |     ^^^^^^^^^^^^ use of undeclared crate or module `ledger_proto`
[INFO] [stdout]   |
[INFO] [stdout] help: there is a crate or module with a similar name
[INFO] [stdout]   |
[INFO] [stdout] 3 | use nam_ledger_proto::{ApduStatic, ApduError, Encode, Decode};
[INFO] [stdout]   |     ~~~~~~~~~~~~~~~~
[INFO] [stdout] 
[INFO] [stdout] error[E0223]: ambiguous associated type
[INFO] [stdout]   --> src/lib.rs:54:41
[INFO] [stdout]    |
[INFO] [stdout] 16 |   fn encode_len(&self) -> Result<usize, Self::Error> {
[INFO] [stdout]    |                                         ^^^^^^^^^^^
[INFO] [stdout]    |
[INFO] [stdout] help: use fully-qualified syntax
[INFO] [stdout]    |
[INFO] [stdout] 16 |   fn encode_len(&self) -> Result<usize, <StringResp<'a> as TryFrom>::Error> {
[INFO] [stdout]    |                                         ~~~~~~~~~~~~~~~~~~~~~~~~~~~~~~~~~~
[INFO] [stdout] 16 |   fn encode_len(&self) -> Result<usize, <StringResp<'a> as TryInto>::Error> {
[INFO] [stdout]    |                                         ~~~~~~~~~~~~~~~~~~~~~~~~~~~~~~~~~~
[INFO] [stdout] 16 |   fn encode_len(&self) -> Result<usize, <StringResp<'a> as encdec::decode::DecodePrefixed>::Error> {
[INFO] [stdout]    |                                         ~~~~~~~~~~~~~~~~~~~~~~~~~~~~~~~~~~~~~~~~~~~~~~~~~~~~~~~~~
[INFO] [stdout] 16 |   fn encode_len(&self) -> Result<usize, <StringResp<'a> as encdec::encode::EncodePrefixed>::Error> {
[INFO] [stdout]    |                                         ~~~~~~~~~~~~~~~~~~~~~~~~~~~~~~~~~~~~~~~~~~~~~~~~~~~~~~~~~
[INFO] [stdout]      and 1 other candidate
[INFO] [stdout] 
[INFO] [stdout] error[E0223]: ambiguous associated type
[INFO] [stdout]   --> src/lib.rs:59:54
[INFO] [stdout]    |
[INFO] [stdout] 21 |   fn encode(&self, buff: &mut [u8]) -> Result<usize, Self::Error> {
[INFO] [stdout]    |                                                      ^^^^^^^^^^^
[INFO] [stdout]    |
[INFO] [stdout] help: use fully-qualified syntax
[INFO] [stdout]    |
[INFO] [stdout] 21 |   fn encode(&self, buff: &mut [u8]) -> Result<usize, <StringResp<'a> as TryFrom>::Error> {
[INFO] [stdout]    |                                                      ~~~~~~~~~~~~~~~~~~~~~~~~~~~~~~~~~~
[INFO] [stdout] 21 |   fn encode(&self, buff: &mut [u8]) -> Result<usize, <StringResp<'a> as TryInto>::Error> {
[INFO] [stdout]    |                                                      ~~~~~~~~~~~~~~~~~~~~~~~~~~~~~~~~~~
[INFO] [stdout] 21 |   fn encode(&self, buff: &mut [u8]) -> Result<usize, <StringResp<'a> as encdec::decode::DecodePrefixed>::Error> {
[INFO] [stdout]    |                                                      ~~~~~~~~~~~~~~~~~~~~~~~~~~~~~~~~~~~~~~~~~~~~~~~~~~~~~~~~~
[INFO] [stdout] 21 |   fn encode(&self, buff: &mut [u8]) -> Result<usize, <StringResp<'a> as encdec::encode::EncodePrefixed>::Error> {
[INFO] [stdout]    |                                                      ~~~~~~~~~~~~~~~~~~~~~~~~~~~~~~~~~~~~~~~~~~~~~~~~~~~~~~~~~
[INFO] [stdout]      and 1 other candidate
[INFO] [stdout] 
[INFO] [stdout] error[E0223]: ambiguous associated type
[INFO] [stdout]   --> src/lib.rs:83:42
[INFO] [stdout]    |
[INFO] [stdout] 45 |     fn decode(buff: &'a [u8]) -> Result<(Self::Output, usize), Self::Error> {
[INFO] [stdout]    |                                          ^^^^^^^^^^^^
[INFO] [stdout]    |
[INFO] [stdout] help: use fully-qualified syntax
[INFO] [stdout]    |
[INFO] [stdout] 45 |     fn decode(buff: &'a [u8]) -> Result<(<StringResp<'a> as BitOr>::Output, usize), Self::Error> {
[INFO] [stdout]    |                                          ~~~~~~~~~~~~~~~~~~~~~~~~~~~~~~~~~
[INFO] [stdout] 45 |     fn decode(buff: &'a [u8]) -> Result<(<StringResp<'a> as IntoFuture>::Output, usize), Self::Error> {
[INFO] [stdout]    |                                          ~~~~~~~~~~~~~~~~~~~~~~~~~~~~~~~~~~~~~~
[INFO] [stdout] 45 |     fn decode(buff: &'a [u8]) -> Result<(<StringResp<'a> as encdec::decode::DecodePrefixed>::Output, usize), Self::Error> {
[INFO] [stdout]    |                                          ~~~~~~~~~~~~~~~~~~~~~~~~~~~~~~~~~~~~~~~~~~~~~~~~~~~~~~~~~~
[INFO] [stdout] 45 |     fn decode(buff: &'a [u8]) -> Result<(<StringResp<'a> as nam_ledger_proto::Decode>::Output, usize), Self::Error> {
[INFO] [stdout]    |                                          ~~~~~~~~~~~~~~~~~~~~~~~~~~~~~~~~~~~~~~~~~~~~~~~~~~~~
[INFO] [stdout] 
[INFO] [stdout] error[E0223]: ambiguous associated type
[INFO] [stdout]   --> src/lib.rs:83:64
[INFO] [stdout]    |
[INFO] [stdout] 45 |     fn decode(buff: &'a [u8]) -> Result<(Self::Output, usize), Self::Error> {
[INFO] [stdout]    |                                                                ^^^^^^^^^^^
[INFO] [stdout]    |
[INFO] [stdout] help: use fully-qualified syntax
[INFO] [stdout]    |
[INFO] [stdout] 45 |     fn decode(buff: &'a [u8]) -> Result<(Self::Output, usize), <StringResp<'a> as TryFrom>::Error> {
[INFO] [stdout]    |                                                                ~~~~~~~~~~~~~~~~~~~~~~~~~~~~~~~~~~
[INFO] [stdout] 45 |     fn decode(buff: &'a [u8]) -> Result<(Self::Output, usize), <StringResp<'a> as TryInto>::Error> {
[INFO] [stdout]    |                                                                ~~~~~~~~~~~~~~~~~~~~~~~~~~~~~~~~~~
[INFO] [stdout] 45 |     fn decode(buff: &'a [u8]) -> Result<(Self::Output, usize), <StringResp<'a> as encdec::decode::DecodePrefixed>::Error> {
[INFO] [stdout]    |                                                                ~~~~~~~~~~~~~~~~~~~~~~~~~~~~~~~~~~~~~~~~~~~~~~~~~~~~~~~~~
[INFO] [stdout] 45 |     fn decode(buff: &'a [u8]) -> Result<(Self::Output, usize), <StringResp<'a> as encdec::encode::EncodePrefixed>::Error> {
[INFO] [stdout]    |                                                                ~~~~~~~~~~~~~~~~~~~~~~~~~~~~~~~~~~~~~~~~~~~~~~~~~~~~~~~~~
[INFO] [stdout]      and 1 other candidate
[INFO] [stdout] 
[INFO] [stdout] error: aborting due to 5 previous errors
[INFO] [stdout] 
[INFO] [stdout] Some errors have detailed explanations: E0223, E0432.
[INFO] [stdout] For more information about an error, try `rustc --explain E0223`.
[INFO] [stdout] Couldn't compile the test.
[INFO] [stdout] 
[INFO] [stdout] failures:
[INFO] [stdout]     src/lib.rs - (line 21)
[INFO] [stdout]     src/lib.rs - (line 40)
[INFO] [stdout]     src/lib.rs - ApduStatic (line 143)
[INFO] [stdout] 
[INFO] [stdout] test result: FAILED. 0 passed; 3 failed; 0 ignored; 0 measured; 0 filtered out; finished in 0.17s
[INFO] [stdout] 
[INFO] [stderr] error: doctest failed, to rerun pass `--doc`
[INFO] running `Command { std: "docker" "inspect" "9b34d7613bbbefc9375034b2d6459a0231ebd8ac9fafcf7a348b18f4d1cc66ed", kill_on_drop: false }`
[INFO] running `Command { std: "docker" "rm" "-f" "9b34d7613bbbefc9375034b2d6459a0231ebd8ac9fafcf7a348b18f4d1cc66ed", kill_on_drop: false }`
[INFO] [stdout] 9b34d7613bbbefc9375034b2d6459a0231ebd8ac9fafcf7a348b18f4d1cc66ed
