[INFO] fetching crate moro-local 0.4.0...
[INFO] testing moro-local-0.4.0 against nightly-2025-01-18+rustflags=-Zrandomize-layout for randomize-layout-2
[INFO] extracting crate moro-local 0.4.0 into /workspace/builds/worker-2-tc2/source
[INFO] validating manifest of crates.io crate moro-local 0.4.0 on toolchain nightly-2025-01-18
[INFO] running `Command { std: CARGO_HOME="/workspace/cargo-home" RUSTUP_HOME="/workspace/rustup-home" "/workspace/cargo-home/bin/cargo" "+nightly-2025-01-18" "metadata" "--manifest-path" "Cargo.toml" "--no-deps", kill_on_drop: false }`
[INFO] started tweaking crates.io crate moro-local 0.4.0
[INFO] removed 0 missing examples
[INFO] finished tweaking crates.io crate moro-local 0.4.0
[INFO] tweaked toml for crates.io crate moro-local 0.4.0 written to /workspace/builds/worker-2-tc2/source/Cargo.toml
[INFO] crate crates.io crate moro-local 0.4.0 already has a lockfile, it will not be regenerated
[INFO] running `Command { std: CARGO_HOME="/workspace/cargo-home" RUSTUP_HOME="/workspace/rustup-home" "/workspace/cargo-home/bin/cargo" "+nightly-2025-01-18" "fetch" "--manifest-path" "Cargo.toml", kill_on_drop: false }`
[INFO] running `Command { std: "docker" "create" "-v" "/var/lib/crater-agent-workspace/builds/worker-2-tc2/target:/opt/rustwide/target:rw,Z" "-v" "/var/lib/crater-agent-workspace/builds/worker-2-tc2/source:/opt/rustwide/workdir:ro,Z" "-v" "/var/lib/crater-agent-workspace/cargo-home:/opt/rustwide/cargo-home:ro,Z" "-v" "/var/lib/crater-agent-workspace/rustup-home:/opt/rustwide/rustup-home:ro,Z" "-e" "SOURCE_DIR=/opt/rustwide/workdir" "-e" "CARGO_TARGET_DIR=/opt/rustwide/target" "-e" "CARGO_HOME=/opt/rustwide/cargo-home" "-e" "RUSTUP_HOME=/opt/rustwide/rustup-home" "-w" "/opt/rustwide/workdir" "-m" "1610612736" "--user" "0:0" "--network" "none" "ghcr.io/rust-lang/crates-build-env/linux@sha256:819108c5571ea2e421544af4d832f968d213c87fbe3707a016657f43d2f853bc" "/opt/rustwide/cargo-home/bin/cargo" "+nightly-2025-01-18" "metadata" "--no-deps" "--format-version=1", kill_on_drop: false }`
[INFO] [stdout] 97b32a827a75c8c70bb2c8d3f6f8cbdefbe51f389626bd3c00f84f36f61bbda8
[INFO] running `Command { std: "docker" "start" "-a" "97b32a827a75c8c70bb2c8d3f6f8cbdefbe51f389626bd3c00f84f36f61bbda8", kill_on_drop: false }`
[INFO] running `Command { std: "docker" "inspect" "97b32a827a75c8c70bb2c8d3f6f8cbdefbe51f389626bd3c00f84f36f61bbda8", kill_on_drop: false }`
[INFO] running `Command { std: "docker" "rm" "-f" "97b32a827a75c8c70bb2c8d3f6f8cbdefbe51f389626bd3c00f84f36f61bbda8", kill_on_drop: false }`
[INFO] [stdout] 97b32a827a75c8c70bb2c8d3f6f8cbdefbe51f389626bd3c00f84f36f61bbda8
[INFO] running `Command { std: "docker" "create" "-v" "/var/lib/crater-agent-workspace/builds/worker-2-tc2/target:/opt/rustwide/target:rw,Z" "-v" "/var/lib/crater-agent-workspace/builds/worker-2-tc2/source:/opt/rustwide/workdir:ro,Z" "-v" "/var/lib/crater-agent-workspace/cargo-home:/opt/rustwide/cargo-home:ro,Z" "-v" "/var/lib/crater-agent-workspace/rustup-home:/opt/rustwide/rustup-home:ro,Z" "-e" "SOURCE_DIR=/opt/rustwide/workdir" "-e" "CARGO_TARGET_DIR=/opt/rustwide/target" "-e" "CARGO_INCREMENTAL=0" "-e" "RUST_BACKTRACE=full" "-e" "RUSTFLAGS=--cap-lints=forbid -Zrandomize-layout" "-e" "RUSTDOCFLAGS=--cap-lints=forbid" "-e" "CARGO_HOME=/opt/rustwide/cargo-home" "-e" "RUSTUP_HOME=/opt/rustwide/rustup-home" "-w" "/opt/rustwide/workdir" "-m" "1610612736" "--user" "0:0" "--network" "none" "ghcr.io/rust-lang/crates-build-env/linux@sha256:819108c5571ea2e421544af4d832f968d213c87fbe3707a016657f43d2f853bc" "/opt/rustwide/cargo-home/bin/cargo" "+nightly-2025-01-18" "build" "--frozen" "--message-format=json", kill_on_drop: false }`
[INFO] [stdout] 4700049d53cbb880e467948fb36e2c48a2c388e1e9be26fd8b0a7e4c2aefdf4d
[INFO] running `Command { std: "docker" "start" "-a" "4700049d53cbb880e467948fb36e2c48a2c388e1e9be26fd8b0a7e4c2aefdf4d", kill_on_drop: false }`
[INFO] [stderr]    Compiling proc-macro2 v1.0.86
[INFO] [stderr]    Compiling unicode-ident v1.0.12
[INFO] [stderr]    Compiling autocfg v1.3.0
[INFO] [stderr]    Compiling futures-sink v0.3.30
[INFO] [stderr]    Compiling futures-core v0.3.30
[INFO] [stderr]    Compiling futures-io v0.3.30
[INFO] [stderr]    Compiling futures-task v0.3.30
[INFO] [stderr]    Compiling memchr v2.7.4
[INFO] [stderr]    Compiling pin-project-lite v0.2.14
[INFO] [stderr]    Compiling pin-utils v0.1.0
[INFO] [stderr]    Compiling futures-channel v0.3.30
[INFO] [stderr]    Compiling slab v0.4.9
[INFO] [stderr]    Compiling quote v1.0.36
[INFO] [stderr]    Compiling syn v2.0.71
[INFO] [stderr]    Compiling futures-macro v0.3.30
[INFO] [stderr]    Compiling pin-project-internal v1.1.5
[INFO] [stderr]    Compiling async-trait v0.1.81
[INFO] [stderr]    Compiling futures-util v0.3.30
[INFO] [stderr]    Compiling pin-project v1.1.5
[INFO] [stderr]    Compiling futures-executor v0.3.30
[INFO] [stderr]    Compiling futures v0.3.30
[INFO] [stderr]    Compiling moro-local v0.4.0 (/opt/rustwide/workdir)
[INFO] [stderr]     Finished `dev` profile [unoptimized + debuginfo] target(s) in 10.57s
[INFO] running `Command { std: "docker" "inspect" "4700049d53cbb880e467948fb36e2c48a2c388e1e9be26fd8b0a7e4c2aefdf4d", kill_on_drop: false }`
[INFO] running `Command { std: "docker" "rm" "-f" "4700049d53cbb880e467948fb36e2c48a2c388e1e9be26fd8b0a7e4c2aefdf4d", kill_on_drop: false }`
[INFO] [stdout] 4700049d53cbb880e467948fb36e2c48a2c388e1e9be26fd8b0a7e4c2aefdf4d
[INFO] running `Command { std: "docker" "create" "-v" "/var/lib/crater-agent-workspace/builds/worker-2-tc2/target:/opt/rustwide/target:rw,Z" "-v" "/var/lib/crater-agent-workspace/builds/worker-2-tc2/source:/opt/rustwide/workdir:ro,Z" "-v" "/var/lib/crater-agent-workspace/cargo-home:/opt/rustwide/cargo-home:ro,Z" "-v" "/var/lib/crater-agent-workspace/rustup-home:/opt/rustwide/rustup-home:ro,Z" "-e" "SOURCE_DIR=/opt/rustwide/workdir" "-e" "CARGO_TARGET_DIR=/opt/rustwide/target" "-e" "CARGO_INCREMENTAL=0" "-e" "RUST_BACKTRACE=full" "-e" "RUSTFLAGS=--cap-lints=forbid -Zrandomize-layout" "-e" "RUSTDOCFLAGS=--cap-lints=forbid" "-e" "CARGO_HOME=/opt/rustwide/cargo-home" "-e" "RUSTUP_HOME=/opt/rustwide/rustup-home" "-w" "/opt/rustwide/workdir" "-m" "1610612736" "--user" "0:0" "--network" "none" "ghcr.io/rust-lang/crates-build-env/linux@sha256:819108c5571ea2e421544af4d832f968d213c87fbe3707a016657f43d2f853bc" "/opt/rustwide/cargo-home/bin/cargo" "+nightly-2025-01-18" "test" "--frozen" "--no-run" "--message-format=json", kill_on_drop: false }`
[INFO] [stdout] 6e62993f13866dbfbbc40f72be4a8e7ce50de2353cfffb9b36648224c51f514d
[INFO] running `Command { std: "docker" "start" "-a" "6e62993f13866dbfbbc40f72be4a8e7ce50de2353cfffb9b36648224c51f514d", kill_on_drop: false }`
[INFO] [stderr]    Compiling libc v0.2.155
[INFO] [stderr]    Compiling parking_lot_core v0.9.10
[INFO] [stderr]    Compiling lock_api v0.4.12
[INFO] [stderr]    Compiling scopeguard v1.2.0
[INFO] [stderr]    Compiling smallvec v1.13.2
[INFO] [stderr]    Compiling anyhow v1.0.86
[INFO] [stderr]    Compiling bytes v1.6.1
[INFO] [stderr]    Compiling tokio-macros v2.3.0
[INFO] [stderr]    Compiling num_cpus v1.16.0
[INFO] [stderr]    Compiling mio v0.8.11
[INFO] [stderr]    Compiling socket2 v0.5.7
[INFO] [stderr]    Compiling signal-hook-registry v1.4.2
[INFO] [stderr]    Compiling parking_lot v0.12.3
[INFO] [stderr]    Compiling tokio v1.38.0
[INFO] [stderr]    Compiling moro-local v0.4.0 (/opt/rustwide/workdir)
[INFO] [stderr]     Finished `test` profile [unoptimized + debuginfo] target(s) in 10.63s
[INFO] running `Command { std: "docker" "inspect" "6e62993f13866dbfbbc40f72be4a8e7ce50de2353cfffb9b36648224c51f514d", kill_on_drop: false }`
[INFO] running `Command { std: "docker" "rm" "-f" "6e62993f13866dbfbbc40f72be4a8e7ce50de2353cfffb9b36648224c51f514d", kill_on_drop: false }`
[INFO] [stdout] 6e62993f13866dbfbbc40f72be4a8e7ce50de2353cfffb9b36648224c51f514d
[INFO] running `Command { std: "docker" "create" "-v" "/var/lib/crater-agent-workspace/builds/worker-2-tc2/target:/opt/rustwide/target:rw,Z" "-v" "/var/lib/crater-agent-workspace/builds/worker-2-tc2/source:/opt/rustwide/workdir:ro,Z" "-v" "/var/lib/crater-agent-workspace/cargo-home:/opt/rustwide/cargo-home:ro,Z" "-v" "/var/lib/crater-agent-workspace/rustup-home:/opt/rustwide/rustup-home:ro,Z" "-e" "SOURCE_DIR=/opt/rustwide/workdir" "-e" "CARGO_TARGET_DIR=/opt/rustwide/target" "-e" "CARGO_INCREMENTAL=0" "-e" "RUST_BACKTRACE=full" "-e" "RUSTFLAGS=--cap-lints=forbid -Zrandomize-layout" "-e" "RUSTDOCFLAGS=--cap-lints=forbid" "-e" "CARGO_HOME=/opt/rustwide/cargo-home" "-e" "RUSTUP_HOME=/opt/rustwide/rustup-home" "-w" "/opt/rustwide/workdir" "-m" "1610612736" "--user" "0:0" "--network" "none" "ghcr.io/rust-lang/crates-build-env/linux@sha256:819108c5571ea2e421544af4d832f968d213c87fbe3707a016657f43d2f853bc" "/opt/rustwide/cargo-home/bin/cargo" "+nightly-2025-01-18" "test" "--frozen", kill_on_drop: false }`
[INFO] [stdout] ce502d42937fa5cc481af05d0e945048b6d9abcfcfb0e1393e479ac4f7bd60be
[INFO] running `Command { std: "docker" "start" "-a" "ce502d42937fa5cc481af05d0e945048b6d9abcfcfb0e1393e479ac4f7bd60be", kill_on_drop: false }`
[INFO] [stderr]     Finished `test` profile [unoptimized + debuginfo] target(s) in 0.10s
[INFO] [stderr]      Running unittests src/lib.rs (/opt/rustwide/target/debug/deps/moro_local-f2e4a8a3723a60d3)
[INFO] [stdout] 
[INFO] [stdout] running 0 tests
[INFO] [stdout] 
[INFO] [stderr]    Doc-tests moro_local
[INFO] [stdout] test result: ok. 0 passed; 0 failed; 0 ignored; 0 measured; 0 filtered out; finished in 0.00s
[INFO] [stdout] 
[INFO] [stdout] 
[INFO] [stdout] running 6 tests
[INFO] [stdout] test src/lib.rs - async_scope (line 39) ... FAILED
[INFO] [stdout] test src/lib.rs - async_scope (line 66) - compile fail ... FAILED
[INFO] [stdout] test src/lib.rs - async_scope (line 50) ... FAILED
[INFO] [stdout] test src/scope.rs - scope::Scope<'scope,'env,R>::terminate (line 81) ... FAILED
[INFO] [stdout] test src/lib.rs - async_scope (line 108) ... FAILED
[INFO] [stdout] test src/lib.rs - async_scope (line 87) ... FAILED
[INFO] [stdout] 
[INFO] [stdout] failures:
[INFO] [stdout] 
[INFO] [stdout] ---- src/lib.rs - async_scope (line 39) stdout ----
[INFO] [stdout] error[E0433]: failed to resolve: use of undeclared crate or module `moro`
[INFO] [stdout]  --> src/lib.rs:41:13
[INFO] [stdout]   |
[INFO] [stdout] 4 | let scope = moro::async_scope!(|scope| {/* ... */}).await;
[INFO] [stdout]   |             ^^^^ use of undeclared crate or module `moro`
[INFO] [stdout] 
[INFO] [stdout] error: aborting due to 1 previous error
[INFO] [stdout] 
[INFO] [stdout] For more information about this error, try `rustc --explain E0433`.
[INFO] [stdout] Couldn't compile the test.
[INFO] [stdout] ---- src/lib.rs - async_scope (line 66) stdout ----
[INFO] [stdout] error[E0433]: failed to resolve: use of undeclared crate or module `moro`
[INFO] [stdout]  --> src/lib.rs:68:13
[INFO] [stdout]   |
[INFO] [stdout] 4 | let scope = moro::async_scope!(|scope| {
[INFO] [stdout]   |             ^^^^ use of undeclared crate or module `moro`
[INFO] [stdout] 
[INFO] [stdout] error: aborting due to 1 previous error
[INFO] [stdout] 
[INFO] [stdout] For more information about this error, try `rustc --explain E0433`.
[INFO] [stdout] Some expected error codes were not found: ["E0373"]
[INFO] [stdout] ---- src/lib.rs - async_scope (line 50) stdout ----
[INFO] [stdout] error[E0433]: failed to resolve: use of undeclared crate or module `moro`
[INFO] [stdout]  --> src/lib.rs:53:13
[INFO] [stdout]   |
[INFO] [stdout] 5 | let scope = moro::async_scope!(|scope| {
[INFO] [stdout]   |             ^^^^ use of undeclared crate or module `moro`
[INFO] [stdout] 
[INFO] [stdout] error: aborting due to 1 previous error
[INFO] [stdout] 
[INFO] [stdout] For more information about this error, try `rustc --explain E0433`.
[INFO] [stdout] Couldn't compile the test.
[INFO] [stdout] ---- src/scope.rs - scope::Scope<'scope,'env,R>::terminate (line 81) stdout ----
[INFO] [stdout] error[E0433]: failed to resolve: use of undeclared crate or module `moro`
[INFO] [stdout]  --> src/scope.rs:83:14
[INFO] [stdout]   |
[INFO] [stdout] 4 | let result = moro::async_scope!(|scope| {
[INFO] [stdout]   |              ^^^^ use of undeclared crate or module `moro`
[INFO] [stdout] 
[INFO] [stdout] error: aborting due to 1 previous error
[INFO] [stdout] 
[INFO] [stdout] For more information about this error, try `rustc --explain E0433`.
[INFO] [stdout] Couldn't compile the test.
[INFO] [stdout] ---- src/lib.rs - async_scope (line 108) stdout ----
[INFO] [stdout] error[E0433]: failed to resolve: use of undeclared crate or module `moro`
[INFO] [stdout]  --> src/lib.rs:110:13
[INFO] [stdout]   |
[INFO] [stdout] 4 | let scope = moro::async_scope!(|scope| -> Result<(), u32> {
[INFO] [stdout]   |             ^^^^ use of undeclared crate or module `moro`
[INFO] [stdout] 
[INFO] [stdout] error: aborting due to 1 previous error
[INFO] [stdout] 
[INFO] [stdout] For more information about this error, try `rustc --explain E0433`.
[INFO] [stdout] Couldn't compile the test.
[INFO] [stdout] ---- src/lib.rs - async_scope (line 87) stdout ----
[INFO] [stdout] error[E0433]: failed to resolve: use of undeclared crate or module `moro`
[INFO] [stdout]  --> src/lib.rs:90:13
[INFO] [stdout]   |
[INFO] [stdout] 5 | let scope = moro::async_scope!(|scope| {
[INFO] [stdout]   |             ^^^^ use of undeclared crate or module `moro`
[INFO] [stdout] 
[INFO] [stdout] error: aborting due to 1 previous error
[INFO] [stdout] 
[INFO] [stdout] For more information about this error, try `rustc --explain E0433`.
[INFO] [stdout] Couldn't compile the test.
[INFO] [stdout] 
[INFO] [stdout] failures:
[INFO] [stdout]     src/lib.rs - async_scope (line 108)
[INFO] [stdout]     src/lib.rs - async_scope (line 39)
[INFO] [stdout]     src/lib.rs - async_scope (line 50)
[INFO] [stdout]     src/lib.rs - async_scope (line 66)
[INFO] [stdout]     src/lib.rs - async_scope (line 87)
[INFO] [stdout]     src/scope.rs - scope::Scope<'scope,'env,R>::terminate (line 81)
[INFO] [stdout] 
[INFO] [stdout] test result: FAILED. 0 passed; 6 failed; 0 ignored; 0 measured; 0 filtered out; finished in 0.14s
[INFO] [stdout] 
[INFO] [stderr] error: doctest failed, to rerun pass `--doc`
[INFO] running `Command { std: "docker" "inspect" "ce502d42937fa5cc481af05d0e945048b6d9abcfcfb0e1393e479ac4f7bd60be", kill_on_drop: false }`
[INFO] running `Command { std: "docker" "rm" "-f" "ce502d42937fa5cc481af05d0e945048b6d9abcfcfb0e1393e479ac4f7bd60be", kill_on_drop: false }`
[INFO] [stdout] ce502d42937fa5cc481af05d0e945048b6d9abcfcfb0e1393e479ac4f7bd60be
