[INFO] fetching crate minigrep_test_package_001 0.1.0...
[INFO] testing minigrep_test_package_001-0.1.0 against nightly-2025-01-18+rustflags=-Zrandomize-layout for randomize-layout-2
[INFO] extracting crate minigrep_test_package_001 0.1.0 into /workspace/builds/worker-3-tc2/source
[INFO] validating manifest of crates.io crate minigrep_test_package_001 0.1.0 on toolchain nightly-2025-01-18
[INFO] running `Command { std: CARGO_HOME="/workspace/cargo-home" RUSTUP_HOME="/workspace/rustup-home" "/workspace/cargo-home/bin/cargo" "+nightly-2025-01-18" "metadata" "--manifest-path" "Cargo.toml" "--no-deps", kill_on_drop: false }`
[INFO] started tweaking crates.io crate minigrep_test_package_001 0.1.0
[INFO] finished tweaking crates.io crate minigrep_test_package_001 0.1.0
[INFO] tweaked toml for crates.io crate minigrep_test_package_001 0.1.0 written to /workspace/builds/worker-3-tc2/source/Cargo.toml
[INFO] crate crates.io crate minigrep_test_package_001 0.1.0 already has a lockfile, it will not be regenerated
[INFO] running `Command { std: CARGO_HOME="/workspace/cargo-home" RUSTUP_HOME="/workspace/rustup-home" "/workspace/cargo-home/bin/cargo" "+nightly-2025-01-18" "fetch" "--manifest-path" "Cargo.toml", kill_on_drop: false }`
[INFO] running `Command { std: "docker" "create" "-v" "/var/lib/crater-agent-workspace/builds/worker-3-tc2/target:/opt/rustwide/target:rw,Z" "-v" "/var/lib/crater-agent-workspace/builds/worker-3-tc2/source:/opt/rustwide/workdir:ro,Z" "-v" "/var/lib/crater-agent-workspace/cargo-home:/opt/rustwide/cargo-home:ro,Z" "-v" "/var/lib/crater-agent-workspace/rustup-home:/opt/rustwide/rustup-home:ro,Z" "-e" "SOURCE_DIR=/opt/rustwide/workdir" "-e" "CARGO_TARGET_DIR=/opt/rustwide/target" "-e" "CARGO_HOME=/opt/rustwide/cargo-home" "-e" "RUSTUP_HOME=/opt/rustwide/rustup-home" "-w" "/opt/rustwide/workdir" "-m" "1610612736" "--user" "0:0" "--network" "none" "ghcr.io/rust-lang/crates-build-env/linux@sha256:819108c5571ea2e421544af4d832f968d213c87fbe3707a016657f43d2f853bc" "/opt/rustwide/cargo-home/bin/cargo" "+nightly-2025-01-18" "metadata" "--no-deps" "--format-version=1", kill_on_drop: false }`
[INFO] [stdout] cdcb7a64aa0af4334c1fc9901f5f83b84a6ce246e0930d69ffbdce0d47f315a0
[INFO] running `Command { std: "docker" "start" "-a" "cdcb7a64aa0af4334c1fc9901f5f83b84a6ce246e0930d69ffbdce0d47f315a0", kill_on_drop: false }`
[INFO] running `Command { std: "docker" "inspect" "cdcb7a64aa0af4334c1fc9901f5f83b84a6ce246e0930d69ffbdce0d47f315a0", kill_on_drop: false }`
[INFO] running `Command { std: "docker" "rm" "-f" "cdcb7a64aa0af4334c1fc9901f5f83b84a6ce246e0930d69ffbdce0d47f315a0", kill_on_drop: false }`
[INFO] [stdout] cdcb7a64aa0af4334c1fc9901f5f83b84a6ce246e0930d69ffbdce0d47f315a0
[INFO] running `Command { std: "docker" "create" "-v" "/var/lib/crater-agent-workspace/builds/worker-3-tc2/target:/opt/rustwide/target:rw,Z" "-v" "/var/lib/crater-agent-workspace/builds/worker-3-tc2/source:/opt/rustwide/workdir:ro,Z" "-v" "/var/lib/crater-agent-workspace/cargo-home:/opt/rustwide/cargo-home:ro,Z" "-v" "/var/lib/crater-agent-workspace/rustup-home:/opt/rustwide/rustup-home:ro,Z" "-e" "SOURCE_DIR=/opt/rustwide/workdir" "-e" "CARGO_TARGET_DIR=/opt/rustwide/target" "-e" "CARGO_INCREMENTAL=0" "-e" "RUST_BACKTRACE=full" "-e" "RUSTFLAGS=--cap-lints=forbid -Zrandomize-layout" "-e" "RUSTDOCFLAGS=--cap-lints=forbid" "-e" "CARGO_HOME=/opt/rustwide/cargo-home" "-e" "RUSTUP_HOME=/opt/rustwide/rustup-home" "-w" "/opt/rustwide/workdir" "-m" "1610612736" "--user" "0:0" "--network" "none" "ghcr.io/rust-lang/crates-build-env/linux@sha256:819108c5571ea2e421544af4d832f968d213c87fbe3707a016657f43d2f853bc" "/opt/rustwide/cargo-home/bin/cargo" "+nightly-2025-01-18" "build" "--frozen" "--message-format=json", kill_on_drop: false }`
[INFO] [stdout] b860ed22a6a0eafffe2a29a4bc82bdb37e73e198121b425c9e229abde9611532
[INFO] running `Command { std: "docker" "start" "-a" "b860ed22a6a0eafffe2a29a4bc82bdb37e73e198121b425c9e229abde9611532", kill_on_drop: false }`
[INFO] [stderr]    Compiling minigrep_test_package_001 v0.1.0 (/opt/rustwide/workdir)
[INFO] [stderr]     Finished `dev` profile [optimized + debuginfo] target(s) in 0.67s
[INFO] running `Command { std: "docker" "inspect" "b860ed22a6a0eafffe2a29a4bc82bdb37e73e198121b425c9e229abde9611532", kill_on_drop: false }`
[INFO] running `Command { std: "docker" "rm" "-f" "b860ed22a6a0eafffe2a29a4bc82bdb37e73e198121b425c9e229abde9611532", kill_on_drop: false }`
[INFO] [stdout] b860ed22a6a0eafffe2a29a4bc82bdb37e73e198121b425c9e229abde9611532
[INFO] running `Command { std: "docker" "create" "-v" "/var/lib/crater-agent-workspace/builds/worker-3-tc2/target:/opt/rustwide/target:rw,Z" "-v" "/var/lib/crater-agent-workspace/builds/worker-3-tc2/source:/opt/rustwide/workdir:ro,Z" "-v" "/var/lib/crater-agent-workspace/cargo-home:/opt/rustwide/cargo-home:ro,Z" "-v" "/var/lib/crater-agent-workspace/rustup-home:/opt/rustwide/rustup-home:ro,Z" "-e" "SOURCE_DIR=/opt/rustwide/workdir" "-e" "CARGO_TARGET_DIR=/opt/rustwide/target" "-e" "CARGO_INCREMENTAL=0" "-e" "RUST_BACKTRACE=full" "-e" "RUSTFLAGS=--cap-lints=forbid -Zrandomize-layout" "-e" "RUSTDOCFLAGS=--cap-lints=forbid" "-e" "CARGO_HOME=/opt/rustwide/cargo-home" "-e" "RUSTUP_HOME=/opt/rustwide/rustup-home" "-w" "/opt/rustwide/workdir" "-m" "1610612736" "--user" "0:0" "--network" "none" "ghcr.io/rust-lang/crates-build-env/linux@sha256:819108c5571ea2e421544af4d832f968d213c87fbe3707a016657f43d2f853bc" "/opt/rustwide/cargo-home/bin/cargo" "+nightly-2025-01-18" "test" "--frozen" "--no-run" "--message-format=json", kill_on_drop: false }`
[INFO] [stdout] b8ef7fb4fe6e41694ad702dbe3dff0b938df4f92ce8a43598c23e6063e91f2d4
[INFO] running `Command { std: "docker" "start" "-a" "b8ef7fb4fe6e41694ad702dbe3dff0b938df4f92ce8a43598c23e6063e91f2d4", kill_on_drop: false }`
[INFO] [stderr]    Compiling minigrep_test_package_001 v0.1.0 (/opt/rustwide/workdir)
[INFO] [stderr]     Finished `test` profile [optimized + debuginfo] target(s) in 0.56s
[INFO] running `Command { std: "docker" "inspect" "b8ef7fb4fe6e41694ad702dbe3dff0b938df4f92ce8a43598c23e6063e91f2d4", kill_on_drop: false }`
[INFO] running `Command { std: "docker" "rm" "-f" "b8ef7fb4fe6e41694ad702dbe3dff0b938df4f92ce8a43598c23e6063e91f2d4", kill_on_drop: false }`
[INFO] [stdout] b8ef7fb4fe6e41694ad702dbe3dff0b938df4f92ce8a43598c23e6063e91f2d4
[INFO] running `Command { std: "docker" "create" "-v" "/var/lib/crater-agent-workspace/builds/worker-3-tc2/target:/opt/rustwide/target:rw,Z" "-v" "/var/lib/crater-agent-workspace/builds/worker-3-tc2/source:/opt/rustwide/workdir:ro,Z" "-v" "/var/lib/crater-agent-workspace/cargo-home:/opt/rustwide/cargo-home:ro,Z" "-v" "/var/lib/crater-agent-workspace/rustup-home:/opt/rustwide/rustup-home:ro,Z" "-e" "SOURCE_DIR=/opt/rustwide/workdir" "-e" "CARGO_TARGET_DIR=/opt/rustwide/target" "-e" "CARGO_INCREMENTAL=0" "-e" "RUST_BACKTRACE=full" "-e" "RUSTFLAGS=--cap-lints=forbid -Zrandomize-layout" "-e" "RUSTDOCFLAGS=--cap-lints=forbid" "-e" "CARGO_HOME=/opt/rustwide/cargo-home" "-e" "RUSTUP_HOME=/opt/rustwide/rustup-home" "-w" "/opt/rustwide/workdir" "-m" "1610612736" "--user" "0:0" "--network" "none" "ghcr.io/rust-lang/crates-build-env/linux@sha256:819108c5571ea2e421544af4d832f968d213c87fbe3707a016657f43d2f853bc" "/opt/rustwide/cargo-home/bin/cargo" "+nightly-2025-01-18" "test" "--frozen", kill_on_drop: false }`
[INFO] [stdout] 4c75dd9c7bd8557be30d133a3c54fc1396b846b08ab2f1f8773dddc824209455
[INFO] running `Command { std: "docker" "start" "-a" "4c75dd9c7bd8557be30d133a3c54fc1396b846b08ab2f1f8773dddc824209455", kill_on_drop: false }`
[INFO] [stderr]     Finished `test` profile [optimized + debuginfo] target(s) in 0.01s
[INFO] [stderr]      Running unittests src/lib.rs (/opt/rustwide/target/debug/deps/minigrep_test_package_001-05d043870028815c)
[INFO] [stdout] 
[INFO] [stdout] running 3 tests
[INFO] [stdout] test tests::case_sensitive_one_result ... ok
[INFO] [stdout] test tests::case_sensitive_no_result ... ok
[INFO] [stdout] test tests::case_insensitive_one_result ... ok
[INFO] [stdout] 
[INFO] [stdout] test result: ok. 3 passed; 0 failed; 0 ignored; 0 measured; 0 filtered out; finished in 0.00s
[INFO] [stdout] 
[INFO] [stderr]      Running unittests src/main.rs (/opt/rustwide/target/debug/deps/minigrep_test_package_001-5037d92c6d18716a)
[INFO] [stdout] 
[INFO] [stdout] running 0 tests
[INFO] [stdout] 
[INFO] [stdout] test result: ok. 0 passed; 0 failed; 0 ignored; 0 measured; 0 filtered out; finished in 0.00s
[INFO] [stdout] 
[INFO] [stderr]    Doc-tests minigrep_test_package_001
[INFO] [stdout] 
[INFO] [stdout] running 4 tests
[INFO] [stdout] test src/lib.rs - Config::new (line 27) ... FAILED
[INFO] [stdout] test src/lib.rs - search (line 75) ... FAILED
[INFO] [stdout] test src/lib.rs - search_case_insensitive (line 105) ... FAILED
[INFO] [stdout] test src/lib.rs - run (line 129) ... FAILED
[INFO] [stdout] 
[INFO] [stdout] failures:
[INFO] [stdout] 
[INFO] [stdout] ---- src/lib.rs - Config::new (line 27) stdout ----
[INFO] [stdout] error[E0432]: unresolved import `minigrep`
[INFO] [stdout]  --> src/lib.rs:29:5
[INFO] [stdout]   |
[INFO] [stdout] 4 | use minigrep::Config;
[INFO] [stdout]   |     ^^^^^^^^ use of undeclared crate or module `minigrep`
[INFO] [stdout] 
[INFO] [stdout] error: aborting due to 1 previous error
[INFO] [stdout] 
[INFO] [stdout] For more information about this error, try `rustc --explain E0432`.
[INFO] [stdout] Couldn't compile the test.
[INFO] [stdout] ---- src/lib.rs - search (line 75) stdout ----
[INFO] [stdout] error[E0432]: unresolved import `minigrep`
[INFO] [stdout]  --> src/lib.rs:76:5
[INFO] [stdout]   |
[INFO] [stdout] 3 | use minigrep::search;
[INFO] [stdout]   |     ^^^^^^^^ use of undeclared crate or module `minigrep`
[INFO] [stdout] 
[INFO] [stdout] error: aborting due to 1 previous error
[INFO] [stdout] 
[INFO] [stdout] For more information about this error, try `rustc --explain E0432`.
[INFO] [stdout] Couldn't compile the test.
[INFO] [stdout] ---- src/lib.rs - search_case_insensitive (line 105) stdout ----
[INFO] [stdout] error[E0432]: unresolved import `minigrep`
[INFO] [stdout]  --> src/lib.rs:106:5
[INFO] [stdout]   |
[INFO] [stdout] 3 | use minigrep::search_case_insensitive;
[INFO] [stdout]   |     ^^^^^^^^ use of undeclared crate or module `minigrep`
[INFO] [stdout] 
[INFO] [stdout] error: aborting due to 1 previous error
[INFO] [stdout] 
[INFO] [stdout] For more information about this error, try `rustc --explain E0432`.
[INFO] [stdout] Couldn't compile the test.
[INFO] [stdout] ---- src/lib.rs - run (line 129) stdout ----
[INFO] [stdout] error[E0432]: unresolved import `minigrep`
[INFO] [stdout]  --> src/lib.rs:131:5
[INFO] [stdout]   |
[INFO] [stdout] 3 | use minigrep::Config;
[INFO] [stdout]   |     ^^^^^^^^ use of undeclared crate or module `minigrep`
[INFO] [stdout] 
[INFO] [stdout] error[E0433]: failed to resolve: use of undeclared crate or module `minigrep`
[INFO] [stdout]   --> src/lib.rs:143:21
[INFO] [stdout]    |
[INFO] [stdout] 15 |     if let Err(e) = minigrep::run(config) {
[INFO] [stdout]    |                     ^^^^^^^^ use of undeclared crate or module `minigrep`
[INFO] [stdout] 
[INFO] [stdout] error: aborting due to 2 previous errors
[INFO] [stdout] 
[INFO] [stdout] Some errors have detailed explanations: E0432, E0433.
[INFO] [stdout] For more information about an error, try `rustc --explain E0432`.
[INFO] [stdout] Couldn't compile the test.
[INFO] [stdout] 
[INFO] [stdout] failures:
[INFO] [stdout]     src/lib.rs - Config::new (line 27)
[INFO] [stdout]     src/lib.rs - run (line 129)
[INFO] [stdout]     src/lib.rs - search (line 75)
[INFO] [stdout]     src/lib.rs - search_case_insensitive (line 105)
[INFO] [stdout] 
[INFO] [stdout] test result: FAILED. 0 passed; 4 failed; 0 ignored; 0 measured; 0 filtered out; finished in 0.08s
[INFO] [stdout] 
[INFO] [stderr] error: doctest failed, to rerun pass `--doc`
[INFO] running `Command { std: "docker" "inspect" "4c75dd9c7bd8557be30d133a3c54fc1396b846b08ab2f1f8773dddc824209455", kill_on_drop: false }`
[INFO] running `Command { std: "docker" "rm" "-f" "4c75dd9c7bd8557be30d133a3c54fc1396b846b08ab2f1f8773dddc824209455", kill_on_drop: false }`
[INFO] [stdout] 4c75dd9c7bd8557be30d133a3c54fc1396b846b08ab2f1f8773dddc824209455
