[INFO] fetching crate minigrep_cascades 0.1.0...
[INFO] testing minigrep_cascades-0.1.0 against nightly-2025-01-18 for randomize-layout-2
[INFO] extracting crate minigrep_cascades 0.1.0 into /workspace/builds/worker-2-tc1/source
[INFO] validating manifest of crates.io crate minigrep_cascades 0.1.0 on toolchain nightly-2025-01-18
[INFO] running `Command { std: CARGO_HOME="/workspace/cargo-home" RUSTUP_HOME="/workspace/rustup-home" "/workspace/cargo-home/bin/cargo" "+nightly-2025-01-18" "metadata" "--manifest-path" "Cargo.toml" "--no-deps", kill_on_drop: false }`
[INFO] removed /workspace/builds/worker-2-tc1/source/.cargo/config.toml
[INFO] started tweaking crates.io crate minigrep_cascades 0.1.0
[INFO] finished tweaking crates.io crate minigrep_cascades 0.1.0
[INFO] tweaked toml for crates.io crate minigrep_cascades 0.1.0 written to /workspace/builds/worker-2-tc1/source/Cargo.toml
[INFO] crate crates.io crate minigrep_cascades 0.1.0 already has a lockfile, it will not be regenerated
[INFO] running `Command { std: CARGO_HOME="/workspace/cargo-home" RUSTUP_HOME="/workspace/rustup-home" "/workspace/cargo-home/bin/cargo" "+nightly-2025-01-18" "fetch" "--manifest-path" "Cargo.toml", kill_on_drop: false }`
[INFO] [stderr]     Blocking waiting for file lock on package cache
[INFO] [stderr]     Blocking waiting for file lock on package cache
[INFO] running `Command { std: "docker" "create" "-v" "/var/lib/crater-agent-workspace/builds/worker-2-tc1/target:/opt/rustwide/target:rw,Z" "-v" "/var/lib/crater-agent-workspace/builds/worker-2-tc1/source:/opt/rustwide/workdir:ro,Z" "-v" "/var/lib/crater-agent-workspace/cargo-home:/opt/rustwide/cargo-home:ro,Z" "-v" "/var/lib/crater-agent-workspace/rustup-home:/opt/rustwide/rustup-home:ro,Z" "-e" "SOURCE_DIR=/opt/rustwide/workdir" "-e" "CARGO_TARGET_DIR=/opt/rustwide/target" "-e" "CARGO_HOME=/opt/rustwide/cargo-home" "-e" "RUSTUP_HOME=/opt/rustwide/rustup-home" "-w" "/opt/rustwide/workdir" "-m" "1610612736" "--user" "0:0" "--network" "none" "ghcr.io/rust-lang/crates-build-env/linux@sha256:819108c5571ea2e421544af4d832f968d213c87fbe3707a016657f43d2f853bc" "/opt/rustwide/cargo-home/bin/cargo" "+nightly-2025-01-18" "metadata" "--no-deps" "--format-version=1", kill_on_drop: false }`
[INFO] [stdout] 2451418c1ca7db0b374d7137f43c932cf8b51fffd1514b5c514b0e3f252b01f5
[INFO] running `Command { std: "docker" "start" "-a" "2451418c1ca7db0b374d7137f43c932cf8b51fffd1514b5c514b0e3f252b01f5", kill_on_drop: false }`
[INFO] running `Command { std: "docker" "inspect" "2451418c1ca7db0b374d7137f43c932cf8b51fffd1514b5c514b0e3f252b01f5", kill_on_drop: false }`
[INFO] running `Command { std: "docker" "rm" "-f" "2451418c1ca7db0b374d7137f43c932cf8b51fffd1514b5c514b0e3f252b01f5", kill_on_drop: false }`
[INFO] [stdout] 2451418c1ca7db0b374d7137f43c932cf8b51fffd1514b5c514b0e3f252b01f5
[INFO] running `Command { std: "docker" "create" "-v" "/var/lib/crater-agent-workspace/builds/worker-2-tc1/target:/opt/rustwide/target:rw,Z" "-v" "/var/lib/crater-agent-workspace/builds/worker-2-tc1/source:/opt/rustwide/workdir:ro,Z" "-v" "/var/lib/crater-agent-workspace/cargo-home:/opt/rustwide/cargo-home:ro,Z" "-v" "/var/lib/crater-agent-workspace/rustup-home:/opt/rustwide/rustup-home:ro,Z" "-e" "SOURCE_DIR=/opt/rustwide/workdir" "-e" "CARGO_TARGET_DIR=/opt/rustwide/target" "-e" "CARGO_INCREMENTAL=0" "-e" "RUST_BACKTRACE=full" "-e" "RUSTFLAGS=--cap-lints=forbid" "-e" "RUSTDOCFLAGS=--cap-lints=forbid" "-e" "CARGO_HOME=/opt/rustwide/cargo-home" "-e" "RUSTUP_HOME=/opt/rustwide/rustup-home" "-w" "/opt/rustwide/workdir" "-m" "1610612736" "--user" "0:0" "--network" "none" "ghcr.io/rust-lang/crates-build-env/linux@sha256:819108c5571ea2e421544af4d832f968d213c87fbe3707a016657f43d2f853bc" "/opt/rustwide/cargo-home/bin/cargo" "+nightly-2025-01-18" "build" "--frozen" "--message-format=json", kill_on_drop: false }`
[INFO] [stdout] 72c0c7491abfaff7b94ebe11c6f473a94e8757f411305535e643483f0a4a938b
[INFO] running `Command { std: "docker" "start" "-a" "72c0c7491abfaff7b94ebe11c6f473a94e8757f411305535e643483f0a4a938b", kill_on_drop: false }`
[INFO] [stderr]    Compiling minigrep_cascades v0.1.0 (/opt/rustwide/workdir)
[INFO] [stderr]     Finished `dev` profile [unoptimized + debuginfo] target(s) in 0.67s
[INFO] running `Command { std: "docker" "inspect" "72c0c7491abfaff7b94ebe11c6f473a94e8757f411305535e643483f0a4a938b", kill_on_drop: false }`
[INFO] running `Command { std: "docker" "rm" "-f" "72c0c7491abfaff7b94ebe11c6f473a94e8757f411305535e643483f0a4a938b", kill_on_drop: false }`
[INFO] [stdout] 72c0c7491abfaff7b94ebe11c6f473a94e8757f411305535e643483f0a4a938b
[INFO] running `Command { std: "docker" "create" "-v" "/var/lib/crater-agent-workspace/builds/worker-2-tc1/target:/opt/rustwide/target:rw,Z" "-v" "/var/lib/crater-agent-workspace/builds/worker-2-tc1/source:/opt/rustwide/workdir:ro,Z" "-v" "/var/lib/crater-agent-workspace/cargo-home:/opt/rustwide/cargo-home:ro,Z" "-v" "/var/lib/crater-agent-workspace/rustup-home:/opt/rustwide/rustup-home:ro,Z" "-e" "SOURCE_DIR=/opt/rustwide/workdir" "-e" "CARGO_TARGET_DIR=/opt/rustwide/target" "-e" "CARGO_INCREMENTAL=0" "-e" "RUST_BACKTRACE=full" "-e" "RUSTFLAGS=--cap-lints=forbid" "-e" "RUSTDOCFLAGS=--cap-lints=forbid" "-e" "CARGO_HOME=/opt/rustwide/cargo-home" "-e" "RUSTUP_HOME=/opt/rustwide/rustup-home" "-w" "/opt/rustwide/workdir" "-m" "1610612736" "--user" "0:0" "--network" "none" "ghcr.io/rust-lang/crates-build-env/linux@sha256:819108c5571ea2e421544af4d832f968d213c87fbe3707a016657f43d2f853bc" "/opt/rustwide/cargo-home/bin/cargo" "+nightly-2025-01-18" "test" "--frozen" "--no-run" "--message-format=json", kill_on_drop: false }`
[INFO] [stdout] 04c3282c888cb5a612899a801ce96fa1ae08105f7c30c86e8cb56921eeceb75b
[INFO] running `Command { std: "docker" "start" "-a" "04c3282c888cb5a612899a801ce96fa1ae08105f7c30c86e8cb56921eeceb75b", kill_on_drop: false }`
[INFO] [stderr]    Compiling minigrep_cascades v0.1.0 (/opt/rustwide/workdir)
[INFO] [stderr]     Finished `test` profile [unoptimized + debuginfo] target(s) in 0.60s
[INFO] running `Command { std: "docker" "inspect" "04c3282c888cb5a612899a801ce96fa1ae08105f7c30c86e8cb56921eeceb75b", kill_on_drop: false }`
[INFO] running `Command { std: "docker" "rm" "-f" "04c3282c888cb5a612899a801ce96fa1ae08105f7c30c86e8cb56921eeceb75b", kill_on_drop: false }`
[INFO] [stdout] 04c3282c888cb5a612899a801ce96fa1ae08105f7c30c86e8cb56921eeceb75b
[INFO] running `Command { std: "docker" "create" "-v" "/var/lib/crater-agent-workspace/builds/worker-2-tc1/target:/opt/rustwide/target:rw,Z" "-v" "/var/lib/crater-agent-workspace/builds/worker-2-tc1/source:/opt/rustwide/workdir:ro,Z" "-v" "/var/lib/crater-agent-workspace/cargo-home:/opt/rustwide/cargo-home:ro,Z" "-v" "/var/lib/crater-agent-workspace/rustup-home:/opt/rustwide/rustup-home:ro,Z" "-e" "SOURCE_DIR=/opt/rustwide/workdir" "-e" "CARGO_TARGET_DIR=/opt/rustwide/target" "-e" "CARGO_INCREMENTAL=0" "-e" "RUST_BACKTRACE=full" "-e" "RUSTFLAGS=--cap-lints=forbid" "-e" "RUSTDOCFLAGS=--cap-lints=forbid" "-e" "CARGO_HOME=/opt/rustwide/cargo-home" "-e" "RUSTUP_HOME=/opt/rustwide/rustup-home" "-w" "/opt/rustwide/workdir" "-m" "1610612736" "--user" "0:0" "--network" "none" "ghcr.io/rust-lang/crates-build-env/linux@sha256:819108c5571ea2e421544af4d832f968d213c87fbe3707a016657f43d2f853bc" "/opt/rustwide/cargo-home/bin/cargo" "+nightly-2025-01-18" "test" "--frozen", kill_on_drop: false }`
[INFO] [stdout] 7dee8416315ab4c852eb1ca1ea94963e18d8615361433a714c5ad8d767c4bf33
[INFO] running `Command { std: "docker" "start" "-a" "7dee8416315ab4c852eb1ca1ea94963e18d8615361433a714c5ad8d767c4bf33", kill_on_drop: false }`
[INFO] [stderr]     Finished `test` profile [unoptimized + debuginfo] target(s) in 0.01s
[INFO] [stderr]      Running unittests src/lib.rs (/opt/rustwide/target/debug/deps/minigrep_cascades-62f843d14cff978c)
[INFO] [stdout] 
[INFO] [stdout] running 2 tests
[INFO] [stdout] test test::case_sensitive ... ok
[INFO] [stdout] test test::one_result ... ok
[INFO] [stdout] 
[INFO] [stdout] test result: ok. 2 passed; 0 failed; 0 ignored; 0 measured; 0 filtered out; finished in 0.00s
[INFO] [stdout] 
[INFO] [stderr]      Running unittests src/main.rs (/opt/rustwide/target/debug/deps/minigrep_cascades-e8bbc53b8cdd77f7)
[INFO] [stdout] 
[INFO] [stdout] running 0 tests
[INFO] [stdout] 
[INFO] [stdout] test result: ok. 0 passed; 0 failed; 0 ignored; 0 measured; 0 filtered out; finished in 0.00s
[INFO] [stdout] 
[INFO] [stderr]    Doc-tests minigrep_cascades
[INFO] [stdout] 
[INFO] [stdout] running 2 tests
[INFO] [stdout] test src/lib.rs - search_case_sensitive (line 54) ... FAILED
[INFO] [stdout] test src/lib.rs - search (line 73) ... FAILED
[INFO] [stdout] 
[INFO] [stdout] failures:
[INFO] [stdout] 
[INFO] [stdout] ---- src/lib.rs - search_case_sensitive (line 54) stdout ----
[INFO] [stdout] error[E0433]: failed to resolve: use of undeclared crate or module `minigrep`
[INFO] [stdout]  --> src/lib.rs:60:12
[INFO] [stdout]   |
[INFO] [stdout] 8 | assert_eq!(minigrep::search(query, contents), vec!["Foo", "foo"])
[INFO] [stdout]   |            ^^^^^^^^ use of undeclared crate or module `minigrep`
[INFO] [stdout] 
[INFO] [stdout] error: aborting due to 1 previous error
[INFO] [stdout] 
[INFO] [stdout] For more information about this error, try `rustc --explain E0433`.
[INFO] [stdout] Couldn't compile the test.
[INFO] [stdout] ---- src/lib.rs - search (line 73) stdout ----
[INFO] [stdout] error[E0433]: failed to resolve: use of undeclared crate or module `minigrep`
[INFO] [stdout]  --> src/lib.rs:79:12
[INFO] [stdout]   |
[INFO] [stdout] 8 | assert_eq!(minigrep::search_case_sensitive(query, contents), vec!["foo"])
[INFO] [stdout]   |            ^^^^^^^^ use of undeclared crate or module `minigrep`
[INFO] [stdout] 
[INFO] [stdout] error: aborting due to 1 previous error
[INFO] [stdout] 
[INFO] [stdout] For more information about this error, try `rustc --explain E0433`.
[INFO] [stdout] Couldn't compile the test.
[INFO] [stdout] 
[INFO] [stdout] failures:
[INFO] [stdout]     src/lib.rs - search (line 73)
[INFO] [stdout]     src/lib.rs - search_case_sensitive (line 54)
[INFO] [stdout] 
[INFO] [stdout] test result: FAILED. 0 passed; 2 failed; 0 ignored; 0 measured; 0 filtered out; finished in 0.11s
[INFO] [stdout] 
[INFO] [stderr] error: doctest failed, to rerun pass `--doc`
[INFO] running `Command { std: "docker" "inspect" "7dee8416315ab4c852eb1ca1ea94963e18d8615361433a714c5ad8d767c4bf33", kill_on_drop: false }`
[INFO] running `Command { std: "docker" "rm" "-f" "7dee8416315ab4c852eb1ca1ea94963e18d8615361433a714c5ad8d767c4bf33", kill_on_drop: false }`
[INFO] [stdout] 7dee8416315ab4c852eb1ca1ea94963e18d8615361433a714c5ad8d767c4bf33
