[INFO] fetching crate micrortu_sdk 0.5.0...
[INFO] testing micrortu_sdk-0.5.0 against nightly-2025-01-18+rustflags=-Zrandomize-layout for randomize-layout-2
[INFO] extracting crate micrortu_sdk 0.5.0 into /workspace/builds/worker-7-tc2/source
[INFO] validating manifest of crates.io crate micrortu_sdk 0.5.0 on toolchain nightly-2025-01-18
[INFO] running `Command { std: CARGO_HOME="/workspace/cargo-home" RUSTUP_HOME="/workspace/rustup-home" "/workspace/cargo-home/bin/cargo" "+nightly-2025-01-18" "metadata" "--manifest-path" "Cargo.toml" "--no-deps", kill_on_drop: false }`
[INFO] removed /workspace/builds/worker-7-tc2/source/.cargo/config.toml
[INFO] started tweaking crates.io crate micrortu_sdk 0.5.0
[INFO] finished tweaking crates.io crate micrortu_sdk 0.5.0
[INFO] tweaked toml for crates.io crate micrortu_sdk 0.5.0 written to /workspace/builds/worker-7-tc2/source/Cargo.toml
[INFO] crate crates.io crate micrortu_sdk 0.5.0 already has a lockfile, it will not be regenerated
[INFO] running `Command { std: CARGO_HOME="/workspace/cargo-home" RUSTUP_HOME="/workspace/rustup-home" "/workspace/cargo-home/bin/cargo" "+nightly-2025-01-18" "fetch" "--manifest-path" "Cargo.toml", kill_on_drop: false }`
[INFO] running `Command { std: "docker" "create" "-v" "/var/lib/crater-agent-workspace/builds/worker-7-tc2/target:/opt/rustwide/target:rw,Z" "-v" "/var/lib/crater-agent-workspace/builds/worker-7-tc2/source:/opt/rustwide/workdir:ro,Z" "-v" "/var/lib/crater-agent-workspace/cargo-home:/opt/rustwide/cargo-home:ro,Z" "-v" "/var/lib/crater-agent-workspace/rustup-home:/opt/rustwide/rustup-home:ro,Z" "-e" "SOURCE_DIR=/opt/rustwide/workdir" "-e" "CARGO_TARGET_DIR=/opt/rustwide/target" "-e" "CARGO_HOME=/opt/rustwide/cargo-home" "-e" "RUSTUP_HOME=/opt/rustwide/rustup-home" "-w" "/opt/rustwide/workdir" "-m" "1610612736" "--user" "0:0" "--network" "none" "ghcr.io/rust-lang/crates-build-env/linux@sha256:819108c5571ea2e421544af4d832f968d213c87fbe3707a016657f43d2f853bc" "/opt/rustwide/cargo-home/bin/cargo" "+nightly-2025-01-18" "metadata" "--no-deps" "--format-version=1", kill_on_drop: false }`
[INFO] [stdout] 43e042fbfaf2bf87a77a7887eacf7e6d3f0bb0ed2b7a325294d4575cf0bfbd24
[INFO] running `Command { std: "docker" "start" "-a" "43e042fbfaf2bf87a77a7887eacf7e6d3f0bb0ed2b7a325294d4575cf0bfbd24", kill_on_drop: false }`
[INFO] running `Command { std: "docker" "inspect" "43e042fbfaf2bf87a77a7887eacf7e6d3f0bb0ed2b7a325294d4575cf0bfbd24", kill_on_drop: false }`
[INFO] running `Command { std: "docker" "rm" "-f" "43e042fbfaf2bf87a77a7887eacf7e6d3f0bb0ed2b7a325294d4575cf0bfbd24", kill_on_drop: false }`
[INFO] [stdout] 43e042fbfaf2bf87a77a7887eacf7e6d3f0bb0ed2b7a325294d4575cf0bfbd24
[INFO] running `Command { std: "docker" "create" "-v" "/var/lib/crater-agent-workspace/builds/worker-7-tc2/target:/opt/rustwide/target:rw,Z" "-v" "/var/lib/crater-agent-workspace/builds/worker-7-tc2/source:/opt/rustwide/workdir:ro,Z" "-v" "/var/lib/crater-agent-workspace/cargo-home:/opt/rustwide/cargo-home:ro,Z" "-v" "/var/lib/crater-agent-workspace/rustup-home:/opt/rustwide/rustup-home:ro,Z" "-e" "SOURCE_DIR=/opt/rustwide/workdir" "-e" "CARGO_TARGET_DIR=/opt/rustwide/target" "-e" "CARGO_INCREMENTAL=0" "-e" "RUST_BACKTRACE=full" "-e" "RUSTFLAGS=--cap-lints=forbid -Zrandomize-layout" "-e" "RUSTDOCFLAGS=--cap-lints=forbid" "-e" "CARGO_HOME=/opt/rustwide/cargo-home" "-e" "RUSTUP_HOME=/opt/rustwide/rustup-home" "-w" "/opt/rustwide/workdir" "-m" "1610612736" "--user" "0:0" "--network" "none" "ghcr.io/rust-lang/crates-build-env/linux@sha256:819108c5571ea2e421544af4d832f968d213c87fbe3707a016657f43d2f853bc" "/opt/rustwide/cargo-home/bin/cargo" "+nightly-2025-01-18" "build" "--frozen" "--message-format=json", kill_on_drop: false }`
[INFO] [stdout] ee5f62241e69e301d2b9da79cd7f0eb32b71b8c098a1132665df507c8bf40d3c
[INFO] running `Command { std: "docker" "start" "-a" "ee5f62241e69e301d2b9da79cd7f0eb32b71b8c098a1132665df507c8bf40d3c", kill_on_drop: false }`
[INFO] [stderr]    Compiling proc-macro2 v1.0.81
[INFO] [stderr]    Compiling unicode-ident v1.0.12
[INFO] [stderr]    Compiling version_check v0.9.4
[INFO] [stderr]    Compiling syn v1.0.109
[INFO] [stderr]    Compiling autocfg v1.1.0
[INFO] [stderr]    Compiling libm v0.2.8
[INFO] [stderr]    Compiling hashbrown v0.14.3
[INFO] [stderr]    Compiling equivalent v1.0.1
[INFO] [stderr]    Compiling winnow v0.5.40
[INFO] [stderr]    Compiling serde v1.0.197
[INFO] [stderr]    Compiling toml_datetime v0.6.5
[INFO] [stderr]    Compiling once_cell v1.19.0
[INFO] [stderr]    Compiling strsim v0.10.0
[INFO] [stderr]    Compiling tinyvec_macros v0.1.1
[INFO] [stderr]    Compiling ident_case v1.0.1
[INFO] [stderr]    Compiling fnv v1.0.7
[INFO] [stderr]    Compiling yansi v1.0.1
[INFO] [stderr]    Compiling tinyvec v1.6.0
[INFO] [stderr]    Compiling serde_json v1.0.114
[INFO] [stderr]    Compiling regex-syntax v0.8.2
[INFO] [stderr]    Compiling semver v1.0.22
[INFO] [stderr]    Compiling unicode-bidi v0.3.15
[INFO] [stderr]    Compiling itoa v1.0.10
[INFO] [stderr]    Compiling ryu v1.0.17
[INFO] [stderr]    Compiling proc-macro2-diagnostics v0.10.1
[INFO] [stderr]    Compiling proc-macro-error-attr v1.0.4
[INFO] [stderr]    Compiling proc-macro-error v1.0.4
[INFO] [stderr]    Compiling int-enum v1.1.1
[INFO] [stderr]    Compiling num-traits v0.2.18
[INFO] [stderr]    Compiling num-rational v0.4.1
[INFO] [stderr]    Compiling percent-encoding v2.3.1
[INFO] [stderr]    Compiling static_assertions v1.1.0
[INFO] [stderr]    Compiling bitfield v0.14.0
[INFO] [stderr]    Compiling indexmap v2.2.3
[INFO] [stderr]    Compiling schemars v0.8.16
[INFO] [stderr]    Compiling ufmt-write v0.1.0
[INFO] [stderr]    Compiling dyn-clone v1.0.17
[INFO] [stderr]    Compiling log v0.4.21
[INFO] [stderr]    Compiling form_urlencoded v1.2.1
[INFO] [stderr]    Compiling quote v1.0.35
[INFO] [stderr]    Compiling unicode-normalization v0.1.23
[INFO] [stderr]    Compiling syn v2.0.60
[INFO] [stderr]    Compiling regex-automata v0.4.6
[INFO] [stderr]    Compiling idna v0.5.0
[INFO] [stderr]    Compiling toml_edit v0.19.15
[INFO] [stderr]    Compiling url v2.5.0
[INFO] [stderr]    Compiling num-integer v0.1.46
[INFO] [stderr]    Compiling num-complex v0.4.5
[INFO] [stderr]    Compiling num-iter v0.1.44
[INFO] [stderr]    Compiling regex v1.10.3
[INFO] [stderr]    Compiling num v0.4.1
[INFO] [stderr]    Compiling proc-macro-crate v1.3.1
[INFO] [stderr]    Compiling serde_derive_internals v0.26.0
[INFO] [stderr]    Compiling darling_core v0.20.8
[INFO] [stderr]    Compiling const-default-derive v0.2.0
[INFO] [stderr]    Compiling ufmt-macros v0.3.0
[INFO] [stderr]    Compiling schemars_derive v0.8.16
[INFO] [stderr]    Compiling const-default v1.0.0
[INFO] [stderr]    Compiling serde_derive v1.0.197
[INFO] [stderr]    Compiling zerocopy-derive v0.7.32
[INFO] [stderr]    Compiling ufmt v0.2.0
[INFO] [stderr]    Compiling zerocopy v0.7.32
[INFO] [stderr]    Compiling micrortu_ie_base v0.5.0
[INFO] [stderr]    Compiling micrortu_wasm_global_shared_data v0.5.0
[INFO] [stderr]    Compiling darling_macro v0.20.8
[INFO] [stderr]    Compiling darling v0.20.8
[INFO] [stderr]    Compiling validator_derive v0.17.0
[INFO] [stderr]    Compiling validator v0.17.0
[INFO] [stderr]    Compiling micrortu_build_utils v0.5.0
[INFO] [stderr]    Compiling micrortu_ie_representation_derive v0.5.0
[INFO] [stderr]    Compiling micrortu_sdk v0.5.0 (/opt/rustwide/workdir)
[INFO] [stderr]     Finished `dev` profile [unoptimized + debuginfo] target(s) in 21.94s
[INFO] running `Command { std: "docker" "inspect" "ee5f62241e69e301d2b9da79cd7f0eb32b71b8c098a1132665df507c8bf40d3c", kill_on_drop: false }`
[INFO] running `Command { std: "docker" "rm" "-f" "ee5f62241e69e301d2b9da79cd7f0eb32b71b8c098a1132665df507c8bf40d3c", kill_on_drop: false }`
[INFO] [stdout] ee5f62241e69e301d2b9da79cd7f0eb32b71b8c098a1132665df507c8bf40d3c
[INFO] running `Command { std: "docker" "create" "-v" "/var/lib/crater-agent-workspace/builds/worker-7-tc2/target:/opt/rustwide/target:rw,Z" "-v" "/var/lib/crater-agent-workspace/builds/worker-7-tc2/source:/opt/rustwide/workdir:ro,Z" "-v" "/var/lib/crater-agent-workspace/cargo-home:/opt/rustwide/cargo-home:ro,Z" "-v" "/var/lib/crater-agent-workspace/rustup-home:/opt/rustwide/rustup-home:ro,Z" "-e" "SOURCE_DIR=/opt/rustwide/workdir" "-e" "CARGO_TARGET_DIR=/opt/rustwide/target" "-e" "CARGO_INCREMENTAL=0" "-e" "RUST_BACKTRACE=full" "-e" "RUSTFLAGS=--cap-lints=forbid -Zrandomize-layout" "-e" "RUSTDOCFLAGS=--cap-lints=forbid" "-e" "CARGO_HOME=/opt/rustwide/cargo-home" "-e" "RUSTUP_HOME=/opt/rustwide/rustup-home" "-w" "/opt/rustwide/workdir" "-m" "1610612736" "--user" "0:0" "--network" "none" "ghcr.io/rust-lang/crates-build-env/linux@sha256:819108c5571ea2e421544af4d832f968d213c87fbe3707a016657f43d2f853bc" "/opt/rustwide/cargo-home/bin/cargo" "+nightly-2025-01-18" "test" "--frozen" "--no-run" "--message-format=json", kill_on_drop: false }`
[INFO] [stdout] 941ea74cf638d3c340afdb318449e3180a5d3dd5aae25aaeae6d4105e4656f45
[INFO] running `Command { std: "docker" "start" "-a" "941ea74cf638d3c340afdb318449e3180a5d3dd5aae25aaeae6d4105e4656f45", kill_on_drop: false }`
[INFO] [stderr]    Compiling portable-atomic v1.6.0
[INFO] [stderr]    Compiling static_cell v2.0.0
[INFO] [stderr]    Compiling micrortu_sdk v0.5.0 (/opt/rustwide/workdir)
[INFO] [stderr]     Finished `test` profile [unoptimized + debuginfo] target(s) in 1.58s
[INFO] running `Command { std: "docker" "inspect" "941ea74cf638d3c340afdb318449e3180a5d3dd5aae25aaeae6d4105e4656f45", kill_on_drop: false }`
[INFO] running `Command { std: "docker" "rm" "-f" "941ea74cf638d3c340afdb318449e3180a5d3dd5aae25aaeae6d4105e4656f45", kill_on_drop: false }`
[INFO] [stdout] 941ea74cf638d3c340afdb318449e3180a5d3dd5aae25aaeae6d4105e4656f45
[INFO] running `Command { std: "docker" "create" "-v" "/var/lib/crater-agent-workspace/builds/worker-7-tc2/target:/opt/rustwide/target:rw,Z" "-v" "/var/lib/crater-agent-workspace/builds/worker-7-tc2/source:/opt/rustwide/workdir:ro,Z" "-v" "/var/lib/crater-agent-workspace/cargo-home:/opt/rustwide/cargo-home:ro,Z" "-v" "/var/lib/crater-agent-workspace/rustup-home:/opt/rustwide/rustup-home:ro,Z" "-e" "SOURCE_DIR=/opt/rustwide/workdir" "-e" "CARGO_TARGET_DIR=/opt/rustwide/target" "-e" "CARGO_INCREMENTAL=0" "-e" "RUST_BACKTRACE=full" "-e" "RUSTFLAGS=--cap-lints=forbid -Zrandomize-layout" "-e" "RUSTDOCFLAGS=--cap-lints=forbid" "-e" "CARGO_HOME=/opt/rustwide/cargo-home" "-e" "RUSTUP_HOME=/opt/rustwide/rustup-home" "-w" "/opt/rustwide/workdir" "-m" "1610612736" "--user" "0:0" "--network" "none" "ghcr.io/rust-lang/crates-build-env/linux@sha256:819108c5571ea2e421544af4d832f968d213c87fbe3707a016657f43d2f853bc" "/opt/rustwide/cargo-home/bin/cargo" "+nightly-2025-01-18" "test" "--frozen", kill_on_drop: false }`
[INFO] [stdout] d1a4b12aab2d9de77cab9bf5f501dfafee9658e86e69996b53b2a59da4bd3212
[INFO] running `Command { std: "docker" "start" "-a" "d1a4b12aab2d9de77cab9bf5f501dfafee9658e86e69996b53b2a59da4bd3212", kill_on_drop: false }`
[INFO] [stderr]     Finished `test` profile [unoptimized + debuginfo] target(s) in 0.09s
[INFO] [stderr]      Running unittests src/lib.rs (/opt/rustwide/target/debug/deps/micrortu_sdk-4965e2296d786048)
[INFO] [stdout] 
[INFO] [stdout] running 4 tests
[INFO] [stdout] test bump_allocator::test::test_bump_allocator_with_bad_align ... ok
[INFO] [stdout] test bump_allocator::test::test_bump_allocator ... ok
[INFO] [stdout] test bump_allocator::test::test_bump_allocator_uninit ... ok
[INFO] [stdout] test bump_allocator::test::test_bump_allocator_out_of_memory - should panic ... ok
[INFO] [stdout] 
[INFO] [stdout] test result: ok. 4 passed; 0 failed; 0 ignored; 0 measured; 0 filtered out; finished in 0.09s
[INFO] [stdout] 
[INFO] [stderr]    Doc-tests micrortu_sdk
[INFO] [stdout] 
[INFO] [stdout] running 5 tests
[INFO] [stdout] test src/lib.rs - (line 77) ... ignored
[INFO] [stdout] test src/lib.rs - (line 89) ... ignored
[INFO] [stdout] test src/lib.rs - (line 99) ... ignored
[INFO] [stdout] test src/lib.rs - (line 9) ... FAILED
[INFO] [stdout] test src/trap_err.rs - trap_err (line 5) ... ok
[INFO] [stdout] 
[INFO] [stdout] failures:
[INFO] [stdout] 
[INFO] [stdout] ---- src/lib.rs - (line 9) stdout ----
[INFO] [stdout] error[E0405]: cannot find trait `BlockPorts` in this scope
[INFO] [stdout]   --> src/lib.rs:18:1
[INFO] [stdout]    |
[INFO] [stdout] 12 | / ports! {
[INFO] [stdout] 13 | |     #[block_names(counter)]
[INFO] [stdout] 14 | |     pub struct Ports {
[INFO] [stdout] 15 | |       count: TI13 InOut 1 1,
[INFO] [stdout] 16 | |     }
[INFO] [stdout] 17 | | }
[INFO] [stdout]    | |_^ not found in this scope
[INFO] [stdout]    |
[INFO] [stdout]    = note: this error originates in the macro `ports` (in Nightly builds, run with -Z macro-backtrace for more info)
[INFO] [stdout] help: consider importing this trait
[INFO] [stdout]    |
[INFO] [stdout] 2  + use micrortu_sdk::BlockPorts;
[INFO] [stdout]    |
[INFO] [stdout] 
[INFO] [stdout] error[E0405]: cannot find trait `BlockPorts` in this scope
[INFO] [stdout]   --> src/lib.rs:24:1
[INFO] [stdout]    |
[INFO] [stdout] 18 | / params! {
[INFO] [stdout] 19 | |     #[block_names(counter)]
[INFO] [stdout] 20 | |     pub struct Params {}
[INFO] [stdout] 21 | | }
[INFO] [stdout]    | |_^ not found in this scope
[INFO] [stdout]    |
[INFO] [stdout]    = note: this error originates in the macro `params` (in Nightly builds, run with -Z macro-backtrace for more info)
[INFO] [stdout] help: consider importing this trait
[INFO] [stdout]    |
[INFO] [stdout] 2  + use micrortu_sdk::BlockPorts;
[INFO] [stdout]    |
[INFO] [stdout] 
[INFO] [stdout] error: aborting due to 2 previous errors
[INFO] [stdout] 
[INFO] [stdout] For more information about this error, try `rustc --explain E0405`.
[INFO] [stdout] Couldn't compile the test.
[INFO] [stdout] 
[INFO] [stdout] failures:
[INFO] [stdout]     src/lib.rs - (line 9)
[INFO] [stdout] 
[INFO] [stdout] test result: FAILED. 1 passed; 1 failed; 3 ignored; 0 measured; 0 filtered out; finished in 0.23s
[INFO] [stdout] 
[INFO] [stderr] error: doctest failed, to rerun pass `--doc`
[INFO] running `Command { std: "docker" "inspect" "d1a4b12aab2d9de77cab9bf5f501dfafee9658e86e69996b53b2a59da4bd3212", kill_on_drop: false }`
[INFO] running `Command { std: "docker" "rm" "-f" "d1a4b12aab2d9de77cab9bf5f501dfafee9658e86e69996b53b2a59da4bd3212", kill_on_drop: false }`
[INFO] [stdout] d1a4b12aab2d9de77cab9bf5f501dfafee9658e86e69996b53b2a59da4bd3212
