[INFO] fetching crate mevy_ui 0.1.3...
[INFO] testing mevy_ui-0.1.3 against nightly-2025-01-18+rustflags=-Zrandomize-layout for randomize-layout-2
[INFO] extracting crate mevy_ui 0.1.3 into /workspace/builds/worker-0-tc2/source
[INFO] validating manifest of crates.io crate mevy_ui 0.1.3 on toolchain nightly-2025-01-18
[INFO] running `Command { std: CARGO_HOME="/workspace/cargo-home" RUSTUP_HOME="/workspace/rustup-home" "/workspace/cargo-home/bin/cargo" "+nightly-2025-01-18" "metadata" "--manifest-path" "Cargo.toml" "--no-deps", kill_on_drop: false }`
[INFO] started tweaking crates.io crate mevy_ui 0.1.3
[INFO] finished tweaking crates.io crate mevy_ui 0.1.3
[INFO] tweaked toml for crates.io crate mevy_ui 0.1.3 written to /workspace/builds/worker-0-tc2/source/Cargo.toml
[INFO] running `Command { std: CARGO_HOME="/workspace/cargo-home" RUSTUP_HOME="/workspace/rustup-home" "/workspace/cargo-home/bin/cargo" "+nightly-2025-01-18" "generate-lockfile" "--manifest-path" "Cargo.toml", kill_on_drop: false }`
[INFO] [stderr]     Updating crates.io index
[INFO] [stderr]      Locking 30 packages to latest compatible versions
[INFO] running `Command { std: CARGO_HOME="/workspace/cargo-home" RUSTUP_HOME="/workspace/rustup-home" "/workspace/cargo-home/bin/cargo" "+nightly-2025-01-18" "fetch" "--manifest-path" "Cargo.toml", kill_on_drop: false }`
[INFO] running `Command { std: "docker" "create" "-v" "/var/lib/crater-agent-workspace/builds/worker-0-tc2/target:/opt/rustwide/target:rw,Z" "-v" "/var/lib/crater-agent-workspace/builds/worker-0-tc2/source:/opt/rustwide/workdir:ro,Z" "-v" "/var/lib/crater-agent-workspace/cargo-home:/opt/rustwide/cargo-home:ro,Z" "-v" "/var/lib/crater-agent-workspace/rustup-home:/opt/rustwide/rustup-home:ro,Z" "-e" "SOURCE_DIR=/opt/rustwide/workdir" "-e" "CARGO_TARGET_DIR=/opt/rustwide/target" "-e" "CARGO_HOME=/opt/rustwide/cargo-home" "-e" "RUSTUP_HOME=/opt/rustwide/rustup-home" "-w" "/opt/rustwide/workdir" "-m" "1610612736" "--user" "0:0" "--network" "none" "ghcr.io/rust-lang/crates-build-env/linux@sha256:819108c5571ea2e421544af4d832f968d213c87fbe3707a016657f43d2f853bc" "/opt/rustwide/cargo-home/bin/cargo" "+nightly-2025-01-18" "metadata" "--no-deps" "--format-version=1", kill_on_drop: false }`
[INFO] [stdout] e8cd5ca5ea865bec351cefe691eb6bacac9da65fab91db9777efd2e8cf07e72b
[INFO] running `Command { std: "docker" "start" "-a" "e8cd5ca5ea865bec351cefe691eb6bacac9da65fab91db9777efd2e8cf07e72b", kill_on_drop: false }`
[INFO] running `Command { std: "docker" "inspect" "e8cd5ca5ea865bec351cefe691eb6bacac9da65fab91db9777efd2e8cf07e72b", kill_on_drop: false }`
[INFO] running `Command { std: "docker" "rm" "-f" "e8cd5ca5ea865bec351cefe691eb6bacac9da65fab91db9777efd2e8cf07e72b", kill_on_drop: false }`
[INFO] [stdout] e8cd5ca5ea865bec351cefe691eb6bacac9da65fab91db9777efd2e8cf07e72b
[INFO] running `Command { std: "docker" "create" "-v" "/var/lib/crater-agent-workspace/builds/worker-0-tc2/target:/opt/rustwide/target:rw,Z" "-v" "/var/lib/crater-agent-workspace/builds/worker-0-tc2/source:/opt/rustwide/workdir:ro,Z" "-v" "/var/lib/crater-agent-workspace/cargo-home:/opt/rustwide/cargo-home:ro,Z" "-v" "/var/lib/crater-agent-workspace/rustup-home:/opt/rustwide/rustup-home:ro,Z" "-e" "SOURCE_DIR=/opt/rustwide/workdir" "-e" "CARGO_TARGET_DIR=/opt/rustwide/target" "-e" "CARGO_INCREMENTAL=0" "-e" "RUST_BACKTRACE=full" "-e" "RUSTFLAGS=--cap-lints=forbid -Zrandomize-layout" "-e" "RUSTDOCFLAGS=--cap-lints=forbid" "-e" "CARGO_HOME=/opt/rustwide/cargo-home" "-e" "RUSTUP_HOME=/opt/rustwide/rustup-home" "-w" "/opt/rustwide/workdir" "-m" "1610612736" "--user" "0:0" "--network" "none" "ghcr.io/rust-lang/crates-build-env/linux@sha256:819108c5571ea2e421544af4d832f968d213c87fbe3707a016657f43d2f853bc" "/opt/rustwide/cargo-home/bin/cargo" "+nightly-2025-01-18" "build" "--frozen" "--message-format=json", kill_on_drop: false }`
[INFO] [stdout] 6bab4dfe4619049d6715af6cd2c901c9a0427620dfaae85c09405331239a620d
[INFO] running `Command { std: "docker" "start" "-a" "6bab4dfe4619049d6715af6cd2c901c9a0427620dfaae85c09405331239a620d", kill_on_drop: false }`
[INFO] [stderr]    Compiling proc-macro2 v1.0.93
[INFO] [stderr]    Compiling unicode-ident v1.0.14
[INFO] [stderr]    Compiling syn v1.0.109
[INFO] [stderr]    Compiling unicode-segmentation v1.12.0
[INFO] [stderr]    Compiling paste v1.0.15
[INFO] [stderr]    Compiling maflow v0.1.0
[INFO] [stderr]    Compiling unicode-xid v0.2.6
[INFO] [stderr]    Compiling once_cell v1.20.2
[INFO] [stderr]    Compiling fastapprox v0.3.1
[INFO] [stderr]    Compiling fastrand v2.3.0
[INFO] [stderr]    Compiling convert_case v0.6.0
[INFO] [stderr]    Compiling type_cell v0.3.4
[INFO] [stderr]    Compiling quote v1.0.38
[INFO] [stderr]    Compiling syn v2.0.96
[INFO] [stderr]    Compiling derive_preset v0.1.0
[INFO] [stderr]    Compiling deki_derive v0.1.0
[INFO] [stderr]    Compiling derive_more-impl v1.0.0
[INFO] [stderr]    Compiling derive-new v0.7.0
[INFO] [stderr]    Compiling ext-trait-proc_macros v2.0.0
[INFO] [stderr]    Compiling ext-trait v2.0.0
[INFO] [stderr]    Compiling extension-traits v2.0.0
[INFO] [stderr]    Compiling deki_proc v0.1.4
[INFO] [stderr]    Compiling buns v0.1.2
[INFO] [stderr]    Compiling derive_more v1.0.0
[INFO] [stderr]    Compiling deki_core v0.1.1
[INFO] [stderr]    Compiling deki_lerp v0.1.0
[INFO] [stderr]    Compiling deki_macros v0.1.0
[INFO] [stderr]    Compiling deki v0.2.5
[INFO] [stderr]    Compiling mevy_core_syntax v0.2.2
[INFO] [stderr]    Compiling mevy_ui_syntax v0.2.2
[INFO] [stderr]    Compiling mevy_ui v0.1.3 (/opt/rustwide/workdir)
[INFO] [stderr]     Finished `dev` profile [unoptimized + debuginfo] target(s) in 9.24s
[INFO] running `Command { std: "docker" "inspect" "6bab4dfe4619049d6715af6cd2c901c9a0427620dfaae85c09405331239a620d", kill_on_drop: false }`
[INFO] running `Command { std: "docker" "rm" "-f" "6bab4dfe4619049d6715af6cd2c901c9a0427620dfaae85c09405331239a620d", kill_on_drop: false }`
[INFO] [stdout] 6bab4dfe4619049d6715af6cd2c901c9a0427620dfaae85c09405331239a620d
[INFO] running `Command { std: "docker" "create" "-v" "/var/lib/crater-agent-workspace/builds/worker-0-tc2/target:/opt/rustwide/target:rw,Z" "-v" "/var/lib/crater-agent-workspace/builds/worker-0-tc2/source:/opt/rustwide/workdir:ro,Z" "-v" "/var/lib/crater-agent-workspace/cargo-home:/opt/rustwide/cargo-home:ro,Z" "-v" "/var/lib/crater-agent-workspace/rustup-home:/opt/rustwide/rustup-home:ro,Z" "-e" "SOURCE_DIR=/opt/rustwide/workdir" "-e" "CARGO_TARGET_DIR=/opt/rustwide/target" "-e" "CARGO_INCREMENTAL=0" "-e" "RUST_BACKTRACE=full" "-e" "RUSTFLAGS=--cap-lints=forbid -Zrandomize-layout" "-e" "RUSTDOCFLAGS=--cap-lints=forbid" "-e" "CARGO_HOME=/opt/rustwide/cargo-home" "-e" "RUSTUP_HOME=/opt/rustwide/rustup-home" "-w" "/opt/rustwide/workdir" "-m" "1610612736" "--user" "0:0" "--network" "none" "ghcr.io/rust-lang/crates-build-env/linux@sha256:819108c5571ea2e421544af4d832f968d213c87fbe3707a016657f43d2f853bc" "/opt/rustwide/cargo-home/bin/cargo" "+nightly-2025-01-18" "test" "--frozen" "--no-run" "--message-format=json", kill_on_drop: false }`
[INFO] [stdout] c97322bf8ace4363984ab6aa7dbac9b0d70967afbf22659dec85f7f04a0ee6f7
[INFO] running `Command { std: "docker" "start" "-a" "c97322bf8ace4363984ab6aa7dbac9b0d70967afbf22659dec85f7f04a0ee6f7", kill_on_drop: false }`
[INFO] [stderr]    Compiling mevy_ui v0.1.3 (/opt/rustwide/workdir)
[INFO] [stderr]     Finished `test` profile [unoptimized + debuginfo] target(s) in 0.18s
[INFO] running `Command { std: "docker" "inspect" "c97322bf8ace4363984ab6aa7dbac9b0d70967afbf22659dec85f7f04a0ee6f7", kill_on_drop: false }`
[INFO] running `Command { std: "docker" "rm" "-f" "c97322bf8ace4363984ab6aa7dbac9b0d70967afbf22659dec85f7f04a0ee6f7", kill_on_drop: false }`
[INFO] [stdout] c97322bf8ace4363984ab6aa7dbac9b0d70967afbf22659dec85f7f04a0ee6f7
[INFO] running `Command { std: "docker" "create" "-v" "/var/lib/crater-agent-workspace/builds/worker-0-tc2/target:/opt/rustwide/target:rw,Z" "-v" "/var/lib/crater-agent-workspace/builds/worker-0-tc2/source:/opt/rustwide/workdir:ro,Z" "-v" "/var/lib/crater-agent-workspace/cargo-home:/opt/rustwide/cargo-home:ro,Z" "-v" "/var/lib/crater-agent-workspace/rustup-home:/opt/rustwide/rustup-home:ro,Z" "-e" "SOURCE_DIR=/opt/rustwide/workdir" "-e" "CARGO_TARGET_DIR=/opt/rustwide/target" "-e" "CARGO_INCREMENTAL=0" "-e" "RUST_BACKTRACE=full" "-e" "RUSTFLAGS=--cap-lints=forbid -Zrandomize-layout" "-e" "RUSTDOCFLAGS=--cap-lints=forbid" "-e" "CARGO_HOME=/opt/rustwide/cargo-home" "-e" "RUSTUP_HOME=/opt/rustwide/rustup-home" "-w" "/opt/rustwide/workdir" "-m" "1610612736" "--user" "0:0" "--network" "none" "ghcr.io/rust-lang/crates-build-env/linux@sha256:819108c5571ea2e421544af4d832f968d213c87fbe3707a016657f43d2f853bc" "/opt/rustwide/cargo-home/bin/cargo" "+nightly-2025-01-18" "test" "--frozen", kill_on_drop: false }`
[INFO] [stdout] e09319225cd0a64d4bdb5183bf86b295e7570b2a42757e5d0de9c610269b935f
[INFO] running `Command { std: "docker" "start" "-a" "e09319225cd0a64d4bdb5183bf86b295e7570b2a42757e5d0de9c610269b935f", kill_on_drop: false }`
[INFO] [stderr]     Finished `test` profile [unoptimized + debuginfo] target(s) in 0.04s
[INFO] [stderr]      Running unittests src/lib.rs (/opt/rustwide/target/debug/deps/mevy_ui-20bef6c1857070c3)
[INFO] [stdout] 
[INFO] [stdout] running 0 tests
[INFO] [stdout] 
[INFO] [stdout] test result: ok. 0 passed; 0 failed; 0 ignored; 0 measured; 0 filtered out; finished in 0.00s
[INFO] [stdout] 
[INFO] [stderr]    Doc-tests mevy_ui
[INFO] [stdout] 
[INFO] [stdout] running 1 test
[INFO] [stdout] test src/lib.rs - ui (line 11) ... FAILED
[INFO] [stdout] 
[INFO] [stdout] failures:
[INFO] [stdout] 
[INFO] [stdout] ---- src/lib.rs - ui (line 11) stdout ----
[INFO] [stdout] error: cannot find macro `ui` in this scope
[INFO] [stdout]  --> src/lib.rs:12:11
[INFO] [stdout]   |
[INFO] [stdout] 3 | cmd.spawn(ui!((
[INFO] [stdout]   |           ^^
[INFO] [stdout]   |
[INFO] [stdout] help: consider importing this macro
[INFO] [stdout]   |
[INFO] [stdout] 2 + use mevy_ui::ui;
[INFO] [stdout]   |
[INFO] [stdout] 
[INFO] [stdout] error[E0425]: cannot find value `cmd` in this scope
[INFO] [stdout]  --> src/lib.rs:12:1
[INFO] [stdout]   |
[INFO] [stdout] 3 | cmd.spawn(ui!((
[INFO] [stdout]   | ^^^ not found in this scope
[INFO] [stdout] 
[INFO] [stdout] error: aborting due to 2 previous errors
[INFO] [stdout] 
[INFO] [stdout] For more information about this error, try `rustc --explain E0425`.
[INFO] [stdout] Couldn't compile the test.
[INFO] [stdout] 
[INFO] [stdout] failures:
[INFO] [stdout]     src/lib.rs - ui (line 11)
[INFO] [stdout] 
[INFO] [stdout] test result: FAILED. 0 passed; 1 failed; 0 ignored; 0 measured; 0 filtered out; finished in 0.07s
[INFO] [stdout] 
[INFO] [stderr] error: doctest failed, to rerun pass `--doc`
[INFO] running `Command { std: "docker" "inspect" "e09319225cd0a64d4bdb5183bf86b295e7570b2a42757e5d0de9c610269b935f", kill_on_drop: false }`
[INFO] running `Command { std: "docker" "rm" "-f" "e09319225cd0a64d4bdb5183bf86b295e7570b2a42757e5d0de9c610269b935f", kill_on_drop: false }`
[INFO] [stdout] e09319225cd0a64d4bdb5183bf86b295e7570b2a42757e5d0de9c610269b935f
