[INFO] fetching crate memur 0.1.2...
[INFO] testing memur-0.1.2 against nightly-2025-01-18 for randomize-layout-2
[INFO] extracting crate memur 0.1.2 into /workspace/builds/worker-0-tc1/source
[INFO] validating manifest of crates.io crate memur 0.1.2 on toolchain nightly-2025-01-18
[INFO] running `Command { std: CARGO_HOME="/workspace/cargo-home" RUSTUP_HOME="/workspace/rustup-home" "/workspace/cargo-home/bin/cargo" "+nightly-2025-01-18" "metadata" "--manifest-path" "Cargo.toml" "--no-deps", kill_on_drop: false }`
[INFO] started tweaking crates.io crate memur 0.1.2
[INFO] finished tweaking crates.io crate memur 0.1.2
[INFO] tweaked toml for crates.io crate memur 0.1.2 written to /workspace/builds/worker-0-tc1/source/Cargo.toml
[INFO] running `Command { std: CARGO_HOME="/workspace/cargo-home" RUSTUP_HOME="/workspace/rustup-home" "/workspace/cargo-home/bin/cargo" "+nightly-2025-01-18" "generate-lockfile" "--manifest-path" "Cargo.toml", kill_on_drop: false }`
[INFO] [stderr]     Updating crates.io index
[INFO] [stderr]      Locking 1 package to latest compatible version
[INFO] running `Command { std: CARGO_HOME="/workspace/cargo-home" RUSTUP_HOME="/workspace/rustup-home" "/workspace/cargo-home/bin/cargo" "+nightly-2025-01-18" "fetch" "--manifest-path" "Cargo.toml", kill_on_drop: false }`
[INFO] running `Command { std: "docker" "create" "-v" "/var/lib/crater-agent-workspace/builds/worker-0-tc1/target:/opt/rustwide/target:rw,Z" "-v" "/var/lib/crater-agent-workspace/builds/worker-0-tc1/source:/opt/rustwide/workdir:ro,Z" "-v" "/var/lib/crater-agent-workspace/cargo-home:/opt/rustwide/cargo-home:ro,Z" "-v" "/var/lib/crater-agent-workspace/rustup-home:/opt/rustwide/rustup-home:ro,Z" "-e" "SOURCE_DIR=/opt/rustwide/workdir" "-e" "CARGO_TARGET_DIR=/opt/rustwide/target" "-e" "CARGO_HOME=/opt/rustwide/cargo-home" "-e" "RUSTUP_HOME=/opt/rustwide/rustup-home" "-w" "/opt/rustwide/workdir" "-m" "1610612736" "--user" "0:0" "--network" "none" "ghcr.io/rust-lang/crates-build-env/linux@sha256:819108c5571ea2e421544af4d832f968d213c87fbe3707a016657f43d2f853bc" "/opt/rustwide/cargo-home/bin/cargo" "+nightly-2025-01-18" "metadata" "--no-deps" "--format-version=1", kill_on_drop: false }`
[INFO] [stdout] 4564190f917a02c371bbc7af550ec9a12b213ec3f296770d500e2982fbaa5e94
[INFO] running `Command { std: "docker" "start" "-a" "4564190f917a02c371bbc7af550ec9a12b213ec3f296770d500e2982fbaa5e94", kill_on_drop: false }`
[INFO] running `Command { std: "docker" "inspect" "4564190f917a02c371bbc7af550ec9a12b213ec3f296770d500e2982fbaa5e94", kill_on_drop: false }`
[INFO] running `Command { std: "docker" "rm" "-f" "4564190f917a02c371bbc7af550ec9a12b213ec3f296770d500e2982fbaa5e94", kill_on_drop: false }`
[INFO] [stdout] 4564190f917a02c371bbc7af550ec9a12b213ec3f296770d500e2982fbaa5e94
[INFO] running `Command { std: "docker" "create" "-v" "/var/lib/crater-agent-workspace/builds/worker-0-tc1/target:/opt/rustwide/target:rw,Z" "-v" "/var/lib/crater-agent-workspace/builds/worker-0-tc1/source:/opt/rustwide/workdir:ro,Z" "-v" "/var/lib/crater-agent-workspace/cargo-home:/opt/rustwide/cargo-home:ro,Z" "-v" "/var/lib/crater-agent-workspace/rustup-home:/opt/rustwide/rustup-home:ro,Z" "-e" "SOURCE_DIR=/opt/rustwide/workdir" "-e" "CARGO_TARGET_DIR=/opt/rustwide/target" "-e" "CARGO_INCREMENTAL=0" "-e" "RUST_BACKTRACE=full" "-e" "RUSTFLAGS=--cap-lints=forbid" "-e" "RUSTDOCFLAGS=--cap-lints=forbid" "-e" "CARGO_HOME=/opt/rustwide/cargo-home" "-e" "RUSTUP_HOME=/opt/rustwide/rustup-home" "-w" "/opt/rustwide/workdir" "-m" "1610612736" "--user" "0:0" "--network" "none" "ghcr.io/rust-lang/crates-build-env/linux@sha256:819108c5571ea2e421544af4d832f968d213c87fbe3707a016657f43d2f853bc" "/opt/rustwide/cargo-home/bin/cargo" "+nightly-2025-01-18" "build" "--frozen" "--message-format=json", kill_on_drop: false }`
[INFO] [stdout] 2e9ce047a440b0daea09be4e706e7806263174ebc8a895cb948b0f45f2126a04
[INFO] running `Command { std: "docker" "start" "-a" "2e9ce047a440b0daea09be4e706e7806263174ebc8a895cb948b0f45f2126a04", kill_on_drop: false }`
[INFO] [stderr]    Compiling memur v0.1.2 (/opt/rustwide/workdir)
[INFO] [stdout] warning: unused return value of `transmute_copy` that must be used
[INFO] [stdout]    --> src/droplist.rs:128:5
[INFO] [stdout]     |
[INFO] [stdout] 128 |     std::mem::transmute_copy::<T, T>(ref_to_t);
[INFO] [stdout]     |     ^^^^^^^^^^^^^^^^^^^^^^^^^^^^^^^^^^^^^^^^^^
[INFO] [stdout]     |
[INFO] [stdout]     = note: `#[warn(unused_must_use)]` on by default
[INFO] [stdout] help: use `let _ = ...` to ignore the resulting value
[INFO] [stdout]     |
[INFO] [stdout] 128 |     let _ = std::mem::transmute_copy::<T, T>(ref_to_t);
[INFO] [stdout]     |     +++++++
[INFO] [stdout] 
[INFO] [stdout] 
[INFO] [stderr]     Finished `dev` profile [unoptimized + debuginfo] target(s) in 0.49s
[INFO] running `Command { std: "docker" "inspect" "2e9ce047a440b0daea09be4e706e7806263174ebc8a895cb948b0f45f2126a04", kill_on_drop: false }`
[INFO] running `Command { std: "docker" "rm" "-f" "2e9ce047a440b0daea09be4e706e7806263174ebc8a895cb948b0f45f2126a04", kill_on_drop: false }`
[INFO] [stdout] 2e9ce047a440b0daea09be4e706e7806263174ebc8a895cb948b0f45f2126a04
[INFO] running `Command { std: "docker" "create" "-v" "/var/lib/crater-agent-workspace/builds/worker-0-tc1/target:/opt/rustwide/target:rw,Z" "-v" "/var/lib/crater-agent-workspace/builds/worker-0-tc1/source:/opt/rustwide/workdir:ro,Z" "-v" "/var/lib/crater-agent-workspace/cargo-home:/opt/rustwide/cargo-home:ro,Z" "-v" "/var/lib/crater-agent-workspace/rustup-home:/opt/rustwide/rustup-home:ro,Z" "-e" "SOURCE_DIR=/opt/rustwide/workdir" "-e" "CARGO_TARGET_DIR=/opt/rustwide/target" "-e" "CARGO_INCREMENTAL=0" "-e" "RUST_BACKTRACE=full" "-e" "RUSTFLAGS=--cap-lints=forbid" "-e" "RUSTDOCFLAGS=--cap-lints=forbid" "-e" "CARGO_HOME=/opt/rustwide/cargo-home" "-e" "RUSTUP_HOME=/opt/rustwide/rustup-home" "-w" "/opt/rustwide/workdir" "-m" "1610612736" "--user" "0:0" "--network" "none" "ghcr.io/rust-lang/crates-build-env/linux@sha256:819108c5571ea2e421544af4d832f968d213c87fbe3707a016657f43d2f853bc" "/opt/rustwide/cargo-home/bin/cargo" "+nightly-2025-01-18" "test" "--frozen" "--no-run" "--message-format=json", kill_on_drop: false }`
[INFO] [stdout] 310c77a1bb8d8b7029e16dd76685683786e45e7283aeeff360cef42d9b3d5b23
[INFO] running `Command { std: "docker" "start" "-a" "310c77a1bb8d8b7029e16dd76685683786e45e7283aeeff360cef42d9b3d5b23", kill_on_drop: false }`
[INFO] [stderr]    Compiling memur v0.1.2 (/opt/rustwide/workdir)
[INFO] [stdout] warning: unused return value of `transmute_copy` that must be used
[INFO] [stdout]    --> src/droplist.rs:128:5
[INFO] [stdout]     |
[INFO] [stdout] 128 |     std::mem::transmute_copy::<T, T>(ref_to_t);
[INFO] [stdout]     |     ^^^^^^^^^^^^^^^^^^^^^^^^^^^^^^^^^^^^^^^^^^
[INFO] [stdout]     |
[INFO] [stdout]     = note: `#[warn(unused_must_use)]` on by default
[INFO] [stdout] help: use `let _ = ...` to ignore the resulting value
[INFO] [stdout]     |
[INFO] [stdout] 128 |     let _ = std::mem::transmute_copy::<T, T>(ref_to_t);
[INFO] [stdout]     |     +++++++
[INFO] [stdout] 
[INFO] [stdout] 
[INFO] [stdout] warning: unused return value of `transmute_copy` that must be used
[INFO] [stdout]    --> src/droplist.rs:128:5
[INFO] [stdout]     |
[INFO] [stdout] 128 |     std::mem::transmute_copy::<T, T>(ref_to_t);
[INFO] [stdout]     |     ^^^^^^^^^^^^^^^^^^^^^^^^^^^^^^^^^^^^^^^^^^
[INFO] [stdout]     |
[INFO] [stdout]     = note: `#[warn(unused_must_use)]` on by default
[INFO] [stdout] help: use `let _ = ...` to ignore the resulting value
[INFO] [stdout]     |
[INFO] [stdout] 128 |     let _ = std::mem::transmute_copy::<T, T>(ref_to_t);
[INFO] [stdout]     |     +++++++
[INFO] [stdout] 
[INFO] [stdout] 
[INFO] [stderr]     Finished `test` profile [unoptimized + debuginfo] target(s) in 0.92s
[INFO] running `Command { std: "docker" "inspect" "310c77a1bb8d8b7029e16dd76685683786e45e7283aeeff360cef42d9b3d5b23", kill_on_drop: false }`
[INFO] running `Command { std: "docker" "rm" "-f" "310c77a1bb8d8b7029e16dd76685683786e45e7283aeeff360cef42d9b3d5b23", kill_on_drop: false }`
[INFO] [stdout] 310c77a1bb8d8b7029e16dd76685683786e45e7283aeeff360cef42d9b3d5b23
[INFO] running `Command { std: "docker" "create" "-v" "/var/lib/crater-agent-workspace/builds/worker-0-tc1/target:/opt/rustwide/target:rw,Z" "-v" "/var/lib/crater-agent-workspace/builds/worker-0-tc1/source:/opt/rustwide/workdir:ro,Z" "-v" "/var/lib/crater-agent-workspace/cargo-home:/opt/rustwide/cargo-home:ro,Z" "-v" "/var/lib/crater-agent-workspace/rustup-home:/opt/rustwide/rustup-home:ro,Z" "-e" "SOURCE_DIR=/opt/rustwide/workdir" "-e" "CARGO_TARGET_DIR=/opt/rustwide/target" "-e" "CARGO_INCREMENTAL=0" "-e" "RUST_BACKTRACE=full" "-e" "RUSTFLAGS=--cap-lints=forbid" "-e" "RUSTDOCFLAGS=--cap-lints=forbid" "-e" "CARGO_HOME=/opt/rustwide/cargo-home" "-e" "RUSTUP_HOME=/opt/rustwide/rustup-home" "-w" "/opt/rustwide/workdir" "-m" "1610612736" "--user" "0:0" "--network" "none" "ghcr.io/rust-lang/crates-build-env/linux@sha256:819108c5571ea2e421544af4d832f968d213c87fbe3707a016657f43d2f853bc" "/opt/rustwide/cargo-home/bin/cargo" "+nightly-2025-01-18" "test" "--frozen", kill_on_drop: false }`
[INFO] [stdout] c40abb3d0dd0f64e49febb567d095ac525d8024dd9ba57d892b0641cbe10ee2e
[INFO] running `Command { std: "docker" "start" "-a" "c40abb3d0dd0f64e49febb567d095ac525d8024dd9ba57d892b0641cbe10ee2e", kill_on_drop: false }`
[INFO] [stdout] 
[INFO] [stderr] warning: unused return value of `transmute_copy` that must be used
[INFO] [stdout] running 15 tests
[INFO] [stderr]    --> src/droplist.rs:128:5
[INFO] [stderr]     |
[INFO] [stderr] 128 |     std::mem::transmute_copy::<T, T>(ref_to_t);
[INFO] [stderr]     |     ^^^^^^^^^^^^^^^^^^^^^^^^^^^^^^^^^^^^^^^^^^
[INFO] [stderr]     |
[INFO] [stderr]     = note: `#[warn(unused_must_use)]` on by default
[INFO] [stderr] help: use `let _ = ...` to ignore the resulting value
[INFO] [stderr]     |
[INFO] [stderr] 128 |     let _ = std::mem::transmute_copy::<T, T>(ref_to_t);
[INFO] [stderr]     |     +++++++
[INFO] [stderr] 
[INFO] [stderr] warning: `memur` (lib) generated 1 warning
[INFO] [stderr] warning: `memur` (lib test) generated 1 warning (1 duplicate)
[INFO] [stderr]     Finished `test` profile [unoptimized + debuginfo] target(s) in 0.01s
[INFO] [stderr]      Running unittests src/lib.rs (/opt/rustwide/target/debug/deps/memur-c66041f58f8203d4)
[INFO] [stdout] test arena::arena_tests::nested_objects_are_dropped_properly ... ok
[INFO] [stdout] test array::array::has_items_when_iterating_items_i16 ... ok
[INFO] [stdout] test array::array::has_items_when_iterating_items_i8 ... ok
[INFO] [stdout] test dropflag::dropflag ... ok
[INFO] [stdout] test arena::arena_tests::value_can_not_be_used_when_arena_goes_out_of_scope ... ok
[INFO] [stdout] test droplist::tests::droplist_chain ... ok
[INFO] [stdout] test droplist::tests::droplist_single ... ok
[INFO] [stdout] test list::list_tests::many_items_test ... ok
[INFO] [stdout] test array::array::test_collect ... ok
[INFO] [stdout] test list::list_tests::simple_test ... ok
[INFO] [stdout] test ustr::ustr_tests::test_str ... ok
[INFO] [stdout] test list::list_tests::test_collect ... ok
[INFO] [stdout] test ustr::ustr_tests::test_str_with_nul ... ok
[INFO] [stdout] test array::array::has_items_when_iterating ... ok
[INFO] [stdout] test array::array::has_items_when_iterating_items_i16_but_not_when_arena_is_dead ... ok
[INFO] [stdout] 
[INFO] [stdout] test result: ok. 15 passed; 0 failed; 0 ignored; 0 measured; 0 filtered out; finished in 0.01s
[INFO] [stdout] 
[INFO] [stderr]    Doc-tests memur
[INFO] [stdout] 
[INFO] [stdout] running 8 tests
[INFO] [stdout] test src/lib.rs - (line 207) ... ok
[INFO] [stdout] test src/lib.rs - (line 140) ... ok
[INFO] [stdout] test src/lib.rs - (line 226) ... ok
[INFO] [stdout] test src/lib.rs - (line 263) ... ok
[INFO] [stdout] test src/lib.rs - (line 67) ... FAILED
[INFO] [stdout] test src/lib.rs - (line 182) ... ok
[INFO] [stdout] test src/lib.rs - (line 101) ... ok
[INFO] [stdout] test src/lib.rs - (line 289) ... ok
[INFO] [stdout] 
[INFO] [stdout] failures:
[INFO] [stdout] 
[INFO] [stdout] ---- src/lib.rs - (line 67) stdout ----
[INFO] [stdout] Test executable failed (exit status: 101).
[INFO] [stdout] 
[INFO] [stdout] stderr:
[INFO] [stdout] 
[INFO] [stdout] thread 'main' panicked at src/lib.rs:17:9:
[INFO] [stdout] assertion `left == right` failed
[INFO] [stdout]   left: "Hello"
[INFO] [stdout]  right: "Hello"
[INFO] [stdout] stack backtrace:
[INFO] [stdout]    0:     0x63eca544149a - std::backtrace_rs::backtrace::libunwind::trace::hb059275cfc8d6126
[INFO] [stdout]                                at /rustc/6067b36314ab5eb2eb47cecc464545ba58e1ad24/library/std/src/../../backtrace/src/backtrace/libunwind.rs:116:5
[INFO] [stdout]    1:     0x63eca544149a - std::backtrace_rs::backtrace::trace_unsynchronized::h2da071e4327ce3ee
[INFO] [stdout]                                at /rustc/6067b36314ab5eb2eb47cecc464545ba58e1ad24/library/std/src/../../backtrace/src/backtrace/mod.rs:66:5
[INFO] [stdout]    2:     0x63eca544149a - std::sys::backtrace::_print_fmt::h842a1474e6f8d23f
[INFO] [stdout]                                at /rustc/6067b36314ab5eb2eb47cecc464545ba58e1ad24/library/std/src/sys/backtrace.rs:66:9
[INFO] [stdout]    3:     0x63eca544149a - <std::sys::backtrace::BacktraceLock::print::DisplayBacktrace as core::fmt::Display>::fmt::h71a62eb3b9696b12
[INFO] [stdout]                                at /rustc/6067b36314ab5eb2eb47cecc464545ba58e1ad24/library/std/src/sys/backtrace.rs:39:26
[INFO] [stdout]    4:     0x63eca545e783 - core::fmt::rt::Argument::fmt::hdb6b616786b41dc1
[INFO] [stdout]                                at /rustc/6067b36314ab5eb2eb47cecc464545ba58e1ad24/library/core/src/fmt/rt.rs:177:76
[INFO] [stdout]    5:     0x63eca545e783 - core::fmt::write::h2cc1698af7e2d686
[INFO] [stdout]                                at /rustc/6067b36314ab5eb2eb47cecc464545ba58e1ad24/library/core/src/fmt/mod.rs:1440:21
[INFO] [stdout]    6:     0x63eca543eb03 - std::io::Write::write_fmt::h00c8700df393f328
[INFO] [stdout]                                at /rustc/6067b36314ab5eb2eb47cecc464545ba58e1ad24/library/std/src/io/mod.rs:1887:15
[INFO] [stdout]    7:     0x63eca54412e2 - std::sys::backtrace::BacktraceLock::print::h147fe35b4ea13b08
[INFO] [stdout]                                at /rustc/6067b36314ab5eb2eb47cecc464545ba58e1ad24/library/std/src/sys/backtrace.rs:42:9
[INFO] [stdout]    8:     0x63eca544223f - std::panicking::default_hook::{{closure}}::hbd44223dbdc0d208
[INFO] [stdout]                                at /rustc/6067b36314ab5eb2eb47cecc464545ba58e1ad24/library/std/src/panicking.rs:298:22
[INFO] [stdout]    9:     0x63eca54420aa - std::panicking::default_hook::h20f81eb0576efcec
[INFO] [stdout]                                at /rustc/6067b36314ab5eb2eb47cecc464545ba58e1ad24/library/std/src/panicking.rs:325:9
[INFO] [stdout]   10:     0x63eca5442c22 - std::panicking::rust_panic_with_hook::h625eea43051b2edc
[INFO] [stdout]                                at /rustc/6067b36314ab5eb2eb47cecc464545ba58e1ad24/library/std/src/panicking.rs:831:13
[INFO] [stdout]   11:     0x63eca54429aa - std::panicking::begin_panic_handler::{{closure}}::h4f9159cfbc3f6bd3
[INFO] [stdout]                                at /rustc/6067b36314ab5eb2eb47cecc464545ba58e1ad24/library/std/src/panicking.rs:704:13
[INFO] [stdout]   12:     0x63eca5441999 - std::sys::backtrace::__rust_end_short_backtrace::h0390abce48353151
[INFO] [stdout]                                at /rustc/6067b36314ab5eb2eb47cecc464545ba58e1ad24/library/std/src/sys/backtrace.rs:168:18
[INFO] [stdout]   13:     0x63eca544263d - rust_begin_unwind
[INFO] [stdout]                                at /rustc/6067b36314ab5eb2eb47cecc464545ba58e1ad24/library/std/src/panicking.rs:695:5
[INFO] [stdout]   14:     0x63eca545daa0 - core::panicking::panic_fmt::h9e7c637e9e5f29c9
[INFO] [stdout]                                at /rustc/6067b36314ab5eb2eb47cecc464545ba58e1ad24/library/core/src/panicking.rs:75:14
[INFO] [stdout]   15:     0x63eca545de62 - core::panicking::assert_failed_inner::h538bec7c1374cd9c
[INFO] [stdout]   16:     0x63eca5418007 - core::panicking::assert_failed::h6fefdde425d908b0
[INFO] [stdout]   17:     0x63eca54186d1 - rust_out::main::_doctest_main_src_lib_rs_67_0::h5d195a13835d4914
[INFO] [stdout]   18:     0x63eca5418356 - rust_out::main::he88f0b9b281d54e0
[INFO] [stdout]   19:     0x63eca5417f53 - core::ops::function::FnOnce::call_once::hcf3829d8b58d0254
[INFO] [stdout]   20:     0x63eca5417d16 - std::sys::backtrace::__rust_begin_short_backtrace::h5e1527399e8d5bd4
[INFO] [stdout]   21:     0x63eca5417cf9 - std::rt::lang_start::{{closure}}::h2c234101ed7b1b74
[INFO] [stdout]   22:     0x63eca543cb90 - core::ops::function::impls::<impl core::ops::function::FnOnce<A> for &F>::call_once::h1b085b6c1d2518b2
[INFO] [stdout]                                at /rustc/6067b36314ab5eb2eb47cecc464545ba58e1ad24/library/core/src/ops/function.rs:284:13
[INFO] [stdout]   23:     0x63eca543cb90 - std::panicking::try::do_call::h382f964a5a23b565
[INFO] [stdout]                                at /rustc/6067b36314ab5eb2eb47cecc464545ba58e1ad24/library/std/src/panicking.rs:587:40
[INFO] [stdout]   24:     0x63eca543cb90 - std::panicking::try::h57f991055eb622f9
[INFO] [stdout]                                at /rustc/6067b36314ab5eb2eb47cecc464545ba58e1ad24/library/std/src/panicking.rs:550:19
[INFO] [stdout]   25:     0x63eca543cb90 - std::panic::catch_unwind::h4d9a74ef04456343
[INFO] [stdout]                                at /rustc/6067b36314ab5eb2eb47cecc464545ba58e1ad24/library/std/src/panic.rs:358:14
[INFO] [stdout]   26:     0x63eca543cb90 - std::rt::lang_start_internal::{{closure}}::h2faa8ae84a93f314
[INFO] [stdout]                                at /rustc/6067b36314ab5eb2eb47cecc464545ba58e1ad24/library/std/src/rt.rs:163:24
[INFO] [stdout]   27:     0x63eca543cb90 - std::panicking::try::do_call::h0f8932bf638a9bf5
[INFO] [stdout]                                at /rustc/6067b36314ab5eb2eb47cecc464545ba58e1ad24/library/std/src/panicking.rs:587:40
[INFO] [stdout]   28:     0x63eca543cb90 - std::panicking::try::h683416ea756b175d
[INFO] [stdout]                                at /rustc/6067b36314ab5eb2eb47cecc464545ba58e1ad24/library/std/src/panicking.rs:550:19
[INFO] [stdout]   29:     0x63eca543cb90 - std::panic::catch_unwind::h56189fac8994979f
[INFO] [stdout]                                at /rustc/6067b36314ab5eb2eb47cecc464545ba58e1ad24/library/std/src/panic.rs:358:14
[INFO] [stdout]   30:     0x63eca543cb90 - std::rt::lang_start_internal::h8bbc1061691274fe
[INFO] [stdout]                                at /rustc/6067b36314ab5eb2eb47cecc464545ba58e1ad24/library/std/src/rt.rs:159:5
[INFO] [stdout]   31:     0x63eca5417ce1 - std::rt::lang_start::h601b10a269c70ef7
[INFO] [stdout]   32:     0x63eca5418895 - main
[INFO] [stdout]   33:     0x71ed094ecd90 - <unknown>
[INFO] [stdout]   34:     0x71ed094ece40 - __libc_start_main
[INFO] [stdout]   35:     0x63eca5417bf5 - _start
[INFO] [stdout]   36:                0x0 - <unknown>
[INFO] [stdout] 
[INFO] [stdout] 
[INFO] [stdout] 
[INFO] [stdout] failures:
[INFO] [stdout]     src/lib.rs - (line 67)
[INFO] [stdout] 
[INFO] [stdout] test result: FAILED. 7 passed; 1 failed; 0 ignored; 0 measured; 0 filtered out; finished in 0.70s
[INFO] [stdout] 
[INFO] [stderr] error: doctest failed, to rerun pass `--doc`
[INFO] running `Command { std: "docker" "inspect" "c40abb3d0dd0f64e49febb567d095ac525d8024dd9ba57d892b0641cbe10ee2e", kill_on_drop: false }`
[INFO] running `Command { std: "docker" "rm" "-f" "c40abb3d0dd0f64e49febb567d095ac525d8024dd9ba57d892b0641cbe10ee2e", kill_on_drop: false }`
[INFO] [stdout] c40abb3d0dd0f64e49febb567d095ac525d8024dd9ba57d892b0641cbe10ee2e
