[INFO] fetching crate mcap 0.14.0...
[INFO] testing mcap-0.14.0 against nightly-2025-01-18+rustflags=-Zrandomize-layout for randomize-layout-2
[INFO] extracting crate mcap 0.14.0 into /workspace/builds/worker-3-tc2/source
[INFO] validating manifest of crates.io crate mcap 0.14.0 on toolchain nightly-2025-01-18
[INFO] running `Command { std: CARGO_HOME="/workspace/cargo-home" RUSTUP_HOME="/workspace/rustup-home" "/workspace/cargo-home/bin/cargo" "+nightly-2025-01-18" "metadata" "--manifest-path" "Cargo.toml" "--no-deps", kill_on_drop: false }`
[INFO] started tweaking crates.io crate mcap 0.14.0
[INFO] removed 0 missing examples
[INFO] removed 0 missing tests
[INFO] finished tweaking crates.io crate mcap 0.14.0
[INFO] tweaked toml for crates.io crate mcap 0.14.0 written to /workspace/builds/worker-3-tc2/source/Cargo.toml
[INFO] crate crates.io crate mcap 0.14.0 already has a lockfile, it will not be regenerated
[INFO] running `Command { std: CARGO_HOME="/workspace/cargo-home" RUSTUP_HOME="/workspace/rustup-home" "/workspace/cargo-home/bin/cargo" "+nightly-2025-01-18" "fetch" "--manifest-path" "Cargo.toml", kill_on_drop: false }`
[INFO] running `Command { std: "docker" "create" "-v" "/var/lib/crater-agent-workspace/builds/worker-3-tc2/target:/opt/rustwide/target:rw,Z" "-v" "/var/lib/crater-agent-workspace/builds/worker-3-tc2/source:/opt/rustwide/workdir:ro,Z" "-v" "/var/lib/crater-agent-workspace/cargo-home:/opt/rustwide/cargo-home:ro,Z" "-v" "/var/lib/crater-agent-workspace/rustup-home:/opt/rustwide/rustup-home:ro,Z" "-e" "SOURCE_DIR=/opt/rustwide/workdir" "-e" "CARGO_TARGET_DIR=/opt/rustwide/target" "-e" "CARGO_HOME=/opt/rustwide/cargo-home" "-e" "RUSTUP_HOME=/opt/rustwide/rustup-home" "-w" "/opt/rustwide/workdir" "-m" "1610612736" "--user" "0:0" "--network" "none" "ghcr.io/rust-lang/crates-build-env/linux@sha256:819108c5571ea2e421544af4d832f968d213c87fbe3707a016657f43d2f853bc" "/opt/rustwide/cargo-home/bin/cargo" "+nightly-2025-01-18" "metadata" "--no-deps" "--format-version=1", kill_on_drop: false }`
[INFO] [stdout] 8387e2427ce149ab14ac8af9863ca72393f364cc35f0f51babaa7e9d4c2f3184
[INFO] running `Command { std: "docker" "start" "-a" "8387e2427ce149ab14ac8af9863ca72393f364cc35f0f51babaa7e9d4c2f3184", kill_on_drop: false }`
[INFO] running `Command { std: "docker" "inspect" "8387e2427ce149ab14ac8af9863ca72393f364cc35f0f51babaa7e9d4c2f3184", kill_on_drop: false }`
[INFO] running `Command { std: "docker" "rm" "-f" "8387e2427ce149ab14ac8af9863ca72393f364cc35f0f51babaa7e9d4c2f3184", kill_on_drop: false }`
[INFO] [stdout] 8387e2427ce149ab14ac8af9863ca72393f364cc35f0f51babaa7e9d4c2f3184
[INFO] running `Command { std: "docker" "create" "-v" "/var/lib/crater-agent-workspace/builds/worker-3-tc2/target:/opt/rustwide/target:rw,Z" "-v" "/var/lib/crater-agent-workspace/builds/worker-3-tc2/source:/opt/rustwide/workdir:ro,Z" "-v" "/var/lib/crater-agent-workspace/cargo-home:/opt/rustwide/cargo-home:ro,Z" "-v" "/var/lib/crater-agent-workspace/rustup-home:/opt/rustwide/rustup-home:ro,Z" "-e" "SOURCE_DIR=/opt/rustwide/workdir" "-e" "CARGO_TARGET_DIR=/opt/rustwide/target" "-e" "CARGO_INCREMENTAL=0" "-e" "RUST_BACKTRACE=full" "-e" "RUSTFLAGS=--cap-lints=forbid -Zrandomize-layout" "-e" "RUSTDOCFLAGS=--cap-lints=forbid" "-e" "CARGO_HOME=/opt/rustwide/cargo-home" "-e" "RUSTUP_HOME=/opt/rustwide/rustup-home" "-w" "/opt/rustwide/workdir" "-m" "1610612736" "--user" "0:0" "--network" "none" "ghcr.io/rust-lang/crates-build-env/linux@sha256:819108c5571ea2e421544af4d832f968d213c87fbe3707a016657f43d2f853bc" "/opt/rustwide/cargo-home/bin/cargo" "+nightly-2025-01-18" "build" "--frozen" "--message-format=json", kill_on_drop: false }`
[INFO] [stdout] 90baed4a8441a4ab9be3b3522f639ef88cb90d9168fec9776839f4f5d16cb088
[INFO] running `Command { std: "docker" "start" "-a" "90baed4a8441a4ab9be3b3522f639ef88cb90d9168fec9776839f4f5d16cb088", kill_on_drop: false }`
[INFO] [stderr]    Compiling proc-macro2 v1.0.92
[INFO] [stderr]    Compiling shlex v1.3.0
[INFO] [stderr]    Compiling pkg-config v0.3.31
[INFO] [stderr]    Compiling fnv v1.0.7
[INFO] [stderr]    Compiling ident_case v1.0.1
[INFO] [stderr]    Compiling syn v1.0.109
[INFO] [stderr]    Compiling binrw_derive v0.12.0
[INFO] [stderr]    Compiling zstd-safe v5.0.2+zstd.1.5.2
[INFO] [stderr]    Compiling thiserror v1.0.69
[INFO] [stderr]    Compiling binrw v0.12.0
[INFO] [stderr]    Compiling owo-colors v3.5.0
[INFO] [stderr]    Compiling paste v1.0.15
[INFO] [stderr]    Compiling either v1.13.0
[INFO] [stderr]    Compiling array-init v2.1.0
[INFO] [stderr]    Compiling bytemuck v1.21.0
[INFO] [stderr]    Compiling jobserver v0.1.32
[INFO] [stderr]    Compiling num_cpus v1.16.0
[INFO] [stderr]    Compiling crc32fast v1.4.2
[INFO] [stderr]    Compiling static_assertions v1.1.0
[INFO] [stderr]    Compiling cc v1.2.7
[INFO] [stderr]    Compiling byteorder v1.5.0
[INFO] [stderr]    Compiling log v0.4.22
[INFO] [stderr]    Compiling bimap v0.6.3
[INFO] [stderr]    Compiling quote v1.0.38
[INFO] [stderr]    Compiling syn v2.0.95
[INFO] [stderr]    Compiling zstd-sys v2.0.13+zstd.1.5.6
[INFO] [stderr]    Compiling lz4-sys v1.11.1+lz4-1.10.0
[INFO] [stderr]    Compiling darling_core v0.20.10
[INFO] [stderr]    Compiling zstd v0.11.2+zstd.1.5.2
[INFO] [stderr]    Compiling thiserror-impl v1.0.69
[INFO] [stderr]    Compiling darling_macro v0.20.10
[INFO] [stderr]    Compiling darling v0.20.10
[INFO] [stderr]    Compiling enumset_derive v0.10.0
[INFO] [stderr]    Compiling enumset v1.1.5
[INFO] [stderr]    Compiling lz4 v1.28.0
[INFO] [stderr]    Compiling mcap v0.14.0 (/opt/rustwide/workdir)
[INFO] [stderr]     Finished `dev` profile [unoptimized + debuginfo] target(s) in 23.76s
[INFO] running `Command { std: "docker" "inspect" "90baed4a8441a4ab9be3b3522f639ef88cb90d9168fec9776839f4f5d16cb088", kill_on_drop: false }`
[INFO] running `Command { std: "docker" "rm" "-f" "90baed4a8441a4ab9be3b3522f639ef88cb90d9168fec9776839f4f5d16cb088", kill_on_drop: false }`
[INFO] [stdout] 90baed4a8441a4ab9be3b3522f639ef88cb90d9168fec9776839f4f5d16cb088
[INFO] running `Command { std: "docker" "create" "-v" "/var/lib/crater-agent-workspace/builds/worker-3-tc2/target:/opt/rustwide/target:rw,Z" "-v" "/var/lib/crater-agent-workspace/builds/worker-3-tc2/source:/opt/rustwide/workdir:ro,Z" "-v" "/var/lib/crater-agent-workspace/cargo-home:/opt/rustwide/cargo-home:ro,Z" "-v" "/var/lib/crater-agent-workspace/rustup-home:/opt/rustwide/rustup-home:ro,Z" "-e" "SOURCE_DIR=/opt/rustwide/workdir" "-e" "CARGO_TARGET_DIR=/opt/rustwide/target" "-e" "CARGO_INCREMENTAL=0" "-e" "RUST_BACKTRACE=full" "-e" "RUSTFLAGS=--cap-lints=forbid -Zrandomize-layout" "-e" "RUSTDOCFLAGS=--cap-lints=forbid" "-e" "CARGO_HOME=/opt/rustwide/cargo-home" "-e" "RUSTUP_HOME=/opt/rustwide/rustup-home" "-w" "/opt/rustwide/workdir" "-m" "1610612736" "--user" "0:0" "--network" "none" "ghcr.io/rust-lang/crates-build-env/linux@sha256:819108c5571ea2e421544af4d832f968d213c87fbe3707a016657f43d2f853bc" "/opt/rustwide/cargo-home/bin/cargo" "+nightly-2025-01-18" "test" "--frozen" "--no-run" "--message-format=json", kill_on_drop: false }`
[INFO] [stdout] 04c9a3e7f22a233cdc4d401cfefc435397ce45a50e70da5f171d34ed70bb39be
[INFO] running `Command { std: "docker" "start" "-a" "04c9a3e7f22a233cdc4d401cfefc435397ce45a50e70da5f171d34ed70bb39be", kill_on_drop: false }`
[INFO] [stderr]    Compiling version_check v0.9.5
[INFO] [stderr]    Compiling crossbeam-utils v0.8.21
[INFO] [stderr]    Compiling serde v1.0.217
[INFO] [stderr]    Compiling serde_derive v1.0.217
[INFO] [stderr]    Compiling itoa v1.0.14
[INFO] [stderr]    Compiling num-traits v0.2.19
[INFO] [stderr]    Compiling rayon-core v1.12.1
[INFO] [stderr]    Compiling serde_json v1.0.135
[INFO] [stderr]    Compiling pin-project-lite v0.2.16
[INFO] [stderr]    Compiling either v1.13.0
[INFO] [stderr]    Compiling futures-sink v0.3.31
[INFO] [stderr]    Compiling futures-core v0.3.31
[INFO] [stderr]    Compiling half v2.4.1
[INFO] [stderr]    Compiling indexmap v1.9.3
[INFO] [stderr]    Compiling anstyle v1.0.10
[INFO] [stderr]    Compiling time-core v0.1.2
[INFO] [stderr]    Compiling regex-syntax v0.8.5
[INFO] [stderr]    Compiling plotters-backend v0.3.7
[INFO] [stderr]    Compiling ciborium-io v0.2.2
[INFO] [stderr]    Compiling rustix v0.38.42
[INFO] [stderr]    Compiling ryu v1.0.18
[INFO] [stderr]    Compiling pin-utils v0.1.0
[INFO] [stderr]    Compiling num-conv v0.1.0
[INFO] [stderr]    Compiling powerfmt v0.2.0
[INFO] [stderr]    Compiling futures-task v0.3.31
[INFO] [stderr]    Compiling clap_lex v0.7.4
[INFO] [stderr]    Compiling once_cell v1.20.2
[INFO] [stderr]    Compiling itertools v0.10.5
[INFO] [stderr]    Compiling plotters-svg v0.3.7
[INFO] [stderr]    Compiling futures-channel v0.3.31
[INFO] [stderr]    Compiling time-macros v0.2.19
[INFO] [stderr]    Compiling futures-util v0.3.31
[INFO] [stderr]    Compiling proc-macro-error-attr v1.0.4
[INFO] [stderr]    Compiling proc-macro-error v1.0.4
[INFO] [stderr]    Compiling clap_builder v4.5.23
[INFO] [stderr]    Compiling ciborium-ll v0.2.2
[INFO] [stderr]    Compiling deranged v0.3.11
[INFO] [stderr]    Compiling tokio-macros v2.4.0
[INFO] [stderr]    Compiling bitflags v2.6.0
[INFO] [stderr]    Compiling termcolor v1.4.1
[INFO] [stderr]    Compiling linux-raw-sys v0.4.14
[INFO] [stderr]    Compiling same-file v1.0.6
[INFO] [stderr]    Compiling camino v1.1.9
[INFO] [stderr]    Compiling bytes v1.9.0
[INFO] [stderr]    Compiling crossbeam-epoch v0.9.18
[INFO] [stderr]    Compiling log v0.4.22
[INFO] [stderr]    Compiling heck v0.4.1
[INFO] [stderr]    Compiling cast v0.3.0
[INFO] [stderr]    Compiling futures-io v0.3.31
[INFO] [stderr]    Compiling hashbrown v0.12.3
[INFO] [stderr]    Compiling num_threads v0.1.7
[INFO] [stderr]    Compiling anyhow v1.0.95
[INFO] [stderr]    Compiling os_str_bytes v6.6.1
[INFO] [stderr]    Compiling crossbeam-deque v0.8.6
[INFO] [stderr]    Compiling clap_lex v0.2.4
[INFO] [stderr]    Compiling plotters v0.3.7
[INFO] [stderr]    Compiling walkdir v2.5.0
[INFO] [stderr]    Compiling tokio v1.42.0
[INFO] [stderr]    Compiling getrandom v0.2.15
[INFO] [stderr]    Compiling clap_derive v3.2.25
[INFO] [stderr]    Compiling atty v0.2.14
[INFO] [stderr]    Compiling is-terminal v0.4.13
[INFO] [stderr]    Compiling oorandom v11.1.4
[INFO] [stderr]    Compiling fastrand v2.3.0
[INFO] [stderr]    Compiling bitflags v1.3.2
[INFO] [stderr]    Compiling strsim v0.10.0
[INFO] [stderr]    Compiling textwrap v0.16.1
[INFO] [stderr]    Compiling rayon v1.10.0
[INFO] [stderr]    Compiling anes v0.1.6
[INFO] [stderr]    Compiling regex-automata v0.4.9
[INFO] [stderr]    Compiling time v0.3.37
[INFO] [stderr]    Compiling criterion-plot v0.5.0
[INFO] [stderr]    Compiling memmap v0.7.0
[INFO] [stderr]    Compiling futures v0.3.31
[INFO] [stderr]    Compiling mcap v0.14.0 (/opt/rustwide/workdir)
[INFO] [stderr]    Compiling clap v3.2.25
[INFO] [stderr]    Compiling simplelog v0.12.2
[INFO] [stderr]    Compiling tempfile v3.15.0
[INFO] [stderr]    Compiling regex v1.11.1
[INFO] [stderr]    Compiling clap v4.5.23
[INFO] [stderr]    Compiling ciborium v0.2.2
[INFO] [stderr]    Compiling tinytemplate v1.2.1
[INFO] [stderr]    Compiling criterion v0.5.1
[INFO] [stderr]     Finished `test` profile [unoptimized + debuginfo] target(s) in 32.07s
[INFO] running `Command { std: "docker" "inspect" "04c9a3e7f22a233cdc4d401cfefc435397ce45a50e70da5f171d34ed70bb39be", kill_on_drop: false }`
[INFO] running `Command { std: "docker" "rm" "-f" "04c9a3e7f22a233cdc4d401cfefc435397ce45a50e70da5f171d34ed70bb39be", kill_on_drop: false }`
[INFO] [stdout] 04c9a3e7f22a233cdc4d401cfefc435397ce45a50e70da5f171d34ed70bb39be
[INFO] running `Command { std: "docker" "create" "-v" "/var/lib/crater-agent-workspace/builds/worker-3-tc2/target:/opt/rustwide/target:rw,Z" "-v" "/var/lib/crater-agent-workspace/builds/worker-3-tc2/source:/opt/rustwide/workdir:ro,Z" "-v" "/var/lib/crater-agent-workspace/cargo-home:/opt/rustwide/cargo-home:ro,Z" "-v" "/var/lib/crater-agent-workspace/rustup-home:/opt/rustwide/rustup-home:ro,Z" "-e" "SOURCE_DIR=/opt/rustwide/workdir" "-e" "CARGO_TARGET_DIR=/opt/rustwide/target" "-e" "CARGO_INCREMENTAL=0" "-e" "RUST_BACKTRACE=full" "-e" "RUSTFLAGS=--cap-lints=forbid -Zrandomize-layout" "-e" "RUSTDOCFLAGS=--cap-lints=forbid" "-e" "CARGO_HOME=/opt/rustwide/cargo-home" "-e" "RUSTUP_HOME=/opt/rustwide/rustup-home" "-w" "/opt/rustwide/workdir" "-m" "1610612736" "--user" "0:0" "--network" "none" "ghcr.io/rust-lang/crates-build-env/linux@sha256:819108c5571ea2e421544af4d832f968d213c87fbe3707a016657f43d2f853bc" "/opt/rustwide/cargo-home/bin/cargo" "+nightly-2025-01-18" "test" "--frozen", kill_on_drop: false }`
[INFO] [stdout] a70ecb12a67a175f95223275ba824192e2f68bb79c19c2eadf14f21c0647728c
[INFO] running `Command { std: "docker" "start" "-a" "a70ecb12a67a175f95223275ba824192e2f68bb79c19c2eadf14f21c0647728c", kill_on_drop: false }`
[INFO] [stderr]     Finished `test` profile [unoptimized + debuginfo] target(s) in 0.17s
[INFO] [stderr]      Running unittests src/lib.rs (/opt/rustwide/target/debug/deps/mcap-a8285d1ba5560cec)
[INFO] [stdout] 
[INFO] [stdout] running 19 tests
[INFO] [stdout] test records::tests::header_parse ... ok
[INFO] [stdout] test records::tests::string_parse ... ok
[INFO] [stdout] test sans_io::read::tests::test_chunked_none_before ... ok
[INFO] [stdout] test sans_io::read::tests::test_chunked_none_none ... ok
[INFO] [stdout] test sans_io::read::tests::test_file_data_validation ... ok
[INFO] [stdout] test sans_io::read::tests::test_chunked_lz4_none ... ok
[INFO] [stdout] test sans_io::read::tests::test_chunked_none_after ... ok
[INFO] [stdout] test sans_io::read::tests::test_chunked_lz4_before ... ok
[INFO] [stdout] test sans_io::read::tests::test_chunked_lz4_after ... ok
[INFO] [stdout] test sans_io::read::tests::test_emit_chunks ... ok
[INFO] [stdout] test sans_io::read::tests::test_no_magic ... ok
[INFO] [stdout] test sans_io::read::tests::test_un_chunked ... ok
[INFO] [stdout] test sans_io::read::tests::test_chunked_zstd_after ... ok
[INFO] [stdout] test sans_io::read::tests::test_chunked_zstd_none ... ok
[INFO] [stdout] test sans_io::read::tests::test_chunked_zstd_before ... ok
[INFO] [stdout] test sans_io::read::tests::test_decompression_does_not_fail ... ok
[INFO] [stdout] test sans_io::read::tests::test_buffer_compaction ... ok
[INFO] [stdout] test write::tests::writes_all_channel_ids ... ok
[INFO] [stdout] test write::tests::writes_all_schema_ids ... ok
[INFO] [stdout] 
[INFO] [stdout] test result: ok. 19 passed; 0 failed; 0 ignored; 0 measured; 0 filtered out; finished in 1.97s
[INFO] [stdout] 
[INFO] [stderr]      Running tests/attachment.rs (/opt/rustwide/target/debug/deps/attachment-2782da48e596287d)
[INFO] [stdout] 
[INFO] [stdout] running 3 tests
[INFO] [stdout] test test_attach_in_multiple_parts ... ok
[INFO] [stdout] test round_trip ... FAILED
[INFO] [stdout] test smoke ... FAILED
[INFO] [stdout] 
[INFO] [stdout] failures:
[INFO] [stdout] 
[INFO] [stdout] ---- round_trip stdout ----
[INFO] [stdout] Error: Couldn't open ../tests/conformance/data/OneAttachment/OneAttachment.mcap
[INFO] [stdout] 
[INFO] [stdout] Caused by:
[INFO] [stdout]     No such file or directory (os error 2)
[INFO] [stdout] 
[INFO] [stdout] Stack backtrace:
[INFO] [stdout]    0: <E as anyhow::context::ext::StdError>::ext_context
[INFO] [stdout]              at /opt/rustwide/cargo-home/registry/src/index.crates.io-1949cf8c6b5b557f/anyhow-1.0.95/src/backtrace.rs:27:14
[INFO] [stdout]    1: anyhow::context::<impl anyhow::Context<T,E> for core::result::Result<T,E>>::with_context
[INFO] [stdout]              at /opt/rustwide/cargo-home/registry/src/index.crates.io-1949cf8c6b5b557f/anyhow-1.0.95/src/context.rs:65:31
[INFO] [stdout]    2: attachment::common::map_mcap
[INFO] [stdout]              at ./tests/common.rs:9:14
[INFO] [stdout]    3: attachment::round_trip
[INFO] [stdout]              at ./tests/attachment.rs:102:18
[INFO] [stdout]    4: attachment::round_trip::{{closure}}
[INFO] [stdout]              at ./tests/attachment.rs:101:20
[INFO] [stdout]    5: core::ops::function::FnOnce::call_once
[INFO] [stdout]              at /rustc/6067b36314ab5eb2eb47cecc464545ba58e1ad24/library/core/src/ops/function.rs:250:5
[INFO] [stdout]    6: core::ops::function::FnOnce::call_once
[INFO] [stdout]              at /rustc/6067b36314ab5eb2eb47cecc464545ba58e1ad24/library/core/src/ops/function.rs:250:5
[INFO] [stdout]    7: test::__rust_begin_short_backtrace
[INFO] [stdout]              at /rustc/6067b36314ab5eb2eb47cecc464545ba58e1ad24/library/test/src/lib.rs:632:18
[INFO] [stdout]    8: test::run_test_in_process::{{closure}}
[INFO] [stdout]              at /rustc/6067b36314ab5eb2eb47cecc464545ba58e1ad24/library/test/src/lib.rs:655:60
[INFO] [stdout]    9: <core::panic::unwind_safe::AssertUnwindSafe<F> as core::ops::function::FnOnce<()>>::call_once
[INFO] [stdout]              at /rustc/6067b36314ab5eb2eb47cecc464545ba58e1ad24/library/core/src/panic/unwind_safe.rs:272:9
[INFO] [stdout]   10: std::panicking::try::do_call
[INFO] [stdout]              at /rustc/6067b36314ab5eb2eb47cecc464545ba58e1ad24/library/std/src/panicking.rs:587:40
[INFO] [stdout]   11: std::panicking::try
[INFO] [stdout]              at /rustc/6067b36314ab5eb2eb47cecc464545ba58e1ad24/library/std/src/panicking.rs:550:19
[INFO] [stdout]   12: std::panic::catch_unwind
[INFO] [stdout]              at /rustc/6067b36314ab5eb2eb47cecc464545ba58e1ad24/library/std/src/panic.rs:358:14
[INFO] [stdout]   13: test::run_test_in_process
[INFO] [stdout]              at /rustc/6067b36314ab5eb2eb47cecc464545ba58e1ad24/library/test/src/lib.rs:655:27
[INFO] [stdout]   14: test::run_test::{{closure}}
[INFO] [stdout]              at /rustc/6067b36314ab5eb2eb47cecc464545ba58e1ad24/library/test/src/lib.rs:576:43
[INFO] [stdout]   15: test::run_test::{{closure}}
[INFO] [stdout]              at /rustc/6067b36314ab5eb2eb47cecc464545ba58e1ad24/library/test/src/lib.rs:606:41
[INFO] [stdout]   16: std::sys::backtrace::__rust_begin_short_backtrace
[INFO] [stdout]              at /rustc/6067b36314ab5eb2eb47cecc464545ba58e1ad24/library/std/src/sys/backtrace.rs:152:18
[INFO] [stdout]   17: std::thread::Builder::spawn_unchecked_::{{closure}}::{{closure}}
[INFO] [stdout]              at /rustc/6067b36314ab5eb2eb47cecc464545ba58e1ad24/library/std/src/thread/mod.rs:559:17
[INFO] [stdout]   18: <core::panic::unwind_safe::AssertUnwindSafe<F> as core::ops::function::FnOnce<()>>::call_once
[INFO] [stdout]              at /rustc/6067b36314ab5eb2eb47cecc464545ba58e1ad24/library/core/src/panic/unwind_safe.rs:272:9
[INFO] [stdout]   19: std::panicking::try::do_call
[INFO] [stdout]              at /rustc/6067b36314ab5eb2eb47cecc464545ba58e1ad24/library/std/src/panicking.rs:587:40
[INFO] [stdout]   20: std::panicking::try
[INFO] [stdout]              at /rustc/6067b36314ab5eb2eb47cecc464545ba58e1ad24/library/std/src/panicking.rs:550:19
[INFO] [stdout]   21: std::panic::catch_unwind
[INFO] [stdout]              at /rustc/6067b36314ab5eb2eb47cecc464545ba58e1ad24/library/std/src/panic.rs:358:14
[INFO] [stdout]   22: std::thread::Builder::spawn_unchecked_::{{closure}}
[INFO] [stdout]              at /rustc/6067b36314ab5eb2eb47cecc464545ba58e1ad24/library/std/src/thread/mod.rs:557:30
[INFO] [stdout]   23: core::ops::function::FnOnce::call_once{{vtable.shim}}
[INFO] [stdout]              at /rustc/6067b36314ab5eb2eb47cecc464545ba58e1ad24/library/core/src/ops/function.rs:250:5
[INFO] [stdout]   24: <alloc::boxed::Box<F,A> as core::ops::function::FnOnce<Args>>::call_once
[INFO] [stdout]              at /rustc/6067b36314ab5eb2eb47cecc464545ba58e1ad24/library/alloc/src/boxed.rs:2013:9
[INFO] [stdout]   25: <alloc::boxed::Box<F,A> as core::ops::function::FnOnce<Args>>::call_once
[INFO] [stdout]              at /rustc/6067b36314ab5eb2eb47cecc464545ba58e1ad24/library/alloc/src/boxed.rs:2013:9
[INFO] [stdout]   26: std::sys::pal::unix::thread::Thread::new::thread_start
[INFO] [stdout]              at /rustc/6067b36314ab5eb2eb47cecc464545ba58e1ad24/library/std/src/sys/pal/unix/thread.rs:106:17
[INFO] [stdout]   27: <unknown>
[INFO] [stdout]   28: clone
[INFO] [stdout] 
[INFO] [stdout] ---- smoke stdout ----
[INFO] [stdout] Error: Couldn't open ../tests/conformance/data/OneAttachment/OneAttachment.mcap
[INFO] [stdout] 
[INFO] [stdout] Caused by:
[INFO] [stdout]     No such file or directory (os error 2)
[INFO] [stdout] 
[INFO] [stdout] Stack backtrace:
[INFO] [stdout]    0: <E as anyhow::context::ext::StdError>::ext_context
[INFO] [stdout]              at /opt/rustwide/cargo-home/registry/src/index.crates.io-1949cf8c6b5b557f/anyhow-1.0.95/src/backtrace.rs:27:14
[INFO] [stdout]    1: anyhow::context::<impl anyhow::Context<T,E> for core::result::Result<T,E>>::with_context
[INFO] [stdout]              at /opt/rustwide/cargo-home/registry/src/index.crates.io-1949cf8c6b5b557f/anyhow-1.0.95/src/context.rs:65:31
[INFO] [stdout]    2: attachment::common::map_mcap
[INFO] [stdout]              at ./tests/common.rs:9:14
[INFO] [stdout]    3: attachment::smoke
[INFO] [stdout]              at ./tests/attachment.rs:14:18
[INFO] [stdout]    4: attachment::smoke::{{closure}}
[INFO] [stdout]              at ./tests/attachment.rs:13:15
[INFO] [stdout]    5: core::ops::function::FnOnce::call_once
[INFO] [stdout]              at /rustc/6067b36314ab5eb2eb47cecc464545ba58e1ad24/library/core/src/ops/function.rs:250:5
[INFO] [stdout]    6: core::ops::function::FnOnce::call_once
[INFO] [stdout]              at /rustc/6067b36314ab5eb2eb47cecc464545ba58e1ad24/library/core/src/ops/function.rs:250:5
[INFO] [stdout]    7: test::__rust_begin_short_backtrace
[INFO] [stdout]              at /rustc/6067b36314ab5eb2eb47cecc464545ba58e1ad24/library/test/src/lib.rs:632:18
[INFO] [stdout]    8: test::run_test_in_process::{{closure}}
[INFO] [stdout]              at /rustc/6067b36314ab5eb2eb47cecc464545ba58e1ad24/library/test/src/lib.rs:655:60
[INFO] [stdout]    9: <core::panic::unwind_safe::AssertUnwindSafe<F> as core::ops::function::FnOnce<()>>::call_once
[INFO] [stdout]              at /rustc/6067b36314ab5eb2eb47cecc464545ba58e1ad24/library/core/src/panic/unwind_safe.rs:272:9
[INFO] [stdout]   10: std::panicking::try::do_call
[INFO] [stdout]              at /rustc/6067b36314ab5eb2eb47cecc464545ba58e1ad24/library/std/src/panicking.rs:587:40
[INFO] [stdout]   11: std::panicking::try
[INFO] [stdout]              at /rustc/6067b36314ab5eb2eb47cecc464545ba58e1ad24/library/std/src/panicking.rs:550:19
[INFO] [stdout]   12: std::panic::catch_unwind
[INFO] [stdout]              at /rustc/6067b36314ab5eb2eb47cecc464545ba58e1ad24/library/std/src/panic.rs:358:14
[INFO] [stdout]   13: test::run_test_in_process
[INFO] [stdout]              at /rustc/6067b36314ab5eb2eb47cecc464545ba58e1ad24/library/test/src/lib.rs:655:27
[INFO] [stdout]   14: test::run_test::{{closure}}
[INFO] [stdout]              at /rustc/6067b36314ab5eb2eb47cecc464545ba58e1ad24/library/test/src/lib.rs:576:43
[INFO] [stdout]   15: test::run_test::{{closure}}
[INFO] [stdout]              at /rustc/6067b36314ab5eb2eb47cecc464545ba58e1ad24/library/test/src/lib.rs:606:41
[INFO] [stdout]   16: std::sys::backtrace::__rust_begin_short_backtrace
[INFO] [stdout]              at /rustc/6067b36314ab5eb2eb47cecc464545ba58e1ad24/library/std/src/sys/backtrace.rs:152:18
[INFO] [stdout]   17: std::thread::Builder::spawn_unchecked_::{{closure}}::{{closure}}
[INFO] [stdout]              at /rustc/6067b36314ab5eb2eb47cecc464545ba58e1ad24/library/std/src/thread/mod.rs:559:17
[INFO] [stdout]   18: <core::panic::unwind_safe::AssertUnwindSafe<F> as core::ops::function::FnOnce<()>>::call_once
[INFO] [stdout]              at /rustc/6067b36314ab5eb2eb47cecc464545ba58e1ad24/library/core/src/panic/unwind_safe.rs:272:9
[INFO] [stdout]   19: std::panicking::try::do_call
[INFO] [stdout]              at /rustc/6067b36314ab5eb2eb47cecc464545ba58e1ad24/library/std/src/panicking.rs:587:40
[INFO] [stdout]   20: std::panicking::try
[INFO] [stdout]              at /rustc/6067b36314ab5eb2eb47cecc464545ba58e1ad24/library/std/src/panicking.rs:550:19
[INFO] [stdout]   21: std::panic::catch_unwind
[INFO] [stdout]              at /rustc/6067b36314ab5eb2eb47cecc464545ba58e1ad24/library/std/src/panic.rs:358:14
[INFO] [stdout]   22: std::thread::Builder::spawn_unchecked_::{{closure}}
[INFO] [stdout]              at /rustc/6067b36314ab5eb2eb47cecc464545ba58e1ad24/library/std/src/thread/mod.rs:557:30
[INFO] [stdout]   23: core::ops::function::FnOnce::call_once{{vtable.shim}}
[INFO] [stdout]              at /rustc/6067b36314ab5eb2eb47cecc464545ba58e1ad24/library/core/src/ops/function.rs:250:5
[INFO] [stdout]   24: <alloc::boxed::Box<F,A> as core::ops::function::FnOnce<Args>>::call_once
[INFO] [stdout]              at /rustc/6067b36314ab5eb2eb47cecc464545ba58e1ad24/library/alloc/src/boxed.rs:2013:9
[INFO] [stdout]   25: <alloc::boxed::Box<F,A> as core::ops::function::FnOnce<Args>>::call_once
[INFO] [stdout]              at /rustc/6067b36314ab5eb2eb47cecc464545ba58e1ad24/library/alloc/src/boxed.rs:2013:9
[INFO] [stdout]   26: std::sys::pal::unix::thread::Thread::new::thread_start
[INFO] [stdout]              at /rustc/6067b36314ab5eb2eb47cecc464545ba58e1ad24/library/std/src/sys/pal/unix/thread.rs:106:17
[INFO] [stdout]   27: <unknown>
[INFO] [stdout]   28: clone
[INFO] [stdout] 
[INFO] [stdout] 
[INFO] [stdout] failures:
[INFO] [stdout]     round_trip
[INFO] [stdout]     smoke
[INFO] [stdout] 
[INFO] [stdout] test result: FAILED. 1 passed; 2 failed; 0 ignored; 0 measured; 0 filtered out; finished in 0.04s
[INFO] [stdout] 
[INFO] [stderr] error: test failed, to rerun pass `--test attachment`
[INFO] running `Command { std: "docker" "inspect" "a70ecb12a67a175f95223275ba824192e2f68bb79c19c2eadf14f21c0647728c", kill_on_drop: false }`
[INFO] running `Command { std: "docker" "rm" "-f" "a70ecb12a67a175f95223275ba824192e2f68bb79c19c2eadf14f21c0647728c", kill_on_drop: false }`
[INFO] [stdout] a70ecb12a67a175f95223275ba824192e2f68bb79c19c2eadf14f21c0647728c
