[INFO] fetching crate makepad-zune-inflate 0.2.54...
[INFO] testing makepad-zune-inflate-0.2.54 against nightly-2025-01-18+rustflags=-Zrandomize-layout for randomize-layout-2
[INFO] extracting crate makepad-zune-inflate 0.2.54 into /workspace/builds/worker-4-tc2/source
[INFO] validating manifest of crates.io crate makepad-zune-inflate 0.2.54 on toolchain nightly-2025-01-18
[INFO] running `Command { std: CARGO_HOME="/workspace/cargo-home" RUSTUP_HOME="/workspace/rustup-home" "/workspace/cargo-home/bin/cargo" "+nightly-2025-01-18" "metadata" "--manifest-path" "Cargo.toml" "--no-deps", kill_on_drop: false }`
[INFO] started tweaking crates.io crate makepad-zune-inflate 0.2.54
[INFO] finished tweaking crates.io crate makepad-zune-inflate 0.2.54
[INFO] tweaked toml for crates.io crate makepad-zune-inflate 0.2.54 written to /workspace/builds/worker-4-tc2/source/Cargo.toml
[INFO] running `Command { std: CARGO_HOME="/workspace/cargo-home" RUSTUP_HOME="/workspace/rustup-home" "/workspace/cargo-home/bin/cargo" "+nightly-2025-01-18" "generate-lockfile" "--manifest-path" "Cargo.toml", kill_on_drop: false }`
[INFO] [stderr]     Updating crates.io index
[INFO] [stderr]      Locking 1 package to latest compatible version
[INFO] running `Command { std: CARGO_HOME="/workspace/cargo-home" RUSTUP_HOME="/workspace/rustup-home" "/workspace/cargo-home/bin/cargo" "+nightly-2025-01-18" "fetch" "--manifest-path" "Cargo.toml", kill_on_drop: false }`
[INFO] running `Command { std: "docker" "create" "-v" "/var/lib/crater-agent-workspace/builds/worker-4-tc2/target:/opt/rustwide/target:rw,Z" "-v" "/var/lib/crater-agent-workspace/builds/worker-4-tc2/source:/opt/rustwide/workdir:ro,Z" "-v" "/var/lib/crater-agent-workspace/cargo-home:/opt/rustwide/cargo-home:ro,Z" "-v" "/var/lib/crater-agent-workspace/rustup-home:/opt/rustwide/rustup-home:ro,Z" "-e" "SOURCE_DIR=/opt/rustwide/workdir" "-e" "CARGO_TARGET_DIR=/opt/rustwide/target" "-e" "CARGO_HOME=/opt/rustwide/cargo-home" "-e" "RUSTUP_HOME=/opt/rustwide/rustup-home" "-w" "/opt/rustwide/workdir" "-m" "1610612736" "--user" "0:0" "--network" "none" "ghcr.io/rust-lang/crates-build-env/linux@sha256:819108c5571ea2e421544af4d832f968d213c87fbe3707a016657f43d2f853bc" "/opt/rustwide/cargo-home/bin/cargo" "+nightly-2025-01-18" "metadata" "--no-deps" "--format-version=1", kill_on_drop: false }`
[INFO] [stdout] dc4eb1eecb2e904d3bb7908a0a9257b5946714725ed674026ba9fa4594c9b939
[INFO] running `Command { std: "docker" "start" "-a" "dc4eb1eecb2e904d3bb7908a0a9257b5946714725ed674026ba9fa4594c9b939", kill_on_drop: false }`
[INFO] running `Command { std: "docker" "inspect" "dc4eb1eecb2e904d3bb7908a0a9257b5946714725ed674026ba9fa4594c9b939", kill_on_drop: false }`
[INFO] running `Command { std: "docker" "rm" "-f" "dc4eb1eecb2e904d3bb7908a0a9257b5946714725ed674026ba9fa4594c9b939", kill_on_drop: false }`
[INFO] [stdout] dc4eb1eecb2e904d3bb7908a0a9257b5946714725ed674026ba9fa4594c9b939
[INFO] running `Command { std: "docker" "create" "-v" "/var/lib/crater-agent-workspace/builds/worker-4-tc2/target:/opt/rustwide/target:rw,Z" "-v" "/var/lib/crater-agent-workspace/builds/worker-4-tc2/source:/opt/rustwide/workdir:ro,Z" "-v" "/var/lib/crater-agent-workspace/cargo-home:/opt/rustwide/cargo-home:ro,Z" "-v" "/var/lib/crater-agent-workspace/rustup-home:/opt/rustwide/rustup-home:ro,Z" "-e" "SOURCE_DIR=/opt/rustwide/workdir" "-e" "CARGO_TARGET_DIR=/opt/rustwide/target" "-e" "CARGO_INCREMENTAL=0" "-e" "RUST_BACKTRACE=full" "-e" "RUSTFLAGS=--cap-lints=forbid -Zrandomize-layout" "-e" "RUSTDOCFLAGS=--cap-lints=forbid" "-e" "CARGO_HOME=/opt/rustwide/cargo-home" "-e" "RUSTUP_HOME=/opt/rustwide/rustup-home" "-w" "/opt/rustwide/workdir" "-m" "1610612736" "--user" "0:0" "--network" "none" "ghcr.io/rust-lang/crates-build-env/linux@sha256:819108c5571ea2e421544af4d832f968d213c87fbe3707a016657f43d2f853bc" "/opt/rustwide/cargo-home/bin/cargo" "+nightly-2025-01-18" "build" "--frozen" "--message-format=json", kill_on_drop: false }`
[INFO] [stdout] d6a1429bce553f13cc14acb080b943ac28ddc732b600dca9b13101e30ae64faa
[INFO] running `Command { std: "docker" "start" "-a" "d6a1429bce553f13cc14acb080b943ac28ddc732b600dca9b13101e30ae64faa", kill_on_drop: false }`
[INFO] [stderr]    Compiling simd-adler32 v0.3.7
[INFO] [stderr]    Compiling makepad-zune-inflate v0.2.54 (/opt/rustwide/workdir)
[INFO] [stderr]     Finished `dev` profile [unoptimized + debuginfo] target(s) in 0.65s
[INFO] running `Command { std: "docker" "inspect" "d6a1429bce553f13cc14acb080b943ac28ddc732b600dca9b13101e30ae64faa", kill_on_drop: false }`
[INFO] running `Command { std: "docker" "rm" "-f" "d6a1429bce553f13cc14acb080b943ac28ddc732b600dca9b13101e30ae64faa", kill_on_drop: false }`
[INFO] [stdout] d6a1429bce553f13cc14acb080b943ac28ddc732b600dca9b13101e30ae64faa
[INFO] running `Command { std: "docker" "create" "-v" "/var/lib/crater-agent-workspace/builds/worker-4-tc2/target:/opt/rustwide/target:rw,Z" "-v" "/var/lib/crater-agent-workspace/builds/worker-4-tc2/source:/opt/rustwide/workdir:ro,Z" "-v" "/var/lib/crater-agent-workspace/cargo-home:/opt/rustwide/cargo-home:ro,Z" "-v" "/var/lib/crater-agent-workspace/rustup-home:/opt/rustwide/rustup-home:ro,Z" "-e" "SOURCE_DIR=/opt/rustwide/workdir" "-e" "CARGO_TARGET_DIR=/opt/rustwide/target" "-e" "CARGO_INCREMENTAL=0" "-e" "RUST_BACKTRACE=full" "-e" "RUSTFLAGS=--cap-lints=forbid -Zrandomize-layout" "-e" "RUSTDOCFLAGS=--cap-lints=forbid" "-e" "CARGO_HOME=/opt/rustwide/cargo-home" "-e" "RUSTUP_HOME=/opt/rustwide/rustup-home" "-w" "/opt/rustwide/workdir" "-m" "1610612736" "--user" "0:0" "--network" "none" "ghcr.io/rust-lang/crates-build-env/linux@sha256:819108c5571ea2e421544af4d832f968d213c87fbe3707a016657f43d2f853bc" "/opt/rustwide/cargo-home/bin/cargo" "+nightly-2025-01-18" "test" "--frozen" "--no-run" "--message-format=json", kill_on_drop: false }`
[INFO] [stdout] e353c2c323480bd676849439cb0290ca3aa8e558705abde378967b6fe6245e65
[INFO] running `Command { std: "docker" "start" "-a" "e353c2c323480bd676849439cb0290ca3aa8e558705abde378967b6fe6245e65", kill_on_drop: false }`
[INFO] [stderr]    Compiling makepad-zune-inflate v0.2.54 (/opt/rustwide/workdir)
[INFO] [stderr]     Finished `test` profile [unoptimized + debuginfo] target(s) in 0.37s
[INFO] running `Command { std: "docker" "inspect" "e353c2c323480bd676849439cb0290ca3aa8e558705abde378967b6fe6245e65", kill_on_drop: false }`
[INFO] running `Command { std: "docker" "rm" "-f" "e353c2c323480bd676849439cb0290ca3aa8e558705abde378967b6fe6245e65", kill_on_drop: false }`
[INFO] [stdout] e353c2c323480bd676849439cb0290ca3aa8e558705abde378967b6fe6245e65
[INFO] running `Command { std: "docker" "create" "-v" "/var/lib/crater-agent-workspace/builds/worker-4-tc2/target:/opt/rustwide/target:rw,Z" "-v" "/var/lib/crater-agent-workspace/builds/worker-4-tc2/source:/opt/rustwide/workdir:ro,Z" "-v" "/var/lib/crater-agent-workspace/cargo-home:/opt/rustwide/cargo-home:ro,Z" "-v" "/var/lib/crater-agent-workspace/rustup-home:/opt/rustwide/rustup-home:ro,Z" "-e" "SOURCE_DIR=/opt/rustwide/workdir" "-e" "CARGO_TARGET_DIR=/opt/rustwide/target" "-e" "CARGO_INCREMENTAL=0" "-e" "RUST_BACKTRACE=full" "-e" "RUSTFLAGS=--cap-lints=forbid -Zrandomize-layout" "-e" "RUSTDOCFLAGS=--cap-lints=forbid" "-e" "CARGO_HOME=/opt/rustwide/cargo-home" "-e" "RUSTUP_HOME=/opt/rustwide/rustup-home" "-w" "/opt/rustwide/workdir" "-m" "1610612736" "--user" "0:0" "--network" "none" "ghcr.io/rust-lang/crates-build-env/linux@sha256:819108c5571ea2e421544af4d832f968d213c87fbe3707a016657f43d2f853bc" "/opt/rustwide/cargo-home/bin/cargo" "+nightly-2025-01-18" "test" "--frozen", kill_on_drop: false }`
[INFO] [stdout] d75072b631d178008c0fa6fbd42de9773025ec3734d1be1e591bb3ed74cc30ee
[INFO] running `Command { std: "docker" "start" "-a" "d75072b631d178008c0fa6fbd42de9773025ec3734d1be1e591bb3ed74cc30ee", kill_on_drop: false }`
[INFO] [stderr]     Finished `test` profile [unoptimized + debuginfo] target(s) in 0.01s
[INFO] [stderr]      Running unittests src/lib.rs (/opt/rustwide/target/debug/deps/makepad_zune_inflate-a01a5162a336dd3c)
[INFO] [stdout] 
[INFO] [stdout] running 0 tests
[INFO] [stdout] 
[INFO] [stdout] test result: ok. 0 passed; 0 failed; 0 ignored; 0 measured; 0 filtered out; finished in 0.00s
[INFO] [stdout] 
[INFO] [stderr]    Doc-tests makepad_zune_inflate
[INFO] [stdout] 
[INFO] [stdout] running 5 tests
[INFO] [stdout] test src/lib.rs - (line 55) - compile ... FAILED
[INFO] [stdout] test src/decoder.rs - decoder::DeflateDecoder<'a>::decode_deflate (line 525) - compile ... FAILED
[INFO] [stdout] test src/lib.rs - (line 64) - compile ... FAILED
[INFO] [stdout] test src/decoder.rs - decoder::DeflateDecoder<'a>::new_with_options (line 204) - compile ... FAILED
[INFO] [stdout] test src/lib.rs - (line 74) - compile ... FAILED
[INFO] [stdout] 
[INFO] [stdout] failures:
[INFO] [stdout] 
[INFO] [stdout] ---- src/lib.rs - (line 55) stdout ----
[INFO] [stdout] error[E0432]: unresolved import `zune_inflate`
[INFO] [stdout]  --> src/lib.rs:56:5
[INFO] [stdout]   |
[INFO] [stdout] 3 | use zune_inflate::DeflateDecoder;
[INFO] [stdout]   |     ^^^^^^^^^^^^ use of undeclared crate or module `zune_inflate`
[INFO] [stdout] 
[INFO] [stdout] error: aborting due to 1 previous error
[INFO] [stdout] 
[INFO] [stdout] For more information about this error, try `rustc --explain E0432`.
[INFO] [stdout] Couldn't compile the test.
[INFO] [stdout] ---- src/decoder.rs - decoder::DeflateDecoder<'a>::decode_deflate (line 525) stdout ----
[INFO] [stdout] error[E0433]: failed to resolve: use of undeclared crate or module `zune_inflate`
[INFO] [stdout]  --> src/decoder.rs:528:19
[INFO] [stdout]   |
[INFO] [stdout] 5 | let mut decoder = zune_inflate::DeflateDecoder::new(&data);
[INFO] [stdout]   |                   ^^^^^^^^^^^^ use of undeclared crate or module `zune_inflate`
[INFO] [stdout]   |
[INFO] [stdout] help: consider importing this struct
[INFO] [stdout]   |
[INFO] [stdout] 2 + use makepad_zune_inflate::DeflateDecoder;
[INFO] [stdout]   |
[INFO] [stdout] help: if you import `DeflateDecoder`, refer to it directly
[INFO] [stdout]   |
[INFO] [stdout] 5 - let mut decoder = zune_inflate::DeflateDecoder::new(&data);
[INFO] [stdout] 5 + let mut decoder = DeflateDecoder::new(&data);
[INFO] [stdout]   |
[INFO] [stdout] 
[INFO] [stdout] error: aborting due to 1 previous error
[INFO] [stdout] 
[INFO] [stdout] For more information about this error, try `rustc --explain E0433`.
[INFO] [stdout] Couldn't compile the test.
[INFO] [stdout] ---- src/lib.rs - (line 64) stdout ----
[INFO] [stdout] error[E0432]: unresolved import `zune_inflate`
[INFO] [stdout]  --> src/lib.rs:65:5
[INFO] [stdout]   |
[INFO] [stdout] 3 | use zune_inflate::DeflateDecoder;
[INFO] [stdout]   |     ^^^^^^^^^^^^ use of undeclared crate or module `zune_inflate`
[INFO] [stdout] 
[INFO] [stdout] error: aborting due to 1 previous error
[INFO] [stdout] 
[INFO] [stdout] For more information about this error, try `rustc --explain E0432`.
[INFO] [stdout] Couldn't compile the test.
[INFO] [stdout] ---- src/decoder.rs - decoder::DeflateDecoder<'a>::new_with_options (line 204) stdout ----
[INFO] [stdout] error[E0432]: unresolved import `zune_inflate`
[INFO] [stdout]  --> src/decoder.rs:205:5
[INFO] [stdout]   |
[INFO] [stdout] 3 | use zune_inflate::{DeflateDecoder, DeflateOptions};
[INFO] [stdout]   |     ^^^^^^^^^^^^ use of undeclared crate or module `zune_inflate`
[INFO] [stdout] 
[INFO] [stdout] error: aborting due to 1 previous error
[INFO] [stdout] 
[INFO] [stdout] For more information about this error, try `rustc --explain E0432`.
[INFO] [stdout] Couldn't compile the test.
[INFO] [stdout] ---- src/lib.rs - (line 74) stdout ----
[INFO] [stdout] error[E0432]: unresolved import `zune_inflate`
[INFO] [stdout]  --> src/lib.rs:75:5
[INFO] [stdout]   |
[INFO] [stdout] 3 | use zune_inflate::DeflateDecoder;
[INFO] [stdout]   |     ^^^^^^^^^^^^ use of undeclared crate or module `zune_inflate`
[INFO] [stdout] 
[INFO] [stdout] error[E0432]: unresolved import `zune_inflate`
[INFO] [stdout]  --> src/lib.rs:76:5
[INFO] [stdout]   |
[INFO] [stdout] 4 | use zune_inflate::DeflateOptions;
[INFO] [stdout]   |     ^^^^^^^^^^^^ use of undeclared crate or module `zune_inflate`
[INFO] [stdout] 
[INFO] [stdout] error: aborting due to 2 previous errors
[INFO] [stdout] 
[INFO] [stdout] For more information about this error, try `rustc --explain E0432`.
[INFO] [stdout] Couldn't compile the test.
[INFO] [stdout] 
[INFO] [stdout] failures:
[INFO] [stdout]     src/decoder.rs - decoder::DeflateDecoder<'a>::decode_deflate (line 525)
[INFO] [stdout]     src/decoder.rs - decoder::DeflateDecoder<'a>::new_with_options (line 204)
[INFO] [stdout]     src/lib.rs - (line 55)
[INFO] [stdout]     src/lib.rs - (line 64)
[INFO] [stdout]     src/lib.rs - (line 74)
[INFO] [stdout] 
[INFO] [stdout] test result: FAILED. 0 passed; 5 failed; 0 ignored; 0 measured; 0 filtered out; finished in 0.08s
[INFO] [stdout] 
[INFO] [stderr] error: doctest failed, to rerun pass `--doc`
[INFO] running `Command { std: "docker" "inspect" "d75072b631d178008c0fa6fbd42de9773025ec3734d1be1e591bb3ed74cc30ee", kill_on_drop: false }`
[INFO] running `Command { std: "docker" "rm" "-f" "d75072b631d178008c0fa6fbd42de9773025ec3734d1be1e591bb3ed74cc30ee", kill_on_drop: false }`
[INFO] [stdout] d75072b631d178008c0fa6fbd42de9773025ec3734d1be1e591bb3ed74cc30ee
