[INFO] fetching crate m3rs_snippets 0.0.1...
[INFO] testing m3rs_snippets-0.0.1 against nightly-2025-01-18 for randomize-layout-2
[INFO] extracting crate m3rs_snippets 0.0.1 into /workspace/builds/worker-2-tc1/source
[INFO] validating manifest of crates.io crate m3rs_snippets 0.0.1 on toolchain nightly-2025-01-18
[INFO] running `Command { std: CARGO_HOME="/workspace/cargo-home" RUSTUP_HOME="/workspace/rustup-home" "/workspace/cargo-home/bin/cargo" "+nightly-2025-01-18" "metadata" "--manifest-path" "Cargo.toml" "--no-deps", kill_on_drop: false }`
[INFO] started tweaking crates.io crate m3rs_snippets 0.0.1
[INFO] finished tweaking crates.io crate m3rs_snippets 0.0.1
[INFO] tweaked toml for crates.io crate m3rs_snippets 0.0.1 written to /workspace/builds/worker-2-tc1/source/Cargo.toml
[INFO] running `Command { std: CARGO_HOME="/workspace/cargo-home" RUSTUP_HOME="/workspace/rustup-home" "/workspace/cargo-home/bin/cargo" "+nightly-2025-01-18" "generate-lockfile" "--manifest-path" "Cargo.toml", kill_on_drop: false }`
[INFO] [stderr]     Blocking waiting for file lock on package cache
[INFO] [stderr]     Updating crates.io index
[INFO] [stderr]     Blocking waiting for file lock on package cache
[INFO] [stderr]      Locking 5 packages to latest compatible versions
[INFO] [stderr]       Adding prettier-please v0.2.0 (available: v0.3.0)
[INFO] running `Command { std: CARGO_HOME="/workspace/cargo-home" RUSTUP_HOME="/workspace/rustup-home" "/workspace/cargo-home/bin/cargo" "+nightly-2025-01-18" "fetch" "--manifest-path" "Cargo.toml", kill_on_drop: false }`
[INFO] [stderr]     Blocking waiting for file lock on package cache
[INFO] [stderr]  Downloading crates ...
[INFO] [stderr]   Downloaded prettier-please v0.2.0
[INFO] running `Command { std: "docker" "create" "-v" "/var/lib/crater-agent-workspace/builds/worker-2-tc1/target:/opt/rustwide/target:rw,Z" "-v" "/var/lib/crater-agent-workspace/builds/worker-2-tc1/source:/opt/rustwide/workdir:ro,Z" "-v" "/var/lib/crater-agent-workspace/cargo-home:/opt/rustwide/cargo-home:ro,Z" "-v" "/var/lib/crater-agent-workspace/rustup-home:/opt/rustwide/rustup-home:ro,Z" "-e" "SOURCE_DIR=/opt/rustwide/workdir" "-e" "CARGO_TARGET_DIR=/opt/rustwide/target" "-e" "CARGO_HOME=/opt/rustwide/cargo-home" "-e" "RUSTUP_HOME=/opt/rustwide/rustup-home" "-w" "/opt/rustwide/workdir" "-m" "1610612736" "--user" "0:0" "--network" "none" "ghcr.io/rust-lang/crates-build-env/linux@sha256:819108c5571ea2e421544af4d832f968d213c87fbe3707a016657f43d2f853bc" "/opt/rustwide/cargo-home/bin/cargo" "+nightly-2025-01-18" "metadata" "--no-deps" "--format-version=1", kill_on_drop: false }`
[INFO] [stdout] bd41113d0367e9756ac0e9d1490499ea0b24a07305bbb655682d4fc485b94d9e
[INFO] running `Command { std: "docker" "start" "-a" "bd41113d0367e9756ac0e9d1490499ea0b24a07305bbb655682d4fc485b94d9e", kill_on_drop: false }`
[INFO] running `Command { std: "docker" "inspect" "bd41113d0367e9756ac0e9d1490499ea0b24a07305bbb655682d4fc485b94d9e", kill_on_drop: false }`
[INFO] running `Command { std: "docker" "rm" "-f" "bd41113d0367e9756ac0e9d1490499ea0b24a07305bbb655682d4fc485b94d9e", kill_on_drop: false }`
[INFO] [stdout] bd41113d0367e9756ac0e9d1490499ea0b24a07305bbb655682d4fc485b94d9e
[INFO] running `Command { std: "docker" "create" "-v" "/var/lib/crater-agent-workspace/builds/worker-2-tc1/target:/opt/rustwide/target:rw,Z" "-v" "/var/lib/crater-agent-workspace/builds/worker-2-tc1/source:/opt/rustwide/workdir:ro,Z" "-v" "/var/lib/crater-agent-workspace/cargo-home:/opt/rustwide/cargo-home:ro,Z" "-v" "/var/lib/crater-agent-workspace/rustup-home:/opt/rustwide/rustup-home:ro,Z" "-e" "SOURCE_DIR=/opt/rustwide/workdir" "-e" "CARGO_TARGET_DIR=/opt/rustwide/target" "-e" "CARGO_INCREMENTAL=0" "-e" "RUST_BACKTRACE=full" "-e" "RUSTFLAGS=--cap-lints=forbid" "-e" "RUSTDOCFLAGS=--cap-lints=forbid" "-e" "CARGO_HOME=/opt/rustwide/cargo-home" "-e" "RUSTUP_HOME=/opt/rustwide/rustup-home" "-w" "/opt/rustwide/workdir" "-m" "1610612736" "--user" "0:0" "--network" "none" "ghcr.io/rust-lang/crates-build-env/linux@sha256:819108c5571ea2e421544af4d832f968d213c87fbe3707a016657f43d2f853bc" "/opt/rustwide/cargo-home/bin/cargo" "+nightly-2025-01-18" "build" "--frozen" "--message-format=json", kill_on_drop: false }`
[INFO] [stdout] be181a739a2a02b1045b78c0b684c92fa09a3310856cc54792be33eb0f2ba224
[INFO] running `Command { std: "docker" "start" "-a" "be181a739a2a02b1045b78c0b684c92fa09a3310856cc54792be33eb0f2ba224", kill_on_drop: false }`
[INFO] [stderr]    Compiling proc-macro2 v1.0.93
[INFO] [stderr]    Compiling prettier-please v0.2.0
[INFO] [stderr]    Compiling quote v1.0.38
[INFO] [stderr]    Compiling syn v2.0.96
[INFO] [stderr]    Compiling m3rs_snippets v0.0.1 (/opt/rustwide/workdir)
[INFO] [stderr]     Finished `dev` profile [unoptimized + debuginfo] target(s) in 5.46s
[INFO] running `Command { std: "docker" "inspect" "be181a739a2a02b1045b78c0b684c92fa09a3310856cc54792be33eb0f2ba224", kill_on_drop: false }`
[INFO] running `Command { std: "docker" "rm" "-f" "be181a739a2a02b1045b78c0b684c92fa09a3310856cc54792be33eb0f2ba224", kill_on_drop: false }`
[INFO] [stdout] be181a739a2a02b1045b78c0b684c92fa09a3310856cc54792be33eb0f2ba224
[INFO] running `Command { std: "docker" "create" "-v" "/var/lib/crater-agent-workspace/builds/worker-2-tc1/target:/opt/rustwide/target:rw,Z" "-v" "/var/lib/crater-agent-workspace/builds/worker-2-tc1/source:/opt/rustwide/workdir:ro,Z" "-v" "/var/lib/crater-agent-workspace/cargo-home:/opt/rustwide/cargo-home:ro,Z" "-v" "/var/lib/crater-agent-workspace/rustup-home:/opt/rustwide/rustup-home:ro,Z" "-e" "SOURCE_DIR=/opt/rustwide/workdir" "-e" "CARGO_TARGET_DIR=/opt/rustwide/target" "-e" "CARGO_INCREMENTAL=0" "-e" "RUST_BACKTRACE=full" "-e" "RUSTFLAGS=--cap-lints=forbid" "-e" "RUSTDOCFLAGS=--cap-lints=forbid" "-e" "CARGO_HOME=/opt/rustwide/cargo-home" "-e" "RUSTUP_HOME=/opt/rustwide/rustup-home" "-w" "/opt/rustwide/workdir" "-m" "1610612736" "--user" "0:0" "--network" "none" "ghcr.io/rust-lang/crates-build-env/linux@sha256:819108c5571ea2e421544af4d832f968d213c87fbe3707a016657f43d2f853bc" "/opt/rustwide/cargo-home/bin/cargo" "+nightly-2025-01-18" "test" "--frozen" "--no-run" "--message-format=json", kill_on_drop: false }`
[INFO] [stdout] ecfe80ecae8b806388ce11b0dc4ae3c386d8a957ec307cf82d6a19513c9beddb
[INFO] running `Command { std: "docker" "start" "-a" "ecfe80ecae8b806388ce11b0dc4ae3c386d8a957ec307cf82d6a19513c9beddb", kill_on_drop: false }`
[INFO] [stderr]    Compiling m3rs_snippets v0.0.1 (/opt/rustwide/workdir)
[INFO] [stderr]     Finished `test` profile [unoptimized + debuginfo] target(s) in 0.46s
[INFO] running `Command { std: "docker" "inspect" "ecfe80ecae8b806388ce11b0dc4ae3c386d8a957ec307cf82d6a19513c9beddb", kill_on_drop: false }`
[INFO] running `Command { std: "docker" "rm" "-f" "ecfe80ecae8b806388ce11b0dc4ae3c386d8a957ec307cf82d6a19513c9beddb", kill_on_drop: false }`
[INFO] [stdout] ecfe80ecae8b806388ce11b0dc4ae3c386d8a957ec307cf82d6a19513c9beddb
[INFO] running `Command { std: "docker" "create" "-v" "/var/lib/crater-agent-workspace/builds/worker-2-tc1/target:/opt/rustwide/target:rw,Z" "-v" "/var/lib/crater-agent-workspace/builds/worker-2-tc1/source:/opt/rustwide/workdir:ro,Z" "-v" "/var/lib/crater-agent-workspace/cargo-home:/opt/rustwide/cargo-home:ro,Z" "-v" "/var/lib/crater-agent-workspace/rustup-home:/opt/rustwide/rustup-home:ro,Z" "-e" "SOURCE_DIR=/opt/rustwide/workdir" "-e" "CARGO_TARGET_DIR=/opt/rustwide/target" "-e" "CARGO_INCREMENTAL=0" "-e" "RUST_BACKTRACE=full" "-e" "RUSTFLAGS=--cap-lints=forbid" "-e" "RUSTDOCFLAGS=--cap-lints=forbid" "-e" "CARGO_HOME=/opt/rustwide/cargo-home" "-e" "RUSTUP_HOME=/opt/rustwide/rustup-home" "-w" "/opt/rustwide/workdir" "-m" "1610612736" "--user" "0:0" "--network" "none" "ghcr.io/rust-lang/crates-build-env/linux@sha256:819108c5571ea2e421544af4d832f968d213c87fbe3707a016657f43d2f853bc" "/opt/rustwide/cargo-home/bin/cargo" "+nightly-2025-01-18" "test" "--frozen", kill_on_drop: false }`
[INFO] [stdout] 6593226b6c779c575df4efb7dd50d09f8fb59363232a2413d24c1ddb123172d6
[INFO] running `Command { std: "docker" "start" "-a" "6593226b6c779c575df4efb7dd50d09f8fb59363232a2413d24c1ddb123172d6", kill_on_drop: false }`
[INFO] [stderr]     Finished `test` profile [unoptimized + debuginfo] target(s) in 0.03s
[INFO] [stderr]      Running unittests src/lib.rs (/opt/rustwide/target/debug/deps/m3rs_snippets-aaf9dd83de4ee550)
[INFO] [stderr]    Doc-tests m3rs_snippets
[INFO] [stdout] 
[INFO] [stdout] running 0 tests
[INFO] [stdout] 
[INFO] [stdout] test result: ok. 0 passed; 0 failed; 0 ignored; 0 measured; 0 filtered out; finished in 0.00s
[INFO] [stdout] 
[INFO] [stdout] 
[INFO] [stdout] running 1 test
[INFO] [stdout] test src/lib.rs - snippet (line 8) ... FAILED
[INFO] [stdout] 
[INFO] [stdout] failures:
[INFO] [stdout] 
[INFO] [stdout] ---- src/lib.rs - snippet (line 8) stdout ----
[INFO] [stdout] error: cannot find attribute `snippet` in this scope
[INFO] [stdout]  --> src/lib.rs:9:3
[INFO] [stdout]   |
[INFO] [stdout] 2 | #[snippet]
[INFO] [stdout]   |   ^^^^^^^
[INFO] [stdout]   |
[INFO] [stdout] help: consider importing this attribute macro
[INFO] [stdout]   |
[INFO] [stdout] 2 + use m3rs_snippets::snippet;
[INFO] [stdout]   |
[INFO] [stdout] 
[INFO] [stdout] error[E0425]: cannot find function `example_snippet` in this scope
[INFO] [stdout]   --> src/lib.rs:18:16
[INFO] [stdout]    |
[INFO] [stdout] 11 |     let code = example_snippet();
[INFO] [stdout]    |                ^^^^^^^^^^^^^^^ not found in this scope
[INFO] [stdout] 
[INFO] [stdout] error[E0433]: failed to resolve: use of undeclared crate or module `web_sys`
[INFO] [stdout]  --> src/lib.rs:10:21
[INFO] [stdout]   |
[INFO] [stdout] 3 | pub fn example() -> web_sys::HtmlElement {
[INFO] [stdout]   |                     ^^^^^^^ use of undeclared crate or module `web_sys`
[INFO] [stdout] 
[INFO] [stdout] error: aborting due to 3 previous errors
[INFO] [stdout] 
[INFO] [stdout] Some errors have detailed explanations: E0425, E0433.
[INFO] [stdout] For more information about an error, try `rustc --explain E0425`.
[INFO] [stdout] Couldn't compile the test.
[INFO] [stdout] 
[INFO] [stdout] failures:
[INFO] [stdout]     src/lib.rs - snippet (line 8)
[INFO] [stdout] 
[INFO] [stdout] test result: FAILED. 0 passed; 1 failed; 0 ignored; 0 measured; 0 filtered out; finished in 0.14s
[INFO] [stdout] 
[INFO] [stderr] error: doctest failed, to rerun pass `--doc`
[INFO] running `Command { std: "docker" "inspect" "6593226b6c779c575df4efb7dd50d09f8fb59363232a2413d24c1ddb123172d6", kill_on_drop: false }`
[INFO] running `Command { std: "docker" "rm" "-f" "6593226b6c779c575df4efb7dd50d09f8fb59363232a2413d24c1ddb123172d6", kill_on_drop: false }`
[INFO] [stdout] 6593226b6c779c575df4efb7dd50d09f8fb59363232a2413d24c1ddb123172d6
