[INFO] fetching crate lua_semantics 0.8.0...
[INFO] testing lua_semantics-0.8.0 against nightly-2025-01-18 for randomize-layout-2
[INFO] extracting crate lua_semantics 0.8.0 into /workspace/builds/worker-1-tc1/source
[INFO] validating manifest of crates.io crate lua_semantics 0.8.0 on toolchain nightly-2025-01-18
[INFO] running `Command { std: CARGO_HOME="/workspace/cargo-home" RUSTUP_HOME="/workspace/rustup-home" "/workspace/cargo-home/bin/cargo" "+nightly-2025-01-18" "metadata" "--manifest-path" "Cargo.toml" "--no-deps", kill_on_drop: false }`
[INFO] started tweaking crates.io crate lua_semantics 0.8.0
[INFO] finished tweaking crates.io crate lua_semantics 0.8.0
[INFO] tweaked toml for crates.io crate lua_semantics 0.8.0 written to /workspace/builds/worker-1-tc1/source/Cargo.toml
[INFO] running `Command { std: CARGO_HOME="/workspace/cargo-home" RUSTUP_HOME="/workspace/rustup-home" "/workspace/cargo-home/bin/cargo" "+nightly-2025-01-18" "generate-lockfile" "--manifest-path" "Cargo.toml", kill_on_drop: false }`
[INFO] [stderr]     Updating crates.io index
[INFO] [stderr]      Locking 25 packages to latest compatible versions
[INFO] running `Command { std: CARGO_HOME="/workspace/cargo-home" RUSTUP_HOME="/workspace/rustup-home" "/workspace/cargo-home/bin/cargo" "+nightly-2025-01-18" "fetch" "--manifest-path" "Cargo.toml", kill_on_drop: false }`
[INFO] [stderr]  Downloading crates ...
[INFO] [stderr]   Downloaded lua_tokenizer v0.4.0
[INFO] [stderr]   Downloaded rusty_lr_derive v2.4.1
[INFO] [stderr]   Downloaded rusty_lr_buildscript v0.22.1
[INFO] [stderr]   Downloaded rusty_lr_core v3.4.2
[INFO] [stderr]   Downloaded rusty_lr v3.3.1
[INFO] [stderr]   Downloaded lua_parser v0.9.1
[INFO] [stderr]   Downloaded rusty_lr_parser v3.25.1
[INFO] running `Command { std: "docker" "create" "-v" "/var/lib/crater-agent-workspace/builds/worker-1-tc1/target:/opt/rustwide/target:rw,Z" "-v" "/var/lib/crater-agent-workspace/builds/worker-1-tc1/source:/opt/rustwide/workdir:ro,Z" "-v" "/var/lib/crater-agent-workspace/cargo-home:/opt/rustwide/cargo-home:ro,Z" "-v" "/var/lib/crater-agent-workspace/rustup-home:/opt/rustwide/rustup-home:ro,Z" "-e" "SOURCE_DIR=/opt/rustwide/workdir" "-e" "CARGO_TARGET_DIR=/opt/rustwide/target" "-e" "CARGO_HOME=/opt/rustwide/cargo-home" "-e" "RUSTUP_HOME=/opt/rustwide/rustup-home" "-w" "/opt/rustwide/workdir" "-m" "1610612736" "--user" "0:0" "--network" "none" "ghcr.io/rust-lang/crates-build-env/linux@sha256:819108c5571ea2e421544af4d832f968d213c87fbe3707a016657f43d2f853bc" "/opt/rustwide/cargo-home/bin/cargo" "+nightly-2025-01-18" "metadata" "--no-deps" "--format-version=1", kill_on_drop: false }`
[INFO] [stdout] ebb6cd140723570017cf90ded405f670f1c72eaca746fbb767824f9438f2270b
[INFO] running `Command { std: "docker" "start" "-a" "ebb6cd140723570017cf90ded405f670f1c72eaca746fbb767824f9438f2270b", kill_on_drop: false }`
[INFO] running `Command { std: "docker" "inspect" "ebb6cd140723570017cf90ded405f670f1c72eaca746fbb767824f9438f2270b", kill_on_drop: false }`
[INFO] running `Command { std: "docker" "rm" "-f" "ebb6cd140723570017cf90ded405f670f1c72eaca746fbb767824f9438f2270b", kill_on_drop: false }`
[INFO] [stdout] ebb6cd140723570017cf90ded405f670f1c72eaca746fbb767824f9438f2270b
[INFO] running `Command { std: "docker" "create" "-v" "/var/lib/crater-agent-workspace/builds/worker-1-tc1/target:/opt/rustwide/target:rw,Z" "-v" "/var/lib/crater-agent-workspace/builds/worker-1-tc1/source:/opt/rustwide/workdir:ro,Z" "-v" "/var/lib/crater-agent-workspace/cargo-home:/opt/rustwide/cargo-home:ro,Z" "-v" "/var/lib/crater-agent-workspace/rustup-home:/opt/rustwide/rustup-home:ro,Z" "-e" "SOURCE_DIR=/opt/rustwide/workdir" "-e" "CARGO_TARGET_DIR=/opt/rustwide/target" "-e" "CARGO_INCREMENTAL=0" "-e" "RUST_BACKTRACE=full" "-e" "RUSTFLAGS=--cap-lints=forbid" "-e" "RUSTDOCFLAGS=--cap-lints=forbid" "-e" "CARGO_HOME=/opt/rustwide/cargo-home" "-e" "RUSTUP_HOME=/opt/rustwide/rustup-home" "-w" "/opt/rustwide/workdir" "-m" "1610612736" "--user" "0:0" "--network" "none" "ghcr.io/rust-lang/crates-build-env/linux@sha256:819108c5571ea2e421544af4d832f968d213c87fbe3707a016657f43d2f853bc" "/opt/rustwide/cargo-home/bin/cargo" "+nightly-2025-01-18" "build" "--frozen" "--message-format=json", kill_on_drop: false }`
[INFO] [stdout] 0aa1728e8bbd20e797fd07a69e9953923218d37ba5642713f9f0adfe8f621ec2
[INFO] running `Command { std: "docker" "start" "-a" "0aa1728e8bbd20e797fd07a69e9953923218d37ba5642713f9f0adfe8f621ec2", kill_on_drop: false }`
[INFO] [stderr]    Compiling proc-macro2 v1.0.93
[INFO] [stderr]    Compiling unicode-ident v1.0.14
[INFO] [stderr]    Compiling rustc-hash v2.1.0
[INFO] [stderr]    Compiling unicode-width v0.1.14
[INFO] [stderr]    Compiling termcolor v1.4.1
[INFO] [stderr]    Compiling lua_tokenizer v0.4.0
[INFO] [stderr]    Compiling rusty_lr_core v3.4.2
[INFO] [stderr]    Compiling codespan-reporting v0.11.1
[INFO] [stderr]    Compiling quote v1.0.38
[INFO] [stderr]    Compiling rusty_lr_parser v3.25.1
[INFO] [stderr]    Compiling rusty_lr_buildscript v0.22.1
[INFO] [stderr]    Compiling rusty_lr_derive v2.4.1
[INFO] [stderr]    Compiling rusty_lr v3.3.1
[INFO] [stderr]    Compiling lua_parser v0.9.1
[INFO] [stderr]    Compiling lua_semantics v0.8.0 (/opt/rustwide/workdir)
[INFO] [stderr]     Finished `dev` profile [unoptimized + debuginfo] target(s) in 13.07s
[INFO] running `Command { std: "docker" "inspect" "0aa1728e8bbd20e797fd07a69e9953923218d37ba5642713f9f0adfe8f621ec2", kill_on_drop: false }`
[INFO] running `Command { std: "docker" "rm" "-f" "0aa1728e8bbd20e797fd07a69e9953923218d37ba5642713f9f0adfe8f621ec2", kill_on_drop: false }`
[INFO] [stdout] 0aa1728e8bbd20e797fd07a69e9953923218d37ba5642713f9f0adfe8f621ec2
[INFO] running `Command { std: "docker" "create" "-v" "/var/lib/crater-agent-workspace/builds/worker-1-tc1/target:/opt/rustwide/target:rw,Z" "-v" "/var/lib/crater-agent-workspace/builds/worker-1-tc1/source:/opt/rustwide/workdir:ro,Z" "-v" "/var/lib/crater-agent-workspace/cargo-home:/opt/rustwide/cargo-home:ro,Z" "-v" "/var/lib/crater-agent-workspace/rustup-home:/opt/rustwide/rustup-home:ro,Z" "-e" "SOURCE_DIR=/opt/rustwide/workdir" "-e" "CARGO_TARGET_DIR=/opt/rustwide/target" "-e" "CARGO_INCREMENTAL=0" "-e" "RUST_BACKTRACE=full" "-e" "RUSTFLAGS=--cap-lints=forbid" "-e" "RUSTDOCFLAGS=--cap-lints=forbid" "-e" "CARGO_HOME=/opt/rustwide/cargo-home" "-e" "RUSTUP_HOME=/opt/rustwide/rustup-home" "-w" "/opt/rustwide/workdir" "-m" "1610612736" "--user" "0:0" "--network" "none" "ghcr.io/rust-lang/crates-build-env/linux@sha256:819108c5571ea2e421544af4d832f968d213c87fbe3707a016657f43d2f853bc" "/opt/rustwide/cargo-home/bin/cargo" "+nightly-2025-01-18" "test" "--frozen" "--no-run" "--message-format=json", kill_on_drop: false }`
[INFO] [stdout] 023e3f1647f28e643f63bbef77c4d72ae0001e574010414035f24d45bfdc023e
[INFO] running `Command { std: "docker" "start" "-a" "023e3f1647f28e643f63bbef77c4d72ae0001e574010414035f24d45bfdc023e", kill_on_drop: false }`
[INFO] [stderr]    Compiling lua_semantics v0.8.0 (/opt/rustwide/workdir)
[INFO] [stderr]     Finished `test` profile [unoptimized + debuginfo] target(s) in 0.59s
[INFO] running `Command { std: "docker" "inspect" "023e3f1647f28e643f63bbef77c4d72ae0001e574010414035f24d45bfdc023e", kill_on_drop: false }`
[INFO] running `Command { std: "docker" "rm" "-f" "023e3f1647f28e643f63bbef77c4d72ae0001e574010414035f24d45bfdc023e", kill_on_drop: false }`
[INFO] [stdout] 023e3f1647f28e643f63bbef77c4d72ae0001e574010414035f24d45bfdc023e
[INFO] running `Command { std: "docker" "create" "-v" "/var/lib/crater-agent-workspace/builds/worker-1-tc1/target:/opt/rustwide/target:rw,Z" "-v" "/var/lib/crater-agent-workspace/builds/worker-1-tc1/source:/opt/rustwide/workdir:ro,Z" "-v" "/var/lib/crater-agent-workspace/cargo-home:/opt/rustwide/cargo-home:ro,Z" "-v" "/var/lib/crater-agent-workspace/rustup-home:/opt/rustwide/rustup-home:ro,Z" "-e" "SOURCE_DIR=/opt/rustwide/workdir" "-e" "CARGO_TARGET_DIR=/opt/rustwide/target" "-e" "CARGO_INCREMENTAL=0" "-e" "RUST_BACKTRACE=full" "-e" "RUSTFLAGS=--cap-lints=forbid" "-e" "RUSTDOCFLAGS=--cap-lints=forbid" "-e" "CARGO_HOME=/opt/rustwide/cargo-home" "-e" "RUSTUP_HOME=/opt/rustwide/rustup-home" "-w" "/opt/rustwide/workdir" "-m" "1610612736" "--user" "0:0" "--network" "none" "ghcr.io/rust-lang/crates-build-env/linux@sha256:819108c5571ea2e421544af4d832f968d213c87fbe3707a016657f43d2f853bc" "/opt/rustwide/cargo-home/bin/cargo" "+nightly-2025-01-18" "test" "--frozen", kill_on_drop: false }`
[INFO] [stdout] b735b7387f0eeb8b3dc7a5cd2697c85314fdab075846d634cb5e836874cae622
[INFO] running `Command { std: "docker" "start" "-a" "b735b7387f0eeb8b3dc7a5cd2697c85314fdab075846d634cb5e836874cae622", kill_on_drop: false }`
[INFO] [stderr]     Finished `test` profile [unoptimized + debuginfo] target(s) in 0.04s
[INFO] [stderr]      Running unittests src/lib.rs (/opt/rustwide/target/debug/deps/lua_semantics-d0642eceb04033fc)
[INFO] [stdout] 
[INFO] [stdout] running 0 tests
[INFO] [stdout] 
[INFO] [stdout] test result: ok. 0 passed; 0 failed; 0 ignored; 0 measured; 0 filtered out; finished in 0.00s
[INFO] [stdout] 
[INFO] [stderr]    Doc-tests lua_semantics
[INFO] [stdout] 
[INFO] [stdout] running 1 test
[INFO] [stdout] test src/lib.rs - (line 1) ... FAILED
[INFO] [stdout] 
[INFO] [stdout] failures:
[INFO] [stdout] 
[INFO] [stdout] ---- src/lib.rs - (line 1) stdout ----
[INFO] [stdout] error: unexpected token: `...`
[INFO] [stdout]  --> src/lib.rs:4:36
[INFO] [stdout]   |
[INFO] [stdout] 6 | let block = lua_parser::parse_str( ... )?;
[INFO] [stdout]   |                                    ^^^
[INFO] [stdout]   |
[INFO] [stdout] help: use `..` for an exclusive range
[INFO] [stdout]   |
[INFO] [stdout] 6 | let block = lua_parser::parse_str( .. )?;
[INFO] [stdout]   |                                    ~~
[INFO] [stdout] help: or `..=` for an inclusive range
[INFO] [stdout]   |
[INFO] [stdout] 6 | let block = lua_parser::parse_str( ..= )?;
[INFO] [stdout]   |                                    ~~~
[INFO] [stdout] 
[INFO] [stdout] error[E0586]: inclusive range with no end
[INFO] [stdout]  --> src/lib.rs:4:36
[INFO] [stdout]   |
[INFO] [stdout] 6 | let block = lua_parser::parse_str( ... )?;
[INFO] [stdout]   |                                    ^^^
[INFO] [stdout]   |
[INFO] [stdout]   = note: inclusive ranges must be bounded at the end (`..=b` or `a..=b`)
[INFO] [stdout] help: use `..` instead
[INFO] [stdout]   |
[INFO] [stdout] 6 - let block = lua_parser::parse_str( ... )?;
[INFO] [stdout] 6 + let block = lua_parser::parse_str( .. )?;
[INFO] [stdout]   |
[INFO] [stdout] 
[INFO] [stdout] error[E0277]: the `?` operator can only be used in a function that returns `Result` or `Option` (or another type that implements `FromResidual`)
[INFO] [stdout]  --> src/lib.rs:4:41
[INFO] [stdout]   |
[INFO] [stdout] 5 | fn main() { #[allow(non_snake_case)] fn _doctest_main_src_lib_rs_1_0() {
[INFO] [stdout]   |                                      --------------------------------- this function should return `Result` or `Option` to accept `?`
[INFO] [stdout] 6 | let block = lua_parser::parse_str( ... )?;
[INFO] [stdout]   |                                         ^ cannot use the `?` operator in a function that returns `()`
[INFO] [stdout]   |
[INFO] [stdout]   = help: the trait `FromResidual<Result<Infallible, ParseError>>` is not implemented for `()`
[INFO] [stdout] help: consider adding return type
[INFO] [stdout]   |
[INFO] [stdout] 5 ~ fn main() { #[allow(non_snake_case)] fn _doctest_main_src_lib_rs_1_0() -> Result<(), Box<dyn std::error::Error>> {
[INFO] [stdout] 6 | let block = lua_parser::parse_str( ... )?;
[INFO] [stdout] ...
[INFO] [stdout] 9 | let enhanced_ast = lua_semantics::process(block)?;
[INFO] [stdout] 10+     Ok(())
[INFO] [stdout]   |
[INFO] [stdout] 
[INFO] [stdout] error[E0277]: the `?` operator can only be used in a function that returns `Result` or `Option` (or another type that implements `FromResidual`)
[INFO] [stdout]  --> src/lib.rs:7:49
[INFO] [stdout]   |
[INFO] [stdout] 5 | fn main() { #[allow(non_snake_case)] fn _doctest_main_src_lib_rs_1_0() {
[INFO] [stdout]   |                                      --------------------------------- this function should return `Result` or `Option` to accept `?`
[INFO] [stdout] ...
[INFO] [stdout] 9 | let enhanced_ast = lua_semantics::process(block)?;
[INFO] [stdout]   |                                                 ^ cannot use the `?` operator in a function that returns `()`
[INFO] [stdout]   |
[INFO] [stdout]   = help: the trait `FromResidual<Result<Infallible, ProcessError>>` is not implemented for `()`
[INFO] [stdout] help: consider adding return type
[INFO] [stdout]   |
[INFO] [stdout] 5 ~ fn main() { #[allow(non_snake_case)] fn _doctest_main_src_lib_rs_1_0() -> Result<(), Box<dyn std::error::Error>> {
[INFO] [stdout] 6 | let block = lua_parser::parse_str( ... )?;
[INFO] [stdout] ...
[INFO] [stdout] 9 | let enhanced_ast = lua_semantics::process(block)?;
[INFO] [stdout] 10+     Ok(())
[INFO] [stdout]   |
[INFO] [stdout] 
[INFO] [stdout] error: aborting due to 4 previous errors
[INFO] [stdout] 
[INFO] [stdout] Some errors have detailed explanations: E0277, E0586.
[INFO] [stdout] For more information about an error, try `rustc --explain E0277`.
[INFO] [stdout] Couldn't compile the test.
[INFO] [stdout] 
[INFO] [stdout] failures:
[INFO] [stdout]     src/lib.rs - (line 1)
[INFO] [stdout] 
[INFO] [stdout] test result: FAILED. 0 passed; 1 failed; 0 ignored; 0 measured; 0 filtered out; finished in 0.07s
[INFO] [stdout] 
[INFO] [stderr] error: doctest failed, to rerun pass `--doc`
[INFO] running `Command { std: "docker" "inspect" "b735b7387f0eeb8b3dc7a5cd2697c85314fdab075846d634cb5e836874cae622", kill_on_drop: false }`
[INFO] running `Command { std: "docker" "rm" "-f" "b735b7387f0eeb8b3dc7a5cd2697c85314fdab075846d634cb5e836874cae622", kill_on_drop: false }`
[INFO] [stdout] b735b7387f0eeb8b3dc7a5cd2697c85314fdab075846d634cb5e836874cae622
