[INFO] fetching crate lssg-lib 0.1.0...
[INFO] testing lssg-lib-0.1.0 against nightly-2025-01-18 for randomize-layout-2
[INFO] extracting crate lssg-lib 0.1.0 into /workspace/builds/worker-5-tc1/source
[INFO] validating manifest of crates.io crate lssg-lib 0.1.0 on toolchain nightly-2025-01-18
[INFO] running `Command { std: CARGO_HOME="/workspace/cargo-home" RUSTUP_HOME="/workspace/rustup-home" "/workspace/cargo-home/bin/cargo" "+nightly-2025-01-18" "metadata" "--manifest-path" "Cargo.toml" "--no-deps", kill_on_drop: false }`
[INFO] started tweaking crates.io crate lssg-lib 0.1.0
[INFO] finished tweaking crates.io crate lssg-lib 0.1.0
[INFO] tweaked toml for crates.io crate lssg-lib 0.1.0 written to /workspace/builds/worker-5-tc1/source/Cargo.toml
[INFO] running `Command { std: CARGO_HOME="/workspace/cargo-home" RUSTUP_HOME="/workspace/rustup-home" "/workspace/cargo-home/bin/cargo" "+nightly-2025-01-18" "generate-lockfile" "--manifest-path" "Cargo.toml", kill_on_drop: false }`
[INFO] [stderr]     Blocking waiting for file lock on package cache
[INFO] [stderr]     Updating crates.io index
[INFO] [stderr]      Locking 173 packages to latest compatible versions
[INFO] [stderr]       Adding reqwest v0.11.27 (available: v0.12.12)
[INFO] running `Command { std: CARGO_HOME="/workspace/cargo-home" RUSTUP_HOME="/workspace/rustup-home" "/workspace/cargo-home/bin/cargo" "+nightly-2025-01-18" "fetch" "--manifest-path" "Cargo.toml", kill_on_drop: false }`
[INFO] [stderr]  Downloading crates ...
[INFO] [stderr]   Downloaded serde-extensions-derive v0.1.0
[INFO] [stderr]   Downloaded serde-extensions v0.1.1
[INFO] running `Command { std: "docker" "create" "-v" "/var/lib/crater-agent-workspace/builds/worker-5-tc1/target:/opt/rustwide/target:rw,Z" "-v" "/var/lib/crater-agent-workspace/builds/worker-5-tc1/source:/opt/rustwide/workdir:ro,Z" "-v" "/var/lib/crater-agent-workspace/cargo-home:/opt/rustwide/cargo-home:ro,Z" "-v" "/var/lib/crater-agent-workspace/rustup-home:/opt/rustwide/rustup-home:ro,Z" "-e" "SOURCE_DIR=/opt/rustwide/workdir" "-e" "CARGO_TARGET_DIR=/opt/rustwide/target" "-e" "CARGO_HOME=/opt/rustwide/cargo-home" "-e" "RUSTUP_HOME=/opt/rustwide/rustup-home" "-w" "/opt/rustwide/workdir" "-m" "1610612736" "--user" "0:0" "--network" "none" "ghcr.io/rust-lang/crates-build-env/linux@sha256:819108c5571ea2e421544af4d832f968d213c87fbe3707a016657f43d2f853bc" "/opt/rustwide/cargo-home/bin/cargo" "+nightly-2025-01-18" "metadata" "--no-deps" "--format-version=1", kill_on_drop: false }`
[INFO] [stdout] f52542a19ee4642559231d0d3166b6fc008e14b96568c9964cf701e32e86e870
[INFO] running `Command { std: "docker" "start" "-a" "f52542a19ee4642559231d0d3166b6fc008e14b96568c9964cf701e32e86e870", kill_on_drop: false }`
[INFO] running `Command { std: "docker" "inspect" "f52542a19ee4642559231d0d3166b6fc008e14b96568c9964cf701e32e86e870", kill_on_drop: false }`
[INFO] running `Command { std: "docker" "rm" "-f" "f52542a19ee4642559231d0d3166b6fc008e14b96568c9964cf701e32e86e870", kill_on_drop: false }`
[INFO] [stdout] f52542a19ee4642559231d0d3166b6fc008e14b96568c9964cf701e32e86e870
[INFO] running `Command { std: "docker" "create" "-v" "/var/lib/crater-agent-workspace/builds/worker-5-tc1/target:/opt/rustwide/target:rw,Z" "-v" "/var/lib/crater-agent-workspace/builds/worker-5-tc1/source:/opt/rustwide/workdir:ro,Z" "-v" "/var/lib/crater-agent-workspace/cargo-home:/opt/rustwide/cargo-home:ro,Z" "-v" "/var/lib/crater-agent-workspace/rustup-home:/opt/rustwide/rustup-home:ro,Z" "-e" "SOURCE_DIR=/opt/rustwide/workdir" "-e" "CARGO_TARGET_DIR=/opt/rustwide/target" "-e" "CARGO_INCREMENTAL=0" "-e" "RUST_BACKTRACE=full" "-e" "RUSTFLAGS=--cap-lints=forbid" "-e" "RUSTDOCFLAGS=--cap-lints=forbid" "-e" "CARGO_HOME=/opt/rustwide/cargo-home" "-e" "RUSTUP_HOME=/opt/rustwide/rustup-home" "-w" "/opt/rustwide/workdir" "-m" "1610612736" "--user" "0:0" "--network" "none" "ghcr.io/rust-lang/crates-build-env/linux@sha256:819108c5571ea2e421544af4d832f968d213c87fbe3707a016657f43d2f853bc" "/opt/rustwide/cargo-home/bin/cargo" "+nightly-2025-01-18" "build" "--frozen" "--message-format=json", kill_on_drop: false }`
[INFO] [stdout] 0457a42ed436dc5cee132f0ff5485570935a067fbad334b0ba94f5e94c9962b5
[INFO] running `Command { std: "docker" "start" "-a" "0457a42ed436dc5cee132f0ff5485570935a067fbad334b0ba94f5e94c9962b5", kill_on_drop: false }`
[INFO] [stderr]    Compiling proc-macro2 v1.0.93
[INFO] [stderr]    Compiling unicode-ident v1.0.14
[INFO] [stderr]    Compiling libc v0.2.169
[INFO] [stderr]    Compiling stable_deref_trait v1.2.0
[INFO] [stderr]    Compiling autocfg v1.4.0
[INFO] [stderr]    Compiling shlex v1.3.0
[INFO] [stderr]    Compiling pkg-config v0.3.31
[INFO] [stderr]    Compiling serde v1.0.217
[INFO] [stderr]    Compiling vcpkg v0.2.15
[INFO] [stderr]    Compiling pin-project-lite v0.2.16
[INFO] [stderr]    Compiling writeable v0.5.5
[INFO] [stderr]    Compiling once_cell v1.20.2
[INFO] [stderr]    Compiling bytes v1.9.0
[INFO] [stderr]    Compiling litemap v0.7.4
[INFO] [stderr]    Compiling memchr v2.7.4
[INFO] [stderr]    Compiling itoa v1.0.14
[INFO] [stderr]    Compiling icu_locid_transform_data v1.5.0
[INFO] [stderr]    Compiling hashbrown v0.15.2
[INFO] [stderr]    Compiling futures-core v0.3.31
[INFO] [stderr]    Compiling cc v1.2.10
[INFO] [stderr]    Compiling equivalent v1.0.1
[INFO] [stderr]    Compiling foreign-types-shared v0.1.1
[INFO] [stderr]    Compiling cfg-if v1.0.0
[INFO] [stderr]    Compiling openssl v0.10.68
[INFO] [stderr]    Compiling fnv v1.0.7
[INFO] [stderr]    Compiling icu_properties_data v1.5.0
[INFO] [stderr]    Compiling foreign-types v0.3.2
[INFO] [stderr]    Compiling tracing-core v0.1.33
[INFO] [stderr]    Compiling utf8_iter v1.0.4
[INFO] [stderr]    Compiling futures-sink v0.3.31
[INFO] [stderr]    Compiling pin-utils v0.1.0
[INFO] [stderr]    Compiling bitflags v2.8.0
[INFO] [stderr]    Compiling futures-task v0.3.31
[INFO] [stderr]    Compiling native-tls v0.2.12
[INFO] [stderr]    Compiling utf16_iter v1.0.5
[INFO] [stderr]    Compiling httparse v1.9.5
[INFO] [stderr]    Compiling futures-io v0.3.31
[INFO] [stderr]    Compiling icu_normalizer_data v1.5.0
[INFO] [stderr]    Compiling smallvec v1.13.2
[INFO] [stderr]    Compiling write16 v1.0.0
[INFO] [stderr]    Compiling slab v0.4.9
[INFO] [stderr]    Compiling indexmap v2.7.1
[INFO] [stderr]    Compiling http v0.2.12
[INFO] [stderr]    Compiling num-traits v0.2.19
[INFO] [stderr]    Compiling log v0.4.25
[INFO] [stderr]    Compiling openssl-probe v0.1.5
[INFO] [stderr]    Compiling try-lock v0.2.5
[INFO] [stderr]    Compiling tracing v0.1.41
[INFO] [stderr]    Compiling percent-encoding v2.3.1
[INFO] [stderr]    Compiling want v0.3.1
[INFO] [stderr]    Compiling quote v1.0.38
[INFO] [stderr]    Compiling futures-channel v0.3.31
[INFO] [stderr]    Compiling tower-service v0.3.3
[INFO] [stderr]    Compiling httpdate v1.0.3
[INFO] [stderr]    Compiling form_urlencoded v1.2.1
[INFO] [stderr]    Compiling aho-corasick v1.1.3
[INFO] [stderr]    Compiling pure-rust-locales v0.8.1
[INFO] [stderr]    Compiling futures-util v0.3.31
[INFO] [stderr]    Compiling iana-time-zone v0.1.61
[INFO] [stderr]    Compiling syn v2.0.96
[INFO] [stderr]    Compiling base64 v0.21.7
[INFO] [stderr]    Compiling ryu v1.0.18
[INFO] [stderr]    Compiling socket2 v0.5.8
[INFO] [stderr]    Compiling mio v1.0.3
[INFO] [stderr]    Compiling http-body v0.4.6
[INFO] [stderr]    Compiling winnow v0.6.24
[INFO] [stderr]    Compiling regex-syntax v0.8.5
[INFO] [stderr]    Compiling encoding_rs v0.8.35
[INFO] [stderr]    Compiling rustls-pemfile v1.0.4
[INFO] [stderr]    Compiling scanlex v0.1.4
[INFO] [stderr]    Compiling tokio v1.43.0
[INFO] [stderr]    Compiling mime v0.3.17
[INFO] [stderr]    Compiling sync_wrapper v0.1.2
[INFO] [stderr]    Compiling ipnet v2.11.0
[INFO] [stderr]    Compiling lazy_static v1.5.0
[INFO] [stderr]    Compiling pathdiff v0.2.3
[INFO] [stderr]    Compiling openssl-sys v0.9.104
[INFO] [stderr]    Compiling regex-automata v0.4.9
[INFO] [stderr]    Compiling chrono v0.4.39
[INFO] [stderr]    Compiling synstructure v0.13.1
[INFO] [stderr]    Compiling tokio-util v0.7.13
[INFO] [stderr]    Compiling chrono-english v0.1.7
[INFO] [stderr]    Compiling zerofrom-derive v0.1.5
[INFO] [stderr]    Compiling yoke-derive v0.7.5
[INFO] [stderr]    Compiling zerovec-derive v0.10.3
[INFO] [stderr]    Compiling displaydoc v0.2.5
[INFO] [stderr]    Compiling serde_derive v1.0.217
[INFO] [stderr]    Compiling icu_provider_macros v1.5.0
[INFO] [stderr]    Compiling openssl-macros v0.1.1
[INFO] [stderr]    Compiling h2 v0.3.26
[INFO] [stderr]    Compiling regex v1.11.1
[INFO] [stderr]    Compiling zerofrom v0.1.5
[INFO] [stderr]    Compiling yoke v0.7.5
[INFO] [stderr]    Compiling zerovec v0.10.4
[INFO] [stderr]    Compiling tinystr v0.7.6
[INFO] [stderr]    Compiling icu_collections v1.5.0
[INFO] [stderr]    Compiling icu_locid v1.5.0
[INFO] [stderr]    Compiling icu_provider v1.5.0
[INFO] [stderr]    Compiling hyper v0.14.32
[INFO] [stderr]    Compiling icu_locid_transform v1.5.0
[INFO] [stderr]    Compiling tokio-native-tls v0.3.1
[INFO] [stderr]    Compiling icu_properties v1.5.1
[INFO] [stderr]    Compiling hyper-tls v0.5.0
[INFO] [stderr]    Compiling toml_datetime v0.6.8
[INFO] [stderr]    Compiling serde_spanned v0.6.8
[INFO] [stderr]    Compiling serde_urlencoded v0.7.1
[INFO] [stderr]    Compiling serde-extensions-derive v0.1.0
[INFO] [stderr]    Compiling toml_edit v0.22.22
[INFO] [stderr]    Compiling serde-extensions v0.1.1
[INFO] [stderr]    Compiling icu_normalizer v1.5.0
[INFO] [stderr]    Compiling idna_adapter v1.2.0
[INFO] [stderr]    Compiling idna v1.0.3
[INFO] [stderr]    Compiling url v2.5.4
[INFO] [stderr]    Compiling reqwest v0.11.27
[INFO] [stderr]    Compiling toml v0.8.19
[INFO] [stderr]    Compiling lssg-lib v0.1.0 (/opt/rustwide/workdir)
[INFO] [stdout] warning: unused imports: `Cursor`, `mem::transmute`, and `str::Chars`
[INFO] [stdout]  --> src/char_reader.rs:2:30
[INFO] [stdout]   |
[INFO] [stdout] 2 |     io::{BufRead, BufReader, Cursor, Read},
[INFO] [stdout]   |                              ^^^^^^
[INFO] [stdout] 3 |     mem::transmute,
[INFO] [stdout]   |     ^^^^^^^^^^^^^^
[INFO] [stdout] 4 |     str::Chars,
[INFO] [stdout]   |     ^^^^^^^^^^
[INFO] [stdout]   |
[INFO] [stdout]   = note: `#[warn(unused_imports)]` on by default
[INFO] [stdout] 
[INFO] [stdout] 
[INFO] [stdout] warning: unused import: `BTreeMap`
[INFO] [stdout]  --> src/lmarkdown/lexer.rs:2:19
[INFO] [stdout]   |
[INFO] [stdout] 2 |     collections::{BTreeMap, HashMap},
[INFO] [stdout]   |                   ^^^^^^^^
[INFO] [stdout] 
[INFO] [stdout] 
[INFO] [stdout] warning: unused imports: `Cell`, `RefCell`, `UnsafeCell`, `collections::HashMap`, and `rc::Rc`
[INFO] [stdout]  --> src/renderer/token_renderer.rs:2:12
[INFO] [stdout]   |
[INFO] [stdout] 2 |     cell::{Cell, RefCell, UnsafeCell},
[INFO] [stdout]   |            ^^^^  ^^^^^^^  ^^^^^^^^^^
[INFO] [stdout] 3 |     collections::HashMap,
[INFO] [stdout]   |     ^^^^^^^^^^^^^^^^^^^^
[INFO] [stdout] 4 |     rc::Rc,
[INFO] [stdout]   |     ^^^^^^
[INFO] [stdout] 
[INFO] [stdout] 
[INFO] [stdout] warning: unused import: `DefaultModule`
[INFO] [stdout]  --> src/renderer/token_renderer.rs:9:13
[INFO] [stdout]   |
[INFO] [stdout] 9 | use super::{DefaultModule, RenderContext, RendererModule};
[INFO] [stdout]   |             ^^^^^^^^^^^^^
[INFO] [stdout] 
[INFO] [stdout] 
[INFO] [stdout] warning: unused imports: `DomNodeKind`, `DomNode`, `Page`, and `SiteTree`
[INFO] [stdout]   --> src/renderer/token_renderer.rs:11:19
[INFO] [stdout]    |
[INFO] [stdout] 11 |     html::{DomId, DomNode, DomNodeKind, DomTree},
[INFO] [stdout]    |                   ^^^^^^^  ^^^^^^^^^^^
[INFO] [stdout] 12 |     lmarkdown::Token,
[INFO] [stdout] 13 |     sitetree::{Page, SiteTree},
[INFO] [stdout]    |                ^^^^  ^^^^^^^^
[INFO] [stdout] 
[INFO] [stdout] 
[INFO] [stdout] warning: unused imports: `RefCell` and `UnsafeCell`
[INFO] [stdout]  --> src/renderer/renderer.rs:1:17
[INFO] [stdout]   |
[INFO] [stdout] 1 | use std::cell::{RefCell, UnsafeCell};
[INFO] [stdout]   |                 ^^^^^^^  ^^^^^^^^^^
[INFO] [stdout] 
[INFO] [stdout] 
[INFO] [stdout] warning: unused import: `std::rc::Rc`
[INFO] [stdout]  --> src/renderer/renderer.rs:2:5
[INFO] [stdout]   |
[INFO] [stdout] 2 | use std::rc::Rc;
[INFO] [stdout]   |     ^^^^^^^^^^^
[INFO] [stdout] 
[INFO] [stdout] 
[INFO] [stdout] warning: unused imports: `info` and `warn`
[INFO] [stdout]  --> src/renderer/renderer.rs:4:25
[INFO] [stdout]   |
[INFO] [stdout] 4 | use log::{debug, error, info, warn};
[INFO] [stdout]   |                         ^^^^  ^^^^
[INFO] [stdout] 
[INFO] [stdout] 
[INFO] [stdout] warning: unused import: `crate::sitetree::Input`
[INFO] [stdout]  --> src/renderer/renderer.rs:6:5
[INFO] [stdout]   |
[INFO] [stdout] 6 | use crate::sitetree::Input;
[INFO] [stdout]   |     ^^^^^^^^^^^^^^^^^^^^^^
[INFO] [stdout] 
[INFO] [stdout] 
[INFO] [stdout] warning: unused import: `DefaultModule`
[INFO] [stdout]   --> src/renderer/renderer.rs:13:38
[INFO] [stdout]    |
[INFO] [stdout] 13 | use super::{modules::RendererModule, DefaultModule};
[INFO] [stdout]    |                                      ^^^^^^^^^^^^^
[INFO] [stdout] 
[INFO] [stdout] 
[INFO] [stdout] warning: unused imports: `File` and `self`
[INFO] [stdout]   --> src/lib.rs:13:61
[INFO] [stdout]    |
[INFO] [stdout] 13 |     fs::{create_dir, create_dir_all, remove_dir_all, write, File},
[INFO] [stdout]    |                                                             ^^^^
[INFO] [stdout] 14 |     io::{self},
[INFO] [stdout]    |          ^^^^
[INFO] [stdout] 
[INFO] [stdout] 
[INFO] [stdout] warning: unused variable: `url`
[INFO] [stdout]    --> src/renderer/modules/blog_module.rs:179:32
[INFO] [stdout]     |
[INFO] [stdout] 179 |         Some(Input::External { url }) => {
[INFO] [stdout]     |                                ^^^ help: try ignoring the field: `url: _`
[INFO] [stdout]     |
[INFO] [stdout]     = note: `#[warn(unused_variables)]` on by default
[INFO] [stdout] 
[INFO] [stdout] 
[INFO] [stdout] warning: methods `get`, `get_mut`, and `remove` are never used
[INFO] [stdout]   --> src/sitetree/relational_graph.rs:55:12
[INFO] [stdout]    |
[INFO] [stdout] 27 | impl RelationalGraph {
[INFO] [stdout]    | -------------------- methods in this implementation
[INFO] [stdout] ...
[INFO] [stdout] 55 |     pub fn get(&self, node_id: usize) -> &Vec<Link> {
[INFO] [stdout]    |            ^^^
[INFO] [stdout] ...
[INFO] [stdout] 61 |     pub fn get_mut(&mut self, node_id: usize) -> &mut Vec<Link> {
[INFO] [stdout]    |            ^^^^^^^
[INFO] [stdout] ...
[INFO] [stdout] 67 |     pub fn remove(&mut self, from: usize, to: usize) {
[INFO] [stdout]    |            ^^^^^^
[INFO] [stdout]    |
[INFO] [stdout]    = note: `#[warn(dead_code)]` on by default
[INFO] [stdout] 
[INFO] [stdout] 
[INFO] [stdout] warning: field `kind` is never read
[INFO] [stdout]   --> src/lssg_error.rs:20:5
[INFO] [stdout]    |
[INFO] [stdout] 17 | pub struct LssgError {
[INFO] [stdout]    |            --------- field in this struct
[INFO] [stdout] ...
[INFO] [stdout] 20 |     kind: LssgErrorKind,
[INFO] [stdout]    |     ^^^^
[INFO] [stdout]    |
[INFO] [stdout]    = note: `LssgError` has a derived impl for the trait `Debug`, but this is intentionally ignored during dead code analysis
[INFO] [stdout] 
[INFO] [stdout] 
[INFO] [stderr]     Finished `dev` profile [unoptimized + debuginfo] target(s) in 23.86s
[INFO] running `Command { std: "docker" "inspect" "0457a42ed436dc5cee132f0ff5485570935a067fbad334b0ba94f5e94c9962b5", kill_on_drop: false }`
[INFO] running `Command { std: "docker" "rm" "-f" "0457a42ed436dc5cee132f0ff5485570935a067fbad334b0ba94f5e94c9962b5", kill_on_drop: false }`
[INFO] [stdout] 0457a42ed436dc5cee132f0ff5485570935a067fbad334b0ba94f5e94c9962b5
[INFO] running `Command { std: "docker" "create" "-v" "/var/lib/crater-agent-workspace/builds/worker-5-tc1/target:/opt/rustwide/target:rw,Z" "-v" "/var/lib/crater-agent-workspace/builds/worker-5-tc1/source:/opt/rustwide/workdir:ro,Z" "-v" "/var/lib/crater-agent-workspace/cargo-home:/opt/rustwide/cargo-home:ro,Z" "-v" "/var/lib/crater-agent-workspace/rustup-home:/opt/rustwide/rustup-home:ro,Z" "-e" "SOURCE_DIR=/opt/rustwide/workdir" "-e" "CARGO_TARGET_DIR=/opt/rustwide/target" "-e" "CARGO_INCREMENTAL=0" "-e" "RUST_BACKTRACE=full" "-e" "RUSTFLAGS=--cap-lints=forbid" "-e" "RUSTDOCFLAGS=--cap-lints=forbid" "-e" "CARGO_HOME=/opt/rustwide/cargo-home" "-e" "RUSTUP_HOME=/opt/rustwide/rustup-home" "-w" "/opt/rustwide/workdir" "-m" "1610612736" "--user" "0:0" "--network" "none" "ghcr.io/rust-lang/crates-build-env/linux@sha256:819108c5571ea2e421544af4d832f968d213c87fbe3707a016657f43d2f853bc" "/opt/rustwide/cargo-home/bin/cargo" "+nightly-2025-01-18" "test" "--frozen" "--no-run" "--message-format=json", kill_on_drop: false }`
[INFO] [stdout] 77241d596cf7b3575ee204c76a30eb38d5446192864490aecd1ae2c5d0c8385a
[INFO] running `Command { std: "docker" "start" "-a" "77241d596cf7b3575ee204c76a30eb38d5446192864490aecd1ae2c5d0c8385a", kill_on_drop: false }`
[INFO] [stdout] warning: unused imports: `Cursor`, `mem::transmute`, and `str::Chars`
[INFO] [stdout]  --> src/char_reader.rs:2:30
[INFO] [stdout]   |
[INFO] [stdout] 2 |     io::{BufRead, BufReader, Cursor, Read},
[INFO] [stdout]   |                              ^^^^^^
[INFO] [stdout] 3 |     mem::transmute,
[INFO] [stdout]   |     ^^^^^^^^^^^^^^
[INFO] [stdout] 4 |     str::Chars,
[INFO] [stdout]   |     ^^^^^^^^^^
[INFO] [stdout]   |
[INFO] [stdout]   = note: `#[warn(unused_imports)]` on by default
[INFO] [stdout] 
[INFO] [stdout] 
[INFO] [stdout] warning: unused import: `BTreeMap`
[INFO] [stdout]  --> src/lmarkdown/lexer.rs:2:19
[INFO] [stdout]   |
[INFO] [stdout] 2 |     collections::{BTreeMap, HashMap},
[INFO] [stdout]   |                   ^^^^^^^^
[INFO] [stdout] 
[INFO] [stdout] 
[INFO] [stdout] warning: unused imports: `Cell`, `RefCell`, `UnsafeCell`, `collections::HashMap`, and `rc::Rc`
[INFO] [stdout]  --> src/renderer/token_renderer.rs:2:12
[INFO] [stdout]   |
[INFO] [stdout] 2 |     cell::{Cell, RefCell, UnsafeCell},
[INFO] [stdout]   |            ^^^^  ^^^^^^^  ^^^^^^^^^^
[INFO] [stdout] 3 |     collections::HashMap,
[INFO] [stdout]   |     ^^^^^^^^^^^^^^^^^^^^
[INFO] [stdout] 4 |     rc::Rc,
[INFO] [stdout]   |     ^^^^^^
[INFO] [stdout] 
[INFO] [stdout] 
[INFO] [stdout] warning: unused import: `DefaultModule`
[INFO] [stdout]  --> src/renderer/token_renderer.rs:9:13
[INFO] [stdout]   |
[INFO] [stdout] 9 | use super::{DefaultModule, RenderContext, RendererModule};
[INFO] [stdout]   |             ^^^^^^^^^^^^^
[INFO] [stdout] 
[INFO] [stdout] 
[INFO] [stdout] warning: unused imports: `DomNodeKind`, `DomNode`, `Page`, and `SiteTree`
[INFO] [stdout]   --> src/renderer/token_renderer.rs:11:19
[INFO] [stdout]    |
[INFO] [stdout] 11 |     html::{DomId, DomNode, DomNodeKind, DomTree},
[INFO] [stdout]    |                   ^^^^^^^  ^^^^^^^^^^^
[INFO] [stdout] 12 |     lmarkdown::Token,
[INFO] [stdout] 13 |     sitetree::{Page, SiteTree},
[INFO] [stdout]    |                ^^^^  ^^^^^^^^
[INFO] [stdout] 
[INFO] [stdout] 
[INFO] [stdout] warning: unused imports: `RefCell` and `UnsafeCell`
[INFO] [stdout]  --> src/renderer/renderer.rs:1:17
[INFO] [stdout]   |
[INFO] [stdout] 1 | use std::cell::{RefCell, UnsafeCell};
[INFO] [stdout]   |                 ^^^^^^^  ^^^^^^^^^^
[INFO] [stdout] 
[INFO] [stdout] 
[INFO] [stdout] warning: unused import: `std::rc::Rc`
[INFO] [stdout]  --> src/renderer/renderer.rs:2:5
[INFO] [stdout]   |
[INFO] [stdout] 2 | use std::rc::Rc;
[INFO] [stdout]   |     ^^^^^^^^^^^
[INFO] [stdout] 
[INFO] [stdout] 
[INFO] [stdout] warning: unused imports: `info` and `warn`
[INFO] [stdout]  --> src/renderer/renderer.rs:4:25
[INFO] [stdout]   |
[INFO] [stdout] 4 | use log::{debug, error, info, warn};
[INFO] [stdout]   |                         ^^^^  ^^^^
[INFO] [stdout] 
[INFO] [stdout] 
[INFO] [stdout] warning: unused import: `crate::sitetree::Input`
[INFO] [stdout]  --> src/renderer/renderer.rs:6:5
[INFO] [stdout]   |
[INFO] [stdout] 6 | use crate::sitetree::Input;
[INFO] [stdout]   |     ^^^^^^^^^^^^^^^^^^^^^^
[INFO] [stdout] 
[INFO] [stdout] 
[INFO] [stdout] warning: unused import: `DefaultModule`
[INFO] [stdout]   --> src/renderer/renderer.rs:13:38
[INFO] [stdout]    |
[INFO] [stdout] 13 | use super::{modules::RendererModule, DefaultModule};
[INFO] [stdout]    |                                      ^^^^^^^^^^^^^
[INFO] [stdout] 
[INFO] [stdout] 
[INFO] [stdout] warning: unused imports: `File` and `self`
[INFO] [stdout]   --> src/lib.rs:13:61
[INFO] [stdout]    |
[INFO] [stdout] 13 |     fs::{create_dir, create_dir_all, remove_dir_all, write, File},
[INFO] [stdout]    |                                                             ^^^^
[INFO] [stdout] 14 |     io::{self},
[INFO] [stdout]    |          ^^^^
[INFO] [stdout] 
[INFO] [stdout] 
[INFO] [stdout] warning: unused variable: `url`
[INFO] [stdout]    --> src/renderer/modules/blog_module.rs:179:32
[INFO] [stdout]     |
[INFO] [stdout] 179 |         Some(Input::External { url }) => {
[INFO] [stdout]     |                                ^^^ help: try ignoring the field: `url: _`
[INFO] [stdout]     |
[INFO] [stdout]     = note: `#[warn(unused_variables)]` on by default
[INFO] [stdout] 
[INFO] [stdout] 
[INFO] [stderr]    Compiling lssg-lib v0.1.0 (/opt/rustwide/workdir)
[INFO] [stdout] warning: methods `get`, `get_mut`, and `remove` are never used
[INFO] [stdout]   --> src/sitetree/relational_graph.rs:55:12
[INFO] [stdout]    |
[INFO] [stdout] 27 | impl RelationalGraph {
[INFO] [stdout]    | -------------------- methods in this implementation
[INFO] [stdout] ...
[INFO] [stdout] 55 |     pub fn get(&self, node_id: usize) -> &Vec<Link> {
[INFO] [stdout]    |            ^^^
[INFO] [stdout] ...
[INFO] [stdout] 61 |     pub fn get_mut(&mut self, node_id: usize) -> &mut Vec<Link> {
[INFO] [stdout]    |            ^^^^^^^
[INFO] [stdout] ...
[INFO] [stdout] 67 |     pub fn remove(&mut self, from: usize, to: usize) {
[INFO] [stdout]    |            ^^^^^^
[INFO] [stdout]    |
[INFO] [stdout]    = note: `#[warn(dead_code)]` on by default
[INFO] [stdout] 
[INFO] [stdout] 
[INFO] [stdout] warning: field `kind` is never read
[INFO] [stdout]   --> src/lssg_error.rs:20:5
[INFO] [stdout]    |
[INFO] [stdout] 17 | pub struct LssgError {
[INFO] [stdout]    |            --------- field in this struct
[INFO] [stdout] ...
[INFO] [stdout] 20 |     kind: LssgErrorKind,
[INFO] [stdout]    |     ^^^^
[INFO] [stdout]    |
[INFO] [stdout]    = note: `LssgError` has a derived impl for the trait `Debug`, but this is intentionally ignored during dead code analysis
[INFO] [stdout] 
[INFO] [stdout] 
[INFO] [stdout] warning: unused imports: `Cursor`, `mem::transmute`, and `str::Chars`
[INFO] [stdout]  --> src/char_reader.rs:2:30
[INFO] [stdout]   |
[INFO] [stdout] 2 |     io::{BufRead, BufReader, Cursor, Read},
[INFO] [stdout]   |                              ^^^^^^
[INFO] [stdout] 3 |     mem::transmute,
[INFO] [stdout]   |     ^^^^^^^^^^^^^^
[INFO] [stdout] 4 |     str::Chars,
[INFO] [stdout]   |     ^^^^^^^^^^
[INFO] [stdout]   |
[INFO] [stdout]   = note: `#[warn(unused_imports)]` on by default
[INFO] [stdout] 
[INFO] [stdout] 
[INFO] [stdout] warning: unused import: `BTreeMap`
[INFO] [stdout]  --> src/lmarkdown/lexer.rs:2:19
[INFO] [stdout]   |
[INFO] [stdout] 2 |     collections::{BTreeMap, HashMap},
[INFO] [stdout]   |                   ^^^^^^^^
[INFO] [stdout] 
[INFO] [stdout] 
[INFO] [stdout] warning: unused imports: `Cell`, `RefCell`, `UnsafeCell`, `collections::HashMap`, and `rc::Rc`
[INFO] [stdout]  --> src/renderer/token_renderer.rs:2:12
[INFO] [stdout]   |
[INFO] [stdout] 2 |     cell::{Cell, RefCell, UnsafeCell},
[INFO] [stdout]   |            ^^^^  ^^^^^^^  ^^^^^^^^^^
[INFO] [stdout] 3 |     collections::HashMap,
[INFO] [stdout]   |     ^^^^^^^^^^^^^^^^^^^^
[INFO] [stdout] 4 |     rc::Rc,
[INFO] [stdout]   |     ^^^^^^
[INFO] [stdout] 
[INFO] [stdout] 
[INFO] [stdout] warning: unused import: `DefaultModule`
[INFO] [stdout]  --> src/renderer/token_renderer.rs:9:13
[INFO] [stdout]   |
[INFO] [stdout] 9 | use super::{DefaultModule, RenderContext, RendererModule};
[INFO] [stdout]   |             ^^^^^^^^^^^^^
[INFO] [stdout] 
[INFO] [stdout] 
[INFO] [stdout] warning: unused imports: `DomNodeKind`, `DomNode`, `Page`, and `SiteTree`
[INFO] [stdout]   --> src/renderer/token_renderer.rs:11:19
[INFO] [stdout]    |
[INFO] [stdout] 11 |     html::{DomId, DomNode, DomNodeKind, DomTree},
[INFO] [stdout]    |                   ^^^^^^^  ^^^^^^^^^^^
[INFO] [stdout] 12 |     lmarkdown::Token,
[INFO] [stdout] 13 |     sitetree::{Page, SiteTree},
[INFO] [stdout]    |                ^^^^  ^^^^^^^^
[INFO] [stdout] 
[INFO] [stdout] 
[INFO] [stdout] warning: unused imports: `RefCell` and `UnsafeCell`
[INFO] [stdout]  --> src/renderer/renderer.rs:1:17
[INFO] [stdout]   |
[INFO] [stdout] 1 | use std::cell::{RefCell, UnsafeCell};
[INFO] [stdout]   |                 ^^^^^^^  ^^^^^^^^^^
[INFO] [stdout] 
[INFO] [stdout] 
[INFO] [stdout] warning: unused import: `std::rc::Rc`
[INFO] [stdout]  --> src/renderer/renderer.rs:2:5
[INFO] [stdout]   |
[INFO] [stdout] 2 | use std::rc::Rc;
[INFO] [stdout]   |     ^^^^^^^^^^^
[INFO] [stdout] 
[INFO] [stdout] 
[INFO] [stdout] warning: unused imports: `info` and `warn`
[INFO] [stdout]  --> src/renderer/renderer.rs:4:25
[INFO] [stdout]   |
[INFO] [stdout] 4 | use log::{debug, error, info, warn};
[INFO] [stdout]   |                         ^^^^  ^^^^
[INFO] [stdout] 
[INFO] [stdout] 
[INFO] [stdout] warning: unused import: `crate::sitetree::Input`
[INFO] [stdout]  --> src/renderer/renderer.rs:6:5
[INFO] [stdout]   |
[INFO] [stdout] 6 | use crate::sitetree::Input;
[INFO] [stdout]   |     ^^^^^^^^^^^^^^^^^^^^^^
[INFO] [stdout] 
[INFO] [stdout] 
[INFO] [stdout] warning: unused import: `DefaultModule`
[INFO] [stdout]   --> src/renderer/renderer.rs:13:38
[INFO] [stdout]    |
[INFO] [stdout] 13 | use super::{modules::RendererModule, DefaultModule};
[INFO] [stdout]    |                                      ^^^^^^^^^^^^^
[INFO] [stdout] 
[INFO] [stdout] 
[INFO] [stdout] warning: unused imports: `File` and `self`
[INFO] [stdout]   --> src/lib.rs:13:61
[INFO] [stdout]    |
[INFO] [stdout] 13 |     fs::{create_dir, create_dir_all, remove_dir_all, write, File},
[INFO] [stdout]    |                                                             ^^^^
[INFO] [stdout] 14 |     io::{self},
[INFO] [stdout]    |          ^^^^
[INFO] [stdout] 
[INFO] [stdout] 
[INFO] [stdout] warning: unused variable: `url`
[INFO] [stdout]    --> src/renderer/modules/blog_module.rs:179:32
[INFO] [stdout]     |
[INFO] [stdout] 179 |         Some(Input::External { url }) => {
[INFO] [stdout]     |                                ^^^ help: try ignoring the field: `url: _`
[INFO] [stdout]     |
[INFO] [stdout]     = note: `#[warn(unused_variables)]` on by default
[INFO] [stdout] 
[INFO] [stdout] 
[INFO] [stdout] warning: methods `get`, `get_mut`, and `remove` are never used
[INFO] [stdout]   --> src/sitetree/relational_graph.rs:55:12
[INFO] [stdout]    |
[INFO] [stdout] 27 | impl RelationalGraph {
[INFO] [stdout]    | -------------------- methods in this implementation
[INFO] [stdout] ...
[INFO] [stdout] 55 |     pub fn get(&self, node_id: usize) -> &Vec<Link> {
[INFO] [stdout]    |            ^^^
[INFO] [stdout] ...
[INFO] [stdout] 61 |     pub fn get_mut(&mut self, node_id: usize) -> &mut Vec<Link> {
[INFO] [stdout]    |            ^^^^^^^
[INFO] [stdout] ...
[INFO] [stdout] 67 |     pub fn remove(&mut self, from: usize, to: usize) {
[INFO] [stdout]    |            ^^^^^^
[INFO] [stdout]    |
[INFO] [stdout]    = note: `#[warn(dead_code)]` on by default
[INFO] [stdout] 
[INFO] [stdout] 
[INFO] [stdout] warning: field `kind` is never read
[INFO] [stdout]   --> src/lssg_error.rs:20:5
[INFO] [stdout]    |
[INFO] [stdout] 17 | pub struct LssgError {
[INFO] [stdout]    |            --------- field in this struct
[INFO] [stdout] ...
[INFO] [stdout] 20 |     kind: LssgErrorKind,
[INFO] [stdout]    |     ^^^^
[INFO] [stdout]    |
[INFO] [stdout]    = note: `LssgError` has a derived impl for the trait `Debug`, but this is intentionally ignored during dead code analysis
[INFO] [stdout] 
[INFO] [stdout] 
[INFO] [stderr]     Finished `test` profile [unoptimized + debuginfo] target(s) in 1.29s
[INFO] running `Command { std: "docker" "inspect" "77241d596cf7b3575ee204c76a30eb38d5446192864490aecd1ae2c5d0c8385a", kill_on_drop: false }`
[INFO] running `Command { std: "docker" "rm" "-f" "77241d596cf7b3575ee204c76a30eb38d5446192864490aecd1ae2c5d0c8385a", kill_on_drop: false }`
[INFO] [stdout] 77241d596cf7b3575ee204c76a30eb38d5446192864490aecd1ae2c5d0c8385a
[INFO] running `Command { std: "docker" "create" "-v" "/var/lib/crater-agent-workspace/builds/worker-5-tc1/target:/opt/rustwide/target:rw,Z" "-v" "/var/lib/crater-agent-workspace/builds/worker-5-tc1/source:/opt/rustwide/workdir:ro,Z" "-v" "/var/lib/crater-agent-workspace/cargo-home:/opt/rustwide/cargo-home:ro,Z" "-v" "/var/lib/crater-agent-workspace/rustup-home:/opt/rustwide/rustup-home:ro,Z" "-e" "SOURCE_DIR=/opt/rustwide/workdir" "-e" "CARGO_TARGET_DIR=/opt/rustwide/target" "-e" "CARGO_INCREMENTAL=0" "-e" "RUST_BACKTRACE=full" "-e" "RUSTFLAGS=--cap-lints=forbid" "-e" "RUSTDOCFLAGS=--cap-lints=forbid" "-e" "CARGO_HOME=/opt/rustwide/cargo-home" "-e" "RUSTUP_HOME=/opt/rustwide/rustup-home" "-w" "/opt/rustwide/workdir" "-m" "1610612736" "--user" "0:0" "--network" "none" "ghcr.io/rust-lang/crates-build-env/linux@sha256:819108c5571ea2e421544af4d832f968d213c87fbe3707a016657f43d2f853bc" "/opt/rustwide/cargo-home/bin/cargo" "+nightly-2025-01-18" "test" "--frozen", kill_on_drop: false }`
[INFO] [stdout] 83f6d527772df0cf81ebdf63c693ce78aed19f825d8968168165f201a2360747
[INFO] running `Command { std: "docker" "start" "-a" "83f6d527772df0cf81ebdf63c693ce78aed19f825d8968168165f201a2360747", kill_on_drop: false }`
[INFO] [stderr] warning: unused imports: `Cursor`, `mem::transmute`, and `str::Chars`
[INFO] [stderr]  --> src/char_reader.rs:2:30
[INFO] [stderr]   |
[INFO] [stderr] 2 |     io::{BufRead, BufReader, Cursor, Read},
[INFO] [stderr]   |                              ^^^^^^
[INFO] [stderr] 3 |     mem::transmute,
[INFO] [stderr]   |     ^^^^^^^^^^^^^^
[INFO] [stderr] 4 |     str::Chars,
[INFO] [stderr]   |     ^^^^^^^^^^
[INFO] [stderr]   |
[INFO] [stderr]   = note: `#[warn(unused_imports)]` on by default
[INFO] [stderr] 
[INFO] [stderr] warning: unused import: `BTreeMap`
[INFO] [stderr]  --> src/lmarkdown/lexer.rs:2:19
[INFO] [stderr]   |
[INFO] [stderr] 2 |     collections::{BTreeMap, HashMap},
[INFO] [stderr]   |                   ^^^^^^^^
[INFO] [stderr] 
[INFO] [stderr] warning: unused imports: `Cell`, `RefCell`, `UnsafeCell`, `collections::HashMap`, and `rc::Rc`
[INFO] [stderr]  --> src/renderer/token_renderer.rs:2:12
[INFO] [stderr]   |
[INFO] [stderr] 2 |     cell::{Cell, RefCell, UnsafeCell},
[INFO] [stderr]   |            ^^^^  ^^^^^^^  ^^^^^^^^^^
[INFO] [stderr] 3 |     collections::HashMap,
[INFO] [stderr]   |     ^^^^^^^^^^^^^^^^^^^^
[INFO] [stderr] 4 |     rc::Rc,
[INFO] [stderr]   |     ^^^^^^
[INFO] [stderr] 
[INFO] [stderr] warning: unused import: `DefaultModule`
[INFO] [stderr]  --> src/renderer/token_renderer.rs:9:13
[INFO] [stderr]   |
[INFO] [stderr] 9 | use super::{DefaultModule, RenderContext, RendererModule};
[INFO] [stderr]   |             ^^^^^^^^^^^^^
[INFO] [stderr] 
[INFO] [stderr] warning: unused imports: `DomNodeKind`, `DomNode`, `Page`, and `SiteTree`
[INFO] [stderr]   --> src/renderer/token_renderer.rs:11:19
[INFO] [stderr]    |
[INFO] [stderr] 11 |     html::{DomId, DomNode, DomNodeKind, DomTree},
[INFO] [stderr]    |                   ^^^^^^^  ^^^^^^^^^^^
[INFO] [stderr] 12 |     lmarkdown::Token,
[INFO] [stderr] 13 |     sitetree::{Page, SiteTree},
[INFO] [stderr]    |                ^^^^  ^^^^^^^^
[INFO] [stderr] 
[INFO] [stderr] warning: unused imports: `RefCell` and `UnsafeCell`
[INFO] [stderr]  --> src/renderer/renderer.rs:1:17
[INFO] [stderr]   |
[INFO] [stderr] 1 | use std::cell::{RefCell, UnsafeCell};
[INFO] [stderr]   |                 ^^^^^^^  ^^^^^^^^^^
[INFO] [stderr] 
[INFO] [stderr] warning: unused import: `std::rc::Rc`
[INFO] [stderr]  --> src/renderer/renderer.rs:2:5
[INFO] [stderr]   |
[INFO] [stderr] 2 | use std::rc::Rc;
[INFO] [stderr]   |     ^^^^^^^^^^^
[INFO] [stderr] 
[INFO] [stderr] warning: unused imports: `info` and `warn`
[INFO] [stderr]  --> src/renderer/renderer.rs:4:25
[INFO] [stderr]   |
[INFO] [stderr] 4 | use log::{debug, error, info, warn};
[INFO] [stderr]   |                         ^^^^  ^^^^
[INFO] [stderr] 
[INFO] [stderr] warning: unused import: `crate::sitetree::Input`
[INFO] [stderr]  --> src/renderer/renderer.rs:6:5
[INFO] [stderr]   |
[INFO] [stderr] 6 | use crate::sitetree::Input;
[INFO] [stderr]   |     ^^^^^^^^^^^^^^^^^^^^^^
[INFO] [stderr] 
[INFO] [stderr] warning: unused import: `DefaultModule`
[INFO] [stderr]   --> src/renderer/renderer.rs:13:38
[INFO] [stderr]    |
[INFO] [stderr] 13 | use super::{modules::RendererModule, DefaultModule};
[INFO] [stderr]    |                                      ^^^^^^^^^^^^^
[INFO] [stderr] 
[INFO] [stderr] warning: unused imports: `File` and `self`
[INFO] [stderr]   --> src/lib.rs:13:61
[INFO] [stderr]    |
[INFO] [stderr] 13 |     fs::{create_dir, create_dir_all, remove_dir_all, write, File},
[INFO] [stderr]    |                                                             ^^^^
[INFO] [stderr] 14 |     io::{self},
[INFO] [stderr]    |          ^^^^
[INFO] [stderr] 
[INFO] [stderr] warning: unused variable: `url`
[INFO] [stderr]    --> src/renderer/modules/blog_module.rs:179:32
[INFO] [stderr]     |
[INFO] [stderr] 179 |         Some(Input::External { url }) => {
[INFO] [stderr]     |                                ^^^ help: try ignoring the field: `url: _`
[INFO] [stderr]     |
[INFO] [stderr]     = note: `#[warn(unused_variables)]` on by default
[INFO] [stderr] 
[INFO] [stderr] warning: methods `get`, `get_mut`, and `remove` are never used
[INFO] [stderr]   --> src/sitetree/relational_graph.rs:55:12
[INFO] [stderr]    |
[INFO] [stderr] 27 | impl RelationalGraph {
[INFO] [stderr]    | -------------------- methods in this implementation
[INFO] [stderr] ...
[INFO] [stderr] 55 |     pub fn get(&self, node_id: usize) -> &Vec<Link> {
[INFO] [stderr]    |            ^^^
[INFO] [stderr] ...
[INFO] [stderr] 61 |     pub fn get_mut(&mut self, node_id: usize) -> &mut Vec<Link> {
[INFO] [stderr]    |            ^^^^^^^
[INFO] [stderr] ...
[INFO] [stderr] 67 |     pub fn remove(&mut self, from: usize, to: usize) {
[INFO] [stderr]    |            ^^^^^^
[INFO] [stderr]    |
[INFO] [stderr]    = note: `#[warn(dead_code)]` on by default
[INFO] [stderr] 
[INFO] [stderr] warning: field `kind` is never read
[INFO] [stderr]   --> src/lssg_error.rs:20:5
[INFO] [stderr]    |
[INFO] [stderr] 17 | pub struct LssgError {
[INFO] [stderr]    |            --------- field in this struct
[INFO] [stderr] ...
[INFO] [stderr] 20 |     kind: LssgErrorKind,
[INFO] [stderr]    |     ^^^^
[INFO] [stderr]    |
[INFO] [stderr]    = note: `LssgError` has a derived impl for the trait `Debug`, but this is intentionally ignored during dead code analysis
[INFO] [stderr] 
[INFO] [stderr] warning: `lssg-lib` (lib) generated 14 warnings (run `cargo fix --lib -p lssg-lib` to apply 11 suggestions)
[INFO] [stderr] warning: `lssg-lib` (lib test) generated 14 warnings (14 duplicates)
[INFO] [stderr]     Finished `test` profile [unoptimized + debuginfo] target(s) in 0.14s
[INFO] [stderr]      Running unittests src/lib.rs (/opt/rustwide/target/debug/deps/lssg_lib-4d15fdc484cbe669)
[INFO] [stdout] 
[INFO] [stdout] running 8 tests
[INFO] [stdout] test char_reader::tests::test_newline ... ok
[INFO] [stdout] test char_reader::tests::test_propegation ... ok
[INFO] [stdout] test html::lexer::tests::test_text_looks_like_html ... ok
[INFO] [stdout] test html::lexer::tests::test_html ... ok
[INFO] [stdout] test html::domtree::tests::test_remove ... ok
[INFO] [stdout] test lmarkdown::tests::test_text_that_looks_like_html ... ok
[INFO] [stdout] test lmarkdown::tests::test_links ... ok
[INFO] [stdout] test lmarkdown::tests::test_comments ... FAILED
[INFO] [stdout] 
[INFO] [stdout] failures:
[INFO] [stdout] 
[INFO] [stdout] ---- lmarkdown::tests::test_comments stdout ----
[INFO] [stdout] 
[INFO] [stdout] thread 'lmarkdown::tests::test_comments' panicked at src/lmarkdown/mod.rs:121:9:
[INFO] [stdout] assertion `left == right` failed
[INFO] [stdout]   left: [Attributes { table: {"default": Table({"title": String("asdf")})} }, Comment { raw: " another comment " }, Paragraph { tokens: [Text { text: "paragraph " }, Comment { raw: " inline comment " }] }, Comment { raw: "\nanother comment\n" }]
[INFO] [stdout]  right: [Attributes { table: {"default": Table({"title": String("asdf")})} }, Space, Comment { raw: " another comment " }, Space, Paragraph { tokens: [Text { text: "paragraph " }, Comment { raw: " inline comment " }] }, Comment { raw: "\nanother comment\n" }, Space]
[INFO] [stdout] stack backtrace:
[INFO] [stdout]    0:     0x6260b333b77a - std::backtrace_rs::backtrace::libunwind::trace::hb059275cfc8d6126
[INFO] [stdout]                                at /rustc/6067b36314ab5eb2eb47cecc464545ba58e1ad24/library/std/src/../../backtrace/src/backtrace/libunwind.rs:116:5
[INFO] [stdout]    1:     0x6260b333b77a - std::backtrace_rs::backtrace::trace_unsynchronized::h2da071e4327ce3ee
[INFO] [stdout]                                at /rustc/6067b36314ab5eb2eb47cecc464545ba58e1ad24/library/std/src/../../backtrace/src/backtrace/mod.rs:66:5
[INFO] [stdout]    2:     0x6260b333b77a - std::sys::backtrace::_print_fmt::h842a1474e6f8d23f
[INFO] [stdout]                                at /rustc/6067b36314ab5eb2eb47cecc464545ba58e1ad24/library/std/src/sys/backtrace.rs:66:9
[INFO] [stdout]    3:     0x6260b333b77a - <std::sys::backtrace::BacktraceLock::print::DisplayBacktrace as core::fmt::Display>::fmt::h71a62eb3b9696b12
[INFO] [stdout]                                at /rustc/6067b36314ab5eb2eb47cecc464545ba58e1ad24/library/std/src/sys/backtrace.rs:39:26
[INFO] [stdout]    4:     0x6260b3364613 - core::fmt::rt::Argument::fmt::hdb6b616786b41dc1
[INFO] [stdout]                                at /rustc/6067b36314ab5eb2eb47cecc464545ba58e1ad24/library/core/src/fmt/rt.rs:177:76
[INFO] [stdout]    5:     0x6260b3364613 - core::fmt::write::h2cc1698af7e2d686
[INFO] [stdout]                                at /rustc/6067b36314ab5eb2eb47cecc464545ba58e1ad24/library/core/src/fmt/mod.rs:1440:21
[INFO] [stdout]    6:     0x6260b33382d3 - std::io::Write::write_fmt::hab1b4cd059a79022
[INFO] [stdout]                                at /rustc/6067b36314ab5eb2eb47cecc464545ba58e1ad24/library/std/src/io/mod.rs:1887:15
[INFO] [stdout]    7:     0x6260b333b5c2 - std::sys::backtrace::BacktraceLock::print::h147fe35b4ea13b08
[INFO] [stdout]                                at /rustc/6067b36314ab5eb2eb47cecc464545ba58e1ad24/library/std/src/sys/backtrace.rs:42:9
[INFO] [stdout]    8:     0x6260b333cb9f - std::panicking::default_hook::{{closure}}::hbd44223dbdc0d208
[INFO] [stdout]                                at /rustc/6067b36314ab5eb2eb47cecc464545ba58e1ad24/library/std/src/panicking.rs:298:22
[INFO] [stdout]    9:     0x6260b333c9b8 - std::panicking::default_hook::h20f81eb0576efcec
[INFO] [stdout]                                at /rustc/6067b36314ab5eb2eb47cecc464545ba58e1ad24/library/std/src/panicking.rs:322:9
[INFO] [stdout]   10:     0x6260b31fdc93 - <alloc::boxed::Box<F,A> as core::ops::function::Fn<Args>>::call::hdb53814c496a4d34
[INFO] [stdout]                                at /rustc/6067b36314ab5eb2eb47cecc464545ba58e1ad24/library/alloc/src/boxed.rs:2027:9
[INFO] [stdout]   11:     0x6260b31fdc93 - test::test_main::{{closure}}::hc0a4963c59427c24
[INFO] [stdout]                                at /rustc/6067b36314ab5eb2eb47cecc464545ba58e1ad24/library/test/src/lib.rs:134:21
[INFO] [stdout]   12:     0x6260b333d693 - <alloc::boxed::Box<F,A> as core::ops::function::Fn<Args>>::call::h591b2225413a77e9
[INFO] [stdout]                                at /rustc/6067b36314ab5eb2eb47cecc464545ba58e1ad24/library/alloc/src/boxed.rs:2027:9
[INFO] [stdout]   13:     0x6260b333d693 - std::panicking::rust_panic_with_hook::h625eea43051b2edc
[INFO] [stdout]                                at /rustc/6067b36314ab5eb2eb47cecc464545ba58e1ad24/library/std/src/panicking.rs:839:13
[INFO] [stdout]   14:     0x6260b333d34a - std::panicking::begin_panic_handler::{{closure}}::h4f9159cfbc3f6bd3
[INFO] [stdout]                                at /rustc/6067b36314ab5eb2eb47cecc464545ba58e1ad24/library/std/src/panicking.rs:704:13
[INFO] [stdout]   15:     0x6260b333bc79 - std::sys::backtrace::__rust_end_short_backtrace::h0390abce48353151
[INFO] [stdout]                                at /rustc/6067b36314ab5eb2eb47cecc464545ba58e1ad24/library/std/src/sys/backtrace.rs:168:18
[INFO] [stdout]   16:     0x6260b333cfdd - rust_begin_unwind
[INFO] [stdout]                                at /rustc/6067b36314ab5eb2eb47cecc464545ba58e1ad24/library/std/src/panicking.rs:695:5
[INFO] [stdout]   17:     0x6260b3362930 - core::panicking::panic_fmt::h9e7c637e9e5f29c9
[INFO] [stdout]                                at /rustc/6067b36314ab5eb2eb47cecc464545ba58e1ad24/library/core/src/panicking.rs:75:14
[INFO] [stdout]   18:     0x6260b3362d22 - core::panicking::assert_failed_inner::h538bec7c1374cd9c
[INFO] [stdout]   19:     0x6260b31b5694 - core::panicking::assert_failed::hef675ca35428e072
[INFO] [stdout]                                at /rustc/6067b36314ab5eb2eb47cecc464545ba58e1ad24/library/core/src/panicking.rs:364:5
[INFO] [stdout]   20:     0x6260b31be56e - lssg_lib::lmarkdown::tests::test_comments::hb43baf189ff391d4
[INFO] [stdout]                                at /opt/rustwide/workdir/src/lmarkdown/mod.rs:121:9
[INFO] [stdout]   21:     0x6260b31bdaf7 - lssg_lib::lmarkdown::tests::test_comments::{{closure}}::h1e3788fda11dfc1f
[INFO] [stdout]                                at /opt/rustwide/workdir/src/lmarkdown/mod.rs:83:23
[INFO] [stdout]   22:     0x6260b31b87f6 - core::ops::function::FnOnce::call_once::h2c85c480d602c216
[INFO] [stdout]                                at /rustc/6067b36314ab5eb2eb47cecc464545ba58e1ad24/library/core/src/ops/function.rs:250:5
[INFO] [stdout]   23:     0x6260b32033eb - core::ops::function::FnOnce::call_once::he27718dfdd183f43
[INFO] [stdout]                                at /rustc/6067b36314ab5eb2eb47cecc464545ba58e1ad24/library/core/src/ops/function.rs:250:5
[INFO] [stdout]   24:     0x6260b32033eb - test::__rust_begin_short_backtrace::h4e84902998457a5d
[INFO] [stdout]                                at /rustc/6067b36314ab5eb2eb47cecc464545ba58e1ad24/library/test/src/lib.rs:632:18
[INFO] [stdout]   25:     0x6260b3202323 - test::run_test_in_process::{{closure}}::h7176fd18fc1feca0
[INFO] [stdout]                                at /rustc/6067b36314ab5eb2eb47cecc464545ba58e1ad24/library/test/src/lib.rs:655:60
[INFO] [stdout]   26:     0x6260b3202323 - <core::panic::unwind_safe::AssertUnwindSafe<F> as core::ops::function::FnOnce<()>>::call_once::hf79cff2a624d8cf7
[INFO] [stdout]                                at /rustc/6067b36314ab5eb2eb47cecc464545ba58e1ad24/library/core/src/panic/unwind_safe.rs:272:9
[INFO] [stdout]   27:     0x6260b3202323 - std::panicking::try::do_call::h3da0561d9ab99c25
[INFO] [stdout]                                at /rustc/6067b36314ab5eb2eb47cecc464545ba58e1ad24/library/std/src/panicking.rs:587:40
[INFO] [stdout]   28:     0x6260b3202323 - std::panicking::try::h41c9fa508bc61df6
[INFO] [stdout]                                at /rustc/6067b36314ab5eb2eb47cecc464545ba58e1ad24/library/std/src/panicking.rs:550:19
[INFO] [stdout]   29:     0x6260b3202323 - std::panic::catch_unwind::h6b3ff07bb5afad93
[INFO] [stdout]                                at /rustc/6067b36314ab5eb2eb47cecc464545ba58e1ad24/library/std/src/panic.rs:358:14
[INFO] [stdout]   30:     0x6260b3202323 - test::run_test_in_process::hc7253dd11b39b9f4
[INFO] [stdout]                                at /rustc/6067b36314ab5eb2eb47cecc464545ba58e1ad24/library/test/src/lib.rs:655:27
[INFO] [stderr] error: test failed, to rerun pass `--lib`
[INFO] [stdout]   31:     0x6260b3202323 - test::run_test::{{closure}}::hfb2007f8649c30bb
[INFO] [stdout]                                at /rustc/6067b36314ab5eb2eb47cecc464545ba58e1ad24/library/test/src/lib.rs:576:43
[INFO] [stdout]   32:     0x6260b31c5405 - test::run_test::{{closure}}::h56a17aa7a282a9f4
[INFO] [stdout]                                at /rustc/6067b36314ab5eb2eb47cecc464545ba58e1ad24/library/test/src/lib.rs:606:41
[INFO] [stdout]   33:     0x6260b31c5405 - std::sys::backtrace::__rust_begin_short_backtrace::hd2d2d2fb8e8c6aac
[INFO] [stdout]                                at /rustc/6067b36314ab5eb2eb47cecc464545ba58e1ad24/library/std/src/sys/backtrace.rs:152:18
[INFO] [stdout]   34:     0x6260b31c8cea - std::thread::Builder::spawn_unchecked_::{{closure}}::{{closure}}::h4faa3f9db6133423
[INFO] [stdout]                                at /rustc/6067b36314ab5eb2eb47cecc464545ba58e1ad24/library/std/src/thread/mod.rs:559:17
[INFO] [stdout]   35:     0x6260b31c8cea - <core::panic::unwind_safe::AssertUnwindSafe<F> as core::ops::function::FnOnce<()>>::call_once::hf2e855a36a4ea846
[INFO] [stdout]                                at /rustc/6067b36314ab5eb2eb47cecc464545ba58e1ad24/library/core/src/panic/unwind_safe.rs:272:9
[INFO] [stdout]   36:     0x6260b31c8cea - std::panicking::try::do_call::h2f73af3616c35465
[INFO] [stdout]                                at /rustc/6067b36314ab5eb2eb47cecc464545ba58e1ad24/library/std/src/panicking.rs:587:40
[INFO] [stdout]   37:     0x6260b31c8cea - std::panicking::try::hd1660ce9efadef5a
[INFO] [stdout]                                at /rustc/6067b36314ab5eb2eb47cecc464545ba58e1ad24/library/std/src/panicking.rs:550:19
[INFO] [stdout]   38:     0x6260b31c8cea - std::panic::catch_unwind::h5ee8d7823b8ca744
[INFO] [stdout]                                at /rustc/6067b36314ab5eb2eb47cecc464545ba58e1ad24/library/std/src/panic.rs:358:14
[INFO] [stdout]   39:     0x6260b31c8cea - std::thread::Builder::spawn_unchecked_::{{closure}}::h53c3a1894dce8407
[INFO] [stdout]                                at /rustc/6067b36314ab5eb2eb47cecc464545ba58e1ad24/library/std/src/thread/mod.rs:557:30
[INFO] [stdout]   40:     0x6260b31c8cea - core::ops::function::FnOnce::call_once{{vtable.shim}}::h048ce291ad4f62bf
[INFO] [stdout]                                at /rustc/6067b36314ab5eb2eb47cecc464545ba58e1ad24/library/core/src/ops/function.rs:250:5
[INFO] [stdout]   41:     0x6260b33415cb - <alloc::boxed::Box<F,A> as core::ops::function::FnOnce<Args>>::call_once::ha52bedf99a3b4981
[INFO] [stdout]                                at /rustc/6067b36314ab5eb2eb47cecc464545ba58e1ad24/library/alloc/src/boxed.rs:2013:9
[INFO] [stdout]   42:     0x6260b33415cb - <alloc::boxed::Box<F,A> as core::ops::function::FnOnce<Args>>::call_once::h567748934d80ccf8
[INFO] [stdout]                                at /rustc/6067b36314ab5eb2eb47cecc464545ba58e1ad24/library/alloc/src/boxed.rs:2013:9
[INFO] [stdout]   43:     0x6260b33415cb - std::sys::pal::unix::thread::Thread::new::thread_start::h2d970728ae887adc
[INFO] [stdout]                                at /rustc/6067b36314ab5eb2eb47cecc464545ba58e1ad24/library/std/src/sys/pal/unix/thread.rs:106:17
[INFO] [stdout]   44:     0x76b67728aac3 - <unknown>
[INFO] [stdout]   45:     0x76b67731ba04 - clone
[INFO] [stdout]   46:                0x0 - <unknown>
[INFO] [stdout] 
[INFO] [stdout] 
[INFO] [stdout] failures:
[INFO] [stdout]     lmarkdown::tests::test_comments
[INFO] [stdout] 
[INFO] [stdout] test result: FAILED. 7 passed; 1 failed; 0 ignored; 0 measured; 0 filtered out; finished in 0.09s
[INFO] [stdout] 
[INFO] running `Command { std: "docker" "inspect" "83f6d527772df0cf81ebdf63c693ce78aed19f825d8968168165f201a2360747", kill_on_drop: false }`
[INFO] running `Command { std: "docker" "rm" "-f" "83f6d527772df0cf81ebdf63c693ce78aed19f825d8968168165f201a2360747", kill_on_drop: false }`
[INFO] [stdout] 83f6d527772df0cf81ebdf63c693ce78aed19f825d8968168165f201a2360747
