[INFO] fetching crate log-termination 0.1.0...
[INFO] testing log-termination-0.1.0 against nightly-2025-01-18 for randomize-layout-2
[INFO] extracting crate log-termination 0.1.0 into /workspace/builds/worker-2-tc1/source
[INFO] validating manifest of crates.io crate log-termination 0.1.0 on toolchain nightly-2025-01-18
[INFO] running `Command { std: CARGO_HOME="/workspace/cargo-home" RUSTUP_HOME="/workspace/rustup-home" "/workspace/cargo-home/bin/cargo" "+nightly-2025-01-18" "metadata" "--manifest-path" "Cargo.toml" "--no-deps", kill_on_drop: false }`
[INFO] removed /workspace/builds/worker-2-tc1/source/rust-toolchain
[INFO] started tweaking crates.io crate log-termination 0.1.0
[INFO] finished tweaking crates.io crate log-termination 0.1.0
[INFO] tweaked toml for crates.io crate log-termination 0.1.0 written to /workspace/builds/worker-2-tc1/source/Cargo.toml
[INFO] running `Command { std: CARGO_HOME="/workspace/cargo-home" RUSTUP_HOME="/workspace/rustup-home" "/workspace/cargo-home/bin/cargo" "+nightly-2025-01-18" "generate-lockfile" "--manifest-path" "Cargo.toml", kill_on_drop: false }`
[INFO] [stderr]     Updating crates.io index
[INFO] [stderr]      Locking 18 packages to latest compatible versions
[INFO] [stderr]       Adding proc-macro-error v0.4.12 (available: v1.0.4)
[INFO] [stderr]       Adding syn v1.0.109 (available: v2.0.96)
[INFO] [stderr]       Adding uuid v0.8.2 (available: v1.12.0)
[INFO] running `Command { std: CARGO_HOME="/workspace/cargo-home" RUSTUP_HOME="/workspace/rustup-home" "/workspace/cargo-home/bin/cargo" "+nightly-2025-01-18" "fetch" "--manifest-path" "Cargo.toml", kill_on_drop: false }`
[INFO] running `Command { std: "docker" "create" "-v" "/var/lib/crater-agent-workspace/builds/worker-2-tc1/target:/opt/rustwide/target:rw,Z" "-v" "/var/lib/crater-agent-workspace/builds/worker-2-tc1/source:/opt/rustwide/workdir:ro,Z" "-v" "/var/lib/crater-agent-workspace/cargo-home:/opt/rustwide/cargo-home:ro,Z" "-v" "/var/lib/crater-agent-workspace/rustup-home:/opt/rustwide/rustup-home:ro,Z" "-e" "SOURCE_DIR=/opt/rustwide/workdir" "-e" "CARGO_TARGET_DIR=/opt/rustwide/target" "-e" "CARGO_HOME=/opt/rustwide/cargo-home" "-e" "RUSTUP_HOME=/opt/rustwide/rustup-home" "-w" "/opt/rustwide/workdir" "-m" "1610612736" "--user" "0:0" "--network" "none" "ghcr.io/rust-lang/crates-build-env/linux@sha256:819108c5571ea2e421544af4d832f968d213c87fbe3707a016657f43d2f853bc" "/opt/rustwide/cargo-home/bin/cargo" "+nightly-2025-01-18" "metadata" "--no-deps" "--format-version=1", kill_on_drop: false }`
[INFO] [stdout] fe73068448ab411dccf7fd519c1695f7a69015ef2574bf1c1127ec601acd71a6
[INFO] running `Command { std: "docker" "start" "-a" "fe73068448ab411dccf7fd519c1695f7a69015ef2574bf1c1127ec601acd71a6", kill_on_drop: false }`
[INFO] running `Command { std: "docker" "inspect" "fe73068448ab411dccf7fd519c1695f7a69015ef2574bf1c1127ec601acd71a6", kill_on_drop: false }`
[INFO] running `Command { std: "docker" "rm" "-f" "fe73068448ab411dccf7fd519c1695f7a69015ef2574bf1c1127ec601acd71a6", kill_on_drop: false }`
[INFO] [stdout] fe73068448ab411dccf7fd519c1695f7a69015ef2574bf1c1127ec601acd71a6
[INFO] running `Command { std: "docker" "create" "-v" "/var/lib/crater-agent-workspace/builds/worker-2-tc1/target:/opt/rustwide/target:rw,Z" "-v" "/var/lib/crater-agent-workspace/builds/worker-2-tc1/source:/opt/rustwide/workdir:ro,Z" "-v" "/var/lib/crater-agent-workspace/cargo-home:/opt/rustwide/cargo-home:ro,Z" "-v" "/var/lib/crater-agent-workspace/rustup-home:/opt/rustwide/rustup-home:ro,Z" "-e" "SOURCE_DIR=/opt/rustwide/workdir" "-e" "CARGO_TARGET_DIR=/opt/rustwide/target" "-e" "CARGO_INCREMENTAL=0" "-e" "RUST_BACKTRACE=full" "-e" "RUSTFLAGS=--cap-lints=forbid" "-e" "RUSTDOCFLAGS=--cap-lints=forbid" "-e" "CARGO_HOME=/opt/rustwide/cargo-home" "-e" "RUSTUP_HOME=/opt/rustwide/rustup-home" "-w" "/opt/rustwide/workdir" "-m" "1610612736" "--user" "0:0" "--network" "none" "ghcr.io/rust-lang/crates-build-env/linux@sha256:819108c5571ea2e421544af4d832f968d213c87fbe3707a016657f43d2f853bc" "/opt/rustwide/cargo-home/bin/cargo" "+nightly-2025-01-18" "build" "--frozen" "--message-format=json", kill_on_drop: false }`
[INFO] [stdout] 3b6d4ed8793d73497a4f1a51f8e24782b9d21b945b6c3a42f19f7de1cbb80b1d
[INFO] running `Command { std: "docker" "start" "-a" "3b6d4ed8793d73497a4f1a51f8e24782b9d21b945b6c3a42f19f7de1cbb80b1d", kill_on_drop: false }`
[INFO] [stderr]    Compiling proc-macro2 v1.0.93
[INFO] [stderr]    Compiling unicode-ident v1.0.14
[INFO] [stderr]    Compiling version_check v0.9.5
[INFO] [stderr]    Compiling syn v1.0.109
[INFO] [stderr]    Compiling libc v0.2.169
[INFO] [stderr]    Compiling memchr v2.7.4
[INFO] [stderr]    Compiling cfg-if v1.0.0
[INFO] [stderr]    Compiling regex-syntax v0.8.5
[INFO] [stderr]    Compiling proc-macro-error-attr v0.4.12
[INFO] [stderr]    Compiling proc-macro-error v0.4.12
[INFO] [stderr]    Compiling aho-corasick v1.1.3
[INFO] [stderr]    Compiling quote v1.0.38
[INFO] [stderr]    Compiling getrandom v0.2.15
[INFO] [stderr]    Compiling uuid v0.8.2
[INFO] [stderr]    Compiling regex-automata v0.4.9
[INFO] [stderr]    Compiling regex v1.11.1
[INFO] [stderr]    Compiling syn-mid v0.5.4
[INFO] [stderr]    Compiling log-termination v0.1.0 (/opt/rustwide/workdir)
[INFO] [stderr]     Finished `dev` profile [unoptimized + debuginfo] target(s) in 9.17s
[INFO] running `Command { std: "docker" "inspect" "3b6d4ed8793d73497a4f1a51f8e24782b9d21b945b6c3a42f19f7de1cbb80b1d", kill_on_drop: false }`
[INFO] running `Command { std: "docker" "rm" "-f" "3b6d4ed8793d73497a4f1a51f8e24782b9d21b945b6c3a42f19f7de1cbb80b1d", kill_on_drop: false }`
[INFO] [stdout] 3b6d4ed8793d73497a4f1a51f8e24782b9d21b945b6c3a42f19f7de1cbb80b1d
[INFO] running `Command { std: "docker" "create" "-v" "/var/lib/crater-agent-workspace/builds/worker-2-tc1/target:/opt/rustwide/target:rw,Z" "-v" "/var/lib/crater-agent-workspace/builds/worker-2-tc1/source:/opt/rustwide/workdir:ro,Z" "-v" "/var/lib/crater-agent-workspace/cargo-home:/opt/rustwide/cargo-home:ro,Z" "-v" "/var/lib/crater-agent-workspace/rustup-home:/opt/rustwide/rustup-home:ro,Z" "-e" "SOURCE_DIR=/opt/rustwide/workdir" "-e" "CARGO_TARGET_DIR=/opt/rustwide/target" "-e" "CARGO_INCREMENTAL=0" "-e" "RUST_BACKTRACE=full" "-e" "RUSTFLAGS=--cap-lints=forbid" "-e" "RUSTDOCFLAGS=--cap-lints=forbid" "-e" "CARGO_HOME=/opt/rustwide/cargo-home" "-e" "RUSTUP_HOME=/opt/rustwide/rustup-home" "-w" "/opt/rustwide/workdir" "-m" "1610612736" "--user" "0:0" "--network" "none" "ghcr.io/rust-lang/crates-build-env/linux@sha256:819108c5571ea2e421544af4d832f968d213c87fbe3707a016657f43d2f853bc" "/opt/rustwide/cargo-home/bin/cargo" "+nightly-2025-01-18" "test" "--frozen" "--no-run" "--message-format=json", kill_on_drop: false }`
[INFO] [stdout] eac3a1b71cfdba2eb00e4de2244d165b517d00c6f0bc500b9491843fdf42362b
[INFO] running `Command { std: "docker" "start" "-a" "eac3a1b71cfdba2eb00e4de2244d165b517d00c6f0bc500b9491843fdf42362b", kill_on_drop: false }`
[INFO] [stderr]    Compiling log-termination v0.1.0 (/opt/rustwide/workdir)
[INFO] [stderr]     Finished `test` profile [unoptimized + debuginfo] target(s) in 0.75s
[INFO] running `Command { std: "docker" "inspect" "eac3a1b71cfdba2eb00e4de2244d165b517d00c6f0bc500b9491843fdf42362b", kill_on_drop: false }`
[INFO] running `Command { std: "docker" "rm" "-f" "eac3a1b71cfdba2eb00e4de2244d165b517d00c6f0bc500b9491843fdf42362b", kill_on_drop: false }`
[INFO] [stdout] eac3a1b71cfdba2eb00e4de2244d165b517d00c6f0bc500b9491843fdf42362b
[INFO] running `Command { std: "docker" "create" "-v" "/var/lib/crater-agent-workspace/builds/worker-2-tc1/target:/opt/rustwide/target:rw,Z" "-v" "/var/lib/crater-agent-workspace/builds/worker-2-tc1/source:/opt/rustwide/workdir:ro,Z" "-v" "/var/lib/crater-agent-workspace/cargo-home:/opt/rustwide/cargo-home:ro,Z" "-v" "/var/lib/crater-agent-workspace/rustup-home:/opt/rustwide/rustup-home:ro,Z" "-e" "SOURCE_DIR=/opt/rustwide/workdir" "-e" "CARGO_TARGET_DIR=/opt/rustwide/target" "-e" "CARGO_INCREMENTAL=0" "-e" "RUST_BACKTRACE=full" "-e" "RUSTFLAGS=--cap-lints=forbid" "-e" "RUSTDOCFLAGS=--cap-lints=forbid" "-e" "CARGO_HOME=/opt/rustwide/cargo-home" "-e" "RUSTUP_HOME=/opt/rustwide/rustup-home" "-w" "/opt/rustwide/workdir" "-m" "1610612736" "--user" "0:0" "--network" "none" "ghcr.io/rust-lang/crates-build-env/linux@sha256:819108c5571ea2e421544af4d832f968d213c87fbe3707a016657f43d2f853bc" "/opt/rustwide/cargo-home/bin/cargo" "+nightly-2025-01-18" "test" "--frozen", kill_on_drop: false }`
[INFO] [stdout] c28504f529340edc1d42b33afb4c739c34525ac895a6835f3e09480c076de5a6
[INFO] running `Command { std: "docker" "start" "-a" "c28504f529340edc1d42b33afb4c739c34525ac895a6835f3e09480c076de5a6", kill_on_drop: false }`
[INFO] [stderr]     Finished `test` profile [unoptimized + debuginfo] target(s) in 0.04s
[INFO] [stderr]      Running unittests src/lib.rs (/opt/rustwide/target/debug/deps/log_termination-caefea09be69719f)
[INFO] [stdout] 
[INFO] [stdout] running 0 tests
[INFO] [stdout] 
[INFO] [stdout] test result: ok. 0 passed; 0 failed; 0 ignored; 0 measured; 0 filtered out; finished in 0.00s
[INFO] [stdout] 
[INFO] [stderr]    Doc-tests log_termination
[INFO] [stdout] 
[INFO] [stdout] running 1 test
[INFO] [stdout] test src/lib.rs - (line 10) ... FAILED
[INFO] [stdout] 
[INFO] [stdout] failures:
[INFO] [stdout] 
[INFO] [stdout] ---- src/lib.rs - (line 10) stdout ----
[INFO] [stdout] error[E0463]: can't find crate for `log`
[INFO] [stdout]  --> src/lib.rs:18:1
[INFO] [stdout]   |
[INFO] [stdout] 9 | extern crate log;
[INFO] [stdout]   | ^^^^^^^^^^^^^^^^^ can't find crate
[INFO] [stdout] 
[INFO] [stdout] error[E0463]: can't find crate for `fern`
[INFO] [stdout]   --> src/lib.rs:19:1
[INFO] [stdout]    |
[INFO] [stdout] 10 | extern crate fern;
[INFO] [stdout]    | ^^^^^^^^^^^^^^^^^^ can't find crate
[INFO] [stdout] 
[INFO] [stdout] error[E0437]: type `Ok` is not a member of trait `std::ops::Try`
[INFO] [stdout]   --> src/lib.rs:25:1
[INFO] [stdout]    |
[INFO] [stdout] 16 | / fn main() -> Result<(), Box<dyn Error>> {
[INFO] [stdout] 17 | |   fern::Dispatch::new()
[INFO] [stdout] 18 | |     .format(|o, m, r| { o.finish(format_args!(
[INFO] [stdout] 19 | |       "[{}:{}] {} {}: {}",
[INFO] [stdout] ...  |
[INFO] [stdout] 34 | | }
[INFO] [stdout]    | |_^ not a member of trait `std::ops::Try`
[INFO] [stdout] 
[INFO] [stdout] error[E0437]: type `Error` is not a member of trait `std::ops::Try`
[INFO] [stdout]   --> src/lib.rs:25:1
[INFO] [stdout]    |
[INFO] [stdout] 16 | / fn main() -> Result<(), Box<dyn Error>> {
[INFO] [stdout] 17 | |   fern::Dispatch::new()
[INFO] [stdout] 18 | |     .format(|o, m, r| { o.finish(format_args!(
[INFO] [stdout] 19 | |       "[{}:{}] {} {}: {}",
[INFO] [stdout] ...  |
[INFO] [stdout] 34 | | }
[INFO] [stdout]    | |_^ not a member of trait `std::ops::Try`
[INFO] [stdout] 
[INFO] [stdout] error[E0407]: method `into_result` is not a member of trait `std::ops::Try`
[INFO] [stdout]   --> src/lib.rs:25:1
[INFO] [stdout]    |
[INFO] [stdout] 16 | / fn main() -> Result<(), Box<dyn Error>> {
[INFO] [stdout] 17 | |   fern::Dispatch::new()
[INFO] [stdout] 18 | |     .format(|o, m, r| { o.finish(format_args!(
[INFO] [stdout] 19 | |       "[{}:{}] {} {}: {}",
[INFO] [stdout] ...  |
[INFO] [stdout] 34 | | }
[INFO] [stdout]    | |_^ not a member of trait `std::ops::Try`
[INFO] [stdout] 
[INFO] [stdout] error[E0407]: method `from_error` is not a member of trait `std::ops::Try`
[INFO] [stdout]   --> src/lib.rs:25:1
[INFO] [stdout]    |
[INFO] [stdout] 16 | / fn main() -> Result<(), Box<dyn Error>> {
[INFO] [stdout] 17 | |   fern::Dispatch::new()
[INFO] [stdout] 18 | |     .format(|o, m, r| { o.finish(format_args!(
[INFO] [stdout] 19 | |       "[{}:{}] {} {}: {}",
[INFO] [stdout] ...  |
[INFO] [stdout] 34 | | }
[INFO] [stdout]    | |_^ not a member of trait `std::ops::Try`
[INFO] [stdout] 
[INFO] [stdout] error[E0407]: method `from_ok` is not a member of trait `std::ops::Try`
[INFO] [stdout]   --> src/lib.rs:25:1
[INFO] [stdout]    |
[INFO] [stdout] 16 | / fn main() -> Result<(), Box<dyn Error>> {
[INFO] [stdout] 17 | |   fern::Dispatch::new()
[INFO] [stdout] 18 | |     .format(|o, m, r| { o.finish(format_args!(
[INFO] [stdout] 19 | |       "[{}:{}] {} {}: {}",
[INFO] [stdout] ...  |
[INFO] [stdout] 34 | | }
[INFO] [stdout]    | |_^ not a member of trait `std::ops::Try`
[INFO] [stdout] 
[INFO] [stdout] error[E0576]: cannot find associated type `Ok` in trait `std::ops::Try`
[INFO] [stdout]   --> src/lib.rs:25:1
[INFO] [stdout]    |
[INFO] [stdout] 16 | / fn main() -> Result<(), Box<dyn Error>> {
[INFO] [stdout] 17 | |   fern::Dispatch::new()
[INFO] [stdout] 18 | |     .format(|o, m, r| { o.finish(format_args!(
[INFO] [stdout] 19 | |       "[{}:{}] {} {}: {}",
[INFO] [stdout] ...  |
[INFO] [stdout] 34 | | }
[INFO] [stdout]    | |_^ not found in `std::ops::Try`
[INFO] [stdout] 
[INFO] [stdout] error[E0576]: cannot find associated type `Error` in trait `std::ops::Try`
[INFO] [stdout]   --> src/lib.rs:25:1
[INFO] [stdout]    |
[INFO] [stdout] 16 | / fn main() -> Result<(), Box<dyn Error>> {
[INFO] [stdout] 17 | |   fern::Dispatch::new()
[INFO] [stdout] 18 | |     .format(|o, m, r| { o.finish(format_args!(
[INFO] [stdout] 19 | |       "[{}:{}] {} {}: {}",
[INFO] [stdout] ...  |
[INFO] [stdout] 34 | | }
[INFO] [stdout]    | |_^ not found in `std::ops::Try`
[INFO] [stdout] 
[INFO] [stdout] error[E0576]: cannot find method or associated constant `from_error` in trait `std::ops::Try`
[INFO] [stdout]   --> src/lib.rs:25:1
[INFO] [stdout]    |
[INFO] [stdout] 16 | / fn main() -> Result<(), Box<dyn Error>> {
[INFO] [stdout] 17 | |   fern::Dispatch::new()
[INFO] [stdout] 18 | |     .format(|o, m, r| { o.finish(format_args!(
[INFO] [stdout] 19 | |       "[{}:{}] {} {}: {}",
[INFO] [stdout] ...  |
[INFO] [stdout] 34 | | }
[INFO] [stdout]    | |_^ not found in `std::ops::Try`
[INFO] [stdout] 
[INFO] [stdout] error[E0576]: cannot find method or associated constant `from_ok` in trait `std::ops::Try`
[INFO] [stdout]   --> src/lib.rs:25:1
[INFO] [stdout]    |
[INFO] [stdout] 16 | / fn main() -> Result<(), Box<dyn Error>> {
[INFO] [stdout] 17 | |   fern::Dispatch::new()
[INFO] [stdout] 18 | |     .format(|o, m, r| { o.finish(format_args!(
[INFO] [stdout] 19 | |       "[{}:{}] {} {}: {}",
[INFO] [stdout] ...  |
[INFO] [stdout] 34 | | }
[INFO] [stdout]    | |_^ not found in `std::ops::Try`
[INFO] [stdout] 
[INFO] [stdout] error[E0433]: failed to resolve: use of undeclared crate or module `chrono`
[INFO] [stdout]   --> src/lib.rs:31:7
[INFO] [stdout]    |
[INFO] [stdout] 22 |       chrono::Local::now().format("%F %T"),
[INFO] [stdout]    |       ^^^^^^ use of undeclared crate or module `chrono`
[INFO] [stdout]    |
[INFO] [stdout] help: consider importing this struct
[INFO] [stdout]    |
[INFO] [stdout] 5  + use syn::Local;
[INFO] [stdout]    |
[INFO] [stdout] help: if you import `Local`, refer to it directly
[INFO] [stdout]    |
[INFO] [stdout] 22 -       chrono::Local::now().format("%F %T"),
[INFO] [stdout] 22 +       Local::now().format("%F %T"),
[INFO] [stdout]    |
[INFO] [stdout] 
[INFO] [stdout] error[E0658]: use of unstable library feature `try_trait_v2`
[INFO] [stdout]   --> src/lib.rs:25:1
[INFO] [stdout]    |
[INFO] [stdout] 16 | / fn main() -> Result<(), Box<dyn Error>> {
[INFO] [stdout] 17 | |   fern::Dispatch::new()
[INFO] [stdout] 18 | |     .format(|o, m, r| { o.finish(format_args!(
[INFO] [stdout] 19 | |       "[{}:{}] {} {}: {}",
[INFO] [stdout] ...  |
[INFO] [stdout] 34 | | }
[INFO] [stdout]    | |_^
[INFO] [stdout]    |
[INFO] [stdout]    = note: see issue #84277 <https://github.com/rust-lang/rust/issues/84277> for more information
[INFO] [stdout]    = help: add `#![feature(try_trait_v2)]` to the crate attributes to enable
[INFO] [stdout]    = note: this compiler was built on 2025-01-17; consider upgrading it if it is out of date
[INFO] [stdout] 
[INFO] [stdout] warning: the feature `termination_trait_lib` has been stable since 1.61.0 and no longer requires an attribute to enable
[INFO] [stdout]  --> src/lib.rs:12:12
[INFO] [stdout]   |
[INFO] [stdout] 3 | #![feature(termination_trait_lib)]
[INFO] [stdout]   |            ^^^^^^^^^^^^^^^^^^^^^
[INFO] [stdout]   |
[INFO] [stdout]   = note: `#[warn(stable_features)]` on by default
[INFO] [stdout] 
[INFO] [stdout] error[E0635]: unknown feature `try_trait`
[INFO] [stdout]  --> src/lib.rs:11:12
[INFO] [stdout]   |
[INFO] [stdout] 2 | #![feature(try_trait)]
[INFO] [stdout]   |            ^^^^^^^^^
[INFO] [stdout] 
[INFO] [stdout] error[E0220]: associated type `Ok` not found for `Self`
[INFO] [stdout]   --> src/lib.rs:25:1
[INFO] [stdout]    |
[INFO] [stdout] 16 | / fn main() -> Result<(), Box<dyn Error>> {
[INFO] [stdout] 17 | |   fern::Dispatch::new()
[INFO] [stdout] 18 | |     .format(|o, m, r| { o.finish(format_args!(
[INFO] [stdout] 19 | |       "[{}:{}] {} {}: {}",
[INFO] [stdout] ...  |
[INFO] [stdout] 34 | | }
[INFO] [stdout]    | |_^ there is an associated type `Ok` in the trait `proc_macro_error::ResultExt`
[INFO] [stdout] 
[INFO] [stdout] error[E0220]: associated type `Error` not found for `Self`
[INFO] [stdout]   --> src/lib.rs:25:1
[INFO] [stdout]    |
[INFO] [stdout] 16 | / fn main() -> Result<(), Box<dyn Error>> {
[INFO] [stdout] 17 | |   fern::Dispatch::new()
[INFO] [stdout] 18 | |     .format(|o, m, r| { o.finish(format_args!(
[INFO] [stdout] 19 | |       "[{}:{}] {} {}: {}",
[INFO] [stdout] ...  |
[INFO] [stdout] 34 | | }
[INFO] [stdout]    | |_^ associated type `Error` not found
[INFO] [stdout] 
[INFO] [stdout] error[E0046]: not all trait items implemented, missing: `Output`, `Residual`, `from_output`, `branch`
[INFO] [stdout]   --> src/lib.rs:25:1
[INFO] [stdout]    |
[INFO] [stdout] 16 | / fn main() -> Result<(), Box<dyn Error>> {
[INFO] [stdout] 17 | |   fern::Dispatch::new()
[INFO] [stdout] 18 | |     .format(|o, m, r| { o.finish(format_args!(
[INFO] [stdout] 19 | |       "[{}:{}] {} {}: {}",
[INFO] [stdout] ...  |
[INFO] [stdout] 34 | | }
[INFO] [stdout]    | |_^ missing `Output`, `Residual`, `from_output`, `branch` in implementation
[INFO] [stdout]    |
[INFO] [stdout]    = help: implement the missing item: `type Output = /* Type */;`
[INFO] [stdout]    = help: implement the missing item: `type Residual = /* Type */;`
[INFO] [stdout]    = help: implement the missing item: `fn from_output(_: <Self as Try>::Output) -> Self { todo!() }`
[INFO] [stdout]    = help: implement the missing item: `fn branch(self) -> ControlFlow<<Self as Try>::Residual, <Self as Try>::Output> { todo!() }`
[INFO] [stdout] 
[INFO] [stdout] error[E0053]: method `report` has an incompatible type for trait
[INFO] [stdout]   --> src/lib.rs:25:1
[INFO] [stdout]    |
[INFO] [stdout] 16 | / fn main() -> Result<(), Box<dyn Error>> {
[INFO] [stdout] 17 | |   fern::Dispatch::new()
[INFO] [stdout] 18 | |     .format(|o, m, r| { o.finish(format_args!(
[INFO] [stdout] 19 | |       "[{}:{}] {} {}: {}",
[INFO] [stdout] ...  |
[INFO] [stdout] 34 | | }
[INFO] [stdout]    | |_^ expected `ExitCode`, found `i32`
[INFO] [stdout]    |
[INFO] [stdout]    = note: expected signature `fn(_log_termination_Result_Box_dyn_Error__mygensym_ad238d3dfa994d3bac0e3f820b4bb093<_>) -> ExitCode`
[INFO] [stdout]               found signature `fn(_log_termination_Result_Box_dyn_Error__mygensym_ad238d3dfa994d3bac0e3f820b4bb093<_>) -> i32`
[INFO] [stdout] help: change the output type to match the trait
[INFO] [stdout]    |
[INFO] [stdout] 16 | ExitCode
[INFO] [stdout]    |
[INFO] [stdout] 
[INFO] [stdout] error[E0599]: no method named `into_result` found for type parameter `T` in the current scope
[INFO] [stdout]   --> src/lib.rs:25:1
[INFO] [stdout]    |
[INFO] [stdout] 16 |   fn main() -> Result<(), Box<dyn Error>> {
[INFO] [stdout]    |  _^
[INFO] [stdout] 17 | |   fern::Dispatch::new()
[INFO] [stdout] 18 | |     .format(|o, m, r| { o.finish(format_args!(
[INFO] [stdout] 19 | |       "[{}:{}] {} {}: {}",
[INFO] [stdout] ...  |
[INFO] [stdout] 34 | | }
[INFO] [stdout]    | | ^
[INFO] [stdout]    | | |
[INFO] [stdout]    | |_method not found in `T`
[INFO] [stdout]    |   method `into_result` not found for this type parameter
[INFO] [stdout] 
[INFO] [stdout] error: aborting due to 19 previous errors; 1 warning emitted
[INFO] [stdout] 
[INFO] [stdout] Some errors have detailed explanations: E0046, E0053, E0220, E0407, E0433, E0437, E0463, E0576, E0599...
[INFO] [stdout] For more information about an error, try `rustc --explain E0046`.
[INFO] [stdout] Couldn't compile the test.
[INFO] [stdout] 
[INFO] [stdout] failures:
[INFO] [stdout]     src/lib.rs - (line 10)
[INFO] [stdout] 
[INFO] [stdout] test result: FAILED. 0 passed; 1 failed; 0 ignored; 0 measured; 0 filtered out; finished in 0.14s
[INFO] [stdout] 
[INFO] [stderr] error: doctest failed, to rerun pass `--doc`
[INFO] running `Command { std: "docker" "inspect" "c28504f529340edc1d42b33afb4c739c34525ac895a6835f3e09480c076de5a6", kill_on_drop: false }`
[INFO] running `Command { std: "docker" "rm" "-f" "c28504f529340edc1d42b33afb4c739c34525ac895a6835f3e09480c076de5a6", kill_on_drop: false }`
[INFO] [stdout] c28504f529340edc1d42b33afb4c739c34525ac895a6835f3e09480c076de5a6
