[INFO] fetching crate locktree 0.3.0...
[INFO] testing locktree-0.3.0 against nightly-2025-01-18+rustflags=-Zrandomize-layout for randomize-layout-2
[INFO] extracting crate locktree 0.3.0 into /workspace/builds/worker-6-tc2/source
[INFO] validating manifest of crates.io crate locktree 0.3.0 on toolchain nightly-2025-01-18
[INFO] running `Command { std: CARGO_HOME="/workspace/cargo-home" RUSTUP_HOME="/workspace/rustup-home" "/workspace/cargo-home/bin/cargo" "+nightly-2025-01-18" "metadata" "--manifest-path" "Cargo.toml" "--no-deps", kill_on_drop: false }`
[INFO] started tweaking crates.io crate locktree 0.3.0
[INFO] finished tweaking crates.io crate locktree 0.3.0
[INFO] tweaked toml for crates.io crate locktree 0.3.0 written to /workspace/builds/worker-6-tc2/source/Cargo.toml
[INFO] running `Command { std: CARGO_HOME="/workspace/cargo-home" RUSTUP_HOME="/workspace/rustup-home" "/workspace/cargo-home/bin/cargo" "+nightly-2025-01-18" "generate-lockfile" "--manifest-path" "Cargo.toml", kill_on_drop: false }`
[INFO] [stderr]     Updating crates.io index
[INFO] [stderr]      Locking 45 packages to latest compatible versions
[INFO] [stderr]       Adding tokio v0.2.25 (available: v1.43.0)
[INFO] running `Command { std: CARGO_HOME="/workspace/cargo-home" RUSTUP_HOME="/workspace/rustup-home" "/workspace/cargo-home/bin/cargo" "+nightly-2025-01-18" "fetch" "--manifest-path" "Cargo.toml", kill_on_drop: false }`
[INFO] running `Command { std: "docker" "create" "-v" "/var/lib/crater-agent-workspace/builds/worker-6-tc2/target:/opt/rustwide/target:rw,Z" "-v" "/var/lib/crater-agent-workspace/builds/worker-6-tc2/source:/opt/rustwide/workdir:ro,Z" "-v" "/var/lib/crater-agent-workspace/cargo-home:/opt/rustwide/cargo-home:ro,Z" "-v" "/var/lib/crater-agent-workspace/rustup-home:/opt/rustwide/rustup-home:ro,Z" "-e" "SOURCE_DIR=/opt/rustwide/workdir" "-e" "CARGO_TARGET_DIR=/opt/rustwide/target" "-e" "CARGO_HOME=/opt/rustwide/cargo-home" "-e" "RUSTUP_HOME=/opt/rustwide/rustup-home" "-w" "/opt/rustwide/workdir" "-m" "1610612736" "--user" "0:0" "--network" "none" "ghcr.io/rust-lang/crates-build-env/linux@sha256:819108c5571ea2e421544af4d832f968d213c87fbe3707a016657f43d2f853bc" "/opt/rustwide/cargo-home/bin/cargo" "+nightly-2025-01-18" "metadata" "--no-deps" "--format-version=1", kill_on_drop: false }`
[INFO] [stdout] ccec6bafb14a49ac255a0455218df4bd26f0650556507e6d33e344a2e84e6e2c
[INFO] running `Command { std: "docker" "start" "-a" "ccec6bafb14a49ac255a0455218df4bd26f0650556507e6d33e344a2e84e6e2c", kill_on_drop: false }`
[INFO] running `Command { std: "docker" "inspect" "ccec6bafb14a49ac255a0455218df4bd26f0650556507e6d33e344a2e84e6e2c", kill_on_drop: false }`
[INFO] running `Command { std: "docker" "rm" "-f" "ccec6bafb14a49ac255a0455218df4bd26f0650556507e6d33e344a2e84e6e2c", kill_on_drop: false }`
[INFO] [stdout] ccec6bafb14a49ac255a0455218df4bd26f0650556507e6d33e344a2e84e6e2c
[INFO] running `Command { std: "docker" "create" "-v" "/var/lib/crater-agent-workspace/builds/worker-6-tc2/target:/opt/rustwide/target:rw,Z" "-v" "/var/lib/crater-agent-workspace/builds/worker-6-tc2/source:/opt/rustwide/workdir:ro,Z" "-v" "/var/lib/crater-agent-workspace/cargo-home:/opt/rustwide/cargo-home:ro,Z" "-v" "/var/lib/crater-agent-workspace/rustup-home:/opt/rustwide/rustup-home:ro,Z" "-e" "SOURCE_DIR=/opt/rustwide/workdir" "-e" "CARGO_TARGET_DIR=/opt/rustwide/target" "-e" "CARGO_INCREMENTAL=0" "-e" "RUST_BACKTRACE=full" "-e" "RUSTFLAGS=--cap-lints=forbid -Zrandomize-layout" "-e" "RUSTDOCFLAGS=--cap-lints=forbid" "-e" "CARGO_HOME=/opt/rustwide/cargo-home" "-e" "RUSTUP_HOME=/opt/rustwide/rustup-home" "-w" "/opt/rustwide/workdir" "-m" "1610612736" "--user" "0:0" "--network" "none" "ghcr.io/rust-lang/crates-build-env/linux@sha256:819108c5571ea2e421544af4d832f968d213c87fbe3707a016657f43d2f853bc" "/opt/rustwide/cargo-home/bin/cargo" "+nightly-2025-01-18" "build" "--frozen" "--message-format=json", kill_on_drop: false }`
[INFO] [stdout] 17ff60a646955f9d9a53e5bc0bd14a5a44c56ac139ba9cc7c022d745c515469b
[INFO] running `Command { std: "docker" "start" "-a" "17ff60a646955f9d9a53e5bc0bd14a5a44c56ac139ba9cc7c022d745c515469b", kill_on_drop: false }`
[INFO] [stderr]    Compiling proc-macro2 v1.0.93
[INFO] [stderr]    Compiling unicode-ident v1.0.14
[INFO] [stderr]    Compiling syn v1.0.109
[INFO] [stderr]    Compiling quote v1.0.38
[INFO] [stderr]    Compiling locktree-derive v0.3.0
[INFO] [stderr]    Compiling locktree v0.3.0 (/opt/rustwide/workdir)
[INFO] [stderr]     Finished `dev` profile [unoptimized + debuginfo] target(s) in 5.08s
[INFO] running `Command { std: "docker" "inspect" "17ff60a646955f9d9a53e5bc0bd14a5a44c56ac139ba9cc7c022d745c515469b", kill_on_drop: false }`
[INFO] running `Command { std: "docker" "rm" "-f" "17ff60a646955f9d9a53e5bc0bd14a5a44c56ac139ba9cc7c022d745c515469b", kill_on_drop: false }`
[INFO] [stdout] 17ff60a646955f9d9a53e5bc0bd14a5a44c56ac139ba9cc7c022d745c515469b
[INFO] running `Command { std: "docker" "create" "-v" "/var/lib/crater-agent-workspace/builds/worker-6-tc2/target:/opt/rustwide/target:rw,Z" "-v" "/var/lib/crater-agent-workspace/builds/worker-6-tc2/source:/opt/rustwide/workdir:ro,Z" "-v" "/var/lib/crater-agent-workspace/cargo-home:/opt/rustwide/cargo-home:ro,Z" "-v" "/var/lib/crater-agent-workspace/rustup-home:/opt/rustwide/rustup-home:ro,Z" "-e" "SOURCE_DIR=/opt/rustwide/workdir" "-e" "CARGO_TARGET_DIR=/opt/rustwide/target" "-e" "CARGO_INCREMENTAL=0" "-e" "RUST_BACKTRACE=full" "-e" "RUSTFLAGS=--cap-lints=forbid -Zrandomize-layout" "-e" "RUSTDOCFLAGS=--cap-lints=forbid" "-e" "CARGO_HOME=/opt/rustwide/cargo-home" "-e" "RUSTUP_HOME=/opt/rustwide/rustup-home" "-w" "/opt/rustwide/workdir" "-m" "1610612736" "--user" "0:0" "--network" "none" "ghcr.io/rust-lang/crates-build-env/linux@sha256:819108c5571ea2e421544af4d832f968d213c87fbe3707a016657f43d2f853bc" "/opt/rustwide/cargo-home/bin/cargo" "+nightly-2025-01-18" "test" "--frozen" "--no-run" "--message-format=json", kill_on_drop: false }`
[INFO] [stdout] 6365c42b8eaf1f875b5a6e7122713ba15b6370667a2376fb0977fbff525e28b8
[INFO] running `Command { std: "docker" "start" "-a" "6365c42b8eaf1f875b5a6e7122713ba15b6370667a2376fb0977fbff525e28b8", kill_on_drop: false }`
[INFO] [stderr]    Compiling serde v1.0.217
[INFO] [stderr]    Compiling libc v0.2.169
[INFO] [stderr]    Compiling hashbrown v0.15.2
[INFO] [stderr]    Compiling equivalent v1.0.1
[INFO] [stderr]    Compiling autocfg v1.4.0
[INFO] [stderr]    Compiling target-triple v0.1.3
[INFO] [stderr]    Compiling serde_json v1.0.137
[INFO] [stderr]    Compiling winnow v0.6.24
[INFO] [stderr]    Compiling ryu v1.0.18
[INFO] [stderr]    Compiling memchr v2.7.4
[INFO] [stderr]    Compiling itoa v1.0.14
[INFO] [stderr]    Compiling pin-project-lite v0.1.12
[INFO] [stderr]    Compiling fnv v1.0.7
[INFO] [stderr]    Compiling glob v0.3.2
[INFO] [stderr]    Compiling termcolor v1.4.1
[INFO] [stderr]    Compiling syn v2.0.96
[INFO] [stderr]    Compiling tokio-macros v0.2.6
[INFO] [stderr]    Compiling bytes v0.5.6
[INFO] [stderr]    Compiling slab v0.4.9
[INFO] [stderr]    Compiling indexmap v2.7.1
[INFO] [stderr]    Compiling num_cpus v1.16.0
[INFO] [stderr]    Compiling tokio v0.2.25
[INFO] [stderr]    Compiling serde_derive v1.0.217
[INFO] [stderr]    Compiling serde_spanned v0.6.8
[INFO] [stderr]    Compiling toml_datetime v0.6.8
[INFO] [stderr]    Compiling toml_edit v0.22.22
[INFO] [stderr]    Compiling toml v0.8.19
[INFO] [stderr]    Compiling trybuild v1.0.102
[INFO] [stderr]    Compiling locktree v0.3.0 (/opt/rustwide/workdir)
[INFO] [stderr]     Finished `test` profile [unoptimized + debuginfo] target(s) in 13.12s
[INFO] running `Command { std: "docker" "inspect" "6365c42b8eaf1f875b5a6e7122713ba15b6370667a2376fb0977fbff525e28b8", kill_on_drop: false }`
[INFO] running `Command { std: "docker" "rm" "-f" "6365c42b8eaf1f875b5a6e7122713ba15b6370667a2376fb0977fbff525e28b8", kill_on_drop: false }`
[INFO] [stdout] 6365c42b8eaf1f875b5a6e7122713ba15b6370667a2376fb0977fbff525e28b8
[INFO] running `Command { std: "docker" "create" "-v" "/var/lib/crater-agent-workspace/builds/worker-6-tc2/target:/opt/rustwide/target:rw,Z" "-v" "/var/lib/crater-agent-workspace/builds/worker-6-tc2/source:/opt/rustwide/workdir:ro,Z" "-v" "/var/lib/crater-agent-workspace/cargo-home:/opt/rustwide/cargo-home:ro,Z" "-v" "/var/lib/crater-agent-workspace/rustup-home:/opt/rustwide/rustup-home:ro,Z" "-e" "SOURCE_DIR=/opt/rustwide/workdir" "-e" "CARGO_TARGET_DIR=/opt/rustwide/target" "-e" "CARGO_INCREMENTAL=0" "-e" "RUST_BACKTRACE=full" "-e" "RUSTFLAGS=--cap-lints=forbid -Zrandomize-layout" "-e" "RUSTDOCFLAGS=--cap-lints=forbid" "-e" "CARGO_HOME=/opt/rustwide/cargo-home" "-e" "RUSTUP_HOME=/opt/rustwide/rustup-home" "-w" "/opt/rustwide/workdir" "-m" "1610612736" "--user" "0:0" "--network" "none" "ghcr.io/rust-lang/crates-build-env/linux@sha256:819108c5571ea2e421544af4d832f968d213c87fbe3707a016657f43d2f853bc" "/opt/rustwide/cargo-home/bin/cargo" "+nightly-2025-01-18" "test" "--frozen", kill_on_drop: false }`
[INFO] [stdout] 261be4a7a7270089e222a7cd89881426612901ccc9a249dfa39f2df670ec1b64
[INFO] running `Command { std: "docker" "start" "-a" "261be4a7a7270089e222a7cd89881426612901ccc9a249dfa39f2df670ec1b64", kill_on_drop: false }`
[INFO] [stderr]     Finished `test` profile [unoptimized + debuginfo] target(s) in 0.03s
[INFO] [stderr]      Running unittests src/lib.rs (/opt/rustwide/target/debug/deps/locktree-1fab56764e15dfd0)
[INFO] [stdout] 
[INFO] [stdout] running 0 tests
[INFO] [stdout] 
[INFO] [stdout] test result: ok. 0 passed; 0 failed; 0 ignored; 0 measured; 0 filtered out; finished in 0.00s
[INFO] [stdout] 
[INFO] [stderr]      Running tests/compiletest.rs (/opt/rustwide/target/debug/deps/compiletest-4c3ad8d4eda00a97)
[INFO] [stdout] 
[INFO] [stdout] running 1 test
[INFO] [stderr]    Compiling proc-macro2 v1.0.93
[INFO] [stderr]    Compiling unicode-ident v1.0.14
[INFO] [stderr]    Compiling syn v1.0.109
[INFO] [stderr]    Compiling autocfg v1.4.0
[INFO] [stderr]    Compiling libc v0.2.169
[INFO] [stderr]    Compiling pin-project-lite v0.1.12
[INFO] [stderr]    Compiling fnv v1.0.7
[INFO] [stderr]    Compiling bytes v0.5.6
[INFO] [stderr]    Compiling slab v0.4.9
[INFO] [stderr]    Compiling quote v1.0.38
[INFO] [stderr]    Compiling num_cpus v1.16.0
[INFO] [stderr]    Compiling locktree-derive v0.3.0
[INFO] [stderr]    Compiling tokio-macros v0.2.6
[INFO] [stderr]    Compiling locktree v0.3.0 (/opt/rustwide/workdir)
[INFO] [stderr]    Compiling tokio v0.2.25
[INFO] [stderr]    Compiling locktree-tests v0.0.0 (/opt/rustwide/target/tests/trybuild/locktree)
[INFO] [stderr]     Finished `dev` profile [unoptimized + debuginfo] target(s) in 8.22s
[INFO] [stderr] 
[INFO] [stderr] 
[INFO] [stderr] test tests/compilefail/declare_async_mutex_without_explicit_hkt.rs [should fail to compile] ... ok
[INFO] [stderr] test tests/compilefail/declare_async_rw_lock_without_explicit_hkt.rs [should fail to compile] ... ok
[INFO] [stderr] test tests/compilefail/locking_from_same_forward_after_dropping_the_forward_only.rs [should fail to compile] ... mismatch
[INFO] [stderr] 
[INFO] [stderr] EXPECTED:
[INFO] [stderr] ┈┈┈┈┈┈┈┈┈┈┈┈┈┈┈┈┈┈┈┈┈┈┈┈┈┈┈┈┈┈┈┈┈┈┈┈┈┈┈┈┈┈┈┈┈┈┈┈┈┈┈┈┈┈┈┈┈┈┈┈
[INFO] [stderr] error[E0499]: cannot borrow `forward_a` as mutable more than once at a time
[INFO] [stderr]   --> $DIR/locking_from_same_forward_after_dropping_the_forward_only.rs:15:13
[INFO] [stderr]    |
[INFO] [stderr] 13 |     let _b = forward_a.lock_m1().0;
[INFO] [stderr]    |              --------- first mutable borrow occurs here
[INFO] [stderr] 14 |     // Invalid
[INFO] [stderr] 15 |     let _ = forward_a.lock_m1();
[INFO] [stderr]    |             ^^^^^^^^^ second mutable borrow occurs here
[INFO] [stderr] 16 | }
[INFO] [stderr]    | - first borrow might be used here, when `_b` is dropped and runs the `Drop` code for type `std::sync::MutexGuard`
[INFO] [stderr] ┈┈┈┈┈┈┈┈┈┈┈┈┈┈┈┈┈┈┈┈┈┈┈┈┈┈┈┈┈┈┈┈┈┈┈┈┈┈┈┈┈┈┈┈┈┈┈┈┈┈┈┈┈┈┈┈┈┈┈┈
[INFO] [stderr] 
[INFO] [stderr] ACTUAL OUTPUT:
[INFO] [stderr] ┈┈┈┈┈┈┈┈┈┈┈┈┈┈┈┈┈┈┈┈┈┈┈┈┈┈┈┈┈┈┈┈┈┈┈┈┈┈┈┈┈┈┈┈┈┈┈┈┈┈┈┈┈┈┈┈┈┈┈┈
[INFO] [stderr] error[E0499]: cannot borrow `forward_a` as mutable more than once at a time
[INFO] [stderr]   --> tests/compilefail/locking_from_same_forward_after_dropping_the_forward_only.rs:15:13
[INFO] [stderr]    |
[INFO] [stderr] 13 |     let _b = forward_a.lock_m1().0;
[INFO] [stderr]    |              --------- first mutable borrow occurs here
[INFO] [stderr] 14 |     // Invalid
[INFO] [stderr] 15 |     let _ = forward_a.lock_m1();
[INFO] [stderr]    |             ^^^^^^^^^ second mutable borrow occurs here
[INFO] [stderr] 16 | }
[INFO] [stderr]    | - first borrow might be used here, when `_b` is dropped and runs the `Drop` code for type `MutexGuard`
[INFO] [stderr] ┈┈┈┈┈┈┈┈┈┈┈┈┈┈┈┈┈┈┈┈┈┈┈┈┈┈┈┈┈┈┈┈┈┈┈┈┈┈┈┈┈┈┈┈┈┈┈┈┈┈┈┈┈┈┈┈┈┈┈┈
[INFO] [stderr] note: If the actual output is the correct output you can bless it by rerunning
[INFO] [stderr]       your test with the environment variable TRYBUILD=overwrite
[INFO] [stderr] 
[INFO] [stderr] test tests/compilefail/locking_from_same_forward_after_dropping_the_guard_only.rs [should fail to compile] ... error
[INFO] [stderr] Expected test case to fail to compile, but it succeeded.
[INFO] [stderr] 
[INFO] [stderr] test tests/compilefail/locking_from_same_forward_twice.rs [should fail to compile] ... mismatch
[INFO] [stderr] 
[INFO] [stderr] EXPECTED:
[INFO] [stderr] ┈┈┈┈┈┈┈┈┈┈┈┈┈┈┈┈┈┈┈┈┈┈┈┈┈┈┈┈┈┈┈┈┈┈┈┈┈┈┈┈┈┈┈┈┈┈┈┈┈┈┈┈┈┈┈┈┈┈┈┈
[INFO] [stderr] error[E0499]: cannot borrow `forward_a` as mutable more than once at a time
[INFO] [stderr]   --> $DIR/locking_from_same_forward_twice.rs:15:13
[INFO] [stderr]    |
[INFO] [stderr] 13 |     let _b = forward_a.lock_m1();
[INFO] [stderr]    |              --------- first mutable borrow occurs here
[INFO] [stderr] 14 |     // Invalid
[INFO] [stderr] 15 |     let _ = forward_a.lock_m1();
[INFO] [stderr]    |             ^^^^^^^^^ second mutable borrow occurs here
[INFO] [stderr] 16 | }
[INFO] [stderr]    | - first borrow might be used here, when `_b` is dropped and runs the destructor for type `(std::sync::MutexGuard<'_, ()>, MainLockTreeM1<'_>)`
[INFO] [stderr] ┈┈┈┈┈┈┈┈┈┈┈┈┈┈┈┈┈┈┈┈┈┈┈┈┈┈┈┈┈┈┈┈┈┈┈┈┈┈┈┈┈┈┈┈┈┈┈┈┈┈┈┈┈┈┈┈┈┈┈┈
[INFO] [stderr] 
[INFO] [stderr] ACTUAL OUTPUT:
[INFO] [stderr] ┈┈┈┈┈┈┈┈┈┈┈┈┈┈┈┈┈┈┈┈┈┈┈┈┈┈┈┈┈┈┈┈┈┈┈┈┈┈┈┈┈┈┈┈┈┈┈┈┈┈┈┈┈┈┈┈┈┈┈┈
[INFO] [stderr] error[E0499]: cannot borrow `forward_a` as mutable more than once at a time
[INFO] [stderr]   --> tests/compilefail/locking_from_same_forward_twice.rs:15:13
[INFO] [stderr]    |
[INFO] [stderr] 13 |     let _b = forward_a.lock_m1();
[INFO] [stderr]    |              --------- first mutable borrow occurs here
[INFO] [stderr] 14 |     // Invalid
[INFO] [stderr] 15 |     let _ = forward_a.lock_m1();
[INFO] [stderr]    |             ^^^^^^^^^ second mutable borrow occurs here
[INFO] [stderr] 16 | }
[INFO] [stderr]    | - first borrow might be used here, when `_b` is dropped and runs the destructor for type `(MutexGuard<'_, ()>, MainLockTreeM1<'_>)`
[INFO] [stderr] ┈┈┈┈┈┈┈┈┈┈┈┈┈┈┈┈┈┈┈┈┈┈┈┈┈┈┈┈┈┈┈┈┈┈┈┈┈┈┈┈┈┈┈┈┈┈┈┈┈┈┈┈┈┈┈┈┈┈┈┈
[INFO] [stderr] note: If the actual output is the correct output you can bless it by rerunning
[INFO] [stderr]       your test with the environment variable TRYBUILD=overwrite
[INFO] [stderr] 
[INFO] [stderr] test tests/compilefail/locking_out_of_sequence.rs [should fail to compile] ... mismatch
[INFO] [stderr] 
[INFO] [stderr] EXPECTED:
[INFO] [stderr] ┈┈┈┈┈┈┈┈┈┈┈┈┈┈┈┈┈┈┈┈┈┈┈┈┈┈┈┈┈┈┈┈┈┈┈┈┈┈┈┈┈┈┈┈┈┈┈┈┈┈┈┈┈┈┈┈┈┈┈┈
[INFO] [stderr] error[E0599]: no method named `lock_m1` found for struct `MainLockTreeM2<'_>` in the current scope
[INFO] [stderr]   --> $DIR/locking_out_of_sequence.rs:16:23
[INFO] [stderr]    |
[INFO] [stderr] 3  | locktree! {
[INFO] [stderr]    | --------- method `lock_m1` not found for this
[INFO] [stderr] ...
[INFO] [stderr] 16 |     let _ = forward_b.lock_m1();
[INFO] [stderr]    |                       ^^^^^^^ method not found in `MainLockTreeM2<'_>`
[INFO] [stderr] ┈┈┈┈┈┈┈┈┈┈┈┈┈┈┈┈┈┈┈┈┈┈┈┈┈┈┈┈┈┈┈┈┈┈┈┈┈┈┈┈┈┈┈┈┈┈┈┈┈┈┈┈┈┈┈┈┈┈┈┈
[INFO] [stderr] 
[INFO] [stderr] ACTUAL OUTPUT:
[INFO] [stderr] ┈┈┈┈┈┈┈┈┈┈┈┈┈┈┈┈┈┈┈┈┈┈┈┈┈┈┈┈┈┈┈┈┈┈┈┈┈┈┈┈┈┈┈┈┈┈┈┈┈┈┈┈┈┈┈┈┈┈┈┈
[INFO] [stderr] error[E0599]: no method named `lock_m1` found for struct `MainLockTreeM2` in the current scope
[INFO] [stderr]   --> tests/compilefail/locking_out_of_sequence.rs:16:23
[INFO] [stderr]    |
[INFO] [stderr] 3  | / locktree! {
[INFO] [stderr] 4  | |     Main {
[INFO] [stderr] 5  | |         m0: Mutex<()>,
[INFO] [stderr] 6  | |         m1: Mutex<()>,
[INFO] [stderr] ...  |
[INFO] [stderr] 9  | | }
[INFO] [stderr]    | |_- method `lock_m1` not found for this struct
[INFO] [stderr] ...
[INFO] [stderr] 16 |       let _ = forward_b.lock_m1();
[INFO] [stderr]    |                         ^^^^^^^ method not found in `MainLockTreeM2<'_>`
[INFO] [stderr]    |
[INFO] [stderr] help: one of the expressions' fields has a method of the same name
[INFO] [stderr]    |
[INFO] [stderr] 16 |     let _ = forward_b.locks.lock_m1();
[INFO] [stderr]    |                       ++++++
[INFO] [stderr] ┈┈┈┈┈┈┈┈┈┈┈┈┈┈┈┈┈┈┈┈┈┈┈┈┈┈┈┈┈┈┈┈┈┈┈┈┈┈┈┈┈┈┈┈┈┈┈┈┈┈┈┈┈┈┈┈┈┈┈┈
[INFO] [stderr] note: If the actual output is the correct output you can bless it by rerunning
[INFO] [stderr]       your test with the environment variable TRYBUILD=overwrite
[INFO] [stderr] 
[INFO] [stderr] test tests/compilepass/locking_from_main_lock_tree_twice.rs [should pass] ... ok
[INFO] [stderr] test tests/compilepass/locking_from_same_forward_after_unlocking.rs [should pass] ... ok
[INFO] [stderr] test tests/compilepass/locking_in_sequence.rs [should pass] ... ok
[INFO] [stderr] test tests/compilepass/locking_mutex.rs [should pass] ... ok
[INFO] [stderr] test tests/compilepass/locking_rw_lock.rs [should pass] ... ok
[INFO] [stderr] test tests/compilepass-tokio/locking_tokio_mutex.rs [should pass] ... error
[INFO] [stderr] ┈┈┈┈┈┈┈┈┈┈┈┈┈┈┈┈┈┈┈┈┈┈┈┈┈┈┈┈┈┈┈┈┈┈┈┈┈┈┈┈┈┈┈┈┈┈┈┈┈┈┈┈┈┈┈┈┈┈┈┈
[INFO] [stderr] error[E0277]: the trait bound `tokio::sync::Mutex<()>: AsyncMutex` is not satisfied
[INFO] [stderr]  --> tests/compilepass-tokio/locking_tokio_mutex.rs:4:1
[INFO] [stderr]   |
[INFO] [stderr] 4 | / locktree! {
[INFO] [stderr] 5 | |     Main {
[INFO] [stderr] 6 | |         mutex: async Mutex(Mutex)<()>,
[INFO] [stderr] 7 | |     }
[INFO] [stderr] 8 | | }
[INFO] [stderr]   | |_^ the trait `AsyncMutex` is not implemented for `tokio::sync::Mutex<()>`
[INFO] [stderr]   |
[INFO] [stderr]   = note: this error originates in the macro `locktree` (in Nightly builds, run with -Z macro-backtrace for more info)
[INFO] [stderr] 
[INFO] [stderr] error[E0277]: the trait bound `tokio::sync::Mutex<()>: New<()>` is not satisfied
[INFO] [stderr]  --> tests/compilepass-tokio/locking_tokio_mutex.rs:4:1
[INFO] [stderr]   |
[INFO] [stderr] 4 | / locktree! {
[INFO] [stderr] 5 | |     Main {
[INFO] [stderr] 6 | |         mutex: async Mutex(Mutex)<()>,
[INFO] [stderr] 7 | |     }
[INFO] [stderr] 8 | | }
[INFO] [stderr]   | |_^ the trait `New<()>` is not implemented for `tokio::sync::Mutex<()>`
[INFO] [stderr]   |
[INFO] [stderr]   = help: the following other types implement trait `New<T>`:
[INFO] [stderr]             std::sync::Mutex<T>
[INFO] [stderr]             std::sync::RwLock<T>
[INFO] [stderr]   = note: this error originates in the macro `locktree` (in Nightly builds, run with -Z macro-backtrace for more info)
[INFO] [stderr] 
[INFO] [stderr] error[E0599]: the method `lock_mutex` exists for struct `MainLockTree`, but its trait bounds were not satisfied
[INFO] [stderr]   --> tests/compilepass-tokio/locking_tokio_mutex.rs:13:19
[INFO] [stderr]    |
[INFO] [stderr] 4  | / locktree! {
[INFO] [stderr] 5  | |     Main {
[INFO] [stderr] 6  | |         mutex: async Mutex(Mutex)<()>,
[INFO] [stderr] 7  | |     }
[INFO] [stderr] 8  | | }
[INFO] [stderr]    | |_- method `lock_mutex` not found for this struct
[INFO] [stderr] ...
[INFO] [stderr] 13 |       let _ = locks.lock_mutex().0.await;
[INFO] [stderr]    |                     ^^^^^^^^^^ method cannot be called on `MainLockTree` due to unsatisfied trait bounds
[INFO] [stderr]    |
[INFO] [stderr]   ::: $CARGO/tokio-0.2.25/src/sync/mutex.rs
[INFO] [stderr]    |
[INFO] [stderr]    |   pub struct Mutex<T: ?Sized> {
[INFO] [stderr]    |   --------------------------- doesn't satisfy `tokio::sync::Mutex<()>: AsyncMutex`
[INFO] [stderr]    |
[INFO] [stderr]    = note: the following trait bounds were not satisfied:
[INFO] [stderr]            `tokio::sync::Mutex<()>: AsyncMutex`
[INFO] [stderr] ┈┈┈┈┈┈┈┈┈┈┈┈┈┈┈┈┈┈┈┈┈┈┈┈┈┈┈┈┈┈┈┈┈┈┈┈┈┈┈┈┈┈┈┈┈┈┈┈┈┈┈┈┈┈┈┈┈┈┈┈
[INFO] [stderr] 
[INFO] [stderr] test tests/compilepass-tokio/locking_tokio_rw_lock.rs [should pass] ... error
[INFO] [stderr] ┈┈┈┈┈┈┈┈┈┈┈┈┈┈┈┈┈┈┈┈┈┈┈┈┈┈┈┈┈┈┈┈┈┈┈┈┈┈┈┈┈┈┈┈┈┈┈┈┈┈┈┈┈┈┈┈┈┈┈┈
[INFO] [stderr] error[E0277]: the trait bound `tokio::sync::RwLock<()>: AsyncMutex` is not satisfied
[INFO] [stderr]  --> tests/compilepass-tokio/locking_tokio_rw_lock.rs:4:1
[INFO] [stderr]   |
[INFO] [stderr] 4 | / locktree! {
[INFO] [stderr] 5 | |     Main {
[INFO] [stderr] 6 | |         rw_lock: async RwLock(RwLock)<()>,
[INFO] [stderr] 7 | |     }
[INFO] [stderr] 8 | | }
[INFO] [stderr]   | |_^ the trait `AsyncMutex` is not implemented for `tokio::sync::RwLock<()>`
[INFO] [stderr]   |
[INFO] [stderr]   = note: required for `tokio::sync::RwLock<()>` to implement `AsyncRwLock`
[INFO] [stderr]   = note: this error originates in the macro `locktree` (in Nightly builds, run with -Z macro-backtrace for more info)
[INFO] [stderr] 
[INFO] [stderr] error[E0277]: the trait bound `tokio::sync::RwLock<()>: New<()>` is not satisfied
[INFO] [stderr]  --> tests/compilepass-tokio/locking_tokio_rw_lock.rs:4:1
[INFO] [stderr]   |
[INFO] [stderr] 4 | / locktree! {
[INFO] [stderr] 5 | |     Main {
[INFO] [stderr] 6 | |         rw_lock: async RwLock(RwLock)<()>,
[INFO] [stderr] 7 | |     }
[INFO] [stderr] 8 | | }
[INFO] [stderr]   | |_^ the trait `New<()>` is not implemented for `tokio::sync::RwLock<()>`
[INFO] [stderr]   |
[INFO] [stderr]   = help: the following other types implement trait `New<T>`:
[INFO] [stderr]             std::sync::Mutex<T>
[INFO] [stderr]             std::sync::RwLock<T>
[INFO] [stderr]   = note: this error originates in the macro `locktree` (in Nightly builds, run with -Z macro-backtrace for more info)
[INFO] [stderr] 
[INFO] [stderr] error[E0599]: the method `read_rw_lock` exists for struct `MainLockTree`, but its trait bounds were not satisfied
[INFO] [stderr]   --> tests/compilepass-tokio/locking_tokio_rw_lock.rs:14:23
[INFO] [stderr]    |
[INFO] [stderr] 4  | / locktree! {
[INFO] [stderr] 5  | |     Main {
[INFO] [stderr] 6  | |         rw_lock: async RwLock(RwLock)<()>,
[INFO] [stderr] 7  | |     }
[INFO] [stderr] 8  | | }
[INFO] [stderr]    | |_- method `read_rw_lock` not found for this struct
[INFO] [stderr] ...
[INFO] [stderr] 14 |           let _ = locks.read_rw_lock().0.await;
[INFO] [stderr]    |                         ^^^^^^^^^^^^ method cannot be called on `MainLockTree` due to unsatisfied trait bounds
[INFO] [stderr]    |
[INFO] [stderr]   ::: $CARGO/tokio-0.2.25/src/sync/rwlock.rs
[INFO] [stderr]    |
[INFO] [stderr]    |   pub struct RwLock<T: ?Sized> {
[INFO] [stderr]    |   ---------------------------- doesn't satisfy `tokio::sync::RwLock<()>: AsyncMutex`
[INFO] [stderr]    |
[INFO] [stderr]    = note: the following trait bounds were not satisfied:
[INFO] [stderr]            `tokio::sync::RwLock<()>: AsyncMutex`
[INFO] [stderr] 
[INFO] [stderr] error[E0599]: the method `write_rw_lock` exists for struct `MainLockTree`, but its trait bounds were not satisfied
[INFO] [stderr]   --> tests/compilepass-tokio/locking_tokio_rw_lock.rs:16:19
[INFO] [stderr]    |
[INFO] [stderr] 4  | / locktree! {
[INFO] [stderr] 5  | |     Main {
[INFO] [stderr] 6  | |         rw_lock: async RwLock(RwLock)<()>,
[INFO] [stderr] 7  | |     }
[INFO] [stderr] 8  | | }
[INFO] [stderr]    | |_- method `write_rw_lock` not found for this struct
[INFO] [stderr] ...
[INFO] [stderr] 16 |       let _ = locks.write_rw_lock().0.await;
[INFO] [stderr]    |                     ^^^^^^^^^^^^^ method cannot be called on `MainLockTree` due to unsatisfied trait bounds
[INFO] [stderr]    |
[INFO] [stderr]   ::: $CARGO/tokio-0.2.25/src/sync/rwlock.rs
[INFO] [stderr]    |
[INFO] [stderr]    |   pub struct RwLock<T: ?Sized> {
[INFO] [stderr]    |   ---------------------------- doesn't satisfy `tokio::sync::RwLock<()>: AsyncMutex`
[INFO] [stderr]    |
[INFO] [stderr]    = note: the following trait bounds were not satisfied:
[INFO] [stderr]            `tokio::sync::RwLock<()>: AsyncMutex`
[INFO] [stderr] ┈┈┈┈┈┈┈┈┈┈┈┈┈┈┈┈┈┈┈┈┈┈┈┈┈┈┈┈┈┈┈┈┈┈┈┈┈┈┈┈┈┈┈┈┈┈┈┈┈┈┈┈┈┈┈┈┈┈┈┈
[INFO] [stderr] 
[INFO] [stderr] 
[INFO] [stderr] 
[INFO] [stdout] test compiletest ... FAILED
[INFO] [stdout] 
[INFO] [stdout] failures:
[INFO] [stdout] 
[INFO] [stdout] ---- compiletest stdout ----
[INFO] [stdout] 
[INFO] [stdout] thread 'compiletest' panicked at /opt/rustwide/cargo-home/registry/src/index.crates.io-1949cf8c6b5b557f/trybuild-1.0.102/src/run.rs:102:13:
[INFO] [stdout] 6 of 13 tests failed
[INFO] [stdout] stack backtrace:
[INFO] [stdout]    0:     0x60fc39694afa - std::backtrace_rs::backtrace::libunwind::trace::hb059275cfc8d6126
[INFO] [stdout]                                at /rustc/6067b36314ab5eb2eb47cecc464545ba58e1ad24/library/std/src/../../backtrace/src/backtrace/libunwind.rs:116:5
[INFO] [stdout]    1:     0x60fc39694afa - std::backtrace_rs::backtrace::trace_unsynchronized::h2da071e4327ce3ee
[INFO] [stdout]                                at /rustc/6067b36314ab5eb2eb47cecc464545ba58e1ad24/library/std/src/../../backtrace/src/backtrace/mod.rs:66:5
[INFO] [stdout]    2:     0x60fc39694afa - std::sys::backtrace::_print_fmt::h842a1474e6f8d23f
[INFO] [stdout]                                at /rustc/6067b36314ab5eb2eb47cecc464545ba58e1ad24/library/std/src/sys/backtrace.rs:66:9
[INFO] [stdout]    3:     0x60fc39694afa - <std::sys::backtrace::BacktraceLock::print::DisplayBacktrace as core::fmt::Display>::fmt::h71a62eb3b9696b12
[INFO] [stdout]                                at /rustc/6067b36314ab5eb2eb47cecc464545ba58e1ad24/library/std/src/sys/backtrace.rs:39:26
[INFO] [stdout]    4:     0x60fc396c0623 - core::fmt::rt::Argument::fmt::hdb6b616786b41dc1
[INFO] [stdout]                                at /rustc/6067b36314ab5eb2eb47cecc464545ba58e1ad24/library/core/src/fmt/rt.rs:177:76
[INFO] [stdout]    5:     0x60fc396c0623 - core::fmt::write::h2cc1698af7e2d686
[INFO] [stdout]                                at /rustc/6067b36314ab5eb2eb47cecc464545ba58e1ad24/library/core/src/fmt/mod.rs:1440:21
[INFO] [stdout]    6:     0x60fc39690a23 - std::io::Write::write_fmt::hab1b4cd059a79022
[INFO] [stdout]                                at /rustc/6067b36314ab5eb2eb47cecc464545ba58e1ad24/library/std/src/io/mod.rs:1887:15
[INFO] [stdout]    7:     0x60fc39694942 - std::sys::backtrace::BacktraceLock::print::h147fe35b4ea13b08
[INFO] [stdout]                                at /rustc/6067b36314ab5eb2eb47cecc464545ba58e1ad24/library/std/src/sys/backtrace.rs:42:9
[INFO] [stdout]    8:     0x60fc3969651f - std::panicking::default_hook::{{closure}}::hbd44223dbdc0d208
[INFO] [stdout]                                at /rustc/6067b36314ab5eb2eb47cecc464545ba58e1ad24/library/std/src/panicking.rs:298:22
[INFO] [stdout]    9:     0x60fc39696338 - std::panicking::default_hook::h20f81eb0576efcec
[INFO] [stdout]                                at /rustc/6067b36314ab5eb2eb47cecc464545ba58e1ad24/library/std/src/panicking.rs:322:9
[INFO] [stdout]   10:     0x60fc3965bee3 - <alloc::boxed::Box<F,A> as core::ops::function::Fn<Args>>::call::hdb53814c496a4d34
[INFO] [stdout]                                at /rustc/6067b36314ab5eb2eb47cecc464545ba58e1ad24/library/alloc/src/boxed.rs:2027:9
[INFO] [stdout]   11:     0x60fc3965bee3 - test::test_main::{{closure}}::hc0a4963c59427c24
[INFO] [stdout]                                at /rustc/6067b36314ab5eb2eb47cecc464545ba58e1ad24/library/test/src/lib.rs:134:21
[INFO] [stdout]   12:     0x60fc39697013 - <alloc::boxed::Box<F,A> as core::ops::function::Fn<Args>>::call::h591b2225413a77e9
[INFO] [stdout]                                at /rustc/6067b36314ab5eb2eb47cecc464545ba58e1ad24/library/alloc/src/boxed.rs:2027:9
[INFO] [stdout]   13:     0x60fc39697013 - std::panicking::rust_panic_with_hook::h625eea43051b2edc
[INFO] [stdout]                                at /rustc/6067b36314ab5eb2eb47cecc464545ba58e1ad24/library/std/src/panicking.rs:839:13
[INFO] [stdout]   14:     0x60fc39696cca - std::panicking::begin_panic_handler::{{closure}}::h4f9159cfbc3f6bd3
[INFO] [stdout]                                at /rustc/6067b36314ab5eb2eb47cecc464545ba58e1ad24/library/std/src/panicking.rs:704:13
[INFO] [stdout]   15:     0x60fc39694ff9 - std::sys::backtrace::__rust_end_short_backtrace::h0390abce48353151
[INFO] [stdout]                                at /rustc/6067b36314ab5eb2eb47cecc464545ba58e1ad24/library/std/src/sys/backtrace.rs:168:18
[INFO] [stdout]   16:     0x60fc3969695d - rust_begin_unwind
[INFO] [stdout]                                at /rustc/6067b36314ab5eb2eb47cecc464545ba58e1ad24/library/std/src/panicking.rs:695:5
[INFO] [stdout]   17:     0x60fc396be940 - core::panicking::panic_fmt::h9e7c637e9e5f29c9
[INFO] [stdout]                                at /rustc/6067b36314ab5eb2eb47cecc464545ba58e1ad24/library/core/src/panicking.rs:75:14
[INFO] [stdout]   18:     0x60fc3946c4d4 - trybuild::run::<impl trybuild::Runner>::run::h1aabbd92d0383b9a
[INFO] [stdout]                                at /opt/rustwide/cargo-home/registry/src/index.crates.io-1949cf8c6b5b557f/trybuild-1.0.102/src/run.rs:102:13
[INFO] [stdout]   19:     0x60fc39471c78 - <trybuild::TestCases as core::ops::drop::Drop>::drop::he38c9bcef4064976
[INFO] [stdout]                                at /opt/rustwide/cargo-home/registry/src/index.crates.io-1949cf8c6b5b557f/trybuild-1.0.102/src/lib.rs:340:13
[INFO] [stdout]   20:     0x60fc39371397 - core::ptr::drop_in_place<trybuild::TestCases>::h2126d6eebd120c98
[INFO] [stdout]                                at /rustc/6067b36314ab5eb2eb47cecc464545ba58e1ad24/library/core/src/ptr/mod.rs:523:1
[INFO] [stdout]   21:     0x60fc39371c13 - compiletest::compiletest::h3bffc35c9ce9ddd8
[INFO] [stdout]                                at /opt/rustwide/workdir/tests/compiletest.rs:7:1
[INFO] [stdout]   22:     0x60fc39371b77 - compiletest::compiletest::{{closure}}::hf8ebc3baa36121e8
[INFO] [stdout]                                at /opt/rustwide/workdir/tests/compiletest.rs:2:17
[INFO] [stdout]   23:     0x60fc39371306 - core::ops::function::FnOnce::call_once::ha203ca18c7ff97a7
[INFO] [stdout]                                at /rustc/6067b36314ab5eb2eb47cecc464545ba58e1ad24/library/core/src/ops/function.rs:250:5
[INFO] [stdout]   24:     0x60fc3966163b - core::ops::function::FnOnce::call_once::he27718dfdd183f43
[INFO] [stdout]                                at /rustc/6067b36314ab5eb2eb47cecc464545ba58e1ad24/library/core/src/ops/function.rs:250:5
[INFO] [stdout]   25:     0x60fc3966163b - test::__rust_begin_short_backtrace::h4e84902998457a5d
[INFO] [stdout]                                at /rustc/6067b36314ab5eb2eb47cecc464545ba58e1ad24/library/test/src/lib.rs:632:18
[INFO] [stdout]   26:     0x60fc39660573 - test::run_test_in_process::{{closure}}::h7176fd18fc1feca0
[INFO] [stdout]                                at /rustc/6067b36314ab5eb2eb47cecc464545ba58e1ad24/library/test/src/lib.rs:655:60
[INFO] [stdout]   27:     0x60fc39660573 - <core::panic::unwind_safe::AssertUnwindSafe<F> as core::ops::function::FnOnce<()>>::call_once::hf79cff2a624d8cf7
[INFO] [stdout]                                at /rustc/6067b36314ab5eb2eb47cecc464545ba58e1ad24/library/core/src/panic/unwind_safe.rs:272:9
[INFO] [stdout]   28:     0x60fc39660573 - std::panicking::try::do_call::h3da0561d9ab99c25
[INFO] [stdout]                                at /rustc/6067b36314ab5eb2eb47cecc464545ba58e1ad24/library/std/src/panicking.rs:587:40
[INFO] [stdout]   29:     0x60fc39660573 - std::panicking::try::h41c9fa508bc61df6
[INFO] [stdout]                                at /rustc/6067b36314ab5eb2eb47cecc464545ba58e1ad24/library/std/src/panicking.rs:550:19
[INFO] [stdout]   30:     0x60fc39660573 - std::panic::catch_unwind::h6b3ff07bb5afad93
[INFO] [stdout]                                at /rustc/6067b36314ab5eb2eb47cecc464545ba58e1ad24/library/std/src/panic.rs:358:14
[INFO] [stdout]   31:     0x60fc39660573 - test::run_test_in_process::hc7253dd11b39b9f4
[INFO] [stdout]                                at /rustc/6067b36314ab5eb2eb47cecc464545ba58e1ad24/library/test/src/lib.rs:655:27
[INFO] [stdout]   32:     0x60fc39660573 - test::run_test::{{closure}}::hfb2007f8649c30bb
[INFO] [stdout]                                at /rustc/6067b36314ab5eb2eb47cecc464545ba58e1ad24/library/test/src/lib.rs:576:43
[INFO] [stdout]   33:     0x60fc39623655 - test::run_test::{{closure}}::h56a17aa7a282a9f4
[INFO] [stdout]                                at /rustc/6067b36314ab5eb2eb47cecc464545ba58e1ad24/library/test/src/lib.rs:606:41
[INFO] [stdout]   34:     0x60fc39623655 - std::sys::backtrace::__rust_begin_short_backtrace::hd2d2d2fb8e8c6aac
[INFO] [stdout]                                at /rustc/6067b36314ab5eb2eb47cecc464545ba58e1ad24/library/std/src/sys/backtrace.rs:152:18
[INFO] [stdout]   35:     0x60fc39626f3a - std::thread::Builder::spawn_unchecked_::{{closure}}::{{closure}}::h4faa3f9db6133423
[INFO] [stdout]                                at /rustc/6067b36314ab5eb2eb47cecc464545ba58e1ad24/library/std/src/thread/mod.rs:559:17
[INFO] [stdout]   36:     0x60fc39626f3a - <core::panic::unwind_safe::AssertUnwindSafe<F> as core::ops::function::FnOnce<()>>::call_once::hf2e855a36a4ea846
[INFO] [stdout]                                at /rustc/6067b36314ab5eb2eb47cecc464545ba58e1ad24/library/core/src/panic/unwind_safe.rs:272:9
[INFO] [stdout]   37:     0x60fc39626f3a - std::panicking::try::do_call::h2f73af3616c35465
[INFO] [stdout]                                at /rustc/6067b36314ab5eb2eb47cecc464545ba58e1ad24/library/std/src/panicking.rs:587:40
[INFO] [stdout]   38:     0x60fc39626f3a - std::panicking::try::hd1660ce9efadef5a
[INFO] [stdout]                                at /rustc/6067b36314ab5eb2eb47cecc464545ba58e1ad24/library/std/src/panicking.rs:550:19
[INFO] [stdout]   39:     0x60fc39626f3a - std::panic::catch_unwind::h5ee8d7823b8ca744
[INFO] [stdout]                                at /rustc/6067b36314ab5eb2eb47cecc464545ba58e1ad24/library/std/src/panic.rs:358:14
[INFO] [stdout]   40:     0x60fc39626f3a - std::thread::Builder::spawn_unchecked_::{{closure}}::h53c3a1894dce8407
[INFO] [stdout]                                at /rustc/6067b36314ab5eb2eb47cecc464545ba58e1ad24/library/std/src/thread/mod.rs:557:30
[INFO] [stdout]   41:     0x60fc39626f3a - core::ops::function::FnOnce::call_once{{vtable.shim}}::h048ce291ad4f62bf
[INFO] [stdout]                                at /rustc/6067b36314ab5eb2eb47cecc464545ba58e1ad24/library/core/src/ops/function.rs:250:5
[INFO] [stdout]   42:     0x60fc3969c51b - <alloc::boxed::Box<F,A> as core::ops::function::FnOnce<Args>>::call_once::ha52bedf99a3b4981
[INFO] [stdout]                                at /rustc/6067b36314ab5eb2eb47cecc464545ba58e1ad24/library/alloc/src/boxed.rs:2013:9
[INFO] [stdout]   43:     0x60fc3969c51b - <alloc::boxed::Box<F,A> as core::ops::function::FnOnce<Args>>::call_once::h567748934d80ccf8
[INFO] [stdout]                                at /rustc/6067b36314ab5eb2eb47cecc464545ba58e1ad24/library/alloc/src/boxed.rs:2013:9
[INFO] [stdout]   44:     0x60fc3969c51b - std::sys::pal::unix::thread::Thread::new::thread_start::h2d970728ae887adc
[INFO] [stdout]                                at /rustc/6067b36314ab5eb2eb47cecc464545ba58e1ad24/library/std/src/sys/pal/unix/thread.rs:106:17
[INFO] [stdout]   45:     0x74acc7fbcac3 - <unknown>
[INFO] [stdout]   46:     0x74acc804da04 - clone
[INFO] [stdout]   47:                0x0 - <unknown>
[INFO] [stdout] 
[INFO] [stdout] 
[INFO] [stdout] failures:
[INFO] [stdout]     compiletest
[INFO] [stdout] 
[INFO] [stdout] test result: FAILED. 0 passed; 1 failed; 0 ignored; 0 measured; 0 filtered out; finished in 11.65s
[INFO] [stdout] 
[INFO] [stderr] error: test failed, to rerun pass `--test compiletest`
[INFO] running `Command { std: "docker" "inspect" "261be4a7a7270089e222a7cd89881426612901ccc9a249dfa39f2df670ec1b64", kill_on_drop: false }`
[INFO] running `Command { std: "docker" "rm" "-f" "261be4a7a7270089e222a7cd89881426612901ccc9a249dfa39f2df670ec1b64", kill_on_drop: false }`
[INFO] [stdout] 261be4a7a7270089e222a7cd89881426612901ccc9a249dfa39f2df670ec1b64
