[INFO] fetching crate libreda-interp 0.0.3...
[INFO] testing libreda-interp-0.0.3 against nightly-2025-01-18 for randomize-layout-2
[INFO] extracting crate libreda-interp 0.0.3 into /workspace/builds/worker-7-tc1/source
[INFO] validating manifest of crates.io crate libreda-interp 0.0.3 on toolchain nightly-2025-01-18
[INFO] running `Command { std: CARGO_HOME="/workspace/cargo-home" RUSTUP_HOME="/workspace/rustup-home" "/workspace/cargo-home/bin/cargo" "+nightly-2025-01-18" "metadata" "--manifest-path" "Cargo.toml" "--no-deps", kill_on_drop: false }`
[INFO] started tweaking crates.io crate libreda-interp 0.0.3
[INFO] finished tweaking crates.io crate libreda-interp 0.0.3
[INFO] tweaked toml for crates.io crate libreda-interp 0.0.3 written to /workspace/builds/worker-7-tc1/source/Cargo.toml
[INFO] running `Command { std: CARGO_HOME="/workspace/cargo-home" RUSTUP_HOME="/workspace/rustup-home" "/workspace/cargo-home/bin/cargo" "+nightly-2025-01-18" "generate-lockfile" "--manifest-path" "Cargo.toml", kill_on_drop: false }`
[INFO] [stderr]     Updating crates.io index
[INFO] [stderr]     Blocking waiting for file lock on package cache
[INFO] [stderr]      Locking 7 packages to latest compatible versions
[INFO] [stderr]       Adding ndarray v0.15.6 (available: v0.16.1)
[INFO] running `Command { std: CARGO_HOME="/workspace/cargo-home" RUSTUP_HOME="/workspace/rustup-home" "/workspace/cargo-home/bin/cargo" "+nightly-2025-01-18" "fetch" "--manifest-path" "Cargo.toml", kill_on_drop: false }`
[INFO] running `Command { std: "docker" "create" "-v" "/var/lib/crater-agent-workspace/builds/worker-7-tc1/target:/opt/rustwide/target:rw,Z" "-v" "/var/lib/crater-agent-workspace/builds/worker-7-tc1/source:/opt/rustwide/workdir:ro,Z" "-v" "/var/lib/crater-agent-workspace/cargo-home:/opt/rustwide/cargo-home:ro,Z" "-v" "/var/lib/crater-agent-workspace/rustup-home:/opt/rustwide/rustup-home:ro,Z" "-e" "SOURCE_DIR=/opt/rustwide/workdir" "-e" "CARGO_TARGET_DIR=/opt/rustwide/target" "-e" "CARGO_HOME=/opt/rustwide/cargo-home" "-e" "RUSTUP_HOME=/opt/rustwide/rustup-home" "-w" "/opt/rustwide/workdir" "-m" "1610612736" "--user" "0:0" "--network" "none" "ghcr.io/rust-lang/crates-build-env/linux@sha256:819108c5571ea2e421544af4d832f968d213c87fbe3707a016657f43d2f853bc" "/opt/rustwide/cargo-home/bin/cargo" "+nightly-2025-01-18" "metadata" "--no-deps" "--format-version=1", kill_on_drop: false }`
[INFO] [stdout] 7441e9d3292b9181ac5392bb749b0232eda85356adc330aa0fc5ea06ace42503
[INFO] running `Command { std: "docker" "start" "-a" "7441e9d3292b9181ac5392bb749b0232eda85356adc330aa0fc5ea06ace42503", kill_on_drop: false }`
[INFO] running `Command { std: "docker" "inspect" "7441e9d3292b9181ac5392bb749b0232eda85356adc330aa0fc5ea06ace42503", kill_on_drop: false }`
[INFO] running `Command { std: "docker" "rm" "-f" "7441e9d3292b9181ac5392bb749b0232eda85356adc330aa0fc5ea06ace42503", kill_on_drop: false }`
[INFO] [stdout] 7441e9d3292b9181ac5392bb749b0232eda85356adc330aa0fc5ea06ace42503
[INFO] running `Command { std: "docker" "create" "-v" "/var/lib/crater-agent-workspace/builds/worker-7-tc1/target:/opt/rustwide/target:rw,Z" "-v" "/var/lib/crater-agent-workspace/builds/worker-7-tc1/source:/opt/rustwide/workdir:ro,Z" "-v" "/var/lib/crater-agent-workspace/cargo-home:/opt/rustwide/cargo-home:ro,Z" "-v" "/var/lib/crater-agent-workspace/rustup-home:/opt/rustwide/rustup-home:ro,Z" "-e" "SOURCE_DIR=/opt/rustwide/workdir" "-e" "CARGO_TARGET_DIR=/opt/rustwide/target" "-e" "CARGO_INCREMENTAL=0" "-e" "RUST_BACKTRACE=full" "-e" "RUSTFLAGS=--cap-lints=forbid" "-e" "RUSTDOCFLAGS=--cap-lints=forbid" "-e" "CARGO_HOME=/opt/rustwide/cargo-home" "-e" "RUSTUP_HOME=/opt/rustwide/rustup-home" "-w" "/opt/rustwide/workdir" "-m" "1610612736" "--user" "0:0" "--network" "none" "ghcr.io/rust-lang/crates-build-env/linux@sha256:819108c5571ea2e421544af4d832f968d213c87fbe3707a016657f43d2f853bc" "/opt/rustwide/cargo-home/bin/cargo" "+nightly-2025-01-18" "build" "--frozen" "--message-format=json", kill_on_drop: false }`
[INFO] [stdout] 32df20d5e06c3674068c280f97f7edf2d87b305b72e13ec23e4ce44ff9159a45
[INFO] running `Command { std: "docker" "start" "-a" "32df20d5e06c3674068c280f97f7edf2d87b305b72e13ec23e4ce44ff9159a45", kill_on_drop: false }`
[INFO] [stderr]    Compiling autocfg v1.4.0
[INFO] [stderr]    Compiling rawpointer v0.2.1
[INFO] [stderr]    Compiling num-traits v0.2.19
[INFO] [stderr]    Compiling matrixmultiply v0.3.9
[INFO] [stderr]    Compiling num-complex v0.4.6
[INFO] [stderr]    Compiling num-integer v0.1.46
[INFO] [stderr]    Compiling ndarray v0.15.6
[INFO] [stderr]    Compiling libreda-interp v0.0.3 (/opt/rustwide/workdir)
[INFO] [stderr]     Finished `dev` profile [unoptimized + debuginfo] target(s) in 5.58s
[INFO] running `Command { std: "docker" "inspect" "32df20d5e06c3674068c280f97f7edf2d87b305b72e13ec23e4ce44ff9159a45", kill_on_drop: false }`
[INFO] running `Command { std: "docker" "rm" "-f" "32df20d5e06c3674068c280f97f7edf2d87b305b72e13ec23e4ce44ff9159a45", kill_on_drop: false }`
[INFO] [stdout] 32df20d5e06c3674068c280f97f7edf2d87b305b72e13ec23e4ce44ff9159a45
[INFO] running `Command { std: "docker" "create" "-v" "/var/lib/crater-agent-workspace/builds/worker-7-tc1/target:/opt/rustwide/target:rw,Z" "-v" "/var/lib/crater-agent-workspace/builds/worker-7-tc1/source:/opt/rustwide/workdir:ro,Z" "-v" "/var/lib/crater-agent-workspace/cargo-home:/opt/rustwide/cargo-home:ro,Z" "-v" "/var/lib/crater-agent-workspace/rustup-home:/opt/rustwide/rustup-home:ro,Z" "-e" "SOURCE_DIR=/opt/rustwide/workdir" "-e" "CARGO_TARGET_DIR=/opt/rustwide/target" "-e" "CARGO_INCREMENTAL=0" "-e" "RUST_BACKTRACE=full" "-e" "RUSTFLAGS=--cap-lints=forbid" "-e" "RUSTDOCFLAGS=--cap-lints=forbid" "-e" "CARGO_HOME=/opt/rustwide/cargo-home" "-e" "RUSTUP_HOME=/opt/rustwide/rustup-home" "-w" "/opt/rustwide/workdir" "-m" "1610612736" "--user" "0:0" "--network" "none" "ghcr.io/rust-lang/crates-build-env/linux@sha256:819108c5571ea2e421544af4d832f968d213c87fbe3707a016657f43d2f853bc" "/opt/rustwide/cargo-home/bin/cargo" "+nightly-2025-01-18" "test" "--frozen" "--no-run" "--message-format=json", kill_on_drop: false }`
[INFO] [stdout] 6ef5bde7149da9a621c610ae22f8977219677dddc29233e9d7f144410b0061d1
[INFO] running `Command { std: "docker" "start" "-a" "6ef5bde7149da9a621c610ae22f8977219677dddc29233e9d7f144410b0061d1", kill_on_drop: false }`
[INFO] [stderr]    Compiling libreda-interp v0.0.3 (/opt/rustwide/workdir)
[INFO] [stderr]     Finished `test` profile [unoptimized + debuginfo] target(s) in 0.48s
[INFO] running `Command { std: "docker" "inspect" "6ef5bde7149da9a621c610ae22f8977219677dddc29233e9d7f144410b0061d1", kill_on_drop: false }`
[INFO] running `Command { std: "docker" "rm" "-f" "6ef5bde7149da9a621c610ae22f8977219677dddc29233e9d7f144410b0061d1", kill_on_drop: false }`
[INFO] [stdout] 6ef5bde7149da9a621c610ae22f8977219677dddc29233e9d7f144410b0061d1
[INFO] running `Command { std: "docker" "create" "-v" "/var/lib/crater-agent-workspace/builds/worker-7-tc1/target:/opt/rustwide/target:rw,Z" "-v" "/var/lib/crater-agent-workspace/builds/worker-7-tc1/source:/opt/rustwide/workdir:ro,Z" "-v" "/var/lib/crater-agent-workspace/cargo-home:/opt/rustwide/cargo-home:ro,Z" "-v" "/var/lib/crater-agent-workspace/rustup-home:/opt/rustwide/rustup-home:ro,Z" "-e" "SOURCE_DIR=/opt/rustwide/workdir" "-e" "CARGO_TARGET_DIR=/opt/rustwide/target" "-e" "CARGO_INCREMENTAL=0" "-e" "RUST_BACKTRACE=full" "-e" "RUSTFLAGS=--cap-lints=forbid" "-e" "RUSTDOCFLAGS=--cap-lints=forbid" "-e" "CARGO_HOME=/opt/rustwide/cargo-home" "-e" "RUSTUP_HOME=/opt/rustwide/rustup-home" "-w" "/opt/rustwide/workdir" "-m" "1610612736" "--user" "0:0" "--network" "none" "ghcr.io/rust-lang/crates-build-env/linux@sha256:819108c5571ea2e421544af4d832f968d213c87fbe3707a016657f43d2f853bc" "/opt/rustwide/cargo-home/bin/cargo" "+nightly-2025-01-18" "test" "--frozen", kill_on_drop: false }`
[INFO] [stdout] 8f1b13d89588c4d46d26abe45f58bfe46430e7fea9d05562dbc98d30bbccec67
[INFO] running `Command { std: "docker" "start" "-a" "8f1b13d89588c4d46d26abe45f58bfe46430e7fea9d05562dbc98d30bbccec67", kill_on_drop: false }`
[INFO] [stderr]     Finished `test` profile [unoptimized + debuginfo] target(s) in 0.02s
[INFO] [stderr]      Running unittests src/lib.rs (/opt/rustwide/target/debug/deps/libreda_interp-74aa137589f96e70)
[INFO] [stdout] 
[INFO] [stdout] running 11 tests
[INFO] [stdout] test interp1d::test_interp1d ... ok
[INFO] [stdout] test interp1d::test_interp1d_map_axis ... ok
[INFO] [stdout] test interp2d::test_interp2d ... ok
[INFO] [stdout] test interp2d::test_map_values ... ok
[INFO] [stdout] test interp2d::test_map_y_axis ... ok
[INFO] [stdout] test interp2d::test_map_x_axis ... ok
[INFO] [stdout] test test_find_closest_neighbours_indices ... ok
[INFO] [stdout] test interp1d::test_interpolate1d ... ok
[INFO] [stdout] test interp2d::test_interpolate2d ... ok
[INFO] [stderr]    Doc-tests libreda_interp
[INFO] [stdout] test interp2d::test_interp2d_on_view ... ok
[INFO] [stdout] test interp1d::test_interp1d_map_values ... ok
[INFO] [stdout] 
[INFO] [stdout] test result: ok. 11 passed; 0 failed; 0 ignored; 0 measured; 0 filtered out; finished in 0.00s
[INFO] [stdout] 
[INFO] [stdout] 
[INFO] [stdout] running 2 tests
[INFO] [stdout] test src/interp1d.rs - interp1d (line 9) ... FAILED
[INFO] [stdout] test src/interp2d.rs - interp2d (line 9) ... FAILED
[INFO] [stdout] 
[INFO] [stdout] failures:
[INFO] [stdout] 
[INFO] [stdout] ---- src/interp1d.rs - interp1d (line 9) stdout ----
[INFO] [stdout] error[E0433]: failed to resolve: use of undeclared crate or module `interp`
[INFO] [stdout]  --> src/interp1d.rs:10:5
[INFO] [stdout]   |
[INFO] [stdout] 3 | use interp::interp1d::Interp1D;
[INFO] [stdout]   |     ^^^^^^ use of undeclared crate or module `interp`
[INFO] [stdout] 
[INFO] [stdout] error: aborting due to 1 previous error
[INFO] [stdout] 
[INFO] [stdout] For more information about this error, try `rustc --explain E0433`.
[INFO] [stdout] Couldn't compile the test.
[INFO] [stdout] ---- src/interp2d.rs - interp2d (line 9) stdout ----
[INFO] [stdout] error[E0433]: failed to resolve: use of undeclared crate or module `interp`
[INFO] [stdout]  --> src/interp2d.rs:10:5
[INFO] [stdout]   |
[INFO] [stdout] 3 | use interp::interp2d::Interp2D;
[INFO] [stdout]   |     ^^^^^^ use of undeclared crate or module `interp`
[INFO] [stdout] 
[INFO] [stdout] error: aborting due to 1 previous error
[INFO] [stdout] 
[INFO] [stdout] For more information about this error, try `rustc --explain E0433`.
[INFO] [stdout] Couldn't compile the test.
[INFO] [stdout] 
[INFO] [stdout] failures:
[INFO] [stdout]     src/interp1d.rs - interp1d (line 9)
[INFO] [stdout]     src/interp2d.rs - interp2d (line 9)
[INFO] [stdout] 
[INFO] [stdout] test result: FAILED. 0 passed; 2 failed; 0 ignored; 0 measured; 0 filtered out; finished in 0.05s
[INFO] [stdout] 
[INFO] [stderr] error: doctest failed, to rerun pass `--doc`
[INFO] running `Command { std: "docker" "inspect" "8f1b13d89588c4d46d26abe45f58bfe46430e7fea9d05562dbc98d30bbccec67", kill_on_drop: false }`
[INFO] running `Command { std: "docker" "rm" "-f" "8f1b13d89588c4d46d26abe45f58bfe46430e7fea9d05562dbc98d30bbccec67", kill_on_drop: false }`
[INFO] [stdout] 8f1b13d89588c4d46d26abe45f58bfe46430e7fea9d05562dbc98d30bbccec67
