[INFO] fetching crate libogg 0.2.0...
[INFO] testing libogg-0.2.0 against nightly-2025-01-18+rustflags=-Zrandomize-layout for randomize-layout-2
[INFO] extracting crate libogg 0.2.0 into /workspace/builds/worker-1-tc2/source
[INFO] validating manifest of crates.io crate libogg 0.2.0 on toolchain nightly-2025-01-18
[INFO] running `Command { std: CARGO_HOME="/workspace/cargo-home" RUSTUP_HOME="/workspace/rustup-home" "/workspace/cargo-home/bin/cargo" "+nightly-2025-01-18" "metadata" "--manifest-path" "Cargo.toml" "--no-deps", kill_on_drop: false }`
[INFO] started tweaking crates.io crate libogg 0.2.0
[INFO] finished tweaking crates.io crate libogg 0.2.0
[INFO] tweaked toml for crates.io crate libogg 0.2.0 written to /workspace/builds/worker-1-tc2/source/Cargo.toml
[INFO] running `Command { std: CARGO_HOME="/workspace/cargo-home" RUSTUP_HOME="/workspace/rustup-home" "/workspace/cargo-home/bin/cargo" "+nightly-2025-01-18" "generate-lockfile" "--manifest-path" "Cargo.toml", kill_on_drop: false }`
[INFO] [stderr]     Blocking waiting for file lock on package cache
[INFO] [stderr]     Updating crates.io index
[INFO] [stderr]     Blocking waiting for file lock on package cache
[INFO] [stderr]      Locking 48 packages to latest compatible versions
[INFO] running `Command { std: CARGO_HOME="/workspace/cargo-home" RUSTUP_HOME="/workspace/rustup-home" "/workspace/cargo-home/bin/cargo" "+nightly-2025-01-18" "fetch" "--manifest-path" "Cargo.toml", kill_on_drop: false }`
[INFO] [stderr]     Blocking waiting for file lock on package cache
[INFO] running `Command { std: "docker" "create" "-v" "/var/lib/crater-agent-workspace/builds/worker-1-tc2/target:/opt/rustwide/target:rw,Z" "-v" "/var/lib/crater-agent-workspace/builds/worker-1-tc2/source:/opt/rustwide/workdir:ro,Z" "-v" "/var/lib/crater-agent-workspace/cargo-home:/opt/rustwide/cargo-home:ro,Z" "-v" "/var/lib/crater-agent-workspace/rustup-home:/opt/rustwide/rustup-home:ro,Z" "-e" "SOURCE_DIR=/opt/rustwide/workdir" "-e" "CARGO_TARGET_DIR=/opt/rustwide/target" "-e" "CARGO_HOME=/opt/rustwide/cargo-home" "-e" "RUSTUP_HOME=/opt/rustwide/rustup-home" "-w" "/opt/rustwide/workdir" "-m" "1610612736" "--user" "0:0" "--network" "none" "ghcr.io/rust-lang/crates-build-env/linux@sha256:819108c5571ea2e421544af4d832f968d213c87fbe3707a016657f43d2f853bc" "/opt/rustwide/cargo-home/bin/cargo" "+nightly-2025-01-18" "metadata" "--no-deps" "--format-version=1", kill_on_drop: false }`
[INFO] [stdout] aa1a0550951264715748ea53a53c6dc5e48b03e87bfb7efc824daee353b1b896
[INFO] running `Command { std: "docker" "start" "-a" "aa1a0550951264715748ea53a53c6dc5e48b03e87bfb7efc824daee353b1b896", kill_on_drop: false }`
[INFO] running `Command { std: "docker" "inspect" "aa1a0550951264715748ea53a53c6dc5e48b03e87bfb7efc824daee353b1b896", kill_on_drop: false }`
[INFO] running `Command { std: "docker" "rm" "-f" "aa1a0550951264715748ea53a53c6dc5e48b03e87bfb7efc824daee353b1b896", kill_on_drop: false }`
[INFO] [stdout] aa1a0550951264715748ea53a53c6dc5e48b03e87bfb7efc824daee353b1b896
[INFO] running `Command { std: "docker" "create" "-v" "/var/lib/crater-agent-workspace/builds/worker-1-tc2/target:/opt/rustwide/target:rw,Z" "-v" "/var/lib/crater-agent-workspace/builds/worker-1-tc2/source:/opt/rustwide/workdir:ro,Z" "-v" "/var/lib/crater-agent-workspace/cargo-home:/opt/rustwide/cargo-home:ro,Z" "-v" "/var/lib/crater-agent-workspace/rustup-home:/opt/rustwide/rustup-home:ro,Z" "-e" "SOURCE_DIR=/opt/rustwide/workdir" "-e" "CARGO_TARGET_DIR=/opt/rustwide/target" "-e" "CARGO_INCREMENTAL=0" "-e" "RUST_BACKTRACE=full" "-e" "RUSTFLAGS=--cap-lints=forbid -Zrandomize-layout" "-e" "RUSTDOCFLAGS=--cap-lints=forbid" "-e" "CARGO_HOME=/opt/rustwide/cargo-home" "-e" "RUSTUP_HOME=/opt/rustwide/rustup-home" "-w" "/opt/rustwide/workdir" "-m" "1610612736" "--user" "0:0" "--network" "none" "ghcr.io/rust-lang/crates-build-env/linux@sha256:819108c5571ea2e421544af4d832f968d213c87fbe3707a016657f43d2f853bc" "/opt/rustwide/cargo-home/bin/cargo" "+nightly-2025-01-18" "build" "--frozen" "--message-format=json", kill_on_drop: false }`
[INFO] [stdout] cb23052f710924e8376cb77f259aca44cb6aa3bd270d2e876ae8effa4e6549e1
[INFO] running `Command { std: "docker" "start" "-a" "cb23052f710924e8376cb77f259aca44cb6aa3bd270d2e876ae8effa4e6549e1", kill_on_drop: false }`
[INFO] [stderr]    Compiling proc-macro2 v1.0.93
[INFO] [stderr]    Compiling libc v0.2.169
[INFO] [stderr]    Compiling bitflags v2.8.0
[INFO] [stderr]    Compiling serde_json v1.0.137
[INFO] [stderr]    Compiling camino v1.1.9
[INFO] [stderr]    Compiling semver v1.0.25
[INFO] [stderr]    Compiling rustix v0.38.43
[INFO] [stderr]    Compiling memchr v2.7.4
[INFO] [stderr]    Compiling cfg-if v1.0.0
[INFO] [stderr]    Compiling pulldown-cmark v0.9.6
[INFO] [stderr]    Compiling ryu v1.0.18
[INFO] [stderr]    Compiling itoa v1.0.14
[INFO] [stderr]    Compiling linux-raw-sys v0.4.15
[INFO] [stderr]    Compiling fastrand v2.3.0
[INFO] [stderr]    Compiling serde v1.0.217
[INFO] [stderr]    Compiling error-chain v0.12.4
[INFO] [stderr]    Compiling once_cell v1.20.2
[INFO] [stderr]    Compiling same-file v1.0.6
[INFO] [stderr]    Compiling gcc v0.3.55
[INFO] [stderr]    Compiling unicase v2.8.1
[INFO] [stderr]    Compiling walkdir v2.5.0
[INFO] [stderr]    Compiling bytecount v0.6.8
[INFO] [stderr]    Compiling quote v1.0.38
[INFO] [stderr]    Compiling ogg-sys v0.0.9
[INFO] [stderr]    Compiling syn v2.0.96
[INFO] [stderr]    Compiling getrandom v0.2.15
[INFO] [stderr]    Compiling tempfile v3.15.0
[INFO] [stderr]    Compiling serde_derive v1.0.217
[INFO] [stderr]    Compiling cargo-platform v0.1.9
[INFO] [stderr]    Compiling cargo_metadata v0.14.2
[INFO] [stderr]    Compiling skeptic v0.13.7
[INFO] [stderr]    Compiling libogg v0.2.0 (/opt/rustwide/workdir)
[INFO] [stdout] warning: the type `ogg_stream_state` does not permit being left uninitialized
[INFO] [stdout]   --> src/stream.rs:15:40
[INFO] [stdout]    |
[INFO] [stdout] 15 |             let mut ogg_stream_state = mem::MaybeUninit::uninit().assume_init();
[INFO] [stdout]    |                                        ^^^^^^^^^^^^^^^^^^^^^^^^^^^^^^^^^^^^^^^^
[INFO] [stdout]    |                                        |
[INFO] [stdout]    |                                        this code causes undefined behavior when executed
[INFO] [stdout]    |                                        help: use `MaybeUninit<T>` instead, and only call `assume_init` after initialization is done
[INFO] [stdout]    |
[INFO] [stdout]    = note: raw pointers must be initialized
[INFO] [stdout]    = note: `#[warn(invalid_value)]` on by default
[INFO] [stdout] 
[INFO] [stdout] 
[INFO] [stdout] warning: the type `ogg_page` does not permit being left uninitialized
[INFO] [stdout]    --> src/stream.rs:113:47
[INFO] [stdout]     |
[INFO] [stdout] 113 |             let mut page: ogg_sys::ogg_page = std::mem::MaybeUninit::uninit().assume_init();
[INFO] [stdout]     |                                               ^^^^^^^^^^^^^^^^^^^^^^^^^^^^^^^^^^^^^^^^^^^^^
[INFO] [stdout]     |                                               |
[INFO] [stdout]     |                                               this code causes undefined behavior when executed
[INFO] [stdout]     |                                               help: use `MaybeUninit<T>` instead, and only call `assume_init` after initialization is done
[INFO] [stdout]     |
[INFO] [stdout]     = note: raw pointers must be initialized
[INFO] [stdout] 
[INFO] [stdout] 
[INFO] [stdout] warning: the type `ogg_page` does not permit being left uninitialized
[INFO] [stdout]    --> src/stream.rs:131:47
[INFO] [stdout]     |
[INFO] [stdout] 131 |             let mut page: ogg_sys::ogg_page = std::mem::MaybeUninit::uninit().assume_init();
[INFO] [stdout]     |                                               ^^^^^^^^^^^^^^^^^^^^^^^^^^^^^^^^^^^^^^^^^^^^^
[INFO] [stdout]     |                                               |
[INFO] [stdout]     |                                               this code causes undefined behavior when executed
[INFO] [stdout]     |                                               help: use `MaybeUninit<T>` instead, and only call `assume_init` after initialization is done
[INFO] [stdout]     |
[INFO] [stdout]     = note: raw pointers must be initialized
[INFO] [stdout] 
[INFO] [stdout] 
[INFO] [stdout] warning: the type `ogg_page` does not permit being left uninitialized
[INFO] [stdout]    --> src/stream.rs:148:47
[INFO] [stdout]     |
[INFO] [stdout] 148 |             let mut page: ogg_sys::ogg_page = std::mem::MaybeUninit::uninit().assume_init();
[INFO] [stdout]     |                                               ^^^^^^^^^^^^^^^^^^^^^^^^^^^^^^^^^^^^^^^^^^^^^
[INFO] [stdout]     |                                               |
[INFO] [stdout]     |                                               this code causes undefined behavior when executed
[INFO] [stdout]     |                                               help: use `MaybeUninit<T>` instead, and only call `assume_init` after initialization is done
[INFO] [stdout]     |
[INFO] [stdout]     = note: raw pointers must be initialized
[INFO] [stdout] 
[INFO] [stdout] 
[INFO] [stderr]     Finished `dev` profile [unoptimized + debuginfo] target(s) in 17.97s
[INFO] running `Command { std: "docker" "inspect" "cb23052f710924e8376cb77f259aca44cb6aa3bd270d2e876ae8effa4e6549e1", kill_on_drop: false }`
[INFO] running `Command { std: "docker" "rm" "-f" "cb23052f710924e8376cb77f259aca44cb6aa3bd270d2e876ae8effa4e6549e1", kill_on_drop: false }`
[INFO] [stdout] cb23052f710924e8376cb77f259aca44cb6aa3bd270d2e876ae8effa4e6549e1
[INFO] running `Command { std: "docker" "create" "-v" "/var/lib/crater-agent-workspace/builds/worker-1-tc2/target:/opt/rustwide/target:rw,Z" "-v" "/var/lib/crater-agent-workspace/builds/worker-1-tc2/source:/opt/rustwide/workdir:ro,Z" "-v" "/var/lib/crater-agent-workspace/cargo-home:/opt/rustwide/cargo-home:ro,Z" "-v" "/var/lib/crater-agent-workspace/rustup-home:/opt/rustwide/rustup-home:ro,Z" "-e" "SOURCE_DIR=/opt/rustwide/workdir" "-e" "CARGO_TARGET_DIR=/opt/rustwide/target" "-e" "CARGO_INCREMENTAL=0" "-e" "RUST_BACKTRACE=full" "-e" "RUSTFLAGS=--cap-lints=forbid -Zrandomize-layout" "-e" "RUSTDOCFLAGS=--cap-lints=forbid" "-e" "CARGO_HOME=/opt/rustwide/cargo-home" "-e" "RUSTUP_HOME=/opt/rustwide/rustup-home" "-w" "/opt/rustwide/workdir" "-m" "1610612736" "--user" "0:0" "--network" "none" "ghcr.io/rust-lang/crates-build-env/linux@sha256:819108c5571ea2e421544af4d832f968d213c87fbe3707a016657f43d2f853bc" "/opt/rustwide/cargo-home/bin/cargo" "+nightly-2025-01-18" "test" "--frozen" "--no-run" "--message-format=json", kill_on_drop: false }`
[INFO] [stdout] 7d47d29fed9ae0da69d37adf7792f70221cece735c5d46f3a8159f0a38bd4514
[INFO] running `Command { std: "docker" "start" "-a" "7d47d29fed9ae0da69d37adf7792f70221cece735c5d46f3a8159f0a38bd4514", kill_on_drop: false }`
[INFO] [stderr]    Compiling serde v1.0.217
[INFO] [stderr]    Compiling memchr v2.7.4
[INFO] [stderr]    Compiling bitflags v2.8.0
[INFO] [stderr]    Compiling linux-raw-sys v0.4.15
[INFO] [stderr]    Compiling rustix v0.38.43
[INFO] [stderr]    Compiling semver v1.0.25
[INFO] [stderr]    Compiling serde_json v1.0.137
[INFO] [stderr]    Compiling camino v1.1.9
[INFO] [stderr]    Compiling pulldown-cmark v0.9.6
[INFO] [stderr]    Compiling same-file v1.0.6
[INFO] [stderr]    Compiling unicase v2.8.1
[INFO] [stderr]    Compiling fastrand v2.3.0
[INFO] [stderr]    Compiling error-chain v0.12.4
[INFO] [stderr]    Compiling once_cell v1.20.2
[INFO] [stderr]    Compiling getrandom v0.2.15
[INFO] [stderr]    Compiling glob v0.3.2
[INFO] [stderr]    Compiling bytecount v0.6.8
[INFO] [stderr]    Compiling walkdir v2.5.0
[INFO] [stderr]    Compiling tempfile v3.15.0
[INFO] [stderr]    Compiling cargo-platform v0.1.9
[INFO] [stderr]    Compiling cargo_metadata v0.14.2
[INFO] [stderr]    Compiling skeptic v0.13.7
[INFO] [stderr]    Compiling libogg v0.2.0 (/opt/rustwide/workdir)
[INFO] [stdout] warning: the type `ogg_stream_state` does not permit being left uninitialized
[INFO] [stdout]   --> src/stream.rs:15:40
[INFO] [stdout]    |
[INFO] [stdout] 15 |             let mut ogg_stream_state = mem::MaybeUninit::uninit().assume_init();
[INFO] [stdout]    |                                        ^^^^^^^^^^^^^^^^^^^^^^^^^^^^^^^^^^^^^^^^
[INFO] [stdout]    |                                        |
[INFO] [stdout]    |                                        this code causes undefined behavior when executed
[INFO] [stdout]    |                                        help: use `MaybeUninit<T>` instead, and only call `assume_init` after initialization is done
[INFO] [stdout]    |
[INFO] [stdout]    = note: raw pointers must be initialized
[INFO] [stdout]    = note: `#[warn(invalid_value)]` on by default
[INFO] [stdout] 
[INFO] [stdout] 
[INFO] [stdout] warning: the type `ogg_page` does not permit being left uninitialized
[INFO] [stdout]    --> src/stream.rs:113:47
[INFO] [stdout]     |
[INFO] [stdout] 113 |             let mut page: ogg_sys::ogg_page = std::mem::MaybeUninit::uninit().assume_init();
[INFO] [stdout]     |                                               ^^^^^^^^^^^^^^^^^^^^^^^^^^^^^^^^^^^^^^^^^^^^^
[INFO] [stdout]     |                                               |
[INFO] [stdout]     |                                               this code causes undefined behavior when executed
[INFO] [stdout]     |                                               help: use `MaybeUninit<T>` instead, and only call `assume_init` after initialization is done
[INFO] [stdout]     |
[INFO] [stdout]     = note: raw pointers must be initialized
[INFO] [stdout] 
[INFO] [stdout] 
[INFO] [stdout] warning: the type `ogg_page` does not permit being left uninitialized
[INFO] [stdout]    --> src/stream.rs:131:47
[INFO] [stdout]     |
[INFO] [stdout] 131 |             let mut page: ogg_sys::ogg_page = std::mem::MaybeUninit::uninit().assume_init();
[INFO] [stdout]     |                                               ^^^^^^^^^^^^^^^^^^^^^^^^^^^^^^^^^^^^^^^^^^^^^
[INFO] [stdout]     |                                               |
[INFO] [stdout]     |                                               this code causes undefined behavior when executed
[INFO] [stdout]     |                                               help: use `MaybeUninit<T>` instead, and only call `assume_init` after initialization is done
[INFO] [stdout]     |
[INFO] [stdout]     = note: raw pointers must be initialized
[INFO] [stdout] 
[INFO] [stdout] 
[INFO] [stdout] warning: the type `ogg_page` does not permit being left uninitialized
[INFO] [stdout]    --> src/stream.rs:148:47
[INFO] [stdout]     |
[INFO] [stdout] 148 |             let mut page: ogg_sys::ogg_page = std::mem::MaybeUninit::uninit().assume_init();
[INFO] [stdout]     |                                               ^^^^^^^^^^^^^^^^^^^^^^^^^^^^^^^^^^^^^^^^^^^^^
[INFO] [stdout]     |                                               |
[INFO] [stdout]     |                                               this code causes undefined behavior when executed
[INFO] [stdout]     |                                               help: use `MaybeUninit<T>` instead, and only call `assume_init` after initialization is done
[INFO] [stdout]     |
[INFO] [stdout]     = note: raw pointers must be initialized
[INFO] [stdout] 
[INFO] [stdout] 
[INFO] [stdout] warning: the type `ogg_stream_state` does not permit being left uninitialized
[INFO] [stdout]   --> src/stream.rs:15:40
[INFO] [stdout]    |
[INFO] [stdout] 15 |             let mut ogg_stream_state = mem::MaybeUninit::uninit().assume_init();
[INFO] [stdout]    |                                        ^^^^^^^^^^^^^^^^^^^^^^^^^^^^^^^^^^^^^^^^
[INFO] [stdout]    |                                        |
[INFO] [stdout]    |                                        this code causes undefined behavior when executed
[INFO] [stdout]    |                                        help: use `MaybeUninit<T>` instead, and only call `assume_init` after initialization is done
[INFO] [stdout]    |
[INFO] [stdout]    = note: raw pointers must be initialized
[INFO] [stdout]    = note: `#[warn(invalid_value)]` on by default
[INFO] [stdout] 
[INFO] [stdout] 
[INFO] [stdout] warning: the type `ogg_page` does not permit being left uninitialized
[INFO] [stdout]    --> src/stream.rs:113:47
[INFO] [stdout]     |
[INFO] [stdout] 113 |             let mut page: ogg_sys::ogg_page = std::mem::MaybeUninit::uninit().assume_init();
[INFO] [stdout]     |                                               ^^^^^^^^^^^^^^^^^^^^^^^^^^^^^^^^^^^^^^^^^^^^^
[INFO] [stdout]     |                                               |
[INFO] [stdout]     |                                               this code causes undefined behavior when executed
[INFO] [stdout]     |                                               help: use `MaybeUninit<T>` instead, and only call `assume_init` after initialization is done
[INFO] [stdout]     |
[INFO] [stdout]     = note: raw pointers must be initialized
[INFO] [stdout] 
[INFO] [stdout] 
[INFO] [stdout] warning: the type `ogg_page` does not permit being left uninitialized
[INFO] [stdout]    --> src/stream.rs:131:47
[INFO] [stdout]     |
[INFO] [stdout] 131 |             let mut page: ogg_sys::ogg_page = std::mem::MaybeUninit::uninit().assume_init();
[INFO] [stdout]     |                                               ^^^^^^^^^^^^^^^^^^^^^^^^^^^^^^^^^^^^^^^^^^^^^
[INFO] [stdout]     |                                               |
[INFO] [stdout]     |                                               this code causes undefined behavior when executed
[INFO] [stdout]     |                                               help: use `MaybeUninit<T>` instead, and only call `assume_init` after initialization is done
[INFO] [stdout]     |
[INFO] [stdout]     = note: raw pointers must be initialized
[INFO] [stdout] 
[INFO] [stdout] 
[INFO] [stdout] warning: the type `ogg_page` does not permit being left uninitialized
[INFO] [stdout]    --> src/stream.rs:148:47
[INFO] [stdout]     |
[INFO] [stdout] 148 |             let mut page: ogg_sys::ogg_page = std::mem::MaybeUninit::uninit().assume_init();
[INFO] [stdout]     |                                               ^^^^^^^^^^^^^^^^^^^^^^^^^^^^^^^^^^^^^^^^^^^^^
[INFO] [stdout]     |                                               |
[INFO] [stdout]     |                                               this code causes undefined behavior when executed
[INFO] [stdout]     |                                               help: use `MaybeUninit<T>` instead, and only call `assume_init` after initialization is done
[INFO] [stdout]     |
[INFO] [stdout]     = note: raw pointers must be initialized
[INFO] [stdout] 
[INFO] [stdout] 
[INFO] [stderr]     Finished `test` profile [unoptimized + debuginfo] target(s) in 8.93s
[INFO] running `Command { std: "docker" "inspect" "7d47d29fed9ae0da69d37adf7792f70221cece735c5d46f3a8159f0a38bd4514", kill_on_drop: false }`
[INFO] running `Command { std: "docker" "rm" "-f" "7d47d29fed9ae0da69d37adf7792f70221cece735c5d46f3a8159f0a38bd4514", kill_on_drop: false }`
[INFO] [stdout] 7d47d29fed9ae0da69d37adf7792f70221cece735c5d46f3a8159f0a38bd4514
[INFO] running `Command { std: "docker" "create" "-v" "/var/lib/crater-agent-workspace/builds/worker-1-tc2/target:/opt/rustwide/target:rw,Z" "-v" "/var/lib/crater-agent-workspace/builds/worker-1-tc2/source:/opt/rustwide/workdir:ro,Z" "-v" "/var/lib/crater-agent-workspace/cargo-home:/opt/rustwide/cargo-home:ro,Z" "-v" "/var/lib/crater-agent-workspace/rustup-home:/opt/rustwide/rustup-home:ro,Z" "-e" "SOURCE_DIR=/opt/rustwide/workdir" "-e" "CARGO_TARGET_DIR=/opt/rustwide/target" "-e" "CARGO_INCREMENTAL=0" "-e" "RUST_BACKTRACE=full" "-e" "RUSTFLAGS=--cap-lints=forbid -Zrandomize-layout" "-e" "RUSTDOCFLAGS=--cap-lints=forbid" "-e" "CARGO_HOME=/opt/rustwide/cargo-home" "-e" "RUSTUP_HOME=/opt/rustwide/rustup-home" "-w" "/opt/rustwide/workdir" "-m" "1610612736" "--user" "0:0" "--network" "none" "ghcr.io/rust-lang/crates-build-env/linux@sha256:819108c5571ea2e421544af4d832f968d213c87fbe3707a016657f43d2f853bc" "/opt/rustwide/cargo-home/bin/cargo" "+nightly-2025-01-18" "test" "--frozen", kill_on_drop: false }`
[INFO] [stdout] c2544798d24f92756277e5235ea35dd480d940819eaf0bb6eb026a36f3199b26
[INFO] running `Command { std: "docker" "start" "-a" "c2544798d24f92756277e5235ea35dd480d940819eaf0bb6eb026a36f3199b26", kill_on_drop: false }`
[INFO] [stderr] warning: the type `ogg_stream_state` does not permit being left uninitialized
[INFO] [stderr]   --> src/stream.rs:15:40
[INFO] [stderr]    |
[INFO] [stderr] 15 |             let mut ogg_stream_state = mem::MaybeUninit::uninit().assume_init();
[INFO] [stderr]    |                                        ^^^^^^^^^^^^^^^^^^^^^^^^^^^^^^^^^^^^^^^^
[INFO] [stderr]    |                                        |
[INFO] [stderr]    |                                        this code causes undefined behavior when executed
[INFO] [stderr]    |                                        help: use `MaybeUninit<T>` instead, and only call `assume_init` after initialization is done
[INFO] [stderr]    |
[INFO] [stderr]    = note: raw pointers must be initialized
[INFO] [stderr]    = note: `#[warn(invalid_value)]` on by default
[INFO] [stderr] 
[INFO] [stderr] warning: the type `ogg_page` does not permit being left uninitialized
[INFO] [stderr]    --> src/stream.rs:113:47
[INFO] [stderr]     |
[INFO] [stderr] 113 |             let mut page: ogg_sys::ogg_page = std::mem::MaybeUninit::uninit().assume_init();
[INFO] [stderr]     |                                               ^^^^^^^^^^^^^^^^^^^^^^^^^^^^^^^^^^^^^^^^^^^^^
[INFO] [stderr]     |                                               |
[INFO] [stderr]     |                                               this code causes undefined behavior when executed
[INFO] [stderr]     |                                               help: use `MaybeUninit<T>` instead, and only call `assume_init` after initialization is done
[INFO] [stderr]     |
[INFO] [stderr]     = note: raw pointers must be initialized
[INFO] [stderr] 
[INFO] [stderr] warning: the type `ogg_page` does not permit being left uninitialized
[INFO] [stderr]    --> src/stream.rs:131:47
[INFO] [stderr]     |
[INFO] [stderr] 131 |             let mut page: ogg_sys::ogg_page = std::mem::MaybeUninit::uninit().assume_init();
[INFO] [stderr]     |                                               ^^^^^^^^^^^^^^^^^^^^^^^^^^^^^^^^^^^^^^^^^^^^^
[INFO] [stderr]     |                                               |
[INFO] [stderr]     |                                               this code causes undefined behavior when executed
[INFO] [stderr]     |                                               help: use `MaybeUninit<T>` instead, and only call `assume_init` after initialization is done
[INFO] [stderr]     |
[INFO] [stderr]     = note: raw pointers must be initialized
[INFO] [stderr] 
[INFO] [stderr] warning: the type `ogg_page` does not permit being left uninitialized
[INFO] [stderr]    --> src/stream.rs:148:47
[INFO] [stderr]     |
[INFO] [stderr] 148 |             let mut page: ogg_sys::ogg_page = std::mem::MaybeUninit::uninit().assume_init();
[INFO] [stderr]     |                                               ^^^^^^^^^^^^^^^^^^^^^^^^^^^^^^^^^^^^^^^^^^^^^
[INFO] [stderr]     |                                               |
[INFO] [stderr]     |                                               this code causes undefined behavior when executed
[INFO] [stderr]     |                                               help: use `MaybeUninit<T>` instead, and only call `assume_init` after initialization is done
[INFO] [stderr]     |
[INFO] [stderr]     = note: raw pointers must be initialized
[INFO] [stderr] 
[INFO] [stderr] warning: `libogg` (lib) generated 4 warnings
[INFO] [stderr] warning: `libogg` (lib test) generated 4 warnings (4 duplicates)
[INFO] [stderr]     Finished `test` profile [unoptimized + debuginfo] target(s) in 0.05s
[INFO] [stderr]      Running unittests src/lib.rs (/opt/rustwide/target/debug/deps/libogg-52d0098c34f466c5)
[INFO] [stdout] 
[INFO] [stdout] running 4 tests
[INFO] [stdout] test tests::new_packet ... ok
[INFO] [stdout] test tests::stream_debug ... ok
[INFO] [stdout] test tests::init_stream ... ok
[INFO] [stdout] test tests::read_packet ... ok
[INFO] [stdout] 
[INFO] [stderr]      Running tests/skeptic.rs (/opt/rustwide/target/debug/deps/skeptic-bc8b898fbfd1ea07)
[INFO] [stdout] test result: ok. 4 passed; 0 failed; 0 ignored; 0 measured; 0 filtered out; finished in 0.00s
[INFO] [stdout] 
[INFO] [stdout] 
[INFO] [stdout] running 1 test
[INFO] [stdout] test readme_sect_simple_example_line_18 ... FAILED
[INFO] [stdout] 
[INFO] [stderr] error: test failed, to rerun pass `--test skeptic`
[INFO] [stdout] failures:
[INFO] [stdout] 
[INFO] [stdout] ---- readme_sect_simple_example_line_18 stdout ----
[INFO] [stdout] error[E0464]: multiple candidates for `rlib` dependency `libogg` found
[INFO] [stdout]  --> /tmp/rust-skepticiX57eo/test.rs:2:1
[INFO] [stdout]   |
[INFO] [stdout] 2 | extern crate libogg;
[INFO] [stdout]   | ^^^^^^^^^^^^^^^^^^^^
[INFO] [stdout]   |
[INFO] [stdout]   = note: candidate #1: /opt/rustwide/target/debug/deps/liblibogg-62dc98cc504195ad.rlib
[INFO] [stdout]   = note: candidate #2: /opt/rustwide/target/debug/deps/liblibogg-7c91e74ff160a190.rlib
[INFO] [stdout] 
[INFO] [stdout] error: aborting due to 1 previous error
[INFO] [stdout] 
[INFO] [stdout] For more information about this error, try `rustc --explain E0464`.
[INFO] [stdout] 
[INFO] [stdout] thread 'readme_sect_simple_example_line_18' panicked at /opt/rustwide/cargo-home/registry/src/index.crates.io-1949cf8c6b5b557f/skeptic-0.13.7/src/rt.rs:127:9:
[INFO] [stdout] Command failed:
[INFO] [stdout] "rustc" "/tmp/rust-skepticiX57eo/test.rs" "--verbose" "--crate-type=bin" "--edition=2021" "-L" "/opt/rustwide/target/debug" "-L" "/opt/rustwide/target/debug/deps" "--target" "x86_64-unknown-linux-gnu" "-o" "/tmp/rust-skepticiX57eo/out.exe"
[INFO] [stdout] stack backtrace:
[INFO] [stdout]    0:     0x5cff173ea1da - std::backtrace_rs::backtrace::libunwind::trace::hb059275cfc8d6126
[INFO] [stdout]                                at /rustc/6067b36314ab5eb2eb47cecc464545ba58e1ad24/library/std/src/../../backtrace/src/backtrace/libunwind.rs:116:5
[INFO] [stdout]    1:     0x5cff173ea1da - std::backtrace_rs::backtrace::trace_unsynchronized::h2da071e4327ce3ee
[INFO] [stdout]                                at /rustc/6067b36314ab5eb2eb47cecc464545ba58e1ad24/library/std/src/../../backtrace/src/backtrace/mod.rs:66:5
[INFO] [stdout]    2:     0x5cff173ea1da - std::sys::backtrace::_print_fmt::h842a1474e6f8d23f
[INFO] [stdout]                                at /rustc/6067b36314ab5eb2eb47cecc464545ba58e1ad24/library/std/src/sys/backtrace.rs:66:9
[INFO] [stdout]    3:     0x5cff173ea1da - <std::sys::backtrace::BacktraceLock::print::DisplayBacktrace as core::fmt::Display>::fmt::h71a62eb3b9696b12
[INFO] [stdout]                                at /rustc/6067b36314ab5eb2eb47cecc464545ba58e1ad24/library/std/src/sys/backtrace.rs:39:26
[INFO] [stdout]    4:     0x5cff17413c63 - core::fmt::rt::Argument::fmt::hdb6b616786b41dc1
[INFO] [stdout]                                at /rustc/6067b36314ab5eb2eb47cecc464545ba58e1ad24/library/core/src/fmt/rt.rs:177:76
[INFO] [stdout]    5:     0x5cff17413c63 - core::fmt::write::h2cc1698af7e2d686
[INFO] [stdout]                                at /rustc/6067b36314ab5eb2eb47cecc464545ba58e1ad24/library/core/src/fmt/mod.rs:1440:21
[INFO] [stdout]    6:     0x5cff173e67f3 - std::io::Write::write_fmt::hab1b4cd059a79022
[INFO] [stdout]                                at /rustc/6067b36314ab5eb2eb47cecc464545ba58e1ad24/library/std/src/io/mod.rs:1887:15
[INFO] [stdout]    7:     0x5cff173ea022 - std::sys::backtrace::BacktraceLock::print::h147fe35b4ea13b08
[INFO] [stdout]                                at /rustc/6067b36314ab5eb2eb47cecc464545ba58e1ad24/library/std/src/sys/backtrace.rs:42:9
[INFO] [stdout]    8:     0x5cff173eb67f - std::panicking::default_hook::{{closure}}::hbd44223dbdc0d208
[INFO] [stdout]                                at /rustc/6067b36314ab5eb2eb47cecc464545ba58e1ad24/library/std/src/panicking.rs:298:22
[INFO] [stdout]    9:     0x5cff173eb498 - std::panicking::default_hook::h20f81eb0576efcec
[INFO] [stdout]                                at /rustc/6067b36314ab5eb2eb47cecc464545ba58e1ad24/library/std/src/panicking.rs:322:9
[INFO] [stdout]   10:     0x5cff172e4ad3 - <alloc::boxed::Box<F,A> as core::ops::function::Fn<Args>>::call::hdb53814c496a4d34
[INFO] [stdout]                                at /rustc/6067b36314ab5eb2eb47cecc464545ba58e1ad24/library/alloc/src/boxed.rs:2027:9
[INFO] [stdout]   11:     0x5cff172e4ad3 - test::test_main::{{closure}}::hc0a4963c59427c24
[INFO] [stdout]                                at /rustc/6067b36314ab5eb2eb47cecc464545ba58e1ad24/library/test/src/lib.rs:134:21
[INFO] [stdout]   12:     0x5cff173ec173 - <alloc::boxed::Box<F,A> as core::ops::function::Fn<Args>>::call::h591b2225413a77e9
[INFO] [stdout]                                at /rustc/6067b36314ab5eb2eb47cecc464545ba58e1ad24/library/alloc/src/boxed.rs:2027:9
[INFO] [stdout]   13:     0x5cff173ec173 - std::panicking::rust_panic_with_hook::h625eea43051b2edc
[INFO] [stdout]                                at /rustc/6067b36314ab5eb2eb47cecc464545ba58e1ad24/library/std/src/panicking.rs:839:13
[INFO] [stdout]   14:     0x5cff173ebe2a - std::panicking::begin_panic_handler::{{closure}}::h4f9159cfbc3f6bd3
[INFO] [stdout]                                at /rustc/6067b36314ab5eb2eb47cecc464545ba58e1ad24/library/std/src/panicking.rs:704:13
[INFO] [stdout]   15:     0x5cff173ea6d9 - std::sys::backtrace::__rust_end_short_backtrace::h0390abce48353151
[INFO] [stdout]                                at /rustc/6067b36314ab5eb2eb47cecc464545ba58e1ad24/library/std/src/sys/backtrace.rs:168:18
[INFO] [stdout]   16:     0x5cff173ebabd - rust_begin_unwind
[INFO] [stdout]                                at /rustc/6067b36314ab5eb2eb47cecc464545ba58e1ad24/library/std/src/panicking.rs:695:5
[INFO] [stdout]   17:     0x5cff17412330 - core::panicking::panic_fmt::h9e7c637e9e5f29c9
[INFO] [stdout]                                at /rustc/6067b36314ab5eb2eb47cecc464545ba58e1ad24/library/core/src/panicking.rs:75:14
[INFO] [stdout]   18:     0x5cff172f1d92 - skeptic::rt::interpret_output::hdc82fb90e53921eb
[INFO] [stdout]                                at /opt/rustwide/cargo-home/registry/src/index.crates.io-1949cf8c6b5b557f/skeptic-0.13.7/src/rt.rs:127:9
[INFO] [stdout]   19:     0x5cff172f0fc0 - skeptic::rt::handle_test::h017dfe57147b2032
[INFO] [stdout]                                at /opt/rustwide/cargo-home/registry/src/index.crates.io-1949cf8c6b5b557f/skeptic-0.13.7/src/rt.rs:111:5
[INFO] [stdout]   20:     0x5cff172f0266 - skeptic::rt::run_test::hc8ff7b9b80e9a0bd
[INFO] [stdout]                                at /opt/rustwide/cargo-home/registry/src/index.crates.io-1949cf8c6b5b557f/skeptic-0.13.7/src/rt.rs:25:5
[INFO] [stdout]   21:     0x5cff172aa9a3 - skeptic::readme_sect_simple_example_line_18::h6f40afca049942af
[INFO] [stdout]                                at /opt/rustwide/target/debug/build/libogg-3ef74b3b96addd1a/out/skeptic-tests.rs:31:5
[INFO] [stdout]   22:     0x5cff172aa8b7 - skeptic::readme_sect_simple_example_line_18::{{closure}}::h0335930eec48ccdf
[INFO] [stdout]                                at /opt/rustwide/target/debug/build/libogg-3ef74b3b96addd1a/out/skeptic-tests.rs:2:48
[INFO] [stdout]   23:     0x5cff172aa396 - core::ops::function::FnOnce::call_once::h8988d4fe6f590abf
[INFO] [stdout]                                at /rustc/6067b36314ab5eb2eb47cecc464545ba58e1ad24/library/core/src/ops/function.rs:250:5
[INFO] [stdout]   24:     0x5cff172ea22b - core::ops::function::FnOnce::call_once::he27718dfdd183f43
[INFO] [stdout]                                at /rustc/6067b36314ab5eb2eb47cecc464545ba58e1ad24/library/core/src/ops/function.rs:250:5
[INFO] [stdout]   25:     0x5cff172ea22b - test::__rust_begin_short_backtrace::h4e84902998457a5d
[INFO] [stdout]                                at /rustc/6067b36314ab5eb2eb47cecc464545ba58e1ad24/library/test/src/lib.rs:632:18
[INFO] [stdout]   26:     0x5cff172e9163 - test::run_test_in_process::{{closure}}::h7176fd18fc1feca0
[INFO] [stdout]                                at /rustc/6067b36314ab5eb2eb47cecc464545ba58e1ad24/library/test/src/lib.rs:655:60
[INFO] [stdout]   27:     0x5cff172e9163 - <core::panic::unwind_safe::AssertUnwindSafe<F> as core::ops::function::FnOnce<()>>::call_once::hf79cff2a624d8cf7
[INFO] [stdout]                                at /rustc/6067b36314ab5eb2eb47cecc464545ba58e1ad24/library/core/src/panic/unwind_safe.rs:272:9
[INFO] [stdout]   28:     0x5cff172e9163 - std::panicking::try::do_call::h3da0561d9ab99c25
[INFO] [stdout]                                at /rustc/6067b36314ab5eb2eb47cecc464545ba58e1ad24/library/std/src/panicking.rs:587:40
[INFO] [stdout]   29:     0x5cff172e9163 - std::panicking::try::h41c9fa508bc61df6
[INFO] [stdout]                                at /rustc/6067b36314ab5eb2eb47cecc464545ba58e1ad24/library/std/src/panicking.rs:550:19
[INFO] [stdout]   30:     0x5cff172e9163 - std::panic::catch_unwind::h6b3ff07bb5afad93
[INFO] [stdout]                                at /rustc/6067b36314ab5eb2eb47cecc464545ba58e1ad24/library/std/src/panic.rs:358:14
[INFO] [stdout]   31:     0x5cff172e9163 - test::run_test_in_process::hc7253dd11b39b9f4
[INFO] [stdout]                                at /rustc/6067b36314ab5eb2eb47cecc464545ba58e1ad24/library/test/src/lib.rs:655:27
[INFO] [stdout]   32:     0x5cff172e9163 - test::run_test::{{closure}}::hfb2007f8649c30bb
[INFO] [stdout]                                at /rustc/6067b36314ab5eb2eb47cecc464545ba58e1ad24/library/test/src/lib.rs:576:43
[INFO] [stdout]   33:     0x5cff172ac245 - test::run_test::{{closure}}::h56a17aa7a282a9f4
[INFO] [stdout]                                at /rustc/6067b36314ab5eb2eb47cecc464545ba58e1ad24/library/test/src/lib.rs:606:41
[INFO] [stdout]   34:     0x5cff172ac245 - std::sys::backtrace::__rust_begin_short_backtrace::hd2d2d2fb8e8c6aac
[INFO] [stdout]                                at /rustc/6067b36314ab5eb2eb47cecc464545ba58e1ad24/library/std/src/sys/backtrace.rs:152:18
[INFO] [stdout]   35:     0x5cff172afb2a - std::thread::Builder::spawn_unchecked_::{{closure}}::{{closure}}::h4faa3f9db6133423
[INFO] [stdout]                                at /rustc/6067b36314ab5eb2eb47cecc464545ba58e1ad24/library/std/src/thread/mod.rs:559:17
[INFO] [stdout]   36:     0x5cff172afb2a - <core::panic::unwind_safe::AssertUnwindSafe<F> as core::ops::function::FnOnce<()>>::call_once::hf2e855a36a4ea846
[INFO] [stdout]                                at /rustc/6067b36314ab5eb2eb47cecc464545ba58e1ad24/library/core/src/panic/unwind_safe.rs:272:9
[INFO] [stdout]   37:     0x5cff172afb2a - std::panicking::try::do_call::h2f73af3616c35465
[INFO] [stdout]                                at /rustc/6067b36314ab5eb2eb47cecc464545ba58e1ad24/library/std/src/panicking.rs:587:40
[INFO] [stdout]   38:     0x5cff172afb2a - std::panicking::try::hd1660ce9efadef5a
[INFO] [stdout]                                at /rustc/6067b36314ab5eb2eb47cecc464545ba58e1ad24/library/std/src/panicking.rs:550:19
[INFO] [stdout]   39:     0x5cff172afb2a - std::panic::catch_unwind::h5ee8d7823b8ca744
[INFO] [stdout]                                at /rustc/6067b36314ab5eb2eb47cecc464545ba58e1ad24/library/std/src/panic.rs:358:14
[INFO] [stdout]   40:     0x5cff172afb2a - std::thread::Builder::spawn_unchecked_::{{closure}}::h53c3a1894dce8407
[INFO] [stdout]                                at /rustc/6067b36314ab5eb2eb47cecc464545ba58e1ad24/library/std/src/thread/mod.rs:557:30
[INFO] [stdout]   41:     0x5cff172afb2a - core::ops::function::FnOnce::call_once{{vtable.shim}}::h048ce291ad4f62bf
[INFO] [stdout]                                at /rustc/6067b36314ab5eb2eb47cecc464545ba58e1ad24/library/core/src/ops/function.rs:250:5
[INFO] [stdout]   42:     0x5cff173f194b - <alloc::boxed::Box<F,A> as core::ops::function::FnOnce<Args>>::call_once::ha52bedf99a3b4981
[INFO] [stdout]                                at /rustc/6067b36314ab5eb2eb47cecc464545ba58e1ad24/library/alloc/src/boxed.rs:2013:9
[INFO] [stdout]   43:     0x5cff173f194b - <alloc::boxed::Box<F,A> as core::ops::function::FnOnce<Args>>::call_once::h567748934d80ccf8
[INFO] [stdout]                                at /rustc/6067b36314ab5eb2eb47cecc464545ba58e1ad24/library/alloc/src/boxed.rs:2013:9
[INFO] [stdout]   44:     0x5cff173f194b - std::sys::pal::unix::thread::Thread::new::thread_start::h2d970728ae887adc
[INFO] [stdout]                                at /rustc/6067b36314ab5eb2eb47cecc464545ba58e1ad24/library/std/src/sys/pal/unix/thread.rs:106:17
[INFO] [stdout]   45:     0x750bad741ac3 - <unknown>
[INFO] [stdout]   46:     0x750bad7d2a04 - clone
[INFO] [stdout]   47:                0x0 - <unknown>
[INFO] [stdout] 
[INFO] [stdout] 
[INFO] [stdout] failures:
[INFO] [stdout]     readme_sect_simple_example_line_18
[INFO] [stdout] 
[INFO] [stdout] test result: FAILED. 0 passed; 1 failed; 0 ignored; 0 measured; 0 filtered out; finished in 0.41s
[INFO] [stdout] 
[INFO] running `Command { std: "docker" "inspect" "c2544798d24f92756277e5235ea35dd480d940819eaf0bb6eb026a36f3199b26", kill_on_drop: false }`
[INFO] running `Command { std: "docker" "rm" "-f" "c2544798d24f92756277e5235ea35dd480d940819eaf0bb6eb026a36f3199b26", kill_on_drop: false }`
[INFO] [stdout] c2544798d24f92756277e5235ea35dd480d940819eaf0bb6eb026a36f3199b26
