[INFO] fetching crate libadwaita-sys 0.7.1...
[INFO] testing libadwaita-sys-0.7.1 against nightly-2025-01-18+rustflags=-Zrandomize-layout for randomize-layout-2
[INFO] extracting crate libadwaita-sys 0.7.1 into /workspace/builds/worker-5-tc2/source
[INFO] validating manifest of crates.io crate libadwaita-sys 0.7.1 on toolchain nightly-2025-01-18
[INFO] running `Command { std: CARGO_HOME="/workspace/cargo-home" RUSTUP_HOME="/workspace/rustup-home" "/workspace/cargo-home/bin/cargo" "+nightly-2025-01-18" "metadata" "--manifest-path" "Cargo.toml" "--no-deps", kill_on_drop: false }`
[INFO] started tweaking crates.io crate libadwaita-sys 0.7.1
[INFO] removed 0 missing tests
[INFO] finished tweaking crates.io crate libadwaita-sys 0.7.1
[INFO] tweaked toml for crates.io crate libadwaita-sys 0.7.1 written to /workspace/builds/worker-5-tc2/source/Cargo.toml
[INFO] running `Command { std: CARGO_HOME="/workspace/cargo-home" RUSTUP_HOME="/workspace/rustup-home" "/workspace/cargo-home/bin/cargo" "+nightly-2025-01-18" "generate-lockfile" "--manifest-path" "Cargo.toml", kill_on_drop: false }`
[INFO] [stderr]     Updating crates.io index
[INFO] [stderr]      Locking 54 packages to latest compatible versions
[INFO] running `Command { std: CARGO_HOME="/workspace/cargo-home" RUSTUP_HOME="/workspace/rustup-home" "/workspace/cargo-home/bin/cargo" "+nightly-2025-01-18" "fetch" "--manifest-path" "Cargo.toml", kill_on_drop: false }`
[INFO] running `Command { std: "docker" "create" "-v" "/var/lib/crater-agent-workspace/builds/worker-5-tc2/target:/opt/rustwide/target:rw,Z" "-v" "/var/lib/crater-agent-workspace/builds/worker-5-tc2/source:/opt/rustwide/workdir:ro,Z" "-v" "/var/lib/crater-agent-workspace/cargo-home:/opt/rustwide/cargo-home:ro,Z" "-v" "/var/lib/crater-agent-workspace/rustup-home:/opt/rustwide/rustup-home:ro,Z" "-e" "SOURCE_DIR=/opt/rustwide/workdir" "-e" "CARGO_TARGET_DIR=/opt/rustwide/target" "-e" "CARGO_HOME=/opt/rustwide/cargo-home" "-e" "RUSTUP_HOME=/opt/rustwide/rustup-home" "-w" "/opt/rustwide/workdir" "-m" "1610612736" "--user" "0:0" "--network" "none" "ghcr.io/rust-lang/crates-build-env/linux@sha256:819108c5571ea2e421544af4d832f968d213c87fbe3707a016657f43d2f853bc" "/opt/rustwide/cargo-home/bin/cargo" "+nightly-2025-01-18" "metadata" "--no-deps" "--format-version=1", kill_on_drop: false }`
[INFO] [stdout] 2474d59b86d3b2160b6c60d3117af7c540a85cce28e7dbf40383176c1fb108eb
[INFO] running `Command { std: "docker" "start" "-a" "2474d59b86d3b2160b6c60d3117af7c540a85cce28e7dbf40383176c1fb108eb", kill_on_drop: false }`
[INFO] running `Command { std: "docker" "inspect" "2474d59b86d3b2160b6c60d3117af7c540a85cce28e7dbf40383176c1fb108eb", kill_on_drop: false }`
[INFO] running `Command { std: "docker" "rm" "-f" "2474d59b86d3b2160b6c60d3117af7c540a85cce28e7dbf40383176c1fb108eb", kill_on_drop: false }`
[INFO] [stdout] 2474d59b86d3b2160b6c60d3117af7c540a85cce28e7dbf40383176c1fb108eb
[INFO] running `Command { std: "docker" "create" "-v" "/var/lib/crater-agent-workspace/builds/worker-5-tc2/target:/opt/rustwide/target:rw,Z" "-v" "/var/lib/crater-agent-workspace/builds/worker-5-tc2/source:/opt/rustwide/workdir:ro,Z" "-v" "/var/lib/crater-agent-workspace/cargo-home:/opt/rustwide/cargo-home:ro,Z" "-v" "/var/lib/crater-agent-workspace/rustup-home:/opt/rustwide/rustup-home:ro,Z" "-e" "SOURCE_DIR=/opt/rustwide/workdir" "-e" "CARGO_TARGET_DIR=/opt/rustwide/target" "-e" "CARGO_INCREMENTAL=0" "-e" "RUST_BACKTRACE=full" "-e" "RUSTFLAGS=--cap-lints=forbid -Zrandomize-layout" "-e" "RUSTDOCFLAGS=--cap-lints=forbid" "-e" "CARGO_HOME=/opt/rustwide/cargo-home" "-e" "RUSTUP_HOME=/opt/rustwide/rustup-home" "-w" "/opt/rustwide/workdir" "-m" "1610612736" "--user" "0:0" "--network" "none" "ghcr.io/rust-lang/crates-build-env/linux@sha256:819108c5571ea2e421544af4d832f968d213c87fbe3707a016657f43d2f853bc" "/opt/rustwide/cargo-home/bin/cargo" "+nightly-2025-01-18" "build" "--frozen" "--message-format=json", kill_on_drop: false }`
[INFO] [stdout] 5baed6ad4c069e89927552bdb1c9da94b7e874d1763ff1341316edf0c1e8c923
[INFO] running `Command { std: "docker" "start" "-a" "5baed6ad4c069e89927552bdb1c9da94b7e874d1763ff1341316edf0c1e8c923", kill_on_drop: false }`
[INFO] [stderr]    Compiling serde v1.0.217
[INFO] [stderr]    Compiling target-lexicon v0.12.16
[INFO] [stderr]    Compiling hashbrown v0.15.2
[INFO] [stderr]    Compiling equivalent v1.0.1
[INFO] [stderr]    Compiling winnow v0.6.24
[INFO] [stderr]    Compiling smallvec v1.13.2
[INFO] [stderr]    Compiling version-compare v0.2.0
[INFO] [stderr]    Compiling pkg-config v0.3.31
[INFO] [stderr]    Compiling heck v0.5.0
[INFO] [stderr]    Compiling libc v0.2.169
[INFO] [stderr]    Compiling cfg-expr v0.17.2
[INFO] [stderr]    Compiling indexmap v2.7.1
[INFO] [stderr]    Compiling serde_spanned v0.6.8
[INFO] [stderr]    Compiling toml_datetime v0.6.8
[INFO] [stderr]    Compiling toml_edit v0.22.22
[INFO] [stderr]    Compiling toml v0.8.19
[INFO] [stderr]    Compiling system-deps v7.0.3
[INFO] [stderr]    Compiling glib-sys v0.20.7
[INFO] [stderr]    Compiling gobject-sys v0.20.7
[INFO] [stderr]    Compiling gio-sys v0.20.8
[INFO] [stderr]    Compiling gdk-pixbuf-sys v0.20.7
[INFO] [stderr]    Compiling cairo-sys-rs v0.20.7
[INFO] [stderr]    Compiling pango-sys v0.20.7
[INFO] [stderr]    Compiling graphene-sys v0.20.7
[INFO] [stderr]    Compiling gdk4-sys v0.9.5
[INFO] [stderr]    Compiling gsk4-sys v0.9.5
[INFO] [stderr]    Compiling gtk4-sys v0.9.5
[INFO] [stderr]    Compiling libadwaita-sys v0.7.1 (/opt/rustwide/workdir)
[INFO] [stdout] warning: unused import: `pango_sys as pango`
[INFO] [stdout]   --> src/lib.rs:20:5
[INFO] [stdout]    |
[INFO] [stdout] 20 | use pango_sys as pango;
[INFO] [stdout]    |     ^^^^^^^^^^^^^^^^^^
[INFO] [stdout]    |
[INFO] [stdout]    = note: `#[warn(unused_imports)]` on by default
[INFO] [stdout] 
[INFO] [stdout] 
[INFO] [stderr]     Finished `dev` profile [unoptimized + debuginfo] target(s) in 22.57s
[INFO] running `Command { std: "docker" "inspect" "5baed6ad4c069e89927552bdb1c9da94b7e874d1763ff1341316edf0c1e8c923", kill_on_drop: false }`
[INFO] running `Command { std: "docker" "rm" "-f" "5baed6ad4c069e89927552bdb1c9da94b7e874d1763ff1341316edf0c1e8c923", kill_on_drop: false }`
[INFO] [stdout] 5baed6ad4c069e89927552bdb1c9da94b7e874d1763ff1341316edf0c1e8c923
[INFO] running `Command { std: "docker" "create" "-v" "/var/lib/crater-agent-workspace/builds/worker-5-tc2/target:/opt/rustwide/target:rw,Z" "-v" "/var/lib/crater-agent-workspace/builds/worker-5-tc2/source:/opt/rustwide/workdir:ro,Z" "-v" "/var/lib/crater-agent-workspace/cargo-home:/opt/rustwide/cargo-home:ro,Z" "-v" "/var/lib/crater-agent-workspace/rustup-home:/opt/rustwide/rustup-home:ro,Z" "-e" "SOURCE_DIR=/opt/rustwide/workdir" "-e" "CARGO_TARGET_DIR=/opt/rustwide/target" "-e" "CARGO_INCREMENTAL=0" "-e" "RUST_BACKTRACE=full" "-e" "RUSTFLAGS=--cap-lints=forbid -Zrandomize-layout" "-e" "RUSTDOCFLAGS=--cap-lints=forbid" "-e" "CARGO_HOME=/opt/rustwide/cargo-home" "-e" "RUSTUP_HOME=/opt/rustwide/rustup-home" "-w" "/opt/rustwide/workdir" "-m" "1610612736" "--user" "0:0" "--network" "none" "ghcr.io/rust-lang/crates-build-env/linux@sha256:819108c5571ea2e421544af4d832f968d213c87fbe3707a016657f43d2f853bc" "/opt/rustwide/cargo-home/bin/cargo" "+nightly-2025-01-18" "test" "--frozen" "--no-run" "--message-format=json", kill_on_drop: false }`
[INFO] [stdout] be570edcf442f531e4c54033ab69e36a03739cfe97d6d6934b217c2ef16009f7
[INFO] running `Command { std: "docker" "start" "-a" "be570edcf442f531e4c54033ab69e36a03739cfe97d6d6934b217c2ef16009f7", kill_on_drop: false }`
[INFO] [stderr]    Compiling rustix v0.38.43
[INFO] [stderr]    Compiling linux-raw-sys v0.4.15
[INFO] [stderr]    Compiling cfg-if v1.0.0
[INFO] [stderr]    Compiling bitflags v2.8.0
[INFO] [stderr]    Compiling once_cell v1.20.2
[INFO] [stderr]    Compiling fastrand v2.3.0
[INFO] [stderr]    Compiling shell-words v1.1.0
[INFO] [stdout] warning: unused import: `pango_sys as pango`
[INFO] [stdout]   --> src/lib.rs:20:5
[INFO] [stdout]    |
[INFO] [stdout] 20 | use pango_sys as pango;
[INFO] [stdout]    |     ^^^^^^^^^^^^^^^^^^
[INFO] [stdout]    |
[INFO] [stdout]    = note: `#[warn(unused_imports)]` on by default
[INFO] [stdout] 
[INFO] [stdout] 
[INFO] [stderr]    Compiling getrandom v0.2.15
[INFO] [stderr]    Compiling tempfile v3.15.0
[INFO] [stderr]    Compiling libadwaita-sys v0.7.1 (/opt/rustwide/workdir)
[INFO] [stdout] warning: unused import: `pango_sys as pango`
[INFO] [stdout]   --> src/lib.rs:20:5
[INFO] [stdout]    |
[INFO] [stdout] 20 | use pango_sys as pango;
[INFO] [stdout]    |     ^^^^^^^^^^^^^^^^^^
[INFO] [stdout]    |
[INFO] [stdout]    = note: `#[warn(unused_imports)]` on by default
[INFO] [stdout] 
[INFO] [stdout] 
[INFO] [stderr]     Finished `test` profile [unoptimized + debuginfo] target(s) in 5.90s
[INFO] running `Command { std: "docker" "inspect" "be570edcf442f531e4c54033ab69e36a03739cfe97d6d6934b217c2ef16009f7", kill_on_drop: false }`
[INFO] running `Command { std: "docker" "rm" "-f" "be570edcf442f531e4c54033ab69e36a03739cfe97d6d6934b217c2ef16009f7", kill_on_drop: false }`
[INFO] [stdout] be570edcf442f531e4c54033ab69e36a03739cfe97d6d6934b217c2ef16009f7
[INFO] running `Command { std: "docker" "create" "-v" "/var/lib/crater-agent-workspace/builds/worker-5-tc2/target:/opt/rustwide/target:rw,Z" "-v" "/var/lib/crater-agent-workspace/builds/worker-5-tc2/source:/opt/rustwide/workdir:ro,Z" "-v" "/var/lib/crater-agent-workspace/cargo-home:/opt/rustwide/cargo-home:ro,Z" "-v" "/var/lib/crater-agent-workspace/rustup-home:/opt/rustwide/rustup-home:ro,Z" "-e" "SOURCE_DIR=/opt/rustwide/workdir" "-e" "CARGO_TARGET_DIR=/opt/rustwide/target" "-e" "CARGO_INCREMENTAL=0" "-e" "RUST_BACKTRACE=full" "-e" "RUSTFLAGS=--cap-lints=forbid -Zrandomize-layout" "-e" "RUSTDOCFLAGS=--cap-lints=forbid" "-e" "CARGO_HOME=/opt/rustwide/cargo-home" "-e" "RUSTUP_HOME=/opt/rustwide/rustup-home" "-w" "/opt/rustwide/workdir" "-m" "1610612736" "--user" "0:0" "--network" "none" "ghcr.io/rust-lang/crates-build-env/linux@sha256:819108c5571ea2e421544af4d832f968d213c87fbe3707a016657f43d2f853bc" "/opt/rustwide/cargo-home/bin/cargo" "+nightly-2025-01-18" "test" "--frozen", kill_on_drop: false }`
[INFO] [stdout] 2cf4c268845e1edd7458f7d3c2f819c21b7a58a2e9075792bc235002be03b916
[INFO] running `Command { std: "docker" "start" "-a" "2cf4c268845e1edd7458f7d3c2f819c21b7a58a2e9075792bc235002be03b916", kill_on_drop: false }`
[INFO] [stderr] warning: unused import: `pango_sys as pango`
[INFO] [stderr]   --> src/lib.rs:20:5
[INFO] [stderr]    |
[INFO] [stderr] 20 | use pango_sys as pango;
[INFO] [stderr]    |     ^^^^^^^^^^^^^^^^^^
[INFO] [stderr]    |
[INFO] [stderr]    = note: `#[warn(unused_imports)]` on by default
[INFO] [stderr] 
[INFO] [stderr] warning: `libadwaita-sys` (lib) generated 1 warning (run `cargo fix --lib -p libadwaita-sys` to apply 1 suggestion)
[INFO] [stderr] warning: `libadwaita-sys` (lib test) generated 1 warning (1 duplicate)
[INFO] [stderr]     Finished `test` profile [unoptimized + debuginfo] target(s) in 0.11s
[INFO] [stderr]      Running unittests src/lib.rs (/opt/rustwide/target/debug/deps/libadwaita_sys-0b1cff4011bc6bcc)
[INFO] [stdout] 
[INFO] [stdout] running 0 tests
[INFO] [stdout] 
[INFO] [stdout] test result: ok. 0 passed; 0 failed; 0 ignored; 0 measured; 0 filtered out; finished in 0.00s
[INFO] [stdout] 
[INFO] [stderr]      Running tests/abi.rs (/opt/rustwide/target/debug/deps/abi-cdb0f8a51bfed1d2)
[INFO] [stdout] 
[INFO] [stdout] running 2 tests
[INFO] [stderr] tests/constant.c: In function 'main':
[INFO] [stderr] tests/constant.c:32:27: error: 'ADW_ACCENT_COLOR_BLUE' undeclared (first use in this function)
[INFO] [stderr]    32 |     PRINT_CONSTANT((gint) ADW_ACCENT_COLOR_BLUE);
[INFO] [stderr]       |                           ^~~~~~~~~~~~~~~~~~~~~
[INFO] [stderr] tests/constant.c:11:22: note: in definition of macro 'PRINT_CONSTANT'
[INFO] [stderr]    11 |     printf(_Generic((CONSTANT_NAME), \
[INFO] [stderr]       |                      ^~~~~~~~~~~~~
[INFO] [stderr] tests/constant.c:32:27: note: each undeclared identifier is reported only once for each function it appears in
[INFO] [stderr]    32 |     PRINT_CONSTANT((gint) ADW_ACCENT_COLOR_BLUE);
[INFO] [stderr]       |                           ^~~~~~~~~~~~~~~~~~~~~
[INFO] [stderr] tests/constant.c:11:22: note: in definition of macro 'PRINT_CONSTANT'
[INFO] [stderr]    11 |     printf(_Generic((CONSTANT_NAME), \
[INFO] [stderr]       |                      ^~~~~~~~~~~~~
[INFO] [stderr] tests/layout.c: In function 'main':
[INFO] [stderr] tests/layout.c:11:58: error: 'AdwAboutDialogClass' undeclared (first use in this function)
[INFO] [stderr]    11 |     printf("%s;%zu;%zu\n", "AdwAboutDialogClass", sizeof(AdwAboutDialogClass), alignof(AdwAboutDialogClass));
[INFO] [stderr]       |                                                          ^~~~~~~~~~~~~~~~~~~
[INFO] [stderr] tests/layout.c:11:58: note: each undeclared identifier is reported only once for each function it appears in
[INFO] [stderr] tests/constant.c:33:27: error: 'ADW_ACCENT_COLOR_GREEN' undeclared (first use in this function)
[INFO] [stderr]    33 |     PRINT_CONSTANT((gint) ADW_ACCENT_COLOR_GREEN);
[INFO] [stderr]       |                           ^~~~~~~~~~~~~~~~~~~~~~
[INFO] [stderr] tests/constant.c:11:22: note: in definition of macro 'PRINT_CONSTANT'
[INFO] [stderr]    11 |     printf(_Generic((CONSTANT_NAME), \
[INFO] [stderr]       |                      ^~~~~~~~~~~~~
[INFO] [stderr] tests/layout.c:12:58: error: 'AdwAboutWindowClass' undeclared (first use in this function); did you mean 'AdwWindowClass'?
[INFO] [stderr]    12 |     printf("%s;%zu;%zu\n", "AdwAboutWindowClass", sizeof(AdwAboutWindowClass), alignof(AdwAboutWindowClass));
[INFO] [stderr]       |                                                          ^~~~~~~~~~~~~~~~~~~
[INFO] [stderr]       |                                                          AdwWindowClass
[INFO] [stderr] tests/layout.c:13:53: error: 'AdwAccentColor' undeclared (first use in this function)
[INFO] [stderr]    13 |     printf("%s;%zu;%zu\n", "AdwAccentColor", sizeof(AdwAccentColor), alignof(AdwAccentColor));
[INFO] [stderr]       |                                                     ^~~~~~~~~~~~~~
[INFO] [stderr] tests/constant.c:34:27: error: 'ADW_ACCENT_COLOR_ORANGE' undeclared (first use in this function)
[INFO] [stderr]    34 |     PRINT_CONSTANT((gint) ADW_ACCENT_COLOR_ORANGE);
[INFO] [stderr]       |                           ^~~~~~~~~~~~~~~~~~~~~~~
[INFO] [stderr] tests/constant.c:11:22: note: in definition of macro 'PRINT_CONSTANT'
[INFO] [stderr]    11 |     printf(_Generic((CONSTANT_NAME), \
[INFO] [stderr]       |                      ^~~~~~~~~~~~~
[INFO] [stderr] tests/layout.c:16:53: error: 'AdwAlertDialog' undeclared (first use in this function)
[INFO] [stderr]    16 |     printf("%s;%zu;%zu\n", "AdwAlertDialog", sizeof(AdwAlertDialog), alignof(AdwAlertDialog));
[INFO] [stderr]       |                                                     ^~~~~~~~~~~~~~
[INFO] [stderr] tests/layout.c:17:58: error: 'AdwAlertDialogClass' undeclared (first use in this function)
[INFO] [stderr]    17 |     printf("%s;%zu;%zu\n", "AdwAlertDialogClass", sizeof(AdwAlertDialogClass), alignof(AdwAlertDialogClass));
[INFO] [stderr]       |                                                          ^~~~~~~~~~~~~~~~~~~
[INFO] [stderr] tests/constant.c:35:27: error: 'ADW_ACCENT_COLOR_PINK' undeclared (first use in this function)
[INFO] [stderr]    35 |     PRINT_CONSTANT((gint) ADW_ACCENT_COLOR_PINK);
[INFO] [stderr]       |                           ^~~~~~~~~~~~~~~~~~~~~
[INFO] [stderr] tests/constant.c:11:22: note: in definition of macro 'PRINT_CONSTANT'
[INFO] [stderr]    11 |     printf(_Generic((CONSTANT_NAME), \
[INFO] [stderr]       |                      ^~~~~~~~~~~~~
[INFO] [stderr] tests/layout.c:25:53: error: 'AdwBannerClass' undeclared (first use in this function); did you mean 'AdwTabBarClass'?
[INFO] [stderr]    25 |     printf("%s;%zu;%zu\n", "AdwBannerClass", sizeof(AdwBannerClass), alignof(AdwBannerClass));
[INFO] [stderr]       |                                                     ^~~~~~~~~~~~~~
[INFO] [stderr]       |                                                     AdwTabBarClass
[INFO] [stderr] tests/layout.c:28:58: error: 'AdwBottomSheetClass' undeclared (first use in this function); did you mean 'AdwButtonContentClass'?
[INFO] [stderr]    28 |     printf("%s;%zu;%zu\n", "AdwBottomSheetClass", sizeof(AdwBottomSheetClass), alignof(AdwBottomSheetClass));
[INFO] [stderr]       |                                                          ^~~~~~~~~~~~~~~~~~~
[INFO] [stderr]       |                                                          AdwButtonContentClass
[INFO] [stderr] tests/constant.c:36:27: error: 'ADW_ACCENT_COLOR_PURPLE' undeclared (first use in this function)
[INFO] [stderr]    36 |     PRINT_CONSTANT((gint) ADW_ACCENT_COLOR_PURPLE);
[INFO] [stderr]       |                           ^~~~~~~~~~~~~~~~~~~~~~~
[INFO] [stderr] tests/constant.c:11:22: note: in definition of macro 'PRINT_CONSTANT'
[INFO] [stderr]    11 |     printf(_Generic((CONSTANT_NAME), \
[INFO] [stderr]       |                      ^~~~~~~~~~~~~
[INFO] [stderr] tests/layout.c:29:55: error: 'AdwBreakpointBin' undeclared (first use in this function)
[INFO] [stderr]    29 |     printf("%s;%zu;%zu\n", "AdwBreakpointBin", sizeof(AdwBreakpointBin), alignof(AdwBreakpointBin));
[INFO] [stderr]       |                                                       ^~~~~~~~~~~~~~~~
[INFO] [stderr] tests/constant.c:37:27: error: 'ADW_ACCENT_COLOR_RED' undeclared (first use in this function)
[INFO] [stderr]    37 |     PRINT_CONSTANT((gint) ADW_ACCENT_COLOR_RED);
[INFO] [stderr]       |                           ^~~~~~~~~~~~~~~~~~~~
[INFO] [stderr] tests/constant.c:11:22: note: in definition of macro 'PRINT_CONSTANT'
[INFO] [stderr]    11 |     printf(_Generic((CONSTANT_NAME), \
[INFO] [stderr]       |                      ^~~~~~~~~~~~~
[INFO] [stderr] tests/layout.c:30:60: error: 'AdwBreakpointBinClass' undeclared (first use in this function)
[INFO] [stderr]    30 |     printf("%s;%zu;%zu\n", "AdwBreakpointBinClass", sizeof(AdwBreakpointBinClass), alignof(AdwBreakpointBinClass));
[INFO] [stderr]       |                                                            ^~~~~~~~~~~~~~~~~~~~~
[INFO] [stderr] tests/constant.c:38:27: error: 'ADW_ACCENT_COLOR_SLATE' undeclared (first use in this function)
[INFO] [stderr]    38 |     PRINT_CONSTANT((gint) ADW_ACCENT_COLOR_SLATE);
[INFO] [stderr]       |                           ^~~~~~~~~~~~~~~~~~~~~~
[INFO] [stderr] tests/constant.c:11:22: note: in definition of macro 'PRINT_CONSTANT'
[INFO] [stderr]    11 |     printf(_Generic((CONSTANT_NAME), \
[INFO] [stderr]       |                      ^~~~~~~~~~~~~
[INFO] [stderr] tests/layout.c:31:57: error: 'AdwBreakpointClass' undeclared (first use in this function)
[INFO] [stderr]    31 |     printf("%s;%zu;%zu\n", "AdwBreakpointClass", sizeof(AdwBreakpointClass), alignof(AdwBreakpointClass));
[INFO] [stderr]       |                                                         ^~~~~~~~~~~~~~~~~~
[INFO] [stderr] tests/constant.c:39:27: error: 'ADW_ACCENT_COLOR_TEAL' undeclared (first use in this function)
[INFO] [stderr]    39 |     PRINT_CONSTANT((gint) ADW_ACCENT_COLOR_TEAL);
[INFO] [stderr]       |                           ^~~~~~~~~~~~~~~~~~~~~
[INFO] [stderr] tests/constant.c:11:22: note: in definition of macro 'PRINT_CONSTANT'
[INFO] [stderr]    11 |     printf(_Generic((CONSTANT_NAME), \
[INFO] [stderr]       |                      ^~~~~~~~~~~~~
[INFO] [stderr] tests/layout.c:32:71: error: 'AdwBreakpointConditionLengthType' undeclared (first use in this function)
[INFO] [stderr]    32 |     printf("%s;%zu;%zu\n", "AdwBreakpointConditionLengthType", sizeof(AdwBreakpointConditionLengthType), alignof(AdwBreakpointConditionLengthType));
[INFO] [stderr]       |                                                                       ^~~~~~~~~~~~~~~~~~~~~~~~~~~~~~~~
[INFO] [stderr] tests/constant.c:40:27: error: 'ADW_ACCENT_COLOR_YELLOW' undeclared (first use in this function)
[INFO] [stderr]    40 |     PRINT_CONSTANT((gint) ADW_ACCENT_COLOR_YELLOW);
[INFO] [stderr]       |                           ^~~~~~~~~~~~~~~~~~~~~~~
[INFO] [stderr] tests/constant.c:11:22: note: in definition of macro 'PRINT_CONSTANT'
[INFO] [stderr]    11 |     printf(_Generic((CONSTANT_NAME), \
[INFO] [stderr]       |                      ^~~~~~~~~~~~~
[INFO] [stderr] tests/layout.c:33:70: error: 'AdwBreakpointConditionRatioType' undeclared (first use in this function)
[INFO] [stderr]    33 |     printf("%s;%zu;%zu\n", "AdwBreakpointConditionRatioType", sizeof(AdwBreakpointConditionRatioType), alignof(AdwBreakpointConditionRatioType));
[INFO] [stderr]       |                                                                      ^~~~~~~~~~~~~~~~~~~~~~~~~~~~~~~
[INFO] [stderr] tests/layout.c:35:56: error: 'AdwButtonRowClass' undeclared (first use in this function); did you mean 'AdwActionRowClass'?
[INFO] [stderr]    35 |     printf("%s;%zu;%zu\n", "AdwButtonRowClass", sizeof(AdwButtonRowClass), alignof(AdwButtonRowClass));
[INFO] [stderr]       |                                                        ^~~~~~~~~~~~~~~~~
[INFO] [stderr]       |                                                        AdwActionRowClass
[INFO] [stderr] tests/layout.c:46:48: error: 'AdwDialog' undeclared (first use in this function); did you mean 'GtkDialog'?
[INFO] [stderr]    46 |     printf("%s;%zu;%zu\n", "AdwDialog", sizeof(AdwDialog), alignof(AdwDialog));
[INFO] [stderr]       |                                                ^~~~~~~~~
[INFO] [stderr]       |                                                GtkDialog
[INFO] [stderr] tests/layout.c:47:53: error: 'AdwDialogClass' undeclared (first use in this function); did you mean 'GtkDialogClass'?
[INFO] [stderr]    47 |     printf("%s;%zu;%zu\n", "AdwDialogClass", sizeof(AdwDialogClass), alignof(AdwDialogClass));
[INFO] [stderr]       |                                                     ^~~~~~~~~~~~~~
[INFO] [stderr]       |                                                     GtkDialogClass
[INFO] [stderr] tests/constant.c:45:27: error: 'ADW_BREAKPOINT_CONDITION_MAX_ASPECT_RATIO' undeclared (first use in this function)
[INFO] [stderr]    45 |     PRINT_CONSTANT((gint) ADW_BREAKPOINT_CONDITION_MAX_ASPECT_RATIO);
[INFO] [stderr]       |                           ^~~~~~~~~~~~~~~~~~~~~~~~~~~~~~~~~~~~~~~~~
[INFO] [stderr] tests/constant.c:11:22: note: in definition of macro 'PRINT_CONSTANT'
[INFO] [stderr]    11 |     printf(_Generic((CONSTANT_NAME), \
[INFO] [stderr]       |                      ^~~~~~~~~~~~~
[INFO] [stderr] tests/layout.c:48:64: error: 'AdwDialogPresentationMode' undeclared (first use in this function)
[INFO] [stderr]    48 |     printf("%s;%zu;%zu\n", "AdwDialogPresentationMode", sizeof(AdwDialogPresentationMode), alignof(AdwDialogPresentationMode));
[INFO] [stderr]       |                                                                ^~~~~~~~~~~~~~~~~~~~~~~~~
[INFO] [stderr] tests/layout.c:50:50: error: 'AdwEntryRow' undeclared (first use in this function)
[INFO] [stderr]    50 |     printf("%s;%zu;%zu\n", "AdwEntryRow", sizeof(AdwEntryRow), alignof(AdwEntryRow));
[INFO] [stderr]       |                                                  ^~~~~~~~~~~
[INFO] [stderr] tests/constant.c:46:27: error: 'ADW_BREAKPOINT_CONDITION_MAX_HEIGHT' undeclared (first use in this function)
[INFO] [stderr]    46 |     PRINT_CONSTANT((gint) ADW_BREAKPOINT_CONDITION_MAX_HEIGHT);
[INFO] [stderr]       |                           ^~~~~~~~~~~~~~~~~~~~~~~~~~~~~~~~~~~
[INFO] [stderr] tests/constant.c:11:22: note: in definition of macro 'PRINT_CONSTANT'
[INFO] [stderr]    11 |     printf(_Generic((CONSTANT_NAME), \
[INFO] [stderr]       |                      ^~~~~~~~~~~~~
[INFO] [stderr] tests/layout.c:51:55: error: 'AdwEntryRowClass' undeclared (first use in this function); did you mean 'AdwComboRowClass'?
[INFO] [stderr]    51 |     printf("%s;%zu;%zu\n", "AdwEntryRowClass", sizeof(AdwEntryRowClass), alignof(AdwEntryRowClass));
[INFO] [stderr]       |                                                       ^~~~~~~~~~~~~~~~
[INFO] [stderr]       |                                                       AdwComboRowClass
[INFO] [stderr] tests/layout.c:61:65: error: 'AdwInlineViewSwitcherClass' undeclared (first use in this function); did you mean 'AdwViewSwitcherClass'?
[INFO] [stderr]    61 |     printf("%s;%zu;%zu\n", "AdwInlineViewSwitcherClass", sizeof(AdwInlineViewSwitcherClass), alignof(AdwInlineViewSwitcherClass));
[INFO] [stderr]       |                                                                 ^~~~~~~~~~~~~~~~~~~~~~~~~~
[INFO] [stderr]       |                                                                 AdwViewSwitcherClass
[INFO] [stderr] tests/constant.c:47:27: error: 'ADW_BREAKPOINT_CONDITION_MAX_WIDTH' undeclared (first use in this function)
[INFO] [stderr]    47 |     PRINT_CONSTANT((gint) ADW_BREAKPOINT_CONDITION_MAX_WIDTH);
[INFO] [stderr]       |                           ^~~~~~~~~~~~~~~~~~~~~~~~~~~~~~~~~~
[INFO] [stderr] tests/constant.c:11:22: note: in definition of macro 'PRINT_CONSTANT'
[INFO] [stderr]    11 |     printf(_Generic((CONSTANT_NAME), \
[INFO] [stderr]       |                      ^~~~~~~~~~~~~
[INFO] [stderr] tests/layout.c:62:71: error: 'AdwInlineViewSwitcherDisplayMode' undeclared (first use in this function)
[INFO] [stderr]    62 |     printf("%s;%zu;%zu\n", "AdwInlineViewSwitcherDisplayMode", sizeof(AdwInlineViewSwitcherDisplayMode), alignof(AdwInlineViewSwitcherDisplayMode));
[INFO] [stderr]       |                                                                       ^~~~~~~~~~~~~~~~~~~~~~~~~~~~~~~~
[INFO] [stderr] tests/layout.c:63:53: error: 'AdwJustifyMode' undeclared (first use in this function)
[INFO] [stderr]    63 |     printf("%s;%zu;%zu\n", "AdwJustifyMode", sizeof(AdwJustifyMode), alignof(AdwJustifyMode));
[INFO] [stderr]       |                                                     ^~~~~~~~~~~~~~
[INFO] [stderr] tests/constant.c:48:27: error: 'ADW_BREAKPOINT_CONDITION_MIN_ASPECT_RATIO' undeclared (first use in this function)
[INFO] [stderr]    48 |     PRINT_CONSTANT((gint) ADW_BREAKPOINT_CONDITION_MIN_ASPECT_RATIO);
[INFO] [stderr]       |                           ^~~~~~~~~~~~~~~~~~~~~~~~~~~~~~~~~~~~~~~~~
[INFO] [stderr] tests/constant.c:11:22: note: in definition of macro 'PRINT_CONSTANT'
[INFO] [stderr]    11 |     printf(_Generic((CONSTANT_NAME), \
[INFO] [stderr]       |                      ^~~~~~~~~~~~~
[INFO] [stderr] tests/layout.c:64:53: error: 'AdwLayoutClass' undeclared (first use in this function); did you mean 'AdwLeafletClass'?
[INFO] [stderr]    64 |     printf("%s;%zu;%zu\n", "AdwLayoutClass", sizeof(AdwLayoutClass), alignof(AdwLayoutClass));
[INFO] [stderr]       |                                                     ^~~~~~~~~~~~~~
[INFO] [stderr]       |                                                     AdwLeafletClass
[INFO] [stderr] tests/layout.c:65:57: error: 'AdwLayoutSlotClass' undeclared (first use in this function); did you mean 'AdwCarouselClass'?
[INFO] [stderr]    65 |     printf("%s;%zu;%zu\n", "AdwLayoutSlotClass", sizeof(AdwLayoutSlotClass), alignof(AdwLayoutSlotClass));
[INFO] [stderr]       |                                                         ^~~~~~~~~~~~~~~~~~
[INFO] [stderr]       |                                                         AdwCarouselClass
[INFO] [stderr] tests/constant.c:49:27: error: 'ADW_BREAKPOINT_CONDITION_MIN_HEIGHT' undeclared (first use in this function)
[INFO] [stderr]    49 |     PRINT_CONSTANT((gint) ADW_BREAKPOINT_CONDITION_MIN_HEIGHT);
[INFO] [stderr]       |                           ^~~~~~~~~~~~~~~~~~~~~~~~~~~~~~~~~~~
[INFO] [stderr] tests/constant.c:11:22: note: in definition of macro 'PRINT_CONSTANT'
[INFO] [stderr]    11 |     printf(_Generic((CONSTANT_NAME), \
[INFO] [stderr]       |                      ^~~~~~~~~~~~~
[INFO] [stderr] tests/layout.c:69:52: error: 'AdwLengthUnit' undeclared (first use in this function)
[INFO] [stderr]    69 |     printf("%s;%zu;%zu\n", "AdwLengthUnit", sizeof(AdwLengthUnit), alignof(AdwLengthUnit));
[INFO] [stderr]       |                                                    ^~~~~~~~~~~~~
[INFO] [stderr] tests/layout.c:70:55: error: 'AdwMessageDialog' undeclared (first use in this function); did you mean 'GtkMessageDialog'?
[INFO] [stderr]    70 |     printf("%s;%zu;%zu\n", "AdwMessageDialog", sizeof(AdwMessageDialog), alignof(AdwMessageDialog));
[INFO] [stderr]       |                                                       ^~~~~~~~~~~~~~~~
[INFO] [stderr]       |                                                       GtkMessageDialog
[INFO] [stderr] tests/layout.c:71:60: error: 'AdwMessageDialogClass' undeclared (first use in this function); did you mean 'GtkMessageDialogClass'?
[INFO] [stderr]    71 |     printf("%s;%zu;%zu\n", "AdwMessageDialogClass", sizeof(AdwMessageDialogClass), alignof(AdwMessageDialogClass));
[INFO] [stderr]       |                                                            ^~~~~~~~~~~~~~~~~~~~~
[INFO] [stderr]       |                                                            GtkMessageDialogClass
[INFO] [stderr] tests/constant.c:50:27: error: 'ADW_BREAKPOINT_CONDITION_MIN_WIDTH' undeclared (first use in this function)
[INFO] [stderr]    50 |     PRINT_CONSTANT((gint) ADW_BREAKPOINT_CONDITION_MIN_WIDTH);
[INFO] [stderr]       |                           ^~~~~~~~~~~~~~~~~~~~~~~~~~~~~~~~~~
[INFO] [stderr] tests/constant.c:11:22: note: in definition of macro 'PRINT_CONSTANT'
[INFO] [stderr]    11 |     printf(_Generic((CONSTANT_NAME), \
[INFO] [stderr]       |                      ^~~~~~~~~~~~~
[INFO] [stderr] tests/constant.c:58:27: error: 'ADW_DIALOG_AUTO' undeclared (first use in this function)
[INFO] [stderr]    58 |     PRINT_CONSTANT((gint) ADW_DIALOG_AUTO);
[INFO] [stderr]       |                           ^~~~~~~~~~~~~~~
[INFO] [stderr] tests/constant.c:11:22: note: in definition of macro 'PRINT_CONSTANT'
[INFO] [stderr]    11 |     printf(_Generic((CONSTANT_NAME), \
[INFO] [stderr]       |                      ^~~~~~~~~~~~~
[INFO] [stderr] tests/layout.c:72:62: error: 'AdwMultiLayoutViewClass' undeclared (first use in this function)
[INFO] [stderr]    72 |     printf("%s;%zu;%zu\n", "AdwMultiLayoutViewClass", sizeof(AdwMultiLayoutViewClass), alignof(AdwMultiLayoutViewClass));
[INFO] [stderr]       |                                                              ^~~~~~~~~~~~~~~~~~~~~~~
[INFO] [stderr] tests/layout.c:74:56: error: 'AdwNavigationPage' undeclared (first use in this function)
[INFO] [stderr]    74 |     printf("%s;%zu;%zu\n", "AdwNavigationPage", sizeof(AdwNavigationPage), alignof(AdwNavigationPage));
[INFO] [stderr]       |                                                        ^~~~~~~~~~~~~~~~~
[INFO] [stderr] tests/constant.c:59:27: error: 'ADW_DIALOG_BOTTOM_SHEET' undeclared (first use in this function)
[INFO] [stderr]    59 |     PRINT_CONSTANT((gint) ADW_DIALOG_BOTTOM_SHEET);
[INFO] [stderr]       |                           ^~~~~~~~~~~~~~~~~~~~~~~
[INFO] [stderr] tests/constant.c:11:22: note: in definition of macro 'PRINT_CONSTANT'
[INFO] [stderr]    11 |     printf(_Generic((CONSTANT_NAME), \
[INFO] [stderr]       |                      ^~~~~~~~~~~~~
[INFO] [stderr] tests/constant.c:60:27: error: 'ADW_DIALOG_FLOATING' undeclared (first use in this function)
[INFO] [stderr]    60 |     PRINT_CONSTANT((gint) ADW_DIALOG_FLOATING);
[INFO] [stderr]       |                           ^~~~~~~~~~~~~~~~~~~
[INFO] [stderr] tests/constant.c:11:22: note: in definition of macro 'PRINT_CONSTANT'
[INFO] [stderr]    11 |     printf(_Generic((CONSTANT_NAME), \
[INFO] [stderr]       |                      ^~~~~~~~~~~~~
[INFO] [stderr] tests/constant.c:62:27: error: 'ADW_EASE' undeclared (first use in this function); did you mean 'ADW_TOAST'?
[INFO] [stderr]    62 |     PRINT_CONSTANT((gint) ADW_EASE);
[INFO] [stderr]       |                           ^~~~~~~~
[INFO] [stderr] tests/constant.c:11:22: note: in definition of macro 'PRINT_CONSTANT'
[INFO] [stderr]    11 |     printf(_Generic((CONSTANT_NAME), \
[INFO] [stderr]       |                      ^~~~~~~~~~~~~
[INFO] [stderr] tests/layout.c:75:61: error: 'AdwNavigationPageClass' undeclared (first use in this function); did you mean 'AdwAnimationTargetClass'?
[INFO] [stderr]    75 |     printf("%s;%zu;%zu\n", "AdwNavigationPageClass", sizeof(AdwNavigationPageClass), alignof(AdwNavigationPageClass));
[INFO] [stderr]       |                                                             ^~~~~~~~~~~~~~~~~~~~~~
[INFO] [stderr]       |                                                             AdwAnimationTargetClass
[INFO] [stderr] tests/constant.c:63:27: error: 'ADW_EASE_IN' undeclared (first use in this function)
[INFO] [stderr]    63 |     PRINT_CONSTANT((gint) ADW_EASE_IN);
[INFO] [stderr]       |                           ^~~~~~~~~~~
[INFO] [stderr] tests/constant.c:11:22: note: in definition of macro 'PRINT_CONSTANT'
[INFO] [stderr]    11 |     printf(_Generic((CONSTANT_NAME), \
[INFO] [stderr]       |                      ^~~~~~~~~~~~~
[INFO] [stderr] tests/constant.c:70:27: error: 'ADW_EASE_IN_OUT' undeclared (first use in this function); did you mean 'ADW_EASE_IN_QUINT'?
[INFO] [stderr]    70 |     PRINT_CONSTANT((gint) ADW_EASE_IN_OUT);
[INFO] [stderr]       |                           ^~~~~~~~~~~~~~~
[INFO] [stderr] tests/constant.c:11:22: note: in definition of macro 'PRINT_CONSTANT'
[INFO] [stderr]    11 |     printf(_Generic((CONSTANT_NAME), \
[INFO] [stderr]       |                      ^~~~~~~~~~~~~
[INFO] [stderr] tests/constant.c:85:27: error: 'ADW_EASE_OUT' undeclared (first use in this function); did you mean 'ADW_EASE_OUT_BACK'?
[INFO] [stderr]    85 |     PRINT_CONSTANT((gint) ADW_EASE_OUT);
[INFO] [stderr]       |                           ^~~~~~~~~~~~
[INFO] [stderr] tests/constant.c:11:22: note: in definition of macro 'PRINT_CONSTANT'
[INFO] [stderr]    11 |     printf(_Generic((CONSTANT_NAME), \
[INFO] [stderr]       |                      ^~~~~~~~~~~~~
[INFO] [stderr] tests/layout.c:76:66: error: 'AdwNavigationSplitViewClass' undeclared (first use in this function)
[INFO] [stderr]    76 |     printf("%s;%zu;%zu\n", "AdwNavigationSplitViewClass", sizeof(AdwNavigationSplitViewClass), alignof(AdwNavigationSplitViewClass));
[INFO] [stderr]       |                                                                  ^~~~~~~~~~~~~~~~~~~~~~~~~~~
[INFO] [stderr] tests/constant.c:104:27: error: 'ADW_INLINE_VIEW_SWITCHER_BOTH' undeclared (first use in this function); did you mean 'ADW_IS_VIEW_SWITCHER_BAR'?
[INFO] [stderr]   104 |     PRINT_CONSTANT((gint) ADW_INLINE_VIEW_SWITCHER_BOTH);
[INFO] [stderr]       |                           ^~~~~~~~~~~~~~~~~~~~~~~~~~~~~
[INFO] [stderr] tests/constant.c:11:22: note: in definition of macro 'PRINT_CONSTANT'
[INFO] [stderr]    11 |     printf(_Generic((CONSTANT_NAME), \
[INFO] [stderr]       |                      ^~~~~~~~~~~~~
[INFO] [stderr] tests/layout.c:77:61: error: 'AdwNavigationViewClass' undeclared (first use in this function)
[INFO] [stderr]    77 |     printf("%s;%zu;%zu\n", "AdwNavigationViewClass", sizeof(AdwNavigationViewClass), alignof(AdwNavigationViewClass));
[INFO] [stderr]       |                                                             ^~~~~~~~~~~~~~~~~~~~~~
[INFO] [stderr] tests/constant.c:105:27: error: 'ADW_INLINE_VIEW_SWITCHER_ICONS' undeclared (first use in this function); did you mean 'ADW_IS_VIEW_SWITCHER_TITLE'?
[INFO] [stderr]   105 |     PRINT_CONSTANT((gint) ADW_INLINE_VIEW_SWITCHER_ICONS);
[INFO] [stderr]       |                           ^~~~~~~~~~~~~~~~~~~~~~~~~~~~~~
[INFO] [stderr] tests/constant.c:11:22: note: in definition of macro 'PRINT_CONSTANT'
[INFO] [stderr]    11 |     printf(_Generic((CONSTANT_NAME), \
[INFO] [stderr]       |                      ^~~~~~~~~~~~~
[INFO] [stderr] tests/layout.c:78:63: error: 'AdwOverlaySplitViewClass' undeclared (first use in this function)
[INFO] [stderr]    78 |     printf("%s;%zu;%zu\n", "AdwOverlaySplitViewClass", sizeof(AdwOverlaySplitViewClass), alignof(AdwOverlaySplitViewClass));
[INFO] [stderr]       |                                                               ^~~~~~~~~~~~~~~~~~~~~~~~
[INFO] [stderr] tests/constant.c:106:27: error: 'ADW_INLINE_VIEW_SWITCHER_LABELS' undeclared (first use in this function); did you mean 'ADW_IS_VIEW_SWITCHER_TITLE'?
[INFO] [stderr]   106 |     PRINT_CONSTANT((gint) ADW_INLINE_VIEW_SWITCHER_LABELS);
[INFO] [stderr]       |                           ^~~~~~~~~~~~~~~~~~~~~~~~~~~~~~~
[INFO] [stderr] tests/constant.c:11:22: note: in definition of macro 'PRINT_CONSTANT'
[INFO] [stderr]    11 |     printf(_Generic((CONSTANT_NAME), \
[INFO] [stderr]       |                      ^~~~~~~~~~~~~
[INFO] [stderr] tests/constant.c:107:27: error: 'ADW_JUSTIFY_FILL' undeclared (first use in this function); did you mean 'GTK_JUSTIFY_FILL'?
[INFO] [stderr]   107 |     PRINT_CONSTANT((gint) ADW_JUSTIFY_FILL);
[INFO] [stderr]       |                           ^~~~~~~~~~~~~~~~
[INFO] [stderr] tests/constant.c:11:22: note: in definition of macro 'PRINT_CONSTANT'
[INFO] [stderr]    11 |     printf(_Generic((CONSTANT_NAME), \
[INFO] [stderr]       |                      ^~~~~~~~~~~~~
[INFO] [stderr] tests/layout.c:79:55: error: 'AdwPackDirection' undeclared (first use in this function); did you mean 'GtkPanDirection'?
[INFO] [stderr]    79 |     printf("%s;%zu;%zu\n", "AdwPackDirection", sizeof(AdwPackDirection), alignof(AdwPackDirection));
[INFO] [stderr]       |                                                       ^~~~~~~~~~~~~~~~
[INFO] [stderr]       |                                                       GtkPanDirection
[INFO] [stderr] tests/constant.c:108:27: error: 'ADW_JUSTIFY_NONE' undeclared (first use in this function)
[INFO] [stderr]   108 |     PRINT_CONSTANT((gint) ADW_JUSTIFY_NONE);
[INFO] [stderr]       |                           ^~~~~~~~~~~~~~~~
[INFO] [stderr] tests/constant.c:11:22: note: in definition of macro 'PRINT_CONSTANT'
[INFO] [stderr]    11 |     printf(_Generic((CONSTANT_NAME), \
[INFO] [stderr]       |                      ^~~~~~~~~~~~~
[INFO] [stderr] tests/constant.c:109:27: error: 'ADW_JUSTIFY_SPREAD' undeclared (first use in this function)
[INFO] [stderr]   109 |     PRINT_CONSTANT((gint) ADW_JUSTIFY_SPREAD);
[INFO] [stderr]       |                           ^~~~~~~~~~~~~~~~~~
[INFO] [stderr] tests/constant.c:11:22: note: in definition of macro 'PRINT_CONSTANT'
[INFO] [stderr]    11 |     printf(_Generic((CONSTANT_NAME), \
[INFO] [stderr]       |                      ^~~~~~~~~~~~~
[INFO] [stderr] tests/layout.c:80:63: error: 'AdwPasswordEntryRowClass' undeclared (first use in this function); did you mean 'GtkPasswordEntryClass'?
[INFO] [stderr]    80 |     printf("%s;%zu;%zu\n", "AdwPasswordEntryRowClass", sizeof(AdwPasswordEntryRowClass), alignof(AdwPasswordEntryRowClass));
[INFO] [stderr]       |                                                               ^~~~~~~~~~~~~~~~~~~~~~~~
[INFO] [stderr]       |                                                               GtkPasswordEntryClass
[INFO] [stderr] tests/layout.c:81:59: error: 'AdwPreferencesDialog' undeclared (first use in this function); did you mean 'AdwPreferencesWindow'?
[INFO] [stderr]    81 |     printf("%s;%zu;%zu\n", "AdwPreferencesDialog", sizeof(AdwPreferencesDialog), alignof(AdwPreferencesDialog));
[INFO] [stderr]       |                                                           ^~~~~~~~~~~~~~~~~~~~
[INFO] [stderr]       |                                                           AdwPreferencesWindow
[INFO] [stderr] tests/constant.c:113:27: error: 'ADW_LENGTH_UNIT_PT' undeclared (first use in this function)
[INFO] [stderr]   113 |     PRINT_CONSTANT((gint) ADW_LENGTH_UNIT_PT);
[INFO] [stderr]       |                           ^~~~~~~~~~~~~~~~~~
[INFO] [stderr] tests/constant.c:11:22: note: in definition of macro 'PRINT_CONSTANT'
[INFO] [stderr]    11 |     printf(_Generic((CONSTANT_NAME), \
[INFO] [stderr]       |                      ^~~~~~~~~~~~~
[INFO] [stderr] tests/layout.c:82:64: error: 'AdwPreferencesDialogClass' undeclared (first use in this function); did you mean 'AdwPreferencesWindowClass'?
[INFO] [stderr]    82 |     printf("%s;%zu;%zu\n", "AdwPreferencesDialogClass", sizeof(AdwPreferencesDialogClass), alignof(AdwPreferencesDialogClass));
[INFO] [stderr]       |                                                                ^~~~~~~~~~~~~~~~~~~~~~~~~
[INFO] [stderr]       |                                                                AdwPreferencesWindowClass
[INFO] [stderr] tests/constant.c:114:27: error: 'ADW_LENGTH_UNIT_PX' undeclared (first use in this function)
[INFO] [stderr]   114 |     PRINT_CONSTANT((gint) ADW_LENGTH_UNIT_PX);
[INFO] [stderr]       |                           ^~~~~~~~~~~~~~~~~~
[INFO] [stderr] tests/constant.c:11:22: note: in definition of macro 'PRINT_CONSTANT'
[INFO] [stderr]    11 |     printf(_Generic((CONSTANT_NAME), \
[INFO] [stderr]       |                      ^~~~~~~~~~~~~
[INFO] [stderr] tests/constant.c:115:27: error: 'ADW_LENGTH_UNIT_SP' undeclared (first use in this function)
[INFO] [stderr]   115 |     PRINT_CONSTANT((gint) ADW_LENGTH_UNIT_SP);
[INFO] [stderr]       |                           ^~~~~~~~~~~~~~~~~~
[INFO] [stderr] tests/constant.c:11:22: note: in definition of macro 'PRINT_CONSTANT'
[INFO] [stderr]    11 |     printf(_Generic((CONSTANT_NAME), \
[INFO] [stderr]       |                      ^~~~~~~~~~~~~
[INFO] [stderr] tests/layout.c:91:60: error: 'AdwResponseAppearance' undeclared (first use in this function)
[INFO] [stderr]    91 |     printf("%s;%zu;%zu\n", "AdwResponseAppearance", sizeof(AdwResponseAppearance), alignof(AdwResponseAppearance));
[INFO] [stderr]       |                                                            ^~~~~~~~~~~~~~~~~~~~~
[INFO] [stderr] tests/layout.c:92:54: error: 'AdwSpinRowClass' undeclared (first use in this function); did you mean 'AdwWindowClass'?
[INFO] [stderr]    92 |     printf("%s;%zu;%zu\n", "AdwSpinRowClass", sizeof(AdwSpinRowClass), alignof(AdwSpinRowClass));
[INFO] [stderr]       |                                                      ^~~~~~~~~~~~~~~
[INFO] [stderr]       |                                                      AdwWindowClass
[INFO] [stderr] tests/layout.c:93:54: error: 'AdwSpinnerClass' undeclared (first use in this function); did you mean 'AdwSqueezerClass'?
[INFO] [stderr]    93 |     printf("%s;%zu;%zu\n", "AdwSpinnerClass", sizeof(AdwSpinnerClass), alignof(AdwSpinnerClass));
[INFO] [stderr]       |                                                      ^~~~~~~~~~~~~~~
[INFO] [stderr]       |                                                      AdwSqueezerClass
[INFO] [stderr] tests/constant.c:119:27: error: 'ADW_PACK_END_TO_START' undeclared (first use in this function)
[INFO] [stderr]   119 |     PRINT_CONSTANT((gint) ADW_PACK_END_TO_START);
[INFO] [stderr]       |                           ^~~~~~~~~~~~~~~~~~~~~
[INFO] [stderr] tests/constant.c:11:22: note: in definition of macro 'PRINT_CONSTANT'
[INFO] [stderr]    11 |     printf(_Generic((CONSTANT_NAME), \
[INFO] [stderr]       |                      ^~~~~~~~~~~~~
[INFO] [stderr] tests/layout.c:94:63: error: 'AdwSpinnerPaintableClass' undeclared (first use in this function); did you mean 'GtkWidgetPaintableClass'?
[INFO] [stderr]    94 |     printf("%s;%zu;%zu\n", "AdwSpinnerPaintableClass", sizeof(AdwSpinnerPaintableClass), alignof(AdwSpinnerPaintableClass));
[INFO] [stderr]       |                                                               ^~~~~~~~~~~~~~~~~~~~~~~~
[INFO] [stderr]       |                                                               GtkWidgetPaintableClass
[INFO] [stderr] tests/constant.c:120:27: error: 'ADW_PACK_START_TO_END' undeclared (first use in this function)
[INFO] [stderr]   120 |     PRINT_CONSTANT((gint) ADW_PACK_START_TO_END);
[INFO] [stderr]       |                           ^~~~~~~~~~~~~~~~~~~~~
[INFO] [stderr] tests/constant.c:11:22: note: in definition of macro 'PRINT_CONSTANT'
[INFO] [stderr]    11 |     printf(_Generic((CONSTANT_NAME), \
[INFO] [stderr]       |                      ^~~~~~~~~~~~~
[INFO] [stderr] tests/layout.c:103:56: error: 'AdwSwitchRowClass' undeclared (first use in this function); did you mean 'AdwActionRowClass'?
[INFO] [stderr]   103 |     printf("%s;%zu;%zu\n", "AdwSwitchRowClass", sizeof(AdwSwitchRowClass), alignof(AdwSwitchRowClass));
[INFO] [stderr]       |                                                        ^~~~~~~~~~~~~~~~~
[INFO] [stderr]       |                                                        AdwActionRowClass
[INFO] [stderr] tests/layout.c:105:56: error: 'AdwTabButtonClass' undeclared (first use in this function); did you mean 'AdwTabBarClass'?
[INFO] [stderr]   105 |     printf("%s;%zu;%zu\n", "AdwTabButtonClass", sizeof(AdwTabButtonClass), alignof(AdwTabButtonClass));
[INFO] [stderr]       |                                                        ^~~~~~~~~~~~~~~~~
[INFO] [stderr]       |                                                        AdwTabBarClass
[INFO] [stderr] tests/constant.c:121:27: error: 'ADW_RESPONSE_DEFAULT' undeclared (first use in this function)
[INFO] [stderr]   121 |     PRINT_CONSTANT((gint) ADW_RESPONSE_DEFAULT);
[INFO] [stderr]       |                           ^~~~~~~~~~~~~~~~~~~~
[INFO] [stderr] tests/constant.c:11:22: note: in definition of macro 'PRINT_CONSTANT'
[INFO] [stderr]    11 |     printf(_Generic((CONSTANT_NAME), \
[INFO] [stderr]       |                      ^~~~~~~~~~~~~
[INFO] [stderr] tests/layout.c:106:58: error: 'AdwTabOverviewClass' undeclared (first use in this function); did you mean 'AdwTabViewClass'?
[INFO] [stderr]   106 |     printf("%s;%zu;%zu\n", "AdwTabOverviewClass", sizeof(AdwTabOverviewClass), alignof(AdwTabOverviewClass));
[INFO] [stderr]       |                                                          ^~~~~~~~~~~~~~~~~~~
[INFO] [stderr]       |                                                          AdwTabViewClass
[INFO] [stderr] tests/layout.c:109:58: error: 'AdwTabViewShortcuts' undeclared (first use in this function)
[INFO] [stderr]   109 |     printf("%s;%zu;%zu\n", "AdwTabViewShortcuts", sizeof(AdwTabViewShortcuts), alignof(AdwTabViewShortcuts));
[INFO] [stderr]       |                                                          ^~~~~~~~~~~~~~~~~~~
[INFO] [stderr] tests/constant.c:122:27: error: 'ADW_RESPONSE_DESTRUCTIVE' undeclared (first use in this function)
[INFO] [stderr]   122 |     PRINT_CONSTANT((gint) ADW_RESPONSE_DESTRUCTIVE);
[INFO] [stderr]       |                           ^~~~~~~~~~~~~~~~~~~~~~~~
[INFO] [stderr] tests/constant.c:11:22: note: in definition of macro 'PRINT_CONSTANT'
[INFO] [stderr]    11 |     printf(_Generic((CONSTANT_NAME), \
[INFO] [stderr]       |                      ^~~~~~~~~~~~~
[INFO] [stderr] tests/layout.c:113:53: error: 'AdwToggleClass' undeclared (first use in this function); did you mean 'AdwToastClass'?
[INFO] [stderr]   113 |     printf("%s;%zu;%zu\n", "AdwToggleClass", sizeof(AdwToggleClass), alignof(AdwToggleClass));
[INFO] [stderr]       |                                                     ^~~~~~~~~~~~~~
[INFO] [stderr]       |                                                     AdwToastClass
[INFO] [stderr] tests/layout.c:114:58: error: 'AdwToggleGroupClass' undeclared (first use in this function)
[INFO] [stderr]   114 |     printf("%s;%zu;%zu\n", "AdwToggleGroupClass", sizeof(AdwToggleGroupClass), alignof(AdwToggleGroupClass));
[INFO] [stderr]       |                                                          ^~~~~~~~~~~~~~~~~~~
[INFO] [stderr] tests/constant.c:123:27: error: 'ADW_RESPONSE_SUGGESTED' undeclared (first use in this function)
[INFO] [stderr]   123 |     PRINT_CONSTANT((gint) ADW_RESPONSE_SUGGESTED);
[INFO] [stderr]       |                           ^~~~~~~~~~~~~~~~~~~~~~
[INFO] [stderr] tests/constant.c:11:22: note: in definition of macro 'PRINT_CONSTANT'
[INFO] [stderr]    11 |     printf(_Generic((CONSTANT_NAME), \
[INFO] [stderr]       |                      ^~~~~~~~~~~~~
[INFO] [stderr] tests/layout.c:115:54: error: 'AdwToolbarStyle' undeclared (first use in this function)
[INFO] [stderr]   115 |     printf("%s;%zu;%zu\n", "AdwToolbarStyle", sizeof(AdwToolbarStyle), alignof(AdwToolbarStyle));
[INFO] [stderr]       |                                                      ^~~~~~~~~~~~~~~
[INFO] [stderr] tests/layout.c:116:58: error: 'AdwToolbarViewClass' undeclared (first use in this function); did you mean 'AdwTabViewClass'?
[INFO] [stderr]   116 |     printf("%s;%zu;%zu\n", "AdwToolbarViewClass", sizeof(AdwToolbarViewClass), alignof(AdwToolbarViewClass));
[INFO] [stderr]       |                                                          ^~~~~~~~~~~~~~~~~~~
[INFO] [stderr]       |                                                          AdwTabViewClass
[INFO] [stderr] tests/constant.c:126:28: error: 'ADW_TAB_VIEW_SHORTCUT_ALL_SHORTCUTS' undeclared (first use in this function)
[INFO] [stderr]   126 |     PRINT_CONSTANT((guint) ADW_TAB_VIEW_SHORTCUT_ALL_SHORTCUTS);
[INFO] [stderr]       |                            ^~~~~~~~~~~~~~~~~~~~~~~~~~~~~~~~~~~
[INFO] [stderr] tests/constant.c:11:22: note: in definition of macro 'PRINT_CONSTANT'
[INFO] [stderr]    11 |     printf(_Generic((CONSTANT_NAME), \
[INFO] [stderr]       |                      ^~~~~~~~~~~~~
[INFO] [stderr] tests/layout.c:119:61: error: 'AdwViewStackPagesClass' undeclared (first use in this function); did you mean 'AdwViewStackPageClass'?
[INFO] [stderr]   119 |     printf("%s;%zu;%zu\n", "AdwViewStackPagesClass", sizeof(AdwViewStackPagesClass), alignof(AdwViewStackPagesClass));
[INFO] [stderr]       |                                                             ^~~~~~~~~~~~~~~~~~~~~~
[INFO] [stderr]       |                                                             AdwViewStackPageClass
[INFO] [stderr] tests/layout.c:127:54: error: 'AdwWrapBoxClass' undeclared (first use in this function); did you mean 'AdwTabBarClass'?
[INFO] [stderr]   127 |     printf("%s;%zu;%zu\n", "AdwWrapBoxClass", sizeof(AdwWrapBoxClass), alignof(AdwWrapBoxClass));
[INFO] [stderr]       |                                                      ^~~~~~~~~~~~~~~
[INFO] [stderr]       |                                                      AdwTabBarClass
[INFO] [stderr] tests/layout.c:128:57: error: 'AdwWrapLayoutClass' undeclared (first use in this function); did you mean 'AdwClampLayoutClass'?
[INFO] [stderr]   128 |     printf("%s;%zu;%zu\n", "AdwWrapLayoutClass", sizeof(AdwWrapLayoutClass), alignof(AdwWrapLayoutClass));
[INFO] [stderr]       |                                                         ^~~~~~~~~~~~~~~~~~
[INFO] [stderr]       |                                                         AdwClampLayoutClass
[INFO] [stderr] tests/layout.c:129:52: error: 'AdwWrapPolicy' undeclared (first use in this function); did you mean 'AdwFlapFoldPolicy'?
[INFO] [stderr]   129 |     printf("%s;%zu;%zu\n", "AdwWrapPolicy", sizeof(AdwWrapPolicy), alignof(AdwWrapPolicy));
[INFO] [stderr]       |                                                    ^~~~~~~~~~~~~
[INFO] [stderr]       |                                                    AdwFlapFoldPolicy
[INFO] [stderr] tests/constant.c:127:28: error: 'ADW_TAB_VIEW_SHORTCUT_ALT_DIGITS' undeclared (first use in this function)
[INFO] [stderr]   127 |     PRINT_CONSTANT((guint) ADW_TAB_VIEW_SHORTCUT_ALT_DIGITS);
[INFO] [stderr]       |                            ^~~~~~~~~~~~~~~~~~~~~~~~~~~~~~~~
[INFO] [stderr] tests/constant.c:11:22: note: in definition of macro 'PRINT_CONSTANT'
[INFO] [stderr]    11 |     printf(_Generic((CONSTANT_NAME), \
[INFO] [stderr]       |                      ^~~~~~~~~~~~~
[INFO] [stdout] test cross_validate_layout_with_c ... FAILED
[INFO] [stderr] tests/constant.c:128:28: error: 'ADW_TAB_VIEW_SHORTCUT_ALT_ZERO' undeclared (first use in this function)
[INFO] [stderr]   128 |     PRINT_CONSTANT((guint) ADW_TAB_VIEW_SHORTCUT_ALT_ZERO);
[INFO] [stderr]       |                            ^~~~~~~~~~~~~~~~~~~~~~~~~~~~~~
[INFO] [stderr] tests/constant.c:11:22: note: in definition of macro 'PRINT_CONSTANT'
[INFO] [stderr]    11 |     printf(_Generic((CONSTANT_NAME), \
[INFO] [stderr]       |                      ^~~~~~~~~~~~~
[INFO] [stderr] tests/constant.c:129:28: error: 'ADW_TAB_VIEW_SHORTCUT_CONTROL_END' undeclared (first use in this function)
[INFO] [stderr]   129 |     PRINT_CONSTANT((guint) ADW_TAB_VIEW_SHORTCUT_CONTROL_END);
[INFO] [stderr]       |                            ^~~~~~~~~~~~~~~~~~~~~~~~~~~~~~~~~
[INFO] [stderr] tests/constant.c:11:22: note: in definition of macro 'PRINT_CONSTANT'
[INFO] [stderr]    11 |     printf(_Generic((CONSTANT_NAME), \
[INFO] [stderr]       |                      ^~~~~~~~~~~~~
[INFO] [stderr] tests/constant.c:130:28: error: 'ADW_TAB_VIEW_SHORTCUT_CONTROL_HOME' undeclared (first use in this function)
[INFO] [stderr]   130 |     PRINT_CONSTANT((guint) ADW_TAB_VIEW_SHORTCUT_CONTROL_HOME);
[INFO] [stderr]       |                            ^~~~~~~~~~~~~~~~~~~~~~~~~~~~~~~~~~
[INFO] [stderr] tests/constant.c:11:22: note: in definition of macro 'PRINT_CONSTANT'
[INFO] [stderr]    11 |     printf(_Generic((CONSTANT_NAME), \
[INFO] [stderr]       |                      ^~~~~~~~~~~~~
[INFO] [stderr] tests/constant.c:131:28: error: 'ADW_TAB_VIEW_SHORTCUT_CONTROL_PAGE_DOWN' undeclared (first use in this function)
[INFO] [stderr]   131 |     PRINT_CONSTANT((guint) ADW_TAB_VIEW_SHORTCUT_CONTROL_PAGE_DOWN);
[INFO] [stderr]       |                            ^~~~~~~~~~~~~~~~~~~~~~~~~~~~~~~~~~~~~~~
[INFO] [stderr] tests/constant.c:11:22: note: in definition of macro 'PRINT_CONSTANT'
[INFO] [stderr]    11 |     printf(_Generic((CONSTANT_NAME), \
[INFO] [stderr]       |                      ^~~~~~~~~~~~~
[INFO] [stderr] tests/constant.c:132:28: error: 'ADW_TAB_VIEW_SHORTCUT_CONTROL_PAGE_UP' undeclared (first use in this function)
[INFO] [stderr]   132 |     PRINT_CONSTANT((guint) ADW_TAB_VIEW_SHORTCUT_CONTROL_PAGE_UP);
[INFO] [stderr]       |                            ^~~~~~~~~~~~~~~~~~~~~~~~~~~~~~~~~~~~~
[INFO] [stderr] tests/constant.c:11:22: note: in definition of macro 'PRINT_CONSTANT'
[INFO] [stderr]    11 |     printf(_Generic((CONSTANT_NAME), \
[INFO] [stderr]       |                      ^~~~~~~~~~~~~
[INFO] [stderr] tests/constant.c:133:28: error: 'ADW_TAB_VIEW_SHORTCUT_CONTROL_SHIFT_END' undeclared (first use in this function)
[INFO] [stderr]   133 |     PRINT_CONSTANT((guint) ADW_TAB_VIEW_SHORTCUT_CONTROL_SHIFT_END);
[INFO] [stderr]       |                            ^~~~~~~~~~~~~~~~~~~~~~~~~~~~~~~~~~~~~~~
[INFO] [stderr] tests/constant.c:11:22: note: in definition of macro 'PRINT_CONSTANT'
[INFO] [stderr]    11 |     printf(_Generic((CONSTANT_NAME), \
[INFO] [stderr]       |                      ^~~~~~~~~~~~~
[INFO] [stderr] tests/constant.c:134:28: error: 'ADW_TAB_VIEW_SHORTCUT_CONTROL_SHIFT_HOME' undeclared (first use in this function)
[INFO] [stderr]   134 |     PRINT_CONSTANT((guint) ADW_TAB_VIEW_SHORTCUT_CONTROL_SHIFT_HOME);
[INFO] [stderr]       |                            ^~~~~~~~~~~~~~~~~~~~~~~~~~~~~~~~~~~~~~~~
[INFO] [stderr] tests/constant.c:11:22: note: in definition of macro 'PRINT_CONSTANT'
[INFO] [stderr]    11 |     printf(_Generic((CONSTANT_NAME), \
[INFO] [stderr]       |                      ^~~~~~~~~~~~~
[INFO] [stderr] tests/constant.c:135:28: error: 'ADW_TAB_VIEW_SHORTCUT_CONTROL_SHIFT_PAGE_DOWN' undeclared (first use in this function)
[INFO] [stderr]   135 |     PRINT_CONSTANT((guint) ADW_TAB_VIEW_SHORTCUT_CONTROL_SHIFT_PAGE_DOWN);
[INFO] [stderr]       |                            ^~~~~~~~~~~~~~~~~~~~~~~~~~~~~~~~~~~~~~~~~~~~~
[INFO] [stderr] tests/constant.c:11:22: note: in definition of macro 'PRINT_CONSTANT'
[INFO] [stderr]    11 |     printf(_Generic((CONSTANT_NAME), \
[INFO] [stderr]       |                      ^~~~~~~~~~~~~
[INFO] [stderr] tests/constant.c:136:28: error: 'ADW_TAB_VIEW_SHORTCUT_CONTROL_SHIFT_PAGE_UP' undeclared (first use in this function)
[INFO] [stderr]   136 |     PRINT_CONSTANT((guint) ADW_TAB_VIEW_SHORTCUT_CONTROL_SHIFT_PAGE_UP);
[INFO] [stderr]       |                            ^~~~~~~~~~~~~~~~~~~~~~~~~~~~~~~~~~~~~~~~~~~
[INFO] [stderr] tests/constant.c:11:22: note: in definition of macro 'PRINT_CONSTANT'
[INFO] [stderr]    11 |     printf(_Generic((CONSTANT_NAME), \
[INFO] [stderr]       |                      ^~~~~~~~~~~~~
[INFO] [stderr] tests/constant.c:137:28: error: 'ADW_TAB_VIEW_SHORTCUT_CONTROL_SHIFT_TAB' undeclared (first use in this function)
[INFO] [stderr]   137 |     PRINT_CONSTANT((guint) ADW_TAB_VIEW_SHORTCUT_CONTROL_SHIFT_TAB);
[INFO] [stderr]       |                            ^~~~~~~~~~~~~~~~~~~~~~~~~~~~~~~~~~~~~~~
[INFO] [stderr] tests/constant.c:11:22: note: in definition of macro 'PRINT_CONSTANT'
[INFO] [stderr]    11 |     printf(_Generic((CONSTANT_NAME), \
[INFO] [stderr]       |                      ^~~~~~~~~~~~~
[INFO] [stderr] tests/constant.c:138:28: error: 'ADW_TAB_VIEW_SHORTCUT_CONTROL_TAB' undeclared (first use in this function)
[INFO] [stderr]   138 |     PRINT_CONSTANT((guint) ADW_TAB_VIEW_SHORTCUT_CONTROL_TAB);
[INFO] [stderr]       |                            ^~~~~~~~~~~~~~~~~~~~~~~~~~~~~~~~~
[INFO] [stderr] tests/constant.c:11:22: note: in definition of macro 'PRINT_CONSTANT'
[INFO] [stderr]    11 |     printf(_Generic((CONSTANT_NAME), \
[INFO] [stderr]       |                      ^~~~~~~~~~~~~
[INFO] [stderr] tests/constant.c:139:28: error: 'ADW_TAB_VIEW_SHORTCUT_NONE' undeclared (first use in this function)
[INFO] [stderr]   139 |     PRINT_CONSTANT((guint) ADW_TAB_VIEW_SHORTCUT_NONE);
[INFO] [stderr]       |                            ^~~~~~~~~~~~~~~~~~~~~~~~~~
[INFO] [stderr] tests/constant.c:11:22: note: in definition of macro 'PRINT_CONSTANT'
[INFO] [stderr]    11 |     printf(_Generic((CONSTANT_NAME), \
[INFO] [stderr]       |                      ^~~~~~~~~~~~~
[INFO] [stderr] tests/constant.c:142:27: error: 'ADW_TOOLBAR_FLAT' undeclared (first use in this function)
[INFO] [stderr]   142 |     PRINT_CONSTANT((gint) ADW_TOOLBAR_FLAT);
[INFO] [stderr]       |                           ^~~~~~~~~~~~~~~~
[INFO] [stderr] tests/constant.c:11:22: note: in definition of macro 'PRINT_CONSTANT'
[INFO] [stderr]    11 |     printf(_Generic((CONSTANT_NAME), \
[INFO] [stderr]       |                      ^~~~~~~~~~~~~
[INFO] [stderr] tests/constant.c:143:27: error: 'ADW_TOOLBAR_RAISED' undeclared (first use in this function)
[INFO] [stderr]   143 |     PRINT_CONSTANT((gint) ADW_TOOLBAR_RAISED);
[INFO] [stderr]       |                           ^~~~~~~~~~~~~~~~~~
[INFO] [stderr] tests/constant.c:11:22: note: in definition of macro 'PRINT_CONSTANT'
[INFO] [stderr]    11 |     printf(_Generic((CONSTANT_NAME), \
[INFO] [stderr]       |                      ^~~~~~~~~~~~~
[INFO] [stderr] tests/constant.c:144:27: error: 'ADW_TOOLBAR_RAISED_BORDER' undeclared (first use in this function)
[INFO] [stderr]   144 |     PRINT_CONSTANT((gint) ADW_TOOLBAR_RAISED_BORDER);
[INFO] [stderr]       |                           ^~~~~~~~~~~~~~~~~~~~~~~~~
[INFO] [stderr] tests/constant.c:11:22: note: in definition of macro 'PRINT_CONSTANT'
[INFO] [stderr]    11 |     printf(_Generic((CONSTANT_NAME), \
[INFO] [stderr]       |                      ^~~~~~~~~~~~~
[INFO] [stderr] tests/constant.c:147:27: error: 'ADW_WRAP_MINIMUM' undeclared (first use in this function)
[INFO] [stderr]   147 |     PRINT_CONSTANT((gint) ADW_WRAP_MINIMUM);
[INFO] [stderr]       |                           ^~~~~~~~~~~~~~~~
[INFO] [stderr] tests/constant.c:11:22: note: in definition of macro 'PRINT_CONSTANT'
[INFO] [stderr]    11 |     printf(_Generic((CONSTANT_NAME), \
[INFO] [stderr]       |                      ^~~~~~~~~~~~~
[INFO] [stderr] tests/constant.c:148:27: error: 'ADW_WRAP_NATURAL' undeclared (first use in this function)
[INFO] [stderr]   148 |     PRINT_CONSTANT((gint) ADW_WRAP_NATURAL);
[INFO] [stderr]       |                           ^~~~~~~~~~~~~~~~
[INFO] [stderr] tests/constant.c:11:22: note: in definition of macro 'PRINT_CONSTANT'
[INFO] [stderr]    11 |     printf(_Generic((CONSTANT_NAME), \
[INFO] [stderr]       |                      ^~~~~~~~~~~~~
[INFO] [stdout] test cross_validate_constants_with_c ... FAILED
[INFO] [stdout] 
[INFO] [stdout] failures:
[INFO] [stdout] 
[INFO] [stdout] ---- cross_validate_layout_with_c stdout ----
[INFO] [stdout] 
[INFO] [stdout] thread 'cross_validate_layout_with_c' panicked at tests/abi.rs:155:37:
[INFO] [stdout] called `Result::unwrap()` on an `Err` value: "compilation command \"cc\" \"-Wno-deprecated-declarations\" \"-std=c11\" \"-D__USE_MINGW_ANSI_STDIO\" \"-mfpmath=sse\" \"-msse\" \"-msse2\" \"-pthread\" \"-I/usr/include/libadwaita-1\" \"-I/usr/include/gtk-4.0\" \"-I/usr/include/gio-unix-2.0\" \"-I/usr/include/cairo\" \"-I/usr/include/pango-1.0\" \"-I/usr/include/harfbuzz\" \"-I/usr/include/pango-1.0\" \"-I/usr/include/fribidi\" \"-I/usr/include/harfbuzz\" \"-I/usr/include/gdk-pixbuf-2.0\" \"-I/usr/include/x86_64-linux-gnu\" \"-I/usr/include/cairo\" \"-I/usr/include/pixman-1\" \"-I/usr/include/uuid\" \"-I/usr/include/freetype2\" \"-I/usr/include/libpng16\" \"-I/usr/include/graphene-1.0\" \"-I/usr/lib/x86_64-linux-gnu/graphene-1.0/include\" \"-I/usr/include/libmount\" \"-I/usr/include/blkid\" \"-I/usr/include/glib-2.0\" \"-I/usr/lib/x86_64-linux-gnu/glib-2.0/include\" \"tests/layout.c\" \"-o\" \"/tmp/abic0XbDs/layout\" failed, exit status: 1"
[INFO] [stdout] stack backtrace:
[INFO] [stdout]    0:     0x5fe1919aa94a - std::backtrace_rs::backtrace::libunwind::trace::hb059275cfc8d6126
[INFO] [stdout]                                at /rustc/6067b36314ab5eb2eb47cecc464545ba58e1ad24/library/std/src/../../backtrace/src/backtrace/libunwind.rs:116:5
[INFO] [stdout]    1:     0x5fe1919aa94a - std::backtrace_rs::backtrace::trace_unsynchronized::h2da071e4327ce3ee
[INFO] [stdout]                                at /rustc/6067b36314ab5eb2eb47cecc464545ba58e1ad24/library/std/src/../../backtrace/src/backtrace/mod.rs:66:5
[INFO] [stdout]    2:     0x5fe1919aa94a - std::sys::backtrace::_print_fmt::h842a1474e6f8d23f
[INFO] [stdout]                                at /rustc/6067b36314ab5eb2eb47cecc464545ba58e1ad24/library/std/src/sys/backtrace.rs:66:9
[INFO] [stdout]    3:     0x5fe1919aa94a - <std::sys::backtrace::BacktraceLock::print::DisplayBacktrace as core::fmt::Display>::fmt::h71a62eb3b9696b12
[INFO] [stdout]                                at /rustc/6067b36314ab5eb2eb47cecc464545ba58e1ad24/library/std/src/sys/backtrace.rs:39:26
[INFO] [stdout]    4:     0x5fe1919d3cf3 - core::fmt::rt::Argument::fmt::hdb6b616786b41dc1
[INFO] [stdout]                                at /rustc/6067b36314ab5eb2eb47cecc464545ba58e1ad24/library/core/src/fmt/rt.rs:177:76
[INFO] [stdout]    5:     0x5fe1919d3cf3 - core::fmt::write::h2cc1698af7e2d686
[INFO] [stdout]                                at /rustc/6067b36314ab5eb2eb47cecc464545ba58e1ad24/library/core/src/fmt/mod.rs:1440:21
[INFO] [stdout]    6:     0x5fe1919a6f53 - std::io::Write::write_fmt::hab1b4cd059a79022
[INFO] [stdout]                                at /rustc/6067b36314ab5eb2eb47cecc464545ba58e1ad24/library/std/src/io/mod.rs:1887:15
[INFO] [stdout]    7:     0x5fe1919aa792 - std::sys::backtrace::BacktraceLock::print::h147fe35b4ea13b08
[INFO] [stdout]                                at /rustc/6067b36314ab5eb2eb47cecc464545ba58e1ad24/library/std/src/sys/backtrace.rs:42:9
[INFO] [stdout]    8:     0x5fe1919abdef - std::panicking::default_hook::{{closure}}::hbd44223dbdc0d208
[INFO] [stdout]                                at /rustc/6067b36314ab5eb2eb47cecc464545ba58e1ad24/library/std/src/panicking.rs:298:22
[INFO] [stdout]    9:     0x5fe1919abc08 - std::panicking::default_hook::h20f81eb0576efcec
[INFO] [stdout]                                at /rustc/6067b36314ab5eb2eb47cecc464545ba58e1ad24/library/std/src/panicking.rs:322:9
[INFO] [stdout]   10:     0x5fe191966dc3 - <alloc::boxed::Box<F,A> as core::ops::function::Fn<Args>>::call::hdb53814c496a4d34
[INFO] [stdout]                                at /rustc/6067b36314ab5eb2eb47cecc464545ba58e1ad24/library/alloc/src/boxed.rs:2027:9
[INFO] [stdout]   11:     0x5fe191966dc3 - test::test_main::{{closure}}::hc0a4963c59427c24
[INFO] [stdout]                                at /rustc/6067b36314ab5eb2eb47cecc464545ba58e1ad24/library/test/src/lib.rs:134:21
[INFO] [stdout]   12:     0x5fe1919ac8e3 - <alloc::boxed::Box<F,A> as core::ops::function::Fn<Args>>::call::h591b2225413a77e9
[INFO] [stdout]                                at /rustc/6067b36314ab5eb2eb47cecc464545ba58e1ad24/library/alloc/src/boxed.rs:2027:9
[INFO] [stdout]   13:     0x5fe1919ac8e3 - std::panicking::rust_panic_with_hook::h625eea43051b2edc
[INFO] [stdout]                                at /rustc/6067b36314ab5eb2eb47cecc464545ba58e1ad24/library/std/src/panicking.rs:839:13
[INFO] [stdout]   14:     0x5fe1919ac59a - std::panicking::begin_panic_handler::{{closure}}::h4f9159cfbc3f6bd3
[INFO] [stdout]                                at /rustc/6067b36314ab5eb2eb47cecc464545ba58e1ad24/library/std/src/panicking.rs:704:13
[INFO] [stdout]   15:     0x5fe1919aae49 - std::sys::backtrace::__rust_end_short_backtrace::h0390abce48353151
[INFO] [stdout]                                at /rustc/6067b36314ab5eb2eb47cecc464545ba58e1ad24/library/std/src/sys/backtrace.rs:168:18
[INFO] [stdout]   16:     0x5fe1919ac22d - rust_begin_unwind
[INFO] [stdout]                                at /rustc/6067b36314ab5eb2eb47cecc464545ba58e1ad24/library/std/src/panicking.rs:695:5
[INFO] [stdout]   17:     0x5fe1919d2490 - core::panicking::panic_fmt::h9e7c637e9e5f29c9
[INFO] [stdout]                                at /rustc/6067b36314ab5eb2eb47cecc464545ba58e1ad24/library/core/src/panicking.rs:75:14
[INFO] [stdout]   18:     0x5fe1919d2836 - core::result::unwrap_failed::h7979f09313fe1849
[INFO] [stdout]                                at /rustc/6067b36314ab5eb2eb47cecc464545ba58e1ad24/library/core/src/result.rs:1704:5
[INFO] [stdout]   19:     0x5fe191925249 - core::result::Result<T,E>::unwrap::h2af460dace40c313
[INFO] [stdout]                                at /rustc/6067b36314ab5eb2eb47cecc464545ba58e1ad24/library/core/src/result.rs:1109:23
[INFO] [stdout]   20:     0x5fe191925249 - abi::cross_validate_layout_with_c::hf62efe7c72b3e3c4
[INFO] [stdout]                                at /opt/rustwide/workdir/tests/abi.rs:155:14
[INFO] [stdout]   21:     0x5fe191925147 - abi::cross_validate_layout_with_c::{{closure}}::hdb28b246e0ed7d81
[INFO] [stdout]                                at /opt/rustwide/workdir/tests/abi.rs:152:34
[INFO] [stdout]   22:     0x5fe19191e446 - core::ops::function::FnOnce::call_once::h6a9b9b2453e76938
[INFO] [stdout]                                at /rustc/6067b36314ab5eb2eb47cecc464545ba58e1ad24/library/core/src/ops/function.rs:250:5
[INFO] [stdout]   23:     0x5fe19196c51b - core::ops::function::FnOnce::call_once::he27718dfdd183f43
[INFO] [stdout]                                at /rustc/6067b36314ab5eb2eb47cecc464545ba58e1ad24/library/core/src/ops/function.rs:250:5
[INFO] [stdout]   24:     0x5fe19196c51b - test::__rust_begin_short_backtrace::h4e84902998457a5d
[INFO] [stdout]                                at /rustc/6067b36314ab5eb2eb47cecc464545ba58e1ad24/library/test/src/lib.rs:632:18
[INFO] [stdout]   25:     0x5fe19196b453 - test::run_test_in_process::{{closure}}::h7176fd18fc1feca0
[INFO] [stdout]                                at /rustc/6067b36314ab5eb2eb47cecc464545ba58e1ad24/library/test/src/lib.rs:655:60
[INFO] [stdout]   26:     0x5fe19196b453 - <core::panic::unwind_safe::AssertUnwindSafe<F> as core::ops::function::FnOnce<()>>::call_once::hf79cff2a624d8cf7
[INFO] [stdout]                                at /rustc/6067b36314ab5eb2eb47cecc464545ba58e1ad24/library/core/src/panic/unwind_safe.rs:272:9
[INFO] [stdout]   27:     0x5fe19196b453 - std::panicking::try::do_call::h3da0561d9ab99c25
[INFO] [stdout]                                at /rustc/6067b36314ab5eb2eb47cecc464545ba58e1ad24/library/std/src/panicking.rs:587:40
[INFO] [stdout]   28:     0x5fe19196b453 - std::panicking::try::h41c9fa508bc61df6
[INFO] [stdout]                                at /rustc/6067b36314ab5eb2eb47cecc464545ba58e1ad24/library/std/src/panicking.rs:550:19
[INFO] [stdout]   29:     0x5fe19196b453 - std::panic::catch_unwind::h6b3ff07bb5afad93
[INFO] [stdout]                                at /rustc/6067b36314ab5eb2eb47cecc464545ba58e1ad24/library/std/src/panic.rs:358:14
[INFO] [stdout]   30:     0x5fe19196b453 - test::run_test_in_process::hc7253dd11b39b9f4
[INFO] [stdout]                                at /rustc/6067b36314ab5eb2eb47cecc464545ba58e1ad24/library/test/src/lib.rs:655:27
[INFO] [stdout]   31:     0x5fe19196b453 - test::run_test::{{closure}}::hfb2007f8649c30bb
[INFO] [stdout]                                at /rustc/6067b36314ab5eb2eb47cecc464545ba58e1ad24/library/test/src/lib.rs:576:43
[INFO] [stdout]   32:     0x5fe19192e535 - test::run_test::{{closure}}::h56a17aa7a282a9f4
[INFO] [stdout]                                at /rustc/6067b36314ab5eb2eb47cecc464545ba58e1ad24/library/test/src/lib.rs:606:41
[INFO] [stdout]   33:     0x5fe19192e535 - std::sys::backtrace::__rust_begin_short_backtrace::hd2d2d2fb8e8c6aac
[INFO] [stdout]                                at /rustc/6067b36314ab5eb2eb47cecc464545ba58e1ad24/library/std/src/sys/backtrace.rs:152:18
[INFO] [stdout]   34:     0x5fe191931e1a - std::thread::Builder::spawn_unchecked_::{{closure}}::{{closure}}::h4faa3f9db6133423
[INFO] [stdout]                                at /rustc/6067b36314ab5eb2eb47cecc464545ba58e1ad24/library/std/src/thread/mod.rs:559:17
[INFO] [stdout]   35:     0x5fe191931e1a - <core::panic::unwind_safe::AssertUnwindSafe<F> as core::ops::function::FnOnce<()>>::call_once::hf2e855a36a4ea846
[INFO] [stdout]                                at /rustc/6067b36314ab5eb2eb47cecc464545ba58e1ad24/library/core/src/panic/unwind_safe.rs:272:9
[INFO] [stdout]   36:     0x5fe191931e1a - std::panicking::try::do_call::h2f73af3616c35465
[INFO] [stdout]                                at /rustc/6067b36314ab5eb2eb47cecc464545ba58e1ad24/library/std/src/panicking.rs:587:40
[INFO] [stdout]   37:     0x5fe191931e1a - std::panicking::try::hd1660ce9efadef5a
[INFO] [stdout]                                at /rustc/6067b36314ab5eb2eb47cecc464545ba58e1ad24/library/std/src/panicking.rs:550:19
[INFO] [stdout]   38:     0x5fe191931e1a - std::panic::catch_unwind::h5ee8d7823b8ca744
[INFO] [stdout]                                at /rustc/6067b36314ab5eb2eb47cecc464545ba58e1ad24/library/std/src/panic.rs:358:14
[INFO] [stdout]   39:     0x5fe191931e1a - std::thread::Builder::spawn_unchecked_::{{closure}}::h53c3a1894dce8407
[INFO] [stdout]                                at /rustc/6067b36314ab5eb2eb47cecc464545ba58e1ad24/library/std/src/thread/mod.rs:557:30
[INFO] [stdout]   40:     0x5fe191931e1a - core::ops::function::FnOnce::call_once{{vtable.shim}}::h048ce291ad4f62bf
[INFO] [stdout]                                at /rustc/6067b36314ab5eb2eb47cecc464545ba58e1ad24/library/core/src/ops/function.rs:250:5
[INFO] [stdout]   41:     0x5fe1919b1c3b - <alloc::boxed::Box<F,A> as core::ops::function::FnOnce<Args>>::call_once::ha52bedf99a3b4981
[INFO] [stdout]                                at /rustc/6067b36314ab5eb2eb47cecc464545ba58e1ad24/library/alloc/src/boxed.rs:2013:9
[INFO] [stdout]   42:     0x5fe1919b1c3b - <alloc::boxed::Box<F,A> as core::ops::function::FnOnce<Args>>::call_once::h567748934d80ccf8
[INFO] [stdout]                                at /rustc/6067b36314ab5eb2eb47cecc464545ba58e1ad24/library/alloc/src/boxed.rs:2013:9
[INFO] [stdout]   43:     0x5fe1919b1c3b - std::sys::pal::unix::thread::Thread::new::thread_start::h2d970728ae887adc
[INFO] [stdout]                                at /rustc/6067b36314ab5eb2eb47cecc464545ba58e1ad24/library/std/src/sys/pal/unix/thread.rs:106:17
[INFO] [stdout]   44:     0x707f68889ac3 - <unknown>
[INFO] [stdout]   45:     0x707f6891aa04 - clone
[INFO] [stdout]   46:                0x0 - <unknown>
[INFO] [stdout] 
[INFO] [stdout] ---- cross_validate_constants_with_c stdout ----
[INFO] [stdout] 
[INFO] [stdout] thread 'cross_validate_constants_with_c' panicked at tests/abi.rs:121:39:
[INFO] [stdout] called `Result::unwrap()` on an `Err` value: "compilation command \"cc\" \"-Wno-deprecated-declarations\" \"-std=c11\" \"-D__USE_MINGW_ANSI_STDIO\" \"-mfpmath=sse\" \"-msse\" \"-msse2\" \"-pthread\" \"-I/usr/include/libadwaita-1\" \"-I/usr/include/gtk-4.0\" \"-I/usr/include/gio-unix-2.0\" \"-I/usr/include/cairo\" \"-I/usr/include/pango-1.0\" \"-I/usr/include/harfbuzz\" \"-I/usr/include/pango-1.0\" \"-I/usr/include/fribidi\" \"-I/usr/include/harfbuzz\" \"-I/usr/include/gdk-pixbuf-2.0\" \"-I/usr/include/x86_64-linux-gnu\" \"-I/usr/include/cairo\" \"-I/usr/include/pixman-1\" \"-I/usr/include/uuid\" \"-I/usr/include/freetype2\" \"-I/usr/include/libpng16\" \"-I/usr/include/graphene-1.0\" \"-I/usr/lib/x86_64-linux-gnu/graphene-1.0/include\" \"-I/usr/include/libmount\" \"-I/usr/include/blkid\" \"-I/usr/include/glib-2.0\" \"-I/usr/lib/x86_64-linux-gnu/glib-2.0/include\" \"tests/constant.c\" \"-o\" \"/tmp/abiCi23NL/constant\" failed, exit status: 1"
[INFO] [stdout] stack backtrace:
[INFO] [stdout]    0:     0x5fe1919aa94a - std::backtrace_rs::backtrace::libunwind::trace::hb059275cfc8d6126
[INFO] [stdout]                                at /rustc/6067b36314ab5eb2eb47cecc464545ba58e1ad24/library/std/src/../../backtrace/src/backtrace/libunwind.rs:116:5
[INFO] [stdout]    1:     0x5fe1919aa94a - std::backtrace_rs::backtrace::trace_unsynchronized::h2da071e4327ce3ee
[INFO] [stdout]                                at /rustc/6067b36314ab5eb2eb47cecc464545ba58e1ad24/library/std/src/../../backtrace/src/backtrace/mod.rs:66:5
[INFO] [stdout]    2:     0x5fe1919aa94a - std::sys::backtrace::_print_fmt::h842a1474e6f8d23f
[INFO] [stdout]                                at /rustc/6067b36314ab5eb2eb47cecc464545ba58e1ad24/library/std/src/sys/backtrace.rs:66:9
[INFO] [stdout]    3:     0x5fe1919aa94a - <std::sys::backtrace::BacktraceLock::print::DisplayBacktrace as core::fmt::Display>::fmt::h71a62eb3b9696b12
[INFO] [stdout]                                at /rustc/6067b36314ab5eb2eb47cecc464545ba58e1ad24/library/std/src/sys/backtrace.rs:39:26
[INFO] [stdout]    4:     0x5fe1919d3cf3 - core::fmt::rt::Argument::fmt::hdb6b616786b41dc1
[INFO] [stdout]                                at /rustc/6067b36314ab5eb2eb47cecc464545ba58e1ad24/library/core/src/fmt/rt.rs:177:76
[INFO] [stdout]    5:     0x5fe1919d3cf3 - core::fmt::write::h2cc1698af7e2d686
[INFO] [stdout]                                at /rustc/6067b36314ab5eb2eb47cecc464545ba58e1ad24/library/core/src/fmt/mod.rs:1440:21
[INFO] [stdout]    6:     0x5fe1919a6f53 - std::io::Write::write_fmt::hab1b4cd059a79022
[INFO] [stdout]                                at /rustc/6067b36314ab5eb2eb47cecc464545ba58e1ad24/library/std/src/io/mod.rs:1887:15
[INFO] [stdout]    7:     0x5fe1919aa792 - std::sys::backtrace::BacktraceLock::print::h147fe35b4ea13b08
[INFO] [stdout]                                at /rustc/6067b36314ab5eb2eb47cecc464545ba58e1ad24/library/std/src/sys/backtrace.rs:42:9
[INFO] [stdout]    8:     0x5fe1919abdef - std::panicking::default_hook::{{closure}}::hbd44223dbdc0d208
[INFO] [stdout]                                at /rustc/6067b36314ab5eb2eb47cecc464545ba58e1ad24/library/std/src/panicking.rs:298:22
[INFO] [stdout]    9:     0x5fe1919abc08 - std::panicking::default_hook::h20f81eb0576efcec
[INFO] [stdout]                                at /rustc/6067b36314ab5eb2eb47cecc464545ba58e1ad24/library/std/src/panicking.rs:322:9
[INFO] [stdout]   10:     0x5fe191966dc3 - <alloc::boxed::Box<F,A> as core::ops::function::Fn<Args>>::call::hdb53814c496a4d34
[INFO] [stdout]                                at /rustc/6067b36314ab5eb2eb47cecc464545ba58e1ad24/library/alloc/src/boxed.rs:2027:9
[INFO] [stdout]   11:     0x5fe191966dc3 - test::test_main::{{closure}}::hc0a4963c59427c24
[INFO] [stdout]                                at /rustc/6067b36314ab5eb2eb47cecc464545ba58e1ad24/library/test/src/lib.rs:134:21
[INFO] [stdout]   12:     0x5fe1919ac8e3 - <alloc::boxed::Box<F,A> as core::ops::function::Fn<Args>>::call::h591b2225413a77e9
[INFO] [stdout]                                at /rustc/6067b36314ab5eb2eb47cecc464545ba58e1ad24/library/alloc/src/boxed.rs:2027:9
[INFO] [stdout]   13:     0x5fe1919ac8e3 - std::panicking::rust_panic_with_hook::h625eea43051b2edc
[INFO] [stdout]                                at /rustc/6067b36314ab5eb2eb47cecc464545ba58e1ad24/library/std/src/panicking.rs:839:13
[INFO] [stdout]   14:     0x5fe1919ac59a - std::panicking::begin_panic_handler::{{closure}}::h4f9159cfbc3f6bd3
[INFO] [stdout]                                at /rustc/6067b36314ab5eb2eb47cecc464545ba58e1ad24/library/std/src/panicking.rs:704:13
[INFO] [stdout]   15:     0x5fe1919aae49 - std::sys::backtrace::__rust_end_short_backtrace::h0390abce48353151
[INFO] [stdout]                                at /rustc/6067b36314ab5eb2eb47cecc464545ba58e1ad24/library/std/src/sys/backtrace.rs:168:18
[INFO] [stdout]   16:     0x5fe1919ac22d - rust_begin_unwind
[INFO] [stdout]                                at /rustc/6067b36314ab5eb2eb47cecc464545ba58e1ad24/library/std/src/panicking.rs:695:5
[INFO] [stdout]   17:     0x5fe1919d2490 - core::panicking::panic_fmt::h9e7c637e9e5f29c9
[INFO] [stdout]                                at /rustc/6067b36314ab5eb2eb47cecc464545ba58e1ad24/library/core/src/panicking.rs:75:14
[INFO] [stdout]   18:     0x5fe1919d2836 - core::result::unwrap_failed::h7979f09313fe1849
[INFO] [stdout]                                at /rustc/6067b36314ab5eb2eb47cecc464545ba58e1ad24/library/core/src/result.rs:1704:5
[INFO] [stdout]   19:     0x5fe191924ad9 - core::result::Result<T,E>::unwrap::h2af460dace40c313
[INFO] [stdout]                                at /rustc/6067b36314ab5eb2eb47cecc464545ba58e1ad24/library/core/src/result.rs:1109:23
[INFO] [stdout]   20:     0x5fe191924ad9 - abi::cross_validate_constants_with_c::ha39845c25f407d58
[INFO] [stdout]                                at /opt/rustwide/workdir/tests/abi.rs:121:14
[INFO] [stdout]   21:     0x5fe1919249d7 - abi::cross_validate_constants_with_c::{{closure}}::h6fcdb229c1b9600e
[INFO] [stdout]                                at /opt/rustwide/workdir/tests/abi.rs:118:37
[INFO] [stdout]   22:     0x5fe19191e3b6 - core::ops::function::FnOnce::call_once::h31a7916c7a14ff2e
[INFO] [stdout]                                at /rustc/6067b36314ab5eb2eb47cecc464545ba58e1ad24/library/core/src/ops/function.rs:250:5
[INFO] [stdout]   23:     0x5fe19196c51b - core::ops::function::FnOnce::call_once::he27718dfdd183f43
[INFO] [stdout]                                at /rustc/6067b36314ab5eb2eb47cecc464545ba58e1ad24/library/core/src/ops/function.rs:250:5
[INFO] [stdout]   24:     0x5fe19196c51b - test::__rust_begin_short_backtrace::h4e84902998457a5d
[INFO] [stdout]                                at /rustc/6067b36314ab5eb2eb47cecc464545ba58e1ad24/library/test/src/lib.rs:632:18
[INFO] [stdout]   25:     0x5fe19196b453 - test::run_test_in_process::{{closure}}::h7176fd18fc1feca0
[INFO] [stdout]                                at /rustc/6067b36314ab5eb2eb47cecc464545ba58e1ad24/library/test/src/lib.rs:655:60
[INFO] [stdout]   26:     0x5fe19196b453 - <core::panic::unwind_safe::AssertUnwindSafe<F> as core::ops::function::FnOnce<()>>::call_once::hf79cff2a624d8cf7
[INFO] [stdout]                                at /rustc/6067b36314ab5eb2eb47cecc464545ba58e1ad24/library/core/src/panic/unwind_safe.rs:272:9
[INFO] [stdout]   27:     0x5fe19196b453 - std::panicking::try::do_call::h3da0561d9ab99c25
[INFO] [stdout]                                at /rustc/6067b36314ab5eb2eb47cecc464545ba58e1ad24/library/std/src/panicking.rs:587:40
[INFO] [stdout]   28:     0x5fe19196b453 - std::panicking::try::h41c9fa508bc61df6
[INFO] [stdout]                                at /rustc/6067b36314ab5eb2eb47cecc464545ba58e1ad24/library/std/src/panicking.rs:550:19
[INFO] [stdout]   29:     0x5fe19196b453 - std::panic::catch_unwind::h6b3ff07bb5afad93
[INFO] [stdout]                                at /rustc/6067b36314ab5eb2eb47cecc464545ba58e1ad24/library/std/src/panic.rs:358:14
[INFO] [stdout]   30:     0x5fe19196b453 - test::run_test_in_process::hc7253dd11b39b9f4
[INFO] [stdout]                                at /rustc/6067b36314ab5eb2eb47cecc464545ba58e1ad24/library/test/src/lib.rs:655:27
[INFO] [stdout]   31:     0x5fe19196b453 - test::run_test::{{closure}}::hfb2007f8649c30bb
[INFO] [stdout]                                at /rustc/6067b36314ab5eb2eb47cecc464545ba58e1ad24/library/test/src/lib.rs:576:43
[INFO] [stdout]   32:     0x5fe19192e535 - test::run_test::{{closure}}::h56a17aa7a282a9f4
[INFO] [stdout]                                at /rustc/6067b36314ab5eb2eb47cecc464545ba58e1ad24/library/test/src/lib.rs:606:41
[INFO] [stdout]   33:     0x5fe19192e535 - std::sys::backtrace::__rust_begin_short_backtrace::hd2d2d2fb8e8c6aac
[INFO] [stdout]                                at /rustc/6067b36314ab5eb2eb47cecc464545ba58e1ad24/library/std/src/sys/backtrace.rs:152:18
[INFO] [stdout]   34:     0x5fe191931e1a - std::thread::Builder::spawn_unchecked_::{{closure}}::{{closure}}::h4faa3f9db6133423
[INFO] [stdout]                                at /rustc/6067b36314ab5eb2eb47cecc464545ba58e1ad24/library/std/src/thread/mod.rs:559:17
[INFO] [stdout]   35:     0x5fe191931e1a - <core::panic::unwind_safe::AssertUnwindSafe<F> as core::ops::function::FnOnce<()>>::call_once::hf2e855a36a4ea846
[INFO] [stdout]                                at /rustc/6067b36314ab5eb2eb47cecc464545ba58e1ad24/library/core/src/panic/unwind_safe.rs:272:9
[INFO] [stdout]   36:     0x5fe191931e1a - std::panicking::try::do_call::h2f73af3616c35465
[INFO] [stdout]                                at /rustc/6067b36314ab5eb2eb47cecc464545ba58e1ad24/library/std/src/panicking.rs:587:40
[INFO] [stdout]   37:     0x5fe191931e1a - std::panicking::try::hd1660ce9efadef5a
[INFO] [stdout]                                at /rustc/6067b36314ab5eb2eb47cecc464545ba58e1ad24/library/std/src/panicking.rs:550:19
[INFO] [stdout]   38:     0x5fe191931e1a - std::panic::catch_unwind::h5ee8d7823b8ca744
[INFO] [stdout]                                at /rustc/6067b36314ab5eb2eb47cecc464545ba58e1ad24/library/std/src/panic.rs:358:14
[INFO] [stdout]   39:     0x5fe191931e1a - std::thread::Builder::spawn_unchecked_::{{closure}}::h53c3a1894dce8407
[INFO] [stdout]                                at /rustc/6067b36314ab5eb2eb47cecc464545ba58e1ad24/library/std/src/thread/mod.rs:557:30
[INFO] [stdout]   40:     0x5fe191931e1a - core::ops::function::FnOnce::call_once{{vtable.shim}}::h048ce291ad4f62bf
[INFO] [stdout]                                at /rustc/6067b36314ab5eb2eb47cecc464545ba58e1ad24/library/core/src/ops/function.rs:250:5
[INFO] [stdout]   41:     0x5fe1919b1c3b - <alloc::boxed::Box<F,A> as core::ops::function::FnOnce<Args>>::call_once::ha52bedf99a3b4981
[INFO] [stdout]                                at /rustc/6067b36314ab5eb2eb47cecc464545ba58e1ad24/library/alloc/src/boxed.rs:2013:9
[INFO] [stdout]   42:     0x5fe1919b1c3b - <alloc::boxed::Box<F,A> as core::ops::function::FnOnce<Args>>::call_once::h567748934d80ccf8
[INFO] [stdout]                                at /rustc/6067b36314ab5eb2eb47cecc464545ba58e1ad24/library/alloc/src/boxed.rs:2013:9
[INFO] [stdout]   43:     0x5fe1919b1c3b - std::sys::pal::unix::thread::Thread::new::thread_start::h2d970728ae887adc
[INFO] [stdout]                                at /rustc/6067b36314ab5eb2eb47cecc464545ba58e1ad24/library/std/src/sys/pal/unix/thread.rs:106:17
[INFO] [stdout]   44:     0x707f68889ac3 - <unknown>
[INFO] [stdout]   45:     0x707f6891aa04 - clone
[INFO] [stdout]   46:                0x0 - <unknown>
[INFO] [stdout] 
[INFO] [stdout] 
[INFO] [stdout] failures:
[INFO] [stdout]     cross_validate_constants_with_c
[INFO] [stdout]     cross_validate_layout_with_c
[INFO] [stdout] 
[INFO] [stdout] test result: FAILED. 0 passed; 2 failed; 0 ignored; 0 measured; 0 filtered out; finished in 6.21s
[INFO] [stdout] 
[INFO] [stderr] error: test failed, to rerun pass `--test abi`
[INFO] running `Command { std: "docker" "inspect" "2cf4c268845e1edd7458f7d3c2f819c21b7a58a2e9075792bc235002be03b916", kill_on_drop: false }`
[INFO] running `Command { std: "docker" "rm" "-f" "2cf4c268845e1edd7458f7d3c2f819c21b7a58a2e9075792bc235002be03b916", kill_on_drop: false }`
[INFO] [stdout] 2cf4c268845e1edd7458f7d3c2f819c21b7a58a2e9075792bc235002be03b916
