[INFO] fetching crate lewp 0.3.0...
[INFO] testing lewp-0.3.0 against nightly-2025-01-18 for randomize-layout-2
[INFO] extracting crate lewp 0.3.0 into /workspace/builds/worker-0-tc1/source
[INFO] validating manifest of crates.io crate lewp 0.3.0 on toolchain nightly-2025-01-18
[INFO] running `Command { std: CARGO_HOME="/workspace/cargo-home" RUSTUP_HOME="/workspace/rustup-home" "/workspace/cargo-home/bin/cargo" "+nightly-2025-01-18" "metadata" "--manifest-path" "Cargo.toml" "--no-deps", kill_on_drop: false }`
[INFO] started tweaking crates.io crate lewp 0.3.0
[INFO] finished tweaking crates.io crate lewp 0.3.0
[INFO] tweaked toml for crates.io crate lewp 0.3.0 written to /workspace/builds/worker-0-tc1/source/Cargo.toml
[INFO] crate crates.io crate lewp 0.3.0 already has a lockfile, it will not be regenerated
[INFO] running `Command { std: CARGO_HOME="/workspace/cargo-home" RUSTUP_HOME="/workspace/rustup-home" "/workspace/cargo-home/bin/cargo" "+nightly-2025-01-18" "fetch" "--manifest-path" "Cargo.toml", kill_on_drop: false }`
[INFO] [stderr]     Updating crates.io index
[INFO] [stderr]  Downloading crates ...
[INFO] [stderr]   Downloaded charsets v0.2.0
[INFO] [stderr]   Downloaded langtag v0.2.0
[INFO] [stderr]   Downloaded lewp-html v0.1.0
[INFO] [stderr]   Downloaded phf_macros v0.7.24
[INFO] [stderr]   Downloaded lewp-css v0.1.22
[INFO] [stderr]   Downloaded cssparser v0.29.0
[INFO] [stderr]   Downloaded lewp-selectors v0.23.1
[INFO] running `Command { std: "docker" "create" "-v" "/var/lib/crater-agent-workspace/builds/worker-0-tc1/target:/opt/rustwide/target:rw,Z" "-v" "/var/lib/crater-agent-workspace/builds/worker-0-tc1/source:/opt/rustwide/workdir:ro,Z" "-v" "/var/lib/crater-agent-workspace/cargo-home:/opt/rustwide/cargo-home:ro,Z" "-v" "/var/lib/crater-agent-workspace/rustup-home:/opt/rustwide/rustup-home:ro,Z" "-e" "SOURCE_DIR=/opt/rustwide/workdir" "-e" "CARGO_TARGET_DIR=/opt/rustwide/target" "-e" "CARGO_HOME=/opt/rustwide/cargo-home" "-e" "RUSTUP_HOME=/opt/rustwide/rustup-home" "-w" "/opt/rustwide/workdir" "-m" "1610612736" "--user" "0:0" "--network" "none" "ghcr.io/rust-lang/crates-build-env/linux@sha256:819108c5571ea2e421544af4d832f968d213c87fbe3707a016657f43d2f853bc" "/opt/rustwide/cargo-home/bin/cargo" "+nightly-2025-01-18" "metadata" "--no-deps" "--format-version=1", kill_on_drop: false }`
[INFO] [stdout] 3c7bab9543d1d7ac28de7fed42e934c8a57aff834a2f2a275d1451776652d315
[INFO] running `Command { std: "docker" "start" "-a" "3c7bab9543d1d7ac28de7fed42e934c8a57aff834a2f2a275d1451776652d315", kill_on_drop: false }`
[INFO] running `Command { std: "docker" "inspect" "3c7bab9543d1d7ac28de7fed42e934c8a57aff834a2f2a275d1451776652d315", kill_on_drop: false }`
[INFO] running `Command { std: "docker" "rm" "-f" "3c7bab9543d1d7ac28de7fed42e934c8a57aff834a2f2a275d1451776652d315", kill_on_drop: false }`
[INFO] [stdout] 3c7bab9543d1d7ac28de7fed42e934c8a57aff834a2f2a275d1451776652d315
[INFO] running `Command { std: "docker" "create" "-v" "/var/lib/crater-agent-workspace/builds/worker-0-tc1/target:/opt/rustwide/target:rw,Z" "-v" "/var/lib/crater-agent-workspace/builds/worker-0-tc1/source:/opt/rustwide/workdir:ro,Z" "-v" "/var/lib/crater-agent-workspace/cargo-home:/opt/rustwide/cargo-home:ro,Z" "-v" "/var/lib/crater-agent-workspace/rustup-home:/opt/rustwide/rustup-home:ro,Z" "-e" "SOURCE_DIR=/opt/rustwide/workdir" "-e" "CARGO_TARGET_DIR=/opt/rustwide/target" "-e" "CARGO_INCREMENTAL=0" "-e" "RUST_BACKTRACE=full" "-e" "RUSTFLAGS=--cap-lints=forbid" "-e" "RUSTDOCFLAGS=--cap-lints=forbid" "-e" "CARGO_HOME=/opt/rustwide/cargo-home" "-e" "RUSTUP_HOME=/opt/rustwide/rustup-home" "-w" "/opt/rustwide/workdir" "-m" "1610612736" "--user" "0:0" "--network" "none" "ghcr.io/rust-lang/crates-build-env/linux@sha256:819108c5571ea2e421544af4d832f968d213c87fbe3707a016657f43d2f853bc" "/opt/rustwide/cargo-home/bin/cargo" "+nightly-2025-01-18" "build" "--frozen" "--message-format=json", kill_on_drop: false }`
[INFO] [stdout] 3bbee902b1dd862fc5d8b0641c9dc8321313a40eaf2a998ef6c330725c7f7ad4
[INFO] running `Command { std: "docker" "start" "-a" "3bbee902b1dd862fc5d8b0641c9dc8321313a40eaf2a998ef6c330725c7f7ad4", kill_on_drop: false }`
[INFO] [stderr]    Compiling libc v0.2.108
[INFO] [stderr]    Compiling cfg-if v1.0.0
[INFO] [stderr]    Compiling proc-macro2 v1.0.32
[INFO] [stderr]    Compiling getrandom v0.1.16
[INFO] [stderr]    Compiling unicode-xid v0.2.2
[INFO] [stderr]    Compiling ppv-lite86 v0.2.15
[INFO] [stderr]    Compiling siphasher v0.3.7
[INFO] [stderr]    Compiling syn v1.0.81
[INFO] [stderr]    Compiling autocfg v0.1.7
[INFO] [stderr]    Compiling rand_core v0.4.2
[INFO] [stderr]    Compiling proc-macro-hack v0.5.19
[INFO] [stderr]    Compiling smallvec v1.7.0
[INFO] [stderr]    Compiling log v0.4.14
[INFO] [stderr]    Compiling phf_shared v0.8.0
[INFO] [stderr]    Compiling parking_lot_core v0.8.5
[INFO] [stderr]    Compiling rand_core v0.3.1
[INFO] [stderr]    Compiling instant v0.1.12
[INFO] [stderr]    Compiling scopeguard v1.1.0
[INFO] [stderr]    Compiling precomputed-hash v0.1.1
[INFO] [stderr]    Compiling serde v1.0.130
[INFO] [stderr]    Compiling new_debug_unreachable v1.0.4
[INFO] [stderr]    Compiling lock_api v0.4.5
[INFO] [stderr]    Compiling mac v0.1.1
[INFO] [stderr]    Compiling rand_chacha v0.1.1
[INFO] [stderr]    Compiling futf v0.1.4
[INFO] [stderr]    Compiling quote v1.0.10
[INFO] [stderr]    Compiling rand_pcg v0.1.2
[INFO] [stderr]    Compiling proc-macro2 v0.4.30
[INFO] [stderr]    Compiling lazy_static v1.4.0
[INFO] [stderr]    Compiling utf-8 v0.7.6
[INFO] [stderr]    Compiling tendril v0.4.2
[INFO] [stderr]    Compiling rand_core v0.5.1
[INFO] [stderr]    Compiling rand v0.6.5
[INFO] [stderr]    Compiling unicode-xid v0.1.0
[INFO] [stderr]    Compiling siphasher v0.2.3
[INFO] [stderr]    Compiling rand_pcg v0.2.1
[INFO] [stderr]    Compiling rand_chacha v0.2.2
[INFO] [stderr]    Compiling parking_lot v0.11.2
[INFO] [stderr]    Compiling phf_shared v0.7.24
[INFO] [stderr]    Compiling rand_os v0.1.3
[INFO] [stderr]    Compiling rand_hc v0.1.0
[INFO] [stderr]    Compiling rand_isaac v0.1.1
[INFO] [stderr]    Compiling rand v0.7.3
[INFO] [stderr]    Compiling rand_xorshift v0.1.1
[INFO] [stderr]    Compiling rand_jitter v0.1.4
[INFO] [stderr]    Compiling syn v0.15.44
[INFO] [stderr]    Compiling dtoa v0.4.8
[INFO] [stderr]    Compiling quote v0.6.13
[INFO] [stderr]    Compiling dtoa-short v0.3.3
[INFO] [stderr]    Compiling time v0.1.43
[INFO] [stderr]    Compiling matches v0.1.9
[INFO] [stderr]    Compiling convert_case v0.4.0
[INFO] [stderr]    Compiling stable_deref_trait v1.2.0
[INFO] [stderr]    Compiling byteorder v1.4.3
[INFO] [stderr]    Compiling itoa v0.4.8
[INFO] [stderr]    Compiling nodrop v0.1.14
[INFO] [stderr]    Compiling servo_arc v0.1.1
[INFO] [stderr]    Compiling fxhash v0.2.1
[INFO] [stderr]    Compiling bitflags v1.3.2
[INFO] [stderr]    Compiling phf v0.7.24
[INFO] [stderr]    Compiling quick-error v1.2.3
[INFO] [stderr]    Compiling same-file v1.0.6
[INFO] [stderr]    Compiling ordermap v0.2.13
[INFO] [stderr]    Compiling either v1.6.1
[INFO] [stderr]    Compiling charsets v0.2.0
[INFO] [stderr]    Compiling langtag v0.2.0
[INFO] [stderr]    Compiling phf_generator v0.8.0
[INFO] [stderr]    Compiling phf_generator v0.7.24
[INFO] [stderr]    Compiling phf_codegen v0.8.0
[INFO] [stderr]    Compiling string_cache_codegen v0.5.1
[INFO] [stderr]    Compiling walkdir v2.3.2
[INFO] [stderr]    Compiling glob v0.3.0
[INFO] [stderr]    Compiling lewp-selectors v0.23.1
[INFO] [stderr]    Compiling markup5ever v0.10.1
[INFO] [stderr]    Compiling pathdiff v0.2.1
[INFO] [stderr]    Compiling string_cache v0.8.2
[INFO] [stderr]    Compiling phf_macros v0.7.24
[INFO] [stderr]    Compiling phf_macros v0.8.0
[INFO] [stderr]    Compiling cssparser v0.29.0
[INFO] [stderr]    Compiling html5ever v0.25.1
[INFO] [stderr]    Compiling cssparser-macros v0.6.0
[INFO] [stderr]    Compiling derive_more v0.99.16
[INFO] [stderr]    Compiling phf v0.8.0
[INFO] [stderr]    Compiling xml5ever v0.16.2
[INFO] [stderr]    Compiling lewp-css v0.1.22
[INFO] [stderr]    Compiling markup5ever_rcdom v0.1.0
[INFO] [stderr]    Compiling lewp-html v0.1.0
[INFO] [stderr]    Compiling lewp v0.3.0 (/opt/rustwide/workdir)
[INFO] [stdout] warning: unused imports: `crate::LewpError` and `rc::Rc`
[INFO] [stdout]  --> src/module/runtime.rs:4:5
[INFO] [stdout]   |
[INFO] [stdout] 4 |     crate::LewpError,
[INFO] [stdout]   |     ^^^^^^^^^^^^^^^^
[INFO] [stdout] 5 |     std::{cell::RefCell, collections::HashMap, rc::Rc},
[INFO] [stdout]   |                                                ^^^^^^
[INFO] [stdout]   |
[INFO] [stdout]   = note: `#[warn(unused_imports)]` on by default
[INFO] [stdout] 
[INFO] [stdout] 
[INFO] [stdout] warning: unused variable: `params`
[INFO] [stdout]   --> src/css/component.rs:46:9
[INFO] [stdout]    |
[INFO] [stdout] 46 |         params: Self::ContentParameter,
[INFO] [stdout]    |         ^^^^^^ help: if this is intentional, prefix it with an underscore: `_params`
[INFO] [stdout]    |
[INFO] [stdout]    = note: `#[warn(unused_variables)]` on by default
[INFO] [stdout] 
[INFO] [stdout] 
[INFO] [stdout] warning: unused variable: `entity`
[INFO] [stdout]   --> src/css/register.rs:45:9
[INFO] [stdout]    |
[INFO] [stdout] 45 |         entity: Entireness,
[INFO] [stdout]    |         ^^^^^^ help: if this is intentional, prefix it with an underscore: `_entity`
[INFO] [stdout] 
[INFO] [stdout] 
[INFO] [stdout] warning: field `options` is never read
[INFO] [stdout]   --> src/css/register.rs:27:5
[INFO] [stdout]    |
[INFO] [stdout] 25 | pub struct Register {
[INFO] [stdout]    |            -------- field in this struct
[INFO] [stdout] 26 |     fh: Rc<FileHierarchy>,
[INFO] [stdout] 27 |     options: RegisterOptions,
[INFO] [stdout]    |     ^^^^^^^
[INFO] [stdout]    |
[INFO] [stdout]    = note: `#[warn(dead_code)]` on by default
[INFO] [stdout] 
[INFO] [stdout] 
[INFO] [stdout] warning: associated items `remove_mountpoint`, `isolate_path`, and `collect_foldernames` are never used
[INFO] [stdout]    --> src/fh/mod.rs:94:8
[INFO] [stdout]     |
[INFO] [stdout] 26  | impl FileHierarchy {
[INFO] [stdout]     | ------------------ associated items in this implementation
[INFO] [stdout] ...
[INFO] [stdout] 94  |     fn remove_mountpoint(
[INFO] [stdout]     |        ^^^^^^^^^^^^^^^^^
[INFO] [stdout] ...
[INFO] [stdout] 287 |     fn isolate_path(&self, path: &str) -> String {
[INFO] [stdout]     |        ^^^^^^^^^^^^
[INFO] [stdout] ...
[INFO] [stdout] 298 |     fn collect_foldernames(
[INFO] [stdout]     |        ^^^^^^^^^^^^^^^^^^^
[INFO] [stdout] 
[INFO] [stdout] 
[INFO] [stderr]     Finished `dev` profile [unoptimized + debuginfo] target(s) in 47.24s
[INFO] [stderr] warning: the following packages contain code that will be rejected by a future version of Rust: html5ever v0.25.1, xml5ever v0.16.2
[INFO] [stderr] note: to see what the problems were, use the option `--future-incompat-report`, or run `cargo report future-incompatibilities --id 1`
[INFO] running `Command { std: "docker" "inspect" "3bbee902b1dd862fc5d8b0641c9dc8321313a40eaf2a998ef6c330725c7f7ad4", kill_on_drop: false }`
[INFO] running `Command { std: "docker" "rm" "-f" "3bbee902b1dd862fc5d8b0641c9dc8321313a40eaf2a998ef6c330725c7f7ad4", kill_on_drop: false }`
[INFO] [stdout] 3bbee902b1dd862fc5d8b0641c9dc8321313a40eaf2a998ef6c330725c7f7ad4
[INFO] running `Command { std: "docker" "create" "-v" "/var/lib/crater-agent-workspace/builds/worker-0-tc1/target:/opt/rustwide/target:rw,Z" "-v" "/var/lib/crater-agent-workspace/builds/worker-0-tc1/source:/opt/rustwide/workdir:ro,Z" "-v" "/var/lib/crater-agent-workspace/cargo-home:/opt/rustwide/cargo-home:ro,Z" "-v" "/var/lib/crater-agent-workspace/rustup-home:/opt/rustwide/rustup-home:ro,Z" "-e" "SOURCE_DIR=/opt/rustwide/workdir" "-e" "CARGO_TARGET_DIR=/opt/rustwide/target" "-e" "CARGO_INCREMENTAL=0" "-e" "RUST_BACKTRACE=full" "-e" "RUSTFLAGS=--cap-lints=forbid" "-e" "RUSTDOCFLAGS=--cap-lints=forbid" "-e" "CARGO_HOME=/opt/rustwide/cargo-home" "-e" "RUSTUP_HOME=/opt/rustwide/rustup-home" "-w" "/opt/rustwide/workdir" "-m" "1610612736" "--user" "0:0" "--network" "none" "ghcr.io/rust-lang/crates-build-env/linux@sha256:819108c5571ea2e421544af4d832f968d213c87fbe3707a016657f43d2f853bc" "/opt/rustwide/cargo-home/bin/cargo" "+nightly-2025-01-18" "test" "--frozen" "--no-run" "--message-format=json", kill_on_drop: false }`
[INFO] [stdout] dd8e6c94df5d277055eda836f23d79867574ab8118df24996352ded360ca34fb
[INFO] running `Command { std: "docker" "start" "-a" "dd8e6c94df5d277055eda836f23d79867574ab8118df24996352ded360ca34fb", kill_on_drop: false }`
[INFO] [stderr]    Compiling ppv-lite86 v0.2.15
[INFO] [stderr]    Compiling getrandom v0.2.3
[INFO] [stderr]    Compiling remove_dir_all v0.5.3
[INFO] [stderr]    Compiling fs_extra v1.2.0
[INFO] [stderr]    Compiling rand_core v0.6.3
[INFO] [stderr]    Compiling rand_chacha v0.2.2
[INFO] [stderr]    Compiling rand_chacha v0.3.1
[INFO] [stderr]    Compiling rand v0.7.3
[INFO] [stderr]    Compiling rand v0.8.4
[INFO] [stderr]    Compiling phf_generator v0.8.0
[INFO] [stderr]    Compiling phf_codegen v0.8.0
[INFO] [stderr]    Compiling string_cache_codegen v0.5.1
[INFO] [stderr]    Compiling phf_macros v0.8.0
[INFO] [stderr]    Compiling lewp-selectors v0.23.1
[INFO] [stderr]    Compiling tempfile v3.2.0
[INFO] [stderr]    Compiling markup5ever v0.10.1
[INFO] [stderr]    Compiling phf v0.8.0
[INFO] [stderr]    Compiling cssparser v0.29.0
[INFO] [stderr]    Compiling html5ever v0.25.1
[INFO] [stderr]    Compiling xml5ever v0.16.2
[INFO] [stderr]    Compiling lewp-css v0.1.22
[INFO] [stderr]    Compiling markup5ever_rcdom v0.1.0
[INFO] [stderr]    Compiling lewp-html v0.1.0
[INFO] [stderr]    Compiling lewp v0.3.0 (/opt/rustwide/workdir)
[INFO] [stdout] warning: unused imports: `crate::LewpError` and `rc::Rc`
[INFO] [stdout]  --> src/module/runtime.rs:4:5
[INFO] [stdout]   |
[INFO] [stdout] 4 |     crate::LewpError,
[INFO] [stdout]   |     ^^^^^^^^^^^^^^^^
[INFO] [stdout] 5 |     std::{cell::RefCell, collections::HashMap, rc::Rc},
[INFO] [stdout]   |                                                ^^^^^^
[INFO] [stdout]   |
[INFO] [stdout]   = note: `#[warn(unused_imports)]` on by default
[INFO] [stdout] 
[INFO] [stdout] 
[INFO] [stdout] warning: unused variable: `params`
[INFO] [stdout]   --> src/css/component.rs:46:9
[INFO] [stdout]    |
[INFO] [stdout] 46 |         params: Self::ContentParameter,
[INFO] [stdout]    |         ^^^^^^ help: if this is intentional, prefix it with an underscore: `_params`
[INFO] [stdout]    |
[INFO] [stdout]    = note: `#[warn(unused_variables)]` on by default
[INFO] [stdout] 
[INFO] [stdout] 
[INFO] [stdout] warning: unused variable: `entity`
[INFO] [stdout]   --> src/css/register.rs:45:9
[INFO] [stdout]    |
[INFO] [stdout] 45 |         entity: Entireness,
[INFO] [stdout]    |         ^^^^^^ help: if this is intentional, prefix it with an underscore: `_entity`
[INFO] [stdout] 
[INFO] [stdout] 
[INFO] [stdout] warning: field `options` is never read
[INFO] [stdout]   --> src/css/register.rs:27:5
[INFO] [stdout]    |
[INFO] [stdout] 25 | pub struct Register {
[INFO] [stdout]    |            -------- field in this struct
[INFO] [stdout] 26 |     fh: Rc<FileHierarchy>,
[INFO] [stdout] 27 |     options: RegisterOptions,
[INFO] [stdout]    |     ^^^^^^^
[INFO] [stdout]    |
[INFO] [stdout]    = note: `#[warn(dead_code)]` on by default
[INFO] [stdout] 
[INFO] [stdout] 
[INFO] [stdout] warning: associated items `remove_mountpoint`, `isolate_path`, and `collect_foldernames` are never used
[INFO] [stdout]    --> src/fh/mod.rs:94:8
[INFO] [stdout]     |
[INFO] [stdout] 26  | impl FileHierarchy {
[INFO] [stdout]     | ------------------ associated items in this implementation
[INFO] [stdout] ...
[INFO] [stdout] 94  |     fn remove_mountpoint(
[INFO] [stdout]     |        ^^^^^^^^^^^^^^^^^
[INFO] [stdout] ...
[INFO] [stdout] 287 |     fn isolate_path(&self, path: &str) -> String {
[INFO] [stdout]     |        ^^^^^^^^^^^^
[INFO] [stdout] ...
[INFO] [stdout] 298 |     fn collect_foldernames(
[INFO] [stdout]     |        ^^^^^^^^^^^^^^^^^^^
[INFO] [stdout] 
[INFO] [stdout] 
[INFO] [stdout] warning: unused imports: `crate::LewpError` and `rc::Rc`
[INFO] [stdout]  --> src/module/runtime.rs:4:5
[INFO] [stdout]   |
[INFO] [stdout] 4 |     crate::LewpError,
[INFO] [stdout]   |     ^^^^^^^^^^^^^^^^
[INFO] [stdout] 5 |     std::{cell::RefCell, collections::HashMap, rc::Rc},
[INFO] [stdout]   |                                                ^^^^^^
[INFO] [stdout]   |
[INFO] [stdout]   = note: `#[warn(unused_imports)]` on by default
[INFO] [stdout] 
[INFO] [stdout] 
[INFO] [stdout] warning: unused variable: `params`
[INFO] [stdout]   --> src/css/component.rs:46:9
[INFO] [stdout]    |
[INFO] [stdout] 46 |         params: Self::ContentParameter,
[INFO] [stdout]    |         ^^^^^^ help: if this is intentional, prefix it with an underscore: `_params`
[INFO] [stdout]    |
[INFO] [stdout]    = note: `#[warn(unused_variables)]` on by default
[INFO] [stdout] 
[INFO] [stdout] 
[INFO] [stdout] warning: unused variable: `entity`
[INFO] [stdout]   --> src/css/register.rs:45:9
[INFO] [stdout]    |
[INFO] [stdout] 45 |         entity: Entireness,
[INFO] [stdout]    |         ^^^^^^ help: if this is intentional, prefix it with an underscore: `_entity`
[INFO] [stdout] 
[INFO] [stdout] 
[INFO] [stdout] warning: unused variable: `css`
[INFO] [stdout]    --> src/fh/mod.rs:466:13
[INFO] [stdout]     |
[INFO] [stdout] 466 |         let css = Css {
[INFO] [stdout]     |             ^^^ help: if this is intentional, prefix it with an underscore: `_css`
[INFO] [stdout] 
[INFO] [stdout] 
[INFO] [stdout] warning: field `options` is never read
[INFO] [stdout]   --> src/css/register.rs:27:5
[INFO] [stdout]    |
[INFO] [stdout] 25 | pub struct Register {
[INFO] [stdout]    |            -------- field in this struct
[INFO] [stdout] 26 |     fh: Rc<FileHierarchy>,
[INFO] [stdout] 27 |     options: RegisterOptions,
[INFO] [stdout]    |     ^^^^^^^
[INFO] [stdout]    |
[INFO] [stdout]    = note: `#[warn(dead_code)]` on by default
[INFO] [stdout] 
[INFO] [stdout] 
[INFO] [stdout] warning: associated function `remove_mountpoint` is never used
[INFO] [stdout]   --> src/fh/mod.rs:94:8
[INFO] [stdout]    |
[INFO] [stdout] 26 | impl FileHierarchy {
[INFO] [stdout]    | ------------------ associated function in this implementation
[INFO] [stdout] ...
[INFO] [stdout] 94 |     fn remove_mountpoint(
[INFO] [stdout]    |        ^^^^^^^^^^^^^^^^^
[INFO] [stdout] 
[INFO] [stdout] 
[INFO] [stderr]     Finished `test` profile [unoptimized + debuginfo] target(s) in 20.03s
[INFO] [stderr] warning: the following packages contain code that will be rejected by a future version of Rust: fs_extra v1.2.0, html5ever v0.25.1, xml5ever v0.16.2
[INFO] [stderr] note: to see what the problems were, use the option `--future-incompat-report`, or run `cargo report future-incompatibilities --id 2`
[INFO] running `Command { std: "docker" "inspect" "dd8e6c94df5d277055eda836f23d79867574ab8118df24996352ded360ca34fb", kill_on_drop: false }`
[INFO] running `Command { std: "docker" "rm" "-f" "dd8e6c94df5d277055eda836f23d79867574ab8118df24996352ded360ca34fb", kill_on_drop: false }`
[INFO] [stdout] dd8e6c94df5d277055eda836f23d79867574ab8118df24996352ded360ca34fb
[INFO] running `Command { std: "docker" "create" "-v" "/var/lib/crater-agent-workspace/builds/worker-0-tc1/target:/opt/rustwide/target:rw,Z" "-v" "/var/lib/crater-agent-workspace/builds/worker-0-tc1/source:/opt/rustwide/workdir:ro,Z" "-v" "/var/lib/crater-agent-workspace/cargo-home:/opt/rustwide/cargo-home:ro,Z" "-v" "/var/lib/crater-agent-workspace/rustup-home:/opt/rustwide/rustup-home:ro,Z" "-e" "SOURCE_DIR=/opt/rustwide/workdir" "-e" "CARGO_TARGET_DIR=/opt/rustwide/target" "-e" "CARGO_INCREMENTAL=0" "-e" "RUST_BACKTRACE=full" "-e" "RUSTFLAGS=--cap-lints=forbid" "-e" "RUSTDOCFLAGS=--cap-lints=forbid" "-e" "CARGO_HOME=/opt/rustwide/cargo-home" "-e" "RUSTUP_HOME=/opt/rustwide/rustup-home" "-w" "/opt/rustwide/workdir" "-m" "1610612736" "--user" "0:0" "--network" "none" "ghcr.io/rust-lang/crates-build-env/linux@sha256:819108c5571ea2e421544af4d832f968d213c87fbe3707a016657f43d2f853bc" "/opt/rustwide/cargo-home/bin/cargo" "+nightly-2025-01-18" "test" "--frozen", kill_on_drop: false }`
[INFO] [stdout] d001a60ef091593f0835e7ceac61c7a25655123d09a23b6d9b6d58c8028257bf
[INFO] running `Command { std: "docker" "start" "-a" "d001a60ef091593f0835e7ceac61c7a25655123d09a23b6d9b6d58c8028257bf", kill_on_drop: false }`
[INFO] [stderr] warning: unused imports: `crate::LewpError` and `rc::Rc`
[INFO] [stderr]  --> src/module/runtime.rs:4:5
[INFO] [stderr]   |
[INFO] [stderr] 4 |     crate::LewpError,
[INFO] [stderr]   |     ^^^^^^^^^^^^^^^^
[INFO] [stderr] 5 |     std::{cell::RefCell, collections::HashMap, rc::Rc},
[INFO] [stderr]   |                                                ^^^^^^
[INFO] [stderr]   |
[INFO] [stderr]   = note: `#[warn(unused_imports)]` on by default
[INFO] [stderr] 
[INFO] [stderr] warning: unused variable: `params`
[INFO] [stderr]   --> src/css/component.rs:46:9
[INFO] [stderr]    |
[INFO] [stderr] 46 |         params: Self::ContentParameter,
[INFO] [stderr]    |         ^^^^^^ help: if this is intentional, prefix it with an underscore: `_params`
[INFO] [stderr]    |
[INFO] [stderr]    = note: `#[warn(unused_variables)]` on by default
[INFO] [stderr] 
[INFO] [stderr] warning: unused variable: `entity`
[INFO] [stderr]   --> src/css/register.rs:45:9
[INFO] [stderr]    |
[INFO] [stderr] 45 |         entity: Entireness,
[INFO] [stderr]    |         ^^^^^^ help: if this is intentional, prefix it with an underscore: `_entity`
[INFO] [stderr] 
[INFO] [stderr] warning: field `options` is never read
[INFO] [stderr]   --> src/css/register.rs:27:5
[INFO] [stderr]    |
[INFO] [stderr] 25 | pub struct Register {
[INFO] [stderr]    |            -------- field in this struct
[INFO] [stderr] 26 |     fh: Rc<FileHierarchy>,
[INFO] [stderr] 27 |     options: RegisterOptions,
[INFO] [stderr]    |     ^^^^^^^
[INFO] [stderr]    |
[INFO] [stderr]    = note: `#[warn(dead_code)]` on by default
[INFO] [stderr] 
[INFO] [stderr] warning: associated items `remove_mountpoint`, `isolate_path`, and `collect_foldernames` are never used
[INFO] [stderr]    --> src/fh/mod.rs:94:8
[INFO] [stderr]     |
[INFO] [stderr] 26  | impl FileHierarchy {
[INFO] [stderr]     | ------------------ associated items in this implementation
[INFO] [stderr] ...
[INFO] [stderr] 94  |     fn remove_mountpoint(
[INFO] [stderr]     |        ^^^^^^^^^^^^^^^^^
[INFO] [stderr] ...
[INFO] [stderr] 287 |     fn isolate_path(&self, path: &str) -> String {
[INFO] [stderr]     |        ^^^^^^^^^^^^
[INFO] [stderr] ...
[INFO] [stderr] 298 |     fn collect_foldernames(
[INFO] [stderr]     |        ^^^^^^^^^^^^^^^^^^^
[INFO] [stderr] 
[INFO] [stderr] warning: `lewp` (lib) generated 5 warnings (run `cargo fix --lib -p lewp` to apply 1 suggestion)
[INFO] [stderr] warning: unused variable: `css`
[INFO] [stderr]    --> src/fh/mod.rs:466:13
[INFO] [stderr]     |
[INFO] [stderr] 466 |         let css = Css {
[INFO] [stderr]     |             ^^^ help: if this is intentional, prefix it with an underscore: `_css`
[INFO] [stderr] 
[INFO] [stderr] warning: associated function `remove_mountpoint` is never used
[INFO] [stderr]   --> src/fh/mod.rs:94:8
[INFO] [stderr]    |
[INFO] [stderr] 26 | impl FileHierarchy {
[INFO] [stderr]    | ------------------ associated function in this implementation
[INFO] [stderr] ...
[INFO] [stderr] 94 |     fn remove_mountpoint(
[INFO] [stderr]    |        ^^^^^^^^^^^^^^^^^
[INFO] [stderr] 
[INFO] [stderr] warning: `lewp` (lib test) generated 6 warnings (4 duplicates)
[INFO] [stderr]     Finished `test` profile [unoptimized + debuginfo] target(s) in 0.16s
[INFO] [stderr] warning: the following packages contain code that will be rejected by a future version of Rust: fs_extra v1.2.0, html5ever v0.25.1, xml5ever v0.16.2
[INFO] [stderr] note: to see what the problems were, use the option `--future-incompat-report`, or run `cargo report future-incompatibilities --id 2`
[INFO] [stderr]      Running unittests src/lib.rs (/opt/rustwide/target/debug/deps/lewp-2cdfaa0cb5f162e7)
[INFO] [stdout] 
[INFO] [stdout] running 7 tests
[INFO] [stdout] test fh::tests::folder_name_generation ... ok
[INFO] [stdout] test fh::tests::collect_foldernames ... ok
[INFO] [stdout] test fh::tests::collect_filenames ... ok
[INFO] [stdout] test fh::tests::isolate_file_paths ... ok
[INFO] [stdout] test fh::tests::collect_component_ids ... ok
[INFO] [stdout] test css::test::css_components_and_register ... ok
[INFO] [stdout] test css::test::isolate_css_module ... FAILED
[INFO] [stdout] 
[INFO] [stdout] failures:
[INFO] [stdout] 
[INFO] [stdout] ---- css::test::isolate_css_module stdout ----
[INFO] [stdout] 
[INFO] [stdout] thread 'css::test::isolate_css_module' panicked at src/css/test/mod.rs:92:5:
[INFO] [stdout] assertion `left == right` failed
[INFO] [stdout]   left: ".hello-world h2{font-style: italic}.hello-world h1{font-style: bold}"
[INFO] [stdout]  right: ".hello-world h1{font-style: bold}.hello-world h2{font-style: italic}"
[INFO] [stdout] stack backtrace:
[INFO] [stdout]    0:     0x5a27fb5d71ba - std::backtrace_rs::backtrace::libunwind::trace::hb059275cfc8d6126
[INFO] [stdout]                                at /rustc/6067b36314ab5eb2eb47cecc464545ba58e1ad24/library/std/src/../../backtrace/src/backtrace/libunwind.rs:116:5
[INFO] [stdout]    1:     0x5a27fb5d71ba - std::backtrace_rs::backtrace::trace_unsynchronized::h2da071e4327ce3ee
[INFO] [stdout]                                at /rustc/6067b36314ab5eb2eb47cecc464545ba58e1ad24/library/std/src/../../backtrace/src/backtrace/mod.rs:66:5
[INFO] [stdout]    2:     0x5a27fb5d71ba - std::sys::backtrace::_print_fmt::h842a1474e6f8d23f
[INFO] [stdout]                                at /rustc/6067b36314ab5eb2eb47cecc464545ba58e1ad24/library/std/src/sys/backtrace.rs:66:9
[INFO] [stdout]    3:     0x5a27fb5d71ba - <std::sys::backtrace::BacktraceLock::print::DisplayBacktrace as core::fmt::Display>::fmt::h71a62eb3b9696b12
[INFO] [stdout]                                at /rustc/6067b36314ab5eb2eb47cecc464545ba58e1ad24/library/std/src/sys/backtrace.rs:39:26
[INFO] [stdout]    4:     0x5a27fb601fe3 - core::fmt::rt::Argument::fmt::hdb6b616786b41dc1
[INFO] [stdout]                                at /rustc/6067b36314ab5eb2eb47cecc464545ba58e1ad24/library/core/src/fmt/rt.rs:177:76
[INFO] [stdout]    5:     0x5a27fb601fe3 - core::fmt::write::h2cc1698af7e2d686
[INFO] [stdout]                                at /rustc/6067b36314ab5eb2eb47cecc464545ba58e1ad24/library/core/src/fmt/mod.rs:1440:21
[INFO] [stdout]    6:     0x5a27fb5d3523 - std::io::Write::write_fmt::hab1b4cd059a79022
[INFO] [stdout]                                at /rustc/6067b36314ab5eb2eb47cecc464545ba58e1ad24/library/std/src/io/mod.rs:1887:15
[INFO] [stdout]    7:     0x5a27fb5d7002 - std::sys::backtrace::BacktraceLock::print::h147fe35b4ea13b08
[INFO] [stdout]                                at /rustc/6067b36314ab5eb2eb47cecc464545ba58e1ad24/library/std/src/sys/backtrace.rs:42:9
[INFO] [stdout]    8:     0x5a27fb5d85df - std::panicking::default_hook::{{closure}}::hbd44223dbdc0d208
[INFO] [stdout]                                at /rustc/6067b36314ab5eb2eb47cecc464545ba58e1ad24/library/std/src/panicking.rs:298:22
[INFO] [stdout]    9:     0x5a27fb5d83f8 - std::panicking::default_hook::h20f81eb0576efcec
[INFO] [stdout]                                at /rustc/6067b36314ab5eb2eb47cecc464545ba58e1ad24/library/std/src/panicking.rs:322:9
[INFO] [stdout]   10:     0x5a27fb47df13 - <alloc::boxed::Box<F,A> as core::ops::function::Fn<Args>>::call::hdb53814c496a4d34
[INFO] [stdout]                                at /rustc/6067b36314ab5eb2eb47cecc464545ba58e1ad24/library/alloc/src/boxed.rs:2027:9
[INFO] [stdout]   11:     0x5a27fb47df13 - test::test_main::{{closure}}::hc0a4963c59427c24
[INFO] [stdout]                                at /rustc/6067b36314ab5eb2eb47cecc464545ba58e1ad24/library/test/src/lib.rs:134:21
[INFO] [stdout]   12:     0x5a27fb5d90d3 - <alloc::boxed::Box<F,A> as core::ops::function::Fn<Args>>::call::h591b2225413a77e9
[INFO] [stdout]                                at /rustc/6067b36314ab5eb2eb47cecc464545ba58e1ad24/library/alloc/src/boxed.rs:2027:9
[INFO] [stdout]   13:     0x5a27fb5d90d3 - std::panicking::rust_panic_with_hook::h625eea43051b2edc
[INFO] [stdout]                                at /rustc/6067b36314ab5eb2eb47cecc464545ba58e1ad24/library/std/src/panicking.rs:839:13
[INFO] [stdout]   14:     0x5a27fb5d8d8a - std::panicking::begin_panic_handler::{{closure}}::h4f9159cfbc3f6bd3
[INFO] [stdout]                                at /rustc/6067b36314ab5eb2eb47cecc464545ba58e1ad24/library/std/src/panicking.rs:704:13
[INFO] [stdout]   15:     0x5a27fb5d76b9 - std::sys::backtrace::__rust_end_short_backtrace::h0390abce48353151
[INFO] [stdout]                                at /rustc/6067b36314ab5eb2eb47cecc464545ba58e1ad24/library/std/src/sys/backtrace.rs:168:18
[INFO] [stdout]   16:     0x5a27fb5d8a1d - rust_begin_unwind
[INFO] [stdout]                                at /rustc/6067b36314ab5eb2eb47cecc464545ba58e1ad24/library/std/src/panicking.rs:695:5
[INFO] [stdout]   17:     0x5a27fb5fff60 - core::panicking::panic_fmt::h9e7c637e9e5f29c9
[INFO] [stdout]                                at /rustc/6067b36314ab5eb2eb47cecc464545ba58e1ad24/library/core/src/panicking.rs:75:14
[INFO] [stdout]   18:     0x5a27fb600352 - core::panicking::assert_failed_inner::h538bec7c1374cd9c
[INFO] [stdout]   19:     0x5a27fb3b1c05 - core::panicking::assert_failed::h04a3cd313524282a
[INFO] [stdout]                                at /rustc/6067b36314ab5eb2eb47cecc464545ba58e1ad24/library/core/src/panicking.rs:364:5
[INFO] [stdout]   20:     0x5a27fb3a13c2 - lewp::css::test::isolate_css_module::hcadbbd83ec1b3d45
[INFO] [stdout]                                at /opt/rustwide/workdir/src/css/test/mod.rs:92:5
[INFO] [stdout]   21:     0x5a27fb3a0af7 - lewp::css::test::isolate_css_module::{{closure}}::h5509c690516337b7
[INFO] [stdout]                                at /opt/rustwide/workdir/src/css/test/mod.rs:56:24
[INFO] [stdout]   22:     0x5a27fb3bf906 - core::ops::function::FnOnce::call_once::h55a2099c36ab741f
[INFO] [stdout]                                at /rustc/6067b36314ab5eb2eb47cecc464545ba58e1ad24/library/core/src/ops/function.rs:250:5
[INFO] [stdout]   23:     0x5a27fb48366b - core::ops::function::FnOnce::call_once::he27718dfdd183f43
[INFO] [stdout]                                at /rustc/6067b36314ab5eb2eb47cecc464545ba58e1ad24/library/core/src/ops/function.rs:250:5
[INFO] [stdout]   24:     0x5a27fb48366b - test::__rust_begin_short_backtrace::h4e84902998457a5d
[INFO] [stdout]                                at /rustc/6067b36314ab5eb2eb47cecc464545ba58e1ad24/library/test/src/lib.rs:632:18
[INFO] [stdout]   25:     0x5a27fb4825a3 - test::run_test_in_process::{{closure}}::h7176fd18fc1feca0
[INFO] [stdout]                                at /rustc/6067b36314ab5eb2eb47cecc464545ba58e1ad24/library/test/src/lib.rs:655:60
[INFO] [stdout]   26:     0x5a27fb4825a3 - <core::panic::unwind_safe::AssertUnwindSafe<F> as core::ops::function::FnOnce<()>>::call_once::hf79cff2a624d8cf7
[INFO] [stdout]                                at /rustc/6067b36314ab5eb2eb47cecc464545ba58e1ad24/library/core/src/panic/unwind_safe.rs:272:9
[INFO] [stdout]   27:     0x5a27fb4825a3 - std::panicking::try::do_call::h3da0561d9ab99c25
[INFO] [stdout]                                at /rustc/6067b36314ab5eb2eb47cecc464545ba58e1ad24/library/std/src/panicking.rs:587:40
[INFO] [stdout]   28:     0x5a27fb4825a3 - std::panicking::try::h41c9fa508bc61df6
[INFO] [stdout]                                at /rustc/6067b36314ab5eb2eb47cecc464545ba58e1ad24/library/std/src/panicking.rs:550:19
[INFO] [stdout]   29:     0x5a27fb4825a3 - std::panic::catch_unwind::h6b3ff07bb5afad93
[INFO] [stdout]                                at /rustc/6067b36314ab5eb2eb47cecc464545ba58e1ad24/library/std/src/panic.rs:358:14
[INFO] [stdout]   30:     0x5a27fb4825a3 - test::run_test_in_process::hc7253dd11b39b9f4
[INFO] [stdout]                                at /rustc/6067b36314ab5eb2eb47cecc464545ba58e1ad24/library/test/src/lib.rs:655:27
[INFO] [stdout]   31:     0x5a27fb4825a3 - test::run_test::{{closure}}::hfb2007f8649c30bb
[INFO] [stdout]                                at /rustc/6067b36314ab5eb2eb47cecc464545ba58e1ad24/library/test/src/lib.rs:576:43
[INFO] [stdout]   32:     0x5a27fb445685 - test::run_test::{{closure}}::h56a17aa7a282a9f4
[INFO] [stdout]                                at /rustc/6067b36314ab5eb2eb47cecc464545ba58e1ad24/library/test/src/lib.rs:606:41
[INFO] [stdout]   33:     0x5a27fb445685 - std::sys::backtrace::__rust_begin_short_backtrace::hd2d2d2fb8e8c6aac
[INFO] [stdout]                                at /rustc/6067b36314ab5eb2eb47cecc464545ba58e1ad24/library/std/src/sys/backtrace.rs:152:18
[INFO] [stdout]   34:     0x5a27fb448f6a - std::thread::Builder::spawn_unchecked_::{{closure}}::{{closure}}::h4faa3f9db6133423
[INFO] [stdout]                                at /rustc/6067b36314ab5eb2eb47cecc464545ba58e1ad24/library/std/src/thread/mod.rs:559:17
[INFO] [stdout]   35:     0x5a27fb448f6a - <core::panic::unwind_safe::AssertUnwindSafe<F> as core::ops::function::FnOnce<()>>::call_once::hf2e855a36a4ea846
[INFO] [stdout]                                at /rustc/6067b36314ab5eb2eb47cecc464545ba58e1ad24/library/core/src/panic/unwind_safe.rs:272:9
[INFO] [stdout]   36:     0x5a27fb448f6a - std::panicking::try::do_call::h2f73af3616c35465
[INFO] [stdout]                                at /rustc/6067b36314ab5eb2eb47cecc464545ba58e1ad24/library/std/src/panicking.rs:587:40
[INFO] [stdout]   37:     0x5a27fb448f6a - std::panicking::try::hd1660ce9efadef5a
[INFO] [stdout]                                at /rustc/6067b36314ab5eb2eb47cecc464545ba58e1ad24/library/std/src/panicking.rs:550:19
[INFO] [stdout]   38:     0x5a27fb448f6a - std::panic::catch_unwind::h5ee8d7823b8ca744
[INFO] [stdout]                                at /rustc/6067b36314ab5eb2eb47cecc464545ba58e1ad24/library/std/src/panic.rs:358:14
[INFO] [stdout]   39:     0x5a27fb448f6a - std::thread::Builder::spawn_unchecked_::{{closure}}::h53c3a1894dce8407
[INFO] [stdout]                                at /rustc/6067b36314ab5eb2eb47cecc464545ba58e1ad24/library/std/src/thread/mod.rs:557:30
[INFO] [stdout]   40:     0x5a27fb448f6a - core::ops::function::FnOnce::call_once{{vtable.shim}}::h048ce291ad4f62bf
[INFO] [stdout]                                at /rustc/6067b36314ab5eb2eb47cecc464545ba58e1ad24/library/core/src/ops/function.rs:250:5
[INFO] [stdout]   41:     0x5a27fb5de83b - <alloc::boxed::Box<F,A> as core::ops::function::FnOnce<Args>>::call_once::ha52bedf99a3b4981
[INFO] [stdout]                                at /rustc/6067b36314ab5eb2eb47cecc464545ba58e1ad24/library/alloc/src/boxed.rs:2013:9
[INFO] [stdout]   42:     0x5a27fb5de83b - <alloc::boxed::Box<F,A> as core::ops::function::FnOnce<Args>>::call_once::h567748934d80ccf8
[INFO] [stdout]                                at /rustc/6067b36314ab5eb2eb47cecc464545ba58e1ad24/library/alloc/src/boxed.rs:2013:9
[INFO] [stdout]   43:     0x5a27fb5de83b - std::sys::pal::unix::thread::Thread::new::thread_start::h2d970728ae887adc
[INFO] [stdout]                                at /rustc/6067b36314ab5eb2eb47cecc464545ba58e1ad24/library/std/src/sys/pal/unix/thread.rs:106:17
[INFO] [stdout]   44:     0x788173ed9ac3 - <unknown>
[INFO] [stdout]   45:     0x788173f6aa04 - clone
[INFO] [stdout]   46:                0x0 - <unknown>
[INFO] [stdout] 
[INFO] [stdout] 
[INFO] [stdout] failures:
[INFO] [stdout]     css::test::isolate_css_module
[INFO] [stdout] 
[INFO] [stdout] test result: FAILED. 6 passed; 1 failed; 0 ignored; 0 measured; 0 filtered out; finished in 0.05s
[INFO] [stdout] 
[INFO] [stderr] error: test failed, to rerun pass `--lib`
[INFO] running `Command { std: "docker" "inspect" "d001a60ef091593f0835e7ceac61c7a25655123d09a23b6d9b6d58c8028257bf", kill_on_drop: false }`
[INFO] running `Command { std: "docker" "rm" "-f" "d001a60ef091593f0835e7ceac61c7a25655123d09a23b6d9b6d58c8028257bf", kill_on_drop: false }`
[INFO] [stdout] d001a60ef091593f0835e7ceac61c7a25655123d09a23b6d9b6d58c8028257bf
