[INFO] fetching crate leptos-use 0.15.5...
[INFO] testing leptos-use-0.15.5 against nightly-2025-01-18+rustflags=-Zrandomize-layout for randomize-layout-2
[INFO] extracting crate leptos-use 0.15.5 into /workspace/builds/worker-2-tc2/source
[INFO] validating manifest of crates.io crate leptos-use 0.15.5 on toolchain nightly-2025-01-18
[INFO] running `Command { std: CARGO_HOME="/workspace/cargo-home" RUSTUP_HOME="/workspace/rustup-home" "/workspace/cargo-home/bin/cargo" "+nightly-2025-01-18" "metadata" "--manifest-path" "Cargo.toml" "--no-deps", kill_on_drop: false }`
[INFO] removed /workspace/builds/worker-2-tc2/source/.cargo/config.toml
[INFO] started tweaking crates.io crate leptos-use 0.15.5
[INFO] finished tweaking crates.io crate leptos-use 0.15.5
[INFO] tweaked toml for crates.io crate leptos-use 0.15.5 written to /workspace/builds/worker-2-tc2/source/Cargo.toml
[INFO] crate crates.io crate leptos-use 0.15.5 already has a lockfile, it will not be regenerated
[INFO] running `Command { std: CARGO_HOME="/workspace/cargo-home" RUSTUP_HOME="/workspace/rustup-home" "/workspace/cargo-home/bin/cargo" "+nightly-2025-01-18" "fetch" "--manifest-path" "Cargo.toml", kill_on_drop: false }`
[INFO] [stderr]     Blocking waiting for file lock on package cache
[INFO] [stderr]     Blocking waiting for file lock on package cache
[INFO] running `Command { std: "docker" "create" "-v" "/var/lib/crater-agent-workspace/builds/worker-2-tc2/target:/opt/rustwide/target:rw,Z" "-v" "/var/lib/crater-agent-workspace/builds/worker-2-tc2/source:/opt/rustwide/workdir:ro,Z" "-v" "/var/lib/crater-agent-workspace/cargo-home:/opt/rustwide/cargo-home:ro,Z" "-v" "/var/lib/crater-agent-workspace/rustup-home:/opt/rustwide/rustup-home:ro,Z" "-e" "SOURCE_DIR=/opt/rustwide/workdir" "-e" "CARGO_TARGET_DIR=/opt/rustwide/target" "-e" "CARGO_HOME=/opt/rustwide/cargo-home" "-e" "RUSTUP_HOME=/opt/rustwide/rustup-home" "-w" "/opt/rustwide/workdir" "-m" "1610612736" "--user" "0:0" "--network" "none" "ghcr.io/rust-lang/crates-build-env/linux@sha256:819108c5571ea2e421544af4d832f968d213c87fbe3707a016657f43d2f853bc" "/opt/rustwide/cargo-home/bin/cargo" "+nightly-2025-01-18" "metadata" "--no-deps" "--format-version=1", kill_on_drop: false }`
[INFO] [stdout] 4d2ebb9d7872330405360696e94ebf1a2a56165be8294410f2f19c306886a90f
[INFO] running `Command { std: "docker" "start" "-a" "4d2ebb9d7872330405360696e94ebf1a2a56165be8294410f2f19c306886a90f", kill_on_drop: false }`
[INFO] running `Command { std: "docker" "inspect" "4d2ebb9d7872330405360696e94ebf1a2a56165be8294410f2f19c306886a90f", kill_on_drop: false }`
[INFO] running `Command { std: "docker" "rm" "-f" "4d2ebb9d7872330405360696e94ebf1a2a56165be8294410f2f19c306886a90f", kill_on_drop: false }`
[INFO] [stdout] 4d2ebb9d7872330405360696e94ebf1a2a56165be8294410f2f19c306886a90f
[INFO] running `Command { std: "docker" "create" "-v" "/var/lib/crater-agent-workspace/builds/worker-2-tc2/target:/opt/rustwide/target:rw,Z" "-v" "/var/lib/crater-agent-workspace/builds/worker-2-tc2/source:/opt/rustwide/workdir:ro,Z" "-v" "/var/lib/crater-agent-workspace/cargo-home:/opt/rustwide/cargo-home:ro,Z" "-v" "/var/lib/crater-agent-workspace/rustup-home:/opt/rustwide/rustup-home:ro,Z" "-e" "SOURCE_DIR=/opt/rustwide/workdir" "-e" "CARGO_TARGET_DIR=/opt/rustwide/target" "-e" "CARGO_INCREMENTAL=0" "-e" "RUST_BACKTRACE=full" "-e" "RUSTFLAGS=--cap-lints=forbid -Zrandomize-layout" "-e" "RUSTDOCFLAGS=--cap-lints=forbid" "-e" "CARGO_HOME=/opt/rustwide/cargo-home" "-e" "RUSTUP_HOME=/opt/rustwide/rustup-home" "-w" "/opt/rustwide/workdir" "-m" "1610612736" "--user" "0:0" "--network" "none" "ghcr.io/rust-lang/crates-build-env/linux@sha256:819108c5571ea2e421544af4d832f968d213c87fbe3707a016657f43d2f853bc" "/opt/rustwide/cargo-home/bin/cargo" "+nightly-2025-01-18" "build" "--frozen" "--message-format=json", kill_on_drop: false }`
[INFO] [stdout] 773a736fc52f25587c3b477d41fca54920b53411cb2fc5cb2fc25ef7a931d16a
[INFO] running `Command { std: "docker" "start" "-a" "773a736fc52f25587c3b477d41fca54920b53411cb2fc5cb2fc25ef7a931d16a", kill_on_drop: false }`
[INFO] [stderr]    Compiling proc-macro2 v1.0.93
[INFO] [stderr]    Compiling unicode-ident v1.0.14
[INFO] [stderr]    Compiling version_check v0.9.5
[INFO] [stderr]    Compiling autocfg v1.4.0
[INFO] [stderr]    Compiling cfg-if v1.0.0
[INFO] [stderr]    Compiling memchr v2.7.4
[INFO] [stderr]    Compiling serde v1.0.217
[INFO] [stderr]    Compiling libc v0.2.169
[INFO] [stderr]    Compiling smallvec v1.13.2
[INFO] [stderr]    Compiling wasm-bindgen-shared v0.2.100
[INFO] [stderr]    Compiling bumpalo v3.16.0
[INFO] [stderr]    Compiling log v0.4.25
[INFO] [stderr]    Compiling pin-project-lite v0.2.16
[INFO] [stderr]    Compiling rustversion v1.0.19
[INFO] [stderr]    Compiling once_cell v1.20.2
[INFO] [stderr]    Compiling stable_deref_trait v1.2.0
[INFO] [stderr]    Compiling futures-core v0.3.31
[INFO] [stderr]    Compiling wasm-bindgen v0.2.100
[INFO] [stderr]    Compiling thiserror v1.0.69
[INFO] [stderr]    Compiling futures-sink v0.3.31
[INFO] [stderr]    Compiling crossbeam-utils v0.8.21
[INFO] [stderr]    Compiling futures-task v0.3.31
[INFO] [stderr]    Compiling futures-io v0.3.31
[INFO] [stderr]    Compiling unicode-segmentation v1.12.0
[INFO] [stderr]    Compiling equivalent v1.0.1
[INFO] [stderr]    Compiling hashbrown v0.15.2
[INFO] [stderr]    Compiling futures-channel v0.3.31
[INFO] [stderr]    Compiling parking_lot_core v0.9.10
[INFO] [stderr]    Compiling thiserror v2.0.11
[INFO] [stderr]    Compiling litemap v0.7.4
[INFO] [stderr]    Compiling scopeguard v1.2.0
[INFO] [stderr]    Compiling writeable v0.5.5
[INFO] [stderr]    Compiling proc-macro-error-attr v1.0.4
[INFO] [stderr]    Compiling itoa v1.0.14
[INFO] [stderr]    Compiling proc-macro-error v1.0.4
[INFO] [stderr]    Compiling proc-macro2-diagnostics v0.10.1
[INFO] [stderr]    Compiling parking v2.2.1
[INFO] [stderr]    Compiling icu_locid_transform_data v1.5.0
[INFO] [stderr]    Compiling fnv v1.0.7
[INFO] [stderr]    Compiling slotmap v1.0.7
[INFO] [stderr]    Compiling convert_case v0.6.0
[INFO] [stderr]    Compiling indexmap v2.7.0
[INFO] [stderr]    Compiling throw_error v0.2.0
[INFO] [stderr]    Compiling yansi v1.0.1
[INFO] [stderr]    Compiling serde_json v1.0.135
[INFO] [stderr]    Compiling slab v0.4.9
[INFO] [stderr]    Compiling lock_api v0.4.12
[INFO] [stderr]    Compiling unicode-xid v0.2.6
[INFO] [stderr]    Compiling icu_properties_data v1.5.0
[INFO] [stderr]    Compiling send_wrapper v0.6.0
[INFO] [stderr]    Compiling write16 v1.0.0
[INFO] [stderr]    Compiling or_poisoned v0.1.0
[INFO] [stderr]    Compiling paste v1.0.15
[INFO] [stderr]    Compiling utf16_iter v1.0.5
[INFO] [stderr]    Compiling utf8_iter v1.0.4
[INFO] [stderr]    Compiling icu_normalizer_data v1.5.0
[INFO] [stderr]    Compiling percent-encoding v2.3.1
[INFO] [stderr]    Compiling ryu v1.0.18
[INFO] [stderr]    Compiling num_cpus v1.16.0
[INFO] [stderr]    Compiling either v1.13.0
[INFO] [stderr]    Compiling rustc-hash v2.1.0
[INFO] [stderr]    Compiling utf8-width v0.1.7
[INFO] [stderr]    Compiling concurrent-queue v2.5.0
[INFO] [stderr]    Compiling guardian v1.2.0
[INFO] [stderr]    Compiling anyhow v1.0.95
[INFO] [stderr]    Compiling xxhash-rust v0.8.15
[INFO] [stderr]    Compiling event-listener v5.4.0
[INFO] [stderr]    Compiling camino v1.1.9
[INFO] [stderr]    Compiling itertools v0.13.0
[INFO] [stderr]    Compiling html-escape v0.2.13
[INFO] [stderr]    Compiling same-file v1.0.6
[INFO] [stderr]    Compiling quote v1.0.38
[INFO] [stderr]    Compiling winnow v0.6.24
[INFO] [stderr]    Compiling bytes v1.9.0
[INFO] [stderr]    Compiling form_urlencoded v1.2.1
[INFO] [stderr]    Compiling parking_lot v0.12.3
[INFO] [stderr]    Compiling walkdir v2.5.0
[INFO] [stderr]    Compiling syn v2.0.96
[INFO] [stderr]    Compiling proc-macro-utils v0.10.0
[INFO] [stderr]    Compiling event-listener-strategy v0.5.3
[INFO] [stderr]    Compiling http v1.2.0
[INFO] [stderr]    Compiling aho-corasick v1.1.3
[INFO] [stderr]    Compiling async-lock v3.4.0
[INFO] [stderr]    Compiling either_of v0.1.2
[INFO] [stderr]    Compiling regex-syntax v0.8.5
[INFO] [stderr]    Compiling strsim v0.11.1
[INFO] [stderr]    Compiling minimal-lexical v0.2.1
[INFO] [stderr]    Compiling next_tuple v0.1.0
[INFO] [stderr]    Compiling proc-macro-error-attr2 v2.0.0
[INFO] [stderr]    Compiling const_format_proc_macros v0.2.34
[INFO] [stderr]    Compiling const_str_slice_concat v0.1.0
[INFO] [stderr]    Compiling ident_case v1.0.1
[INFO] [stderr]    Compiling interpolator v0.5.0
[INFO] [stderr]    Compiling manyhow-macros v0.11.4
[INFO] [stderr]    Compiling collection_literals v1.0.1
[INFO] [stderr]    Compiling prettyplease v0.2.29
[INFO] [stderr]    Compiling hashbrown v0.14.5
[INFO] [stderr]    Compiling linear-map v1.2.0
[INFO] [stderr]    Compiling drain_filter_polyfill v0.1.3
[INFO] [stderr]    Compiling nom v7.1.3
[INFO] [stderr]    Compiling getrandom v0.2.15
[INFO] [stderr]    Compiling num-traits v0.2.19
[INFO] [stderr]    Compiling pathdiff v0.2.3
[INFO] [stderr]    Compiling num-conv v0.1.0
[INFO] [stderr]    Compiling powerfmt v0.2.0
[INFO] [stderr]    Compiling time-core v0.1.2
[INFO] [stderr]    Compiling uuid v1.12.0
[INFO] [stderr]    Compiling cookie v0.18.1
[INFO] [stderr]    Compiling base64 v0.22.1
[INFO] [stderr]    Compiling time-macros v0.2.19
[INFO] [stderr]    Compiling iana-time-zone v0.1.61
[INFO] [stderr]    Compiling deranged v0.3.11
[INFO] [stderr]    Compiling leptos-use v0.15.5 (/opt/rustwide/workdir)
[INFO] [stderr]    Compiling lazy_static v1.5.0
[INFO] [stderr]    Compiling const_format v0.2.34
[INFO] [stderr]    Compiling chrono v0.4.39
[INFO] [stderr]    Compiling dashmap v6.1.0
[INFO] [stderr]    Compiling regex-automata v0.4.9
[INFO] [stderr]    Compiling time v0.3.37
[INFO] [stderr]    Compiling synstructure v0.13.1
[INFO] [stderr]    Compiling wasm-bindgen-backend v0.2.100
[INFO] [stderr]    Compiling proc-macro-error2 v2.0.1
[INFO] [stderr]    Compiling server_fn_macro v0.7.4
[INFO] [stderr]    Compiling manyhow v0.11.4
[INFO] [stderr]    Compiling darling_core v0.20.10
[INFO] [stderr]    Compiling regex v1.11.1
[INFO] [stderr]    Compiling serde_derive v1.0.217
[INFO] [stderr]    Compiling zerofrom-derive v0.1.5
[INFO] [stderr]    Compiling yoke-derive v0.7.5
[INFO] [stderr]    Compiling zerovec-derive v0.10.3
[INFO] [stderr]    Compiling displaydoc v0.2.5
[INFO] [stderr]    Compiling thiserror-impl v1.0.69
[INFO] [stderr]    Compiling futures-macro v0.3.31
[INFO] [stderr]    Compiling icu_provider_macros v1.5.0
[INFO] [stderr]    Compiling thiserror-impl v2.0.11
[INFO] [stderr]    Compiling derive-where v1.2.7
[INFO] [stderr]    Compiling syn_derive v0.1.8
[INFO] [stderr]    Compiling quote-use-macros v0.8.4
[INFO] [stderr]    Compiling wasm-bindgen-macro-support v0.2.100
[INFO] [stderr]    Compiling pin-project-internal v1.1.8
[INFO] [stderr]    Compiling reactive_stores_macro v0.1.0
[INFO] [stderr]    Compiling quote-use v0.8.4
[INFO] [stderr]    Compiling attribute-derive-macro v0.10.3
[INFO] [stderr]    Compiling server_fn_macro_default v0.7.4
[INFO] [stderr]    Compiling futures-util v0.3.31
[INFO] [stderr]    Compiling zerofrom v0.1.5
[INFO] [stderr]    Compiling typed-builder-macro v0.20.0
[INFO] [stderr]    Compiling yoke v0.7.5
[INFO] [stderr]    Compiling zerovec v0.10.4
[INFO] [stderr]    Compiling rstml v0.12.0
[INFO] [stderr]    Compiling attribute-derive v0.10.3
[INFO] [stderr]    Compiling wasm-bindgen-macro v0.2.100
[INFO] [stderr]    Compiling darling_macro v0.20.10
[INFO] [stderr]    Compiling pin-project v1.1.8
[INFO] [stderr]    Compiling darling v0.20.10
[INFO] [stderr]    Compiling typed-builder v0.20.0
[INFO] [stderr]    Compiling default-struct-builder v0.5.1
[INFO] [stderr]    Compiling tinystr v0.7.6
[INFO] [stderr]    Compiling icu_collections v1.5.0
[INFO] [stderr]    Compiling icu_locid v1.5.0
[INFO] [stderr]    Compiling unic-langid-impl v0.9.5
[INFO] [stderr]    Compiling unic-langid v0.9.5
[INFO] [stderr]    Compiling icu_provider v1.5.0
[INFO] [stderr]    Compiling js-sys v0.3.77
[INFO] [stderr]    Compiling icu_locid_transform v1.5.0
[INFO] [stderr]    Compiling futures-executor v0.3.31
[INFO] [stderr]    Compiling futures v0.3.31
[INFO] [stderr]    Compiling leptos_hot_reload v0.7.4
[INFO] [stderr]    Compiling icu_properties v1.5.1
[INFO] [stderr]    Compiling hydration_context v0.2.1
[INFO] [stderr]    Compiling serde_spanned v0.6.8
[INFO] [stderr]    Compiling toml_datetime v0.6.8
[INFO] [stderr]    Compiling oco_ref v0.2.0
[INFO] [stderr]    Compiling serde_qs v0.13.0
[INFO] [stderr]    Compiling toml_edit v0.22.22
[INFO] [stderr]    Compiling codee v0.2.0
[INFO] [stderr]    Compiling leptos_macro v0.7.4
[INFO] [stderr]    Compiling icu_normalizer v1.5.0
[INFO] [stderr]    Compiling idna_adapter v1.2.0
[INFO] [stderr]    Compiling idna v1.0.3
[INFO] [stderr]    Compiling wasm-bindgen-futures v0.4.50
[INFO] [stderr]    Compiling web-sys v0.3.77
[INFO] [stderr]    Compiling gloo-timers v0.3.0
[INFO] [stderr]    Compiling any_spawner v0.2.0
[INFO] [stderr]    Compiling reactive_graph v0.1.4
[INFO] [stderr]    Compiling toml v0.8.19
[INFO] [stderr]    Compiling url v2.5.4
[INFO] [stderr]    Compiling config v0.14.1
[INFO] [stderr]    Compiling leptos_config v0.7.4
[INFO] [stderr]    Compiling reactive_stores v0.1.3
[INFO] [stderr]    Compiling gloo-utils v0.2.0
[INFO] [stderr]    Compiling tachys v0.1.4
[INFO] [stderr]    Compiling gloo-net v0.6.0
[INFO] [stderr]    Compiling wasm-streams v0.4.2
[INFO] [stderr]    Compiling server_fn v0.7.4
[INFO] [stderr]    Compiling leptos_dom v0.7.4
[INFO] [stderr]    Compiling leptos_server v0.7.4
[INFO] [stderr]    Compiling leptos v0.7.4
[INFO] [stderr]     Finished `dev` profile [unoptimized + debuginfo] target(s) in 1m 25s
[INFO] running `Command { std: "docker" "inspect" "773a736fc52f25587c3b477d41fca54920b53411cb2fc5cb2fc25ef7a931d16a", kill_on_drop: false }`
[INFO] running `Command { std: "docker" "rm" "-f" "773a736fc52f25587c3b477d41fca54920b53411cb2fc5cb2fc25ef7a931d16a", kill_on_drop: false }`
[INFO] [stdout] 773a736fc52f25587c3b477d41fca54920b53411cb2fc5cb2fc25ef7a931d16a
[INFO] running `Command { std: "docker" "create" "-v" "/var/lib/crater-agent-workspace/builds/worker-2-tc2/target:/opt/rustwide/target:rw,Z" "-v" "/var/lib/crater-agent-workspace/builds/worker-2-tc2/source:/opt/rustwide/workdir:ro,Z" "-v" "/var/lib/crater-agent-workspace/cargo-home:/opt/rustwide/cargo-home:ro,Z" "-v" "/var/lib/crater-agent-workspace/rustup-home:/opt/rustwide/rustup-home:ro,Z" "-e" "SOURCE_DIR=/opt/rustwide/workdir" "-e" "CARGO_TARGET_DIR=/opt/rustwide/target" "-e" "CARGO_INCREMENTAL=0" "-e" "RUST_BACKTRACE=full" "-e" "RUSTFLAGS=--cap-lints=forbid -Zrandomize-layout" "-e" "RUSTDOCFLAGS=--cap-lints=forbid" "-e" "CARGO_HOME=/opt/rustwide/cargo-home" "-e" "RUSTUP_HOME=/opt/rustwide/rustup-home" "-w" "/opt/rustwide/workdir" "-m" "1610612736" "--user" "0:0" "--network" "none" "ghcr.io/rust-lang/crates-build-env/linux@sha256:819108c5571ea2e421544af4d832f968d213c87fbe3707a016657f43d2f853bc" "/opt/rustwide/cargo-home/bin/cargo" "+nightly-2025-01-18" "test" "--frozen" "--no-run" "--message-format=json", kill_on_drop: false }`
[INFO] [stdout] 2f9e7ca29e97f546b1367c91b8209133cbda8a5608074be7022dbda7dc57c542
[INFO] running `Command { std: "docker" "start" "-a" "2f9e7ca29e97f546b1367c91b8209133cbda8a5608074be7022dbda7dc57c542", kill_on_drop: false }`
[INFO] [stderr]    Compiling byteorder v1.5.0
[INFO] [stderr]    Compiling num-traits v0.2.19
[INFO] [stderr]    Compiling itertools v0.12.1
[INFO] [stderr]    Compiling proc-macro-hack v0.5.20+deprecated
[INFO] [stderr]    Compiling tinystr v0.7.6
[INFO] [stderr]    Compiling base64 v0.21.7
[INFO] [stderr]    Compiling zerocopy-derive v0.7.35
[INFO] [stderr]    Compiling getrandom v0.2.15
[INFO] [stderr]    Compiling unic-langid-impl v0.9.5
[INFO] [stderr]    Compiling rand_core v0.6.4
[INFO] [stderr]    Compiling zerocopy v0.7.35
[INFO] [stderr]    Compiling unic-langid-macros-impl v0.9.5
[INFO] [stderr]    Compiling rmp v0.8.14
[INFO] [stderr]    Compiling chrono v0.4.39
[INFO] [stderr]    Compiling unic-langid-macros v0.9.5
[INFO] [stderr]    Compiling unic-langid v0.9.5
[INFO] [stderr]    Compiling rmp-serde v1.3.0
[INFO] [stderr]    Compiling ppv-lite86 v0.2.20
[INFO] [stderr]    Compiling prost-derive v0.12.6
[INFO] [stderr]    Compiling rand_chacha v0.3.1
[INFO] [stderr]    Compiling rand v0.8.5
[INFO] [stderr]    Compiling prost v0.12.6
[INFO] [stderr]    Compiling codee v0.2.0
[INFO] [stderr]    Compiling leptos_server v0.7.4
[INFO] [stderr]    Compiling leptos v0.7.4
[INFO] [stderr]    Compiling leptos_meta v0.7.4
[INFO] [stderr]    Compiling leptos-use v0.15.5 (/opt/rustwide/workdir)
[INFO] [stderr]     Finished `test` profile [unoptimized + debuginfo] target(s) in 17.26s
[INFO] running `Command { std: "docker" "inspect" "2f9e7ca29e97f546b1367c91b8209133cbda8a5608074be7022dbda7dc57c542", kill_on_drop: false }`
[INFO] running `Command { std: "docker" "rm" "-f" "2f9e7ca29e97f546b1367c91b8209133cbda8a5608074be7022dbda7dc57c542", kill_on_drop: false }`
[INFO] [stdout] 2f9e7ca29e97f546b1367c91b8209133cbda8a5608074be7022dbda7dc57c542
[INFO] running `Command { std: "docker" "create" "-v" "/var/lib/crater-agent-workspace/builds/worker-2-tc2/target:/opt/rustwide/target:rw,Z" "-v" "/var/lib/crater-agent-workspace/builds/worker-2-tc2/source:/opt/rustwide/workdir:ro,Z" "-v" "/var/lib/crater-agent-workspace/cargo-home:/opt/rustwide/cargo-home:ro,Z" "-v" "/var/lib/crater-agent-workspace/rustup-home:/opt/rustwide/rustup-home:ro,Z" "-e" "SOURCE_DIR=/opt/rustwide/workdir" "-e" "CARGO_TARGET_DIR=/opt/rustwide/target" "-e" "CARGO_INCREMENTAL=0" "-e" "RUST_BACKTRACE=full" "-e" "RUSTFLAGS=--cap-lints=forbid -Zrandomize-layout" "-e" "RUSTDOCFLAGS=--cap-lints=forbid" "-e" "CARGO_HOME=/opt/rustwide/cargo-home" "-e" "RUSTUP_HOME=/opt/rustwide/rustup-home" "-w" "/opt/rustwide/workdir" "-m" "1610612736" "--user" "0:0" "--network" "none" "ghcr.io/rust-lang/crates-build-env/linux@sha256:819108c5571ea2e421544af4d832f968d213c87fbe3707a016657f43d2f853bc" "/opt/rustwide/cargo-home/bin/cargo" "+nightly-2025-01-18" "test" "--frozen", kill_on_drop: false }`
[INFO] [stdout] e1259aeaa6bc37c50ff7ab7eddd11a35ddfb3e202a2186ce6ce4792a00489fda
[INFO] running `Command { std: "docker" "start" "-a" "e1259aeaa6bc37c50ff7ab7eddd11a35ddfb3e202a2186ce6ce4792a00489fda", kill_on_drop: false }`
[INFO] [stderr]     Finished `test` profile [unoptimized + debuginfo] target(s) in 0.31s
[INFO] [stderr]      Running unittests src/lib.rs (/opt/rustwide/target/debug/deps/leptos_use-c2c770c571522cf9)
[INFO] [stdout] 
[INFO] [stdout] running 0 tests
[INFO] [stdout] 
[INFO] [stdout] test result: ok. 0 passed; 0 failed; 0 ignored; 0 measured; 0 filtered out; finished in 0.00s
[INFO] [stdout] 
[INFO] [stderr]    Doc-tests leptos_use
[INFO] [stdout] 
[INFO] [stdout] running 133 tests
[INFO] [stdout] test src/signal_throttled.rs - signal_throttled::signal_throttled (line 16) ... ok
[INFO] [stdout] test src/is_ok.rs - is_ok::is_ok (line 7) ... ok
[INFO] [stdout] test src/signal_throttled.rs - signal_throttled::signal_throttled (line 37) ... ok
[INFO] [stdout] test src/is_some.rs - is_some::is_some (line 7) ... ok
[INFO] [stdout] test src/sync_signal.rs - sync_signal::sync_signal (line 163) ... ok
[INFO] [stdout] test src/is_none.rs - is_none::is_none (line 7) ... ok
[INFO] [stdout] test src/on_click_outside.rs - on_click_outside::on_click_outside (line 28) ... ok
[INFO] [stdout] test src/on_click_outside.rs - on_click_outside::on_click_outside (line 61) ... ok
[INFO] [stdout] test src/signal_debounced.rs - signal_debounced::signal_debounced (line 37) ... ok
[INFO] [stdout] test src/sync_signal.rs - sync_signal::sync_signal (line 105) ... ok
[INFO] [stdout] test src/is_err.rs - is_err::is_err (line 7) ... ok
[INFO] [stdout] test src/storage/use_storage.rs - storage::use_storage::use_storage (line 126) ... ok
[INFO] [stdout] test src/storage/use_storage.rs - storage::use_storage::use_storage (line 93) ... ok
[INFO] [stdout] test src/signal_debounced.rs - signal_debounced::signal_debounced (line 16) ... ok
[INFO] [stdout] test src/sync_signal.rs - sync_signal::sync_signal (line 140) ... ok
[INFO] [stdout] test src/storage/use_storage.rs - storage::use_storage::use_storage (line 36) ... ok
[INFO] [stdout] test src/sync_signal.rs - sync_signal::sync_signal (line 73) ... ok
[INFO] [stdout] test src/sync_signal.rs - sync_signal::sync_signal (line 49) ... ok
[INFO] [stdout] test src/use_breakpoints.rs - use_breakpoints::use_breakpoints (line 18) ... ok
[INFO] [stdout] test src/sync_signal.rs - sync_signal::sync_signal (line 19) ... ok
[INFO] [stdout] test src/use_active_element.rs - use_active_element::use_active_element (line 16) ... ok
[INFO] [stdout] test src/use_breakpoints.rs - use_breakpoints::use_breakpoints (line 52) ... ok
[INFO] [stdout] test src/use_breakpoints.rs - use_breakpoints::use_breakpoints (line 90) ... ok
[INFO] [stdout] test src/use_broadcast_channel.rs - use_broadcast_channel::use_broadcast_channel (line 25) ... ok
[INFO] [stdout] test src/use_broadcast_channel.rs - use_broadcast_channel::use_broadcast_channel (line 55) ... ok
[INFO] [stdout] test src/use_calendar.rs - use_calendar::use_calendar (line 16) ... ok
[INFO] [stdout] test src/use_calendar.rs - use_calendar::use_calendar (line 37) ... ok
[INFO] [stdout] test src/use_clipboard.rs - use_clipboard::use_clipboard (line 21) ... ok
[INFO] [stdout] test src/use_color_mode.rs - use_color_mode::use_color_mode (line 70) ... ok
[INFO] [stdout] test src/use_color_mode.rs - use_color_mode::use_color_mode (line 27) ... ok
[INFO] [stdout] test src/use_color_mode.rs - use_color_mode::use_color_mode (line 50) ... ok
[INFO] [stdout] test src/use_color_mode.rs - use_color_mode::use_color_mode (line 96) ... ok
[INFO] [stdout] test src/use_cookie.rs - use_cookie::use_cookie (line 109) ... ok
[INFO] [stdout] test src/use_cookie.rs - use_cookie::use_cookie (line 73) ... ok
[INFO] [stdout] test src/use_css_var.rs - use_css_var::use_css_var (line 38) ... ok
[INFO] [stdout] test src/use_cookie.rs - use_cookie::use_cookie (line 34) ... ok
[INFO] [stdout] test src/use_css_var.rs - use_css_var::use_css_var (line 22) ... ok
[INFO] [stdout] test src/use_debounce_fn.rs - use_debounce_fn::use_debounce_fn (line 16) ... ok
[INFO] [stdout] test src/use_cycle_list.rs - use_cycle_list::use_cycle_list (line 13) ... ok
[INFO] [stdout] test src/use_debounce_fn.rs - use_debounce_fn::use_debounce_fn (line 40) ... ok
[INFO] [stdout] test src/use_display_media.rs - use_display_media::use_display_media (line 17) ... ok
[INFO] [stdout] test src/use_document.rs - use_document::use_document (line 22) ... ok
[INFO] [stdout] test src/use_device_orientation.rs - use_device_orientation::use_device_orientation (line 15) ... ok
[INFO] [stdout] test src/use_css_var.rs - use_css_var::use_css_var (line 54) ... ok
[INFO] [stdout] test src/use_document_visibility.rs - use_document_visibility::use_document_visibility (line 17) ... ok
[INFO] [stdout] test src/use_device_pixel_ratio.rs - use_device_pixel_ratio::use_device_pixel_ratio (line 16) ... ok
[INFO] [stdout] test src/use_drop_zone.rs - use_drop_zone::use_drop_zone (line 23) ... ok
[INFO] [stdout] test src/use_element_bounding.rs - use_element_bounding::use_element_bounding (line 14) ... ok
[INFO] [stdout] test src/use_idle.rs - use_idle::use_idle (line 62) ... ignored
[INFO] [stdout] test src/use_draggable.rs - use_draggable::use_draggable (line 20) ... ok
[INFO] [stdout] test src/use_element_hover.rs - use_element_hover::use_element_hover (line 17) ... ok
[INFO] [stdout] test src/use_event_listener.rs - use_event_listener::use_event_listener (line 22) ... ok
[INFO] [stdout] test src/use_event_listener.rs - use_event_listener::use_event_listener (line 40) ... ok
[INFO] [stdout] test src/use_element_visibility.rs - use_element_visibility::use_element_visibility (line 19) ... ok
[INFO] [stdout] test src/use_favicon.rs - use_favicon::use_favicon (line 18) ... ok
[INFO] [stdout] test src/use_event_source.rs - use_event_source::use_event_source (line 85) ... ok
[INFO] [stdout] test src/use_favicon.rs - use_favicon::use_favicon (line 38) ... ok
[INFO] [stdout] test src/use_event_listener.rs - use_event_listener::use_event_listener (line 69) ... ok
[INFO] [stdout] test src/use_idle.rs - use_idle::use_idle (line 16) ... ok
[INFO] [stdout] test src/use_element_size.rs - use_element_size::use_element_size (line 25) ... ok
[INFO] [stdout] test src/use_event_source.rs - use_event_source::use_event_source (line 27) ... ok
[INFO] [stdout] test src/use_geolocation.rs - use_geolocation::use_geolocation (line 16) ... ok
[INFO] [stdout] test src/use_event_source.rs - use_event_source::use_event_source (line 53) ... ok
[INFO] [stdout] test src/use_infinite_scroll.rs - use_infinite_scroll::use_infinite_scroll (line 24) ... ok
[INFO] [stdout] test src/use_intersection_observer.rs - use_intersection_observer::use_intersection_observer (line 27) ... ok
[INFO] [stdout] test src/use_interval.rs - use_interval::use_interval (line 16) ... ok
[INFO] [stdout] test src/use_intl_number_format.rs - use_intl_number_format::UseIntlNumberFormatReturn::format_range (line 809) ... ok
[INFO] [stdout] test src/use_interval_fn.rs - use_interval_fn::use_interval_fn (line 21) ... ok
[INFO] [stdout] test src/use_intl_number_format.rs - use_intl_number_format::UseIntlNumberFormatReturn::format_range (line 833) ... ok
[INFO] [stdout] test src/use_intl_number_format.rs - use_intl_number_format::UseIntlNumberFormatOptions::rounding_increment (line 602) ... ok
[INFO] [stdout] test src/use_idle.rs - use_idle::use_idle (line 35) ... ok
[INFO] [stdout] test src/use_intl_number_format.rs - use_intl_number_format::use_intl_number_format (line 22) ... ok
[INFO] [stdout] test src/use_locale.rs - use_locale::use_locale (line 21) ... ok
[INFO] [stdout] test src/use_intl_number_format.rs - use_intl_number_format::use_intl_number_format (line 92) ... ok
[INFO] [stdout] test src/use_intl_number_format.rs - use_intl_number_format::use_intl_number_format (line 44) ... ok
[INFO] [stdout] test src/use_intl_number_format.rs - use_intl_number_format::UseIntlNumberFormatOptions::rounding_increment (line 602) ... ok
[INFO] [stdout] test src/use_locales.rs - use_locales::use_locales (line 20) ... ok
[INFO] [stdout] test src/use_mouse_in_element.rs - use_mouse_in_element::use_mouse_in_element (line 19) ... ok
[INFO] [stdout] test src/use_mouse.rs - use_mouse::use_mouse (line 55) ... ok
[INFO] [stdout] test src/use_mouse.rs - use_mouse::use_mouse (line 20) ... ok
[INFO] [stdout] test src/use_media_query.rs - use_media_query::use_media_query (line 19) ... ok
[INFO] [stdout] test src/use_mouse.rs - use_mouse::use_mouse (line 36) ... ok
[INFO] [stdout] test src/use_prefers_reduced_motion.rs - use_prefers_reduced_motion::use_prefers_reduced_motion (line 14) ... FAILED
[INFO] [stdout] test src/use_permission.rs - use_permission::use_permission (line 13) ... ok
[INFO] [stdout] test src/use_scroll.rs - use_scroll::use_scroll (line 33) ... ok
[INFO] [stdout] test src/use_resize_observer.rs - use_resize_observer::use_resize_observer (line 25) ... ok
[INFO] [stdout] test src/use_raf_fn.rs - use_raf_fn::use_raf_fn (line 18) ... ok
[INFO] [stdout] test src/use_scroll.rs - use_scroll::use_scroll (line 148) ... ok
[INFO] [stdout] test src/use_scroll.rs - use_scroll::use_scroll (line 124) ... ok
[INFO] [stdout] test src/use_preferred_contrast.rs - use_preferred_contrast::use_preferred_contrast (line 10) ... ok
[INFO] [stdout] test src/use_mutation_observer.rs - use_mutation_observer::use_mutation_observer (line 24) ... ok
[INFO] [stdout] test src/use_preferred_dark.rs - use_preferred_dark::use_preferred_dark (line 10) ... ok
[INFO] [stdout] test src/use_service_worker.rs - use_service_worker::use_service_worker (line 21) ... ok
[INFO] [stdout] test src/use_scroll.rs - use_scroll::use_scroll (line 58) ... ok
[INFO] [stdout] test src/use_supported.rs - use_supported::use_supported (line 7) ... ok
[INFO] [stdout] test src/use_sorted.rs - use_sorted::use_sorted (line 29) ... ok
[INFO] [stdout] test src/use_sorted.rs - use_sorted::use_sorted (line 14) ... ok
[INFO] [stdout] test src/use_scroll.rs - use_scroll::use_scroll (line 96) ... ok
[INFO] [stdout] test src/use_timestamp.rs - use_timestamp::use_timestamp (line 34) ... ok
[INFO] [stdout] test src/use_toggle.rs - use_toggle::use_toggle (line 12) ... ok
[INFO] [stdout] test src/use_throttle_fn.rs - use_throttle_fn::use_throttle_fn (line 42) ... ok
[INFO] [stdout] test src/use_timeout_fn.rs - use_timeout_fn::use_timeout_fn (line 12) ... ok
[INFO] [stdout] test src/use_textarea_autosize.rs - use_textarea_autosize::use_textarea_autosize (line 64) ... ok
[INFO] [stdout] test src/use_textarea_autosize.rs - use_textarea_autosize::use_textarea_autosize (line 16) ... ok
[INFO] [stdout] test src/use_timestamp.rs - use_timestamp::use_timestamp (line 20) ... ok
[INFO] [stdout] test src/use_to_string.rs - use_to_string::use_to_string (line 7) ... ok
[INFO] [stdout] test src/use_throttle_fn.rs - use_throttle_fn::use_throttle_fn (line 18) ... ok
[INFO] [stdout] test src/use_user_media.rs - use_user_media::use_user_media (line 15) ... ok
[INFO] [stdout] test src/use_websocket.rs - use_websocket::use_websocket (line 175) ... ok
[INFO] [stdout] test src/use_websocket.rs - use_websocket::use_websocket (line 203) ... ok
[INFO] [stdout] test src/use_websocket.rs - use_websocket::use_websocket (line 117) ... ok
[INFO] [stdout] test src/use_window.rs - use_window::use_window (line 18) ... ok
[INFO] [stdout] test src/use_websocket.rs - use_websocket::use_websocket (line 239) ... ok
[INFO] [stdout] test src/use_websocket.rs - use_websocket::use_websocket (line 30) ... ok
[INFO] [stdout] test src/use_web_notification.rs - use_web_notification::use_web_notification (line 19) ... ok
[INFO] [stdout] test src/utils/sendwrap_fn.rs - utils::sendwrap_fn::sendwrap_fn (line 13) ... ok
[INFO] [stdout] test src/use_window_focus.rs - use_window_focus::use_window_focus (line 17) ... ok
[INFO] [stdout] test src/watch_debounced.rs - watch_debounced::watch_debounced (line 39) ... ok
[INFO] [stdout] test src/utils/sendwrap_fn.rs - utils::sendwrap_fn::sendwrap_fn (line 5) ... ok
[INFO] [stdout] test src/use_websocket.rs - use_websocket::use_websocket (line 80) ... ok
[INFO] [stdout] test src/watch_debounced.rs - watch_debounced::watch_debounced (line 13) ... ok
[INFO] [stdout] test src/use_window_size.rs - use_window_size::use_window_size (line 17) ... ok
[INFO] [stdout] test src/watch_pausable.rs - watch_pausable::watch_pausable (line 12) ... ok
[INFO] [stdout] test src/use_window_scroll.rs - use_window_scroll::use_window_scroll (line 16) ... ok
[INFO] [stdout] test src/watch_with_options.rs - watch_with_options::watch_with_options (line 44) ... ok
[INFO] [stdout] test src/watch_with_options.rs - watch_with_options::watch_with_options (line 18) ... ok
[INFO] [stdout] test src/watch_throttled.rs - watch_throttled::watch_throttled (line 38) ... ok
[INFO] [stdout] test src/whenever.rs - whenever::whenever (line 25) ... ok
[INFO] [stdout] test src/whenever.rs - whenever::whenever (line 7) ... ok
[INFO] [stdout] test src/watch_throttled.rs - watch_throttled::watch_throttled (line 12) ... ok
[INFO] [stdout] test src/whenever.rs - whenever::whenever (line 64) ... ok
[INFO] [stdout] test src/whenever.rs - whenever::whenever (line 44) ... ok
[INFO] [stdout] test src/watch_with_options.rs - watch_with_options::watch_with_options (line 63) ... ok
[INFO] [stdout] 
[INFO] [stdout] failures:
[INFO] [stdout] 
[INFO] [stdout] ---- src/use_prefers_reduced_motion.rs - use_prefers_reduced_motion::use_prefers_reduced_motion (line 14) stdout ----
[INFO] [stdout] error[E0425]: cannot find value `BooleanDisplay` in this scope
[INFO] [stdout]   --> src/use_prefers_reduced_motion.rs:27:38
[INFO] [stdout]    |
[INFO] [stdout] 16 |         <p>Prefers reduced motions: <BooleanDisplay value=is_reduced_motion_preferred/></p>
[INFO] [stdout]    |                                      ^^^^^^^^^^^^^^ not found in this scope
[INFO] [stdout] 
[INFO] [stdout] error: aborting due to 1 previous error
[INFO] [stdout] 
[INFO] [stdout] For more information about this error, try `rustc --explain E0425`.
[INFO] [stdout] Couldn't compile the test.
[INFO] [stdout] 
[INFO] [stdout] failures:
[INFO] [stdout]     src/use_prefers_reduced_motion.rs - use_prefers_reduced_motion::use_prefers_reduced_motion (line 14)
[INFO] [stdout] 
[INFO] [stdout] test result: FAILED. 131 passed; 1 failed; 1 ignored; 0 measured; 0 filtered out; finished in 7.46s
[INFO] [stdout] 
[INFO] [stderr] error: doctest failed, to rerun pass `--doc`
[INFO] running `Command { std: "docker" "inspect" "e1259aeaa6bc37c50ff7ab7eddd11a35ddfb3e202a2186ce6ce4792a00489fda", kill_on_drop: false }`
[INFO] running `Command { std: "docker" "rm" "-f" "e1259aeaa6bc37c50ff7ab7eddd11a35ddfb3e202a2186ce6ce4792a00489fda", kill_on_drop: false }`
[INFO] [stdout] e1259aeaa6bc37c50ff7ab7eddd11a35ddfb3e202a2186ce6ce4792a00489fda
