[INFO] fetching crate l3_fn_build 0.0.4...
[INFO] testing l3_fn_build-0.0.4 against nightly-2025-01-18 for randomize-layout-2
[INFO] extracting crate l3_fn_build 0.0.4 into /workspace/builds/worker-6-tc1/source
[INFO] validating manifest of crates.io crate l3_fn_build 0.0.4 on toolchain nightly-2025-01-18
[INFO] running `Command { std: CARGO_HOME="/workspace/cargo-home" RUSTUP_HOME="/workspace/rustup-home" "/workspace/cargo-home/bin/cargo" "+nightly-2025-01-18" "metadata" "--manifest-path" "Cargo.toml" "--no-deps", kill_on_drop: false }`
[INFO] started tweaking crates.io crate l3_fn_build 0.0.4
[INFO] removed 0 missing examples
[INFO] finished tweaking crates.io crate l3_fn_build 0.0.4
[INFO] tweaked toml for crates.io crate l3_fn_build 0.0.4 written to /workspace/builds/worker-6-tc1/source/Cargo.toml
[INFO] crate crates.io crate l3_fn_build 0.0.4 already has a lockfile, it will not be regenerated
[INFO] running `Command { std: CARGO_HOME="/workspace/cargo-home" RUSTUP_HOME="/workspace/rustup-home" "/workspace/cargo-home/bin/cargo" "+nightly-2025-01-18" "fetch" "--manifest-path" "Cargo.toml", kill_on_drop: false }`
[INFO] [stderr]     Updating crates.io index
[INFO] [stderr]  Downloading crates ...
[INFO] [stderr]   Downloaded swc_ecma_compat_es2021 v4.0.0
[INFO] [stderr]   Downloaded swc_atoms v2.0.0
[INFO] [stderr]   Downloaded st-map v0.2.4
[INFO] [stderr]   Downloaded thiserror-impl v2.0.0
[INFO] [stderr]   Downloaded swc_ecma_codegen_macros v1.0.0
[INFO] [stderr]   Downloaded is-macro v0.3.6
[INFO] [stderr]   Downloaded rustpython-parser-core v0.4.0
[INFO] [stderr]   Downloaded swc_allocator v1.0.0
[INFO] [stderr]   Downloaded rustpython-parser-vendored v0.4.0
[INFO] [stderr]   Downloaded rustpython-ast v0.4.0
[INFO] [stderr]   Downloaded swc_ecma_preset_env v4.0.0
[INFO] [stderr]   Downloaded rustpython-parser v0.4.0
[INFO] [stderr]   Downloaded swc_ecma_minifier v4.0.0
[INFO] [stderr]   Downloaded swc_ecma_compat_es2022 v4.0.0
[INFO] [stderr]   Downloaded browserslist-rs v0.16.0
[INFO] [stderr]   Downloaded swc_ecma_parser v4.0.0
[INFO] [stderr]   Downloaded swc_ecma_visit v3.0.0
[INFO] [stderr]   Downloaded swc_ecma_compat_es2015 v4.0.0
[INFO] [stderr]   Downloaded swc_ecma_transforms_base v4.0.1
[INFO] [stderr]   Downloaded l3_api_base v0.0.4
[INFO] [stderr]   Downloaded swc_ecma_ext_transforms v4.0.0
[INFO] [stderr]   Downloaded swc_ecma_usage_analyzer v4.0.0
[INFO] [stderr]   Downloaded swc_ecma_compat_bugfixes v4.0.0
[INFO] [stderr]   Downloaded swc_ecma_compat_es2017 v4.0.0
[INFO] [stderr]   Downloaded swc_fast_graph v4.0.0
[INFO] [stderr]   Downloaded swc_node_comments v3.0.0
[INFO] [stderr]   Downloaded swc v4.0.0
[INFO] [stderr]   Downloaded swc_compiler_base v4.0.0
[INFO] [stderr]   Downloaded swc_ecma_lints v4.0.0
[INFO] [stderr]   Downloaded swc_ecma_loader v3.0.0
[INFO] [stderr]   Downloaded swc_ecma_transforms_proposal v4.0.0
[INFO] [stderr]   Downloaded swc_ecma_transforms_optimization v4.0.0
[INFO] [stderr]   Downloaded swc_error_reporters v4.0.0
[INFO] [stderr]   Downloaded swc_common v3.0.0
[INFO] [stderr]   Downloaded swc_ecma_ast v3.0.0
[INFO] [stderr]   Downloaded jsonc-parser v0.21.1
[INFO] [stderr]   Downloaded swc_ecma_codegen v3.0.0
[INFO] [stderr]   Downloaded swc_ecma_transforms_module v4.0.0
[INFO] [stderr]   Downloaded swc_ecma_transforms_react v4.0.0
[INFO] [stderr]   Downloaded swc_ecma_transforms_typescript v4.0.0
[INFO] [stderr]   Downloaded swc_typescript v3.0.0
[INFO] [stderr]   Downloaded thiserror v2.0.0
[INFO] [stderr]   Downloaded preset_env_base v1.0.0
[INFO] [stderr]   Downloaded swc_ecma_compat_es2018 v4.0.0
[INFO] [stderr]   Downloaded swc_ecma_utils v4.0.0
[INFO] [stderr]   Downloaded static-map-macro v0.3.4
[INFO] [stderr]   Downloaded swc_ecma_compat_es2020 v4.0.0
[INFO] [stderr]   Downloaded swc_ecma_transforms_compat v4.0.0
[INFO] [stderr]   Downloaded swc_transform_common v1.0.0
[INFO] [stderr]   Downloaded ast_node v2.0.0
[INFO] [stderr]   Downloaded swc_ecma_transforms v4.0.0
[INFO] [stderr]   Downloaded swc_cached v1.0.0
[INFO] [stderr]   Downloaded swc_config_macro v1.0.0
[INFO] [stderr]   Downloaded swc_config v1.0.0
[INFO] [stderr]   Downloaded swc_ecma_compat_es2016 v4.0.0
[INFO] [stderr]   Downloaded swc_ecma_compat_es2019 v4.0.0
[INFO] [stderr]   Downloaded swc_ecma_compat_common v4.0.0
[INFO] [stderr]   Downloaded swc_ecma_compat_es3 v4.0.0
[INFO] [stderr]   Downloaded swc_ecma_transforms_classes v4.0.0
[INFO] [stderr]   Downloaded swc_trace_macro v2.0.0
[INFO] [stderr]   Downloaded swc_ecma_transforms_macros v1.0.0
[INFO] [stderr]   Downloaded swc_timer v1.0.0
[INFO] running `Command { std: "docker" "create" "-v" "/var/lib/crater-agent-workspace/builds/worker-6-tc1/target:/opt/rustwide/target:rw,Z" "-v" "/var/lib/crater-agent-workspace/builds/worker-6-tc1/source:/opt/rustwide/workdir:ro,Z" "-v" "/var/lib/crater-agent-workspace/cargo-home:/opt/rustwide/cargo-home:ro,Z" "-v" "/var/lib/crater-agent-workspace/rustup-home:/opt/rustwide/rustup-home:ro,Z" "-e" "SOURCE_DIR=/opt/rustwide/workdir" "-e" "CARGO_TARGET_DIR=/opt/rustwide/target" "-e" "CARGO_HOME=/opt/rustwide/cargo-home" "-e" "RUSTUP_HOME=/opt/rustwide/rustup-home" "-w" "/opt/rustwide/workdir" "-m" "1610612736" "--user" "0:0" "--network" "none" "ghcr.io/rust-lang/crates-build-env/linux@sha256:819108c5571ea2e421544af4d832f968d213c87fbe3707a016657f43d2f853bc" "/opt/rustwide/cargo-home/bin/cargo" "+nightly-2025-01-18" "metadata" "--no-deps" "--format-version=1", kill_on_drop: false }`
[INFO] [stdout] 1224786160e65d55c80b0d2b841dd98a00fd5ab8593ad636b4be433b88cf75b5
[INFO] running `Command { std: "docker" "start" "-a" "1224786160e65d55c80b0d2b841dd98a00fd5ab8593ad636b4be433b88cf75b5", kill_on_drop: false }`
[INFO] running `Command { std: "docker" "inspect" "1224786160e65d55c80b0d2b841dd98a00fd5ab8593ad636b4be433b88cf75b5", kill_on_drop: false }`
[INFO] running `Command { std: "docker" "rm" "-f" "1224786160e65d55c80b0d2b841dd98a00fd5ab8593ad636b4be433b88cf75b5", kill_on_drop: false }`
[INFO] [stdout] 1224786160e65d55c80b0d2b841dd98a00fd5ab8593ad636b4be433b88cf75b5
[INFO] running `Command { std: "docker" "create" "-v" "/var/lib/crater-agent-workspace/builds/worker-6-tc1/target:/opt/rustwide/target:rw,Z" "-v" "/var/lib/crater-agent-workspace/builds/worker-6-tc1/source:/opt/rustwide/workdir:ro,Z" "-v" "/var/lib/crater-agent-workspace/cargo-home:/opt/rustwide/cargo-home:ro,Z" "-v" "/var/lib/crater-agent-workspace/rustup-home:/opt/rustwide/rustup-home:ro,Z" "-e" "SOURCE_DIR=/opt/rustwide/workdir" "-e" "CARGO_TARGET_DIR=/opt/rustwide/target" "-e" "CARGO_INCREMENTAL=0" "-e" "RUST_BACKTRACE=full" "-e" "RUSTFLAGS=--cap-lints=forbid" "-e" "RUSTDOCFLAGS=--cap-lints=forbid" "-e" "CARGO_HOME=/opt/rustwide/cargo-home" "-e" "RUSTUP_HOME=/opt/rustwide/rustup-home" "-w" "/opt/rustwide/workdir" "-m" "1610612736" "--user" "0:0" "--network" "none" "ghcr.io/rust-lang/crates-build-env/linux@sha256:819108c5571ea2e421544af4d832f968d213c87fbe3707a016657f43d2f853bc" "/opt/rustwide/cargo-home/bin/cargo" "+nightly-2025-01-18" "build" "--frozen" "--message-format=json", kill_on_drop: false }`
[INFO] [stdout] 4a9aff76c4a4d99dd3163a806daf4dadd5941010161016156310a26bed1f2d79
[INFO] running `Command { std: "docker" "start" "-a" "4a9aff76c4a4d99dd3163a806daf4dadd5941010161016156310a26bed1f2d79", kill_on_drop: false }`
[INFO] [stderr]    Compiling proc-macro2 v1.0.89
[INFO] [stderr]    Compiling unicode-ident v1.0.13
[INFO] [stderr]    Compiling libc v0.2.161
[INFO] [stderr]    Compiling version_check v0.9.5
[INFO] [stderr]    Compiling serde v1.0.213
[INFO] [stderr]    Compiling once_cell v1.20.2
[INFO] [stderr]    Compiling byteorder v1.5.0
[INFO] [stderr]    Compiling allocator-api2 v0.2.18
[INFO] [stderr]    Compiling memchr v2.7.4
[INFO] [stderr]    Compiling siphasher v0.3.11
[INFO] [stderr]    Compiling ryu v1.0.18
[INFO] [stderr]    Compiling either v1.13.0
[INFO] [stderr]    Compiling hashbrown v0.15.0
[INFO] [stderr]    Compiling num-traits v0.2.19
[INFO] [stderr]    Compiling equivalent v1.0.1
[INFO] [stderr]    Compiling lock_api v0.4.12
[INFO] [stderr]    Compiling unicode-width v0.1.14
[INFO] [stderr]    Compiling serde_json v1.0.132
[INFO] [stderr]    Compiling phf_shared v0.11.2
[INFO] [stderr]    Compiling parking_lot_core v0.9.10
[INFO] [stderr]    Compiling scopeguard v1.2.0
[INFO] [stderr]    Compiling smallvec v1.13.2
[INFO] [stderr]    Compiling itoa v1.0.11
[INFO] [stderr]    Compiling rustc-hash v1.1.0
[INFO] [stderr]    Compiling tinyvec_macros v0.1.1
[INFO] [stderr]    Compiling syn v1.0.109
[INFO] [stderr]    Compiling tinyvec v1.8.0
[INFO] [stderr]    Compiling radium v0.7.0
[INFO] [stderr]    Compiling outref v0.1.0
[INFO] [stderr]    Compiling percent-encoding v2.3.1
[INFO] [stderr]    Compiling stable_deref_trait v1.2.0
[INFO] [stderr]    Compiling ahash v0.8.11
[INFO] [stderr]    Compiling pin-project-lite v0.2.15
[INFO] [stderr]    Compiling shlex v1.3.0
[INFO] [stderr]    Compiling tap v1.0.1
[INFO] [stderr]    Compiling unicode-bidi v0.3.17
[INFO] [stderr]    Compiling form_urlencoded v1.2.1
[INFO] [stderr]    Compiling simd-abstraction v0.7.1
[INFO] [stderr]    Compiling wyz v0.5.1
[INFO] [stderr]    Compiling tracing-core v0.1.32
[INFO] [stderr]    Compiling bumpalo v3.16.0
[INFO] [stderr]    Compiling new_debug_unreachable v1.0.6
[INFO] [stderr]    Compiling funty v2.0.0
[INFO] [stderr]    Compiling uuid v1.11.0
[INFO] [stderr]    Compiling data-encoding v2.6.0
[INFO] [stderr]    Compiling if_chain v1.0.2
[INFO] [stderr]    Compiling unicode-id-start v1.3.1
[INFO] [stderr]    Compiling base64-simd v0.7.0
[INFO] [stderr]    Compiling scoped-tls v1.0.1
[INFO] [stderr]    Compiling swc_visit v2.0.0
[INFO] [stderr]    Compiling better_scoped_tls v1.0.0
[INFO] [stderr]    Compiling Inflector v0.11.4
[INFO] [stderr]    Compiling getrandom v0.2.15
[INFO] [stderr]    Compiling jobserver v0.1.32
[INFO] [stderr]    Compiling bitflags v2.6.0
[INFO] [stderr]    Compiling num-integer v0.1.46
[INFO] [stderr]    Compiling quote v1.0.37
[INFO] [stderr]    Compiling rand_core v0.6.4
[INFO] [stderr]    Compiling num_cpus v1.16.0
[INFO] [stderr]    Compiling ryu-js v1.0.1
[INFO] [stderr]    Compiling parking_lot v0.12.3
[INFO] [stderr]    Compiling syn v2.0.87
[INFO] [stderr]    Compiling unicode-id v0.3.5
[INFO] [stderr]    Compiling cc v1.1.31
[INFO] [stderr]    Compiling unicode-normalization v0.1.24
[INFO] [stderr]    Compiling static_assertions v1.1.0
[INFO] [stderr]    Compiling smartstring v1.0.1
[INFO] [stderr]    Compiling typed-arena v2.0.2
[INFO] [stderr]    Compiling anyhow v1.0.92
[INFO] [stderr]    Compiling aho-corasick v1.1.3
[INFO] [stderr]    Compiling regex-syntax v0.8.5
[INFO] [stderr]    Compiling bitvec v1.0.1
[INFO] [stderr]    Compiling generic-array v0.14.7
[INFO] [stderr]    Compiling subtle v2.6.1
[INFO] [stderr]    Compiling pkg-config v0.3.31
[INFO] [stderr]    Compiling arrayvec v0.7.6
[INFO] [stderr]    Compiling thiserror v1.0.67
[INFO] [stderr]    Compiling libm v0.2.11
[INFO] [stderr]    Compiling cpufeatures v0.2.14
[INFO] [stderr]    Compiling fixedbitset v0.4.2
[INFO] [stderr]    Compiling crossbeam-utils v0.8.20
[INFO] [stderr]    Compiling itertools v0.11.0
[INFO] [stderr]    Compiling idna v0.5.0
[INFO] [stderr]    Compiling log v0.4.22
[INFO] [stderr]    Compiling malachite-nz v0.4.16
[INFO] [stderr]    Compiling crunchy v0.2.2
[INFO] [stderr]    Compiling base64 v0.21.7
[INFO] [stderr]    Compiling pathdiff v0.2.2
[INFO] [stderr]    Compiling getopts v0.2.21
[INFO] [stderr]    Compiling minimal-lexical v0.2.1
[INFO] [stderr]    Compiling semver v1.0.23
[INFO] [stderr]    Compiling path-clean v0.1.0
[INFO] [stderr]    Compiling lazy_static v1.5.0
[INFO] [stderr]    Compiling tiny-keccak v2.0.2
[INFO] [stderr]    Compiling rayon-core v1.12.1
[INFO] [stderr]    Compiling owo-colors v4.1.0
[INFO] [stderr]    Compiling nom v7.1.3
[INFO] [stderr]    Compiling url v2.5.2
[INFO] [stderr]    Compiling chrono v0.4.38
[INFO] [stderr]    Compiling crypto-common v0.1.6
[INFO] [stderr]    Compiling block-buffer v0.10.4
[INFO] [stderr]    Compiling crossbeam-epoch v0.9.18
[INFO] [stderr]    Compiling itertools v0.13.0
[INFO] [stderr]    Compiling digest v0.10.7
[INFO] [stderr]    Compiling unic-char-range v0.9.0
[INFO] [stderr]    Compiling crossbeam-deque v0.8.5
[INFO] [stderr]    Compiling zstd-safe v7.2.1
[INFO] [stderr]    Compiling convert_case v0.4.0
[INFO] [stderr]    Compiling sha1 v0.10.6
[INFO] [stderr]    Compiling unicode-linebreak v0.1.5
[INFO] [stderr]    Compiling unic-common v0.9.0
[INFO] [stderr]    Compiling smawk v0.3.2
[INFO] [stderr]    Compiling path-clean v1.0.1
[INFO] [stderr]    Compiling unic-ucd-version v0.9.0
[INFO] [stderr]    Compiling psm v0.1.23
[INFO] [stderr]    Compiling stacker v0.1.17
[INFO] [stderr]    Compiling zstd-sys v2.0.13+zstd.1.5.6
[INFO] [stderr]    Compiling bzip2-sys v0.1.11+1.0.8
[INFO] [stderr]    Compiling textwrap v0.16.1
[INFO] [stderr]    Compiling unic-char-property v0.9.0
[INFO] [stderr]    Compiling inout v0.1.3
[INFO] [stderr]    Compiling rustpython-parser-vendored v0.4.0
[INFO] [stderr]    Compiling crc32fast v1.4.2
[INFO] [stderr]    Compiling adler2 v2.0.0
[INFO] [stderr]    Compiling powerfmt v0.2.0
[INFO] [stderr]    Compiling radix_fmt v1.0.0
[INFO] [stderr]    Compiling crc-catalog v2.4.0
[INFO] [stderr]    Compiling regex-automata v0.4.8
[INFO] [stderr]    Compiling crc v3.2.1
[INFO] [stderr]    Compiling deranged v0.3.11
[INFO] [stderr]    Compiling miniz_oxide v0.8.0
[INFO] [stderr]    Compiling cipher v0.4.4
[INFO] [stderr]    Compiling rayon v1.10.0
[INFO] [stderr]    Compiling hmac v0.12.1
[INFO] [stderr]    Compiling zip v2.2.0
[INFO] [stderr]    Compiling lockfree-object-pool v0.1.6
[INFO] [stderr]    Compiling simd-adler32 v0.3.7
[INFO] [stderr]    Compiling thiserror v2.0.0
[INFO] [stderr]    Compiling time-core v0.1.2
[INFO] [stderr]    Compiling num-conv v0.1.0
[INFO] [stderr]    Compiling pbkdf2 v0.12.2
[INFO] [stderr]    Compiling aes v0.8.4
[INFO] [stderr]    Compiling time v0.3.36
[INFO] [stderr]    Compiling zopfli v0.8.1
[INFO] [stderr]    Compiling lzma-rs v0.3.0
[INFO] [stderr]    Compiling flate2 v1.0.34
[INFO] [stderr]    Compiling bzip2 v0.4.4
[INFO] [stderr]    Compiling unic-emoji-char v0.9.0
[INFO] [stderr]    Compiling unic-ucd-ident v0.9.0
[INFO] [stderr]    Compiling mio v1.0.2
[INFO] [stderr]    Compiling signal-hook-registry v1.4.2
[INFO] [stderr]    Compiling socket2 v0.5.7
[INFO] [stderr]    Compiling bytes v1.8.0
[INFO] [stderr]    Compiling lalrpop-util v0.20.2
[INFO] [stderr]    Compiling ptr_meta_derive v0.1.4
[INFO] [stderr]    Compiling deflate64 v0.1.9
[INFO] [stderr]    Compiling constant_time_eq v0.3.1
[INFO] [stderr]    Compiling sha2 v0.10.8
[INFO] [stderr]    Compiling base64 v0.22.1
[INFO] [stderr]    Compiling ptr_meta v0.1.4
[INFO] [stderr]    Compiling l3_api_base v0.0.4
[INFO] [stderr]    Compiling swc_macros_common v1.0.0
[INFO] [stderr]    Compiling zerocopy-derive v0.7.35
[INFO] [stderr]    Compiling serde_derive v1.0.213
[INFO] [stderr]    Compiling tracing-attributes v0.1.27
[INFO] [stderr]    Compiling from_variant v2.0.0
[INFO] [stderr]    Compiling swc_eq_ignore_macros v1.0.0
[INFO] [stderr]    Compiling ast_node v2.0.0
[INFO] [stderr]    Compiling is-macro v0.3.6
[INFO] [stderr]    Compiling string_enum v1.0.0
[INFO] [stderr]    Compiling swc_ecma_transforms_macros v1.0.0
[INFO] [stderr]    Compiling swc_trace_macro v2.0.0
[INFO] [stderr]    Compiling swc_config_macro v1.0.0
[INFO] [stderr]    Compiling thiserror-impl v1.0.67
[INFO] [stderr]    Compiling static-map-macro v0.3.4
[INFO] [stderr]    Compiling swc_ecma_codegen_macros v1.0.0
[INFO] [stderr]    Compiling miette-derive v7.2.0
[INFO] [stderr]    Compiling derive_more v0.99.18
[INFO] [stderr]    Compiling zeroize_derive v1.4.2
[INFO] [stderr]    Compiling regex v1.11.1
[INFO] [stderr]    Compiling st-map v0.2.4
[INFO] [stderr]    Compiling rustpython-parser-core v0.4.0
[INFO] [stderr]    Compiling auto_impl v1.2.0
[INFO] [stderr]    Compiling zerocopy v0.7.35
[INFO] [stderr]    Compiling zeroize v1.8.1
[INFO] [stderr]    Compiling thiserror-impl v2.0.0
[INFO] [stderr]    Compiling displaydoc v0.2.5
[INFO] [stderr]    Compiling tokio-macros v2.4.0
[INFO] [stderr]    Compiling ppv-lite86 v0.2.20
[INFO] [stderr]    Compiling tokio v1.41.0
[INFO] [stderr]    Compiling tracing v0.1.40
[INFO] [stderr]    Compiling rand_chacha v0.3.1
[INFO] [stderr]    Compiling swc_timer v1.0.0
[INFO] [stderr]    Compiling miette v7.2.0
[INFO] [stderr]    Compiling rand v0.8.5
[INFO] [stderr]    Compiling zstd v0.13.2
[INFO] [stderr]    Compiling phf_generator v0.11.2
[INFO] [stderr]    Compiling phf_codegen v0.11.2
[INFO] [stderr]    Compiling phf_macros v0.11.2
[INFO] [stderr]    Compiling unicode_names2_generator v1.3.0
[INFO] [stderr]    Compiling rustpython-parser v0.4.0
[INFO] [stderr]    Compiling phf v0.11.2
[INFO] [stderr]    Compiling unicode_names2 v1.3.0
[INFO] [stderr]    Compiling indexmap v2.6.0
[INFO] [stderr]    Compiling triomphe v0.1.14
[INFO] [stderr]    Compiling debugid v0.8.0
[INFO] [stderr]    Compiling num-bigint v0.4.6
[INFO] [stderr]    Compiling hashbrown v0.14.5
[INFO] [stderr]    Compiling hashbrown v0.13.2
[INFO] [stderr]    Compiling petgraph v0.6.5
[INFO] [stderr]    Compiling lru v0.10.1
[INFO] [stderr]    Compiling hstr v0.2.12
[INFO] [stderr]    Compiling swc_allocator v1.0.0
[INFO] [stderr]    Compiling dashmap v5.5.3
[INFO] [stderr]    Compiling malachite-base v0.4.16
[INFO] [stderr]    Compiling swc_atoms v2.0.0
[INFO] [stderr]    Compiling sourcemap v9.0.0
[INFO] [stderr]    Compiling jsonc-parser v0.21.1
[INFO] [stderr]    Compiling swc_transform_common v1.0.0
[INFO] [stderr]    Compiling swc_cached v1.0.0
[INFO] [stderr]    Compiling browserslist-rs v0.16.0
[INFO] [stderr]    Compiling swc_common v3.0.0
[INFO] [stderr]    Compiling swc_config v1.0.0
[INFO] [stderr]    Compiling swc_ecma_ast v3.0.0
[INFO] [stderr]    Compiling swc_fast_graph v4.0.0
[INFO] [stderr]    Compiling swc_ecma_loader v3.0.0
[INFO] [stderr]    Compiling swc_node_comments v3.0.0
[INFO] [stderr]    Compiling swc_error_reporters v4.0.0
[INFO] [stderr]    Compiling swc_ecma_visit v3.0.0
[INFO] [stderr]    Compiling swc_ecma_parser v4.0.0
[INFO] [stderr]    Compiling swc_ecma_codegen v3.0.0
[INFO] [stderr]    Compiling swc_typescript v3.0.0
[INFO] [stderr]    Compiling preset_env_base v1.0.0
[INFO] [stderr]    Compiling malachite-q v0.4.16
[INFO] [stderr]    Compiling swc_ecma_utils v4.0.0
[INFO] [stderr]    Compiling malachite v0.4.16
[INFO] [stderr]    Compiling malachite-bigint v0.2.0
[INFO] [stderr]    Compiling swc_ecma_compat_common v4.0.0
[INFO] [stderr]    Compiling swc_ecma_usage_analyzer v4.0.0
[INFO] [stderr]    Compiling swc_ecma_lints v4.0.0
[INFO] [stderr]    Compiling swc_ecma_ext_transforms v4.0.0
[INFO] [stderr]    Compiling rustpython-ast v0.4.0
[INFO] [stderr]    Compiling swc_ecma_transforms_base v4.0.1
[INFO] [stderr]    Compiling swc_ecma_transforms_classes v4.0.0
[INFO] [stderr]    Compiling swc_ecma_transforms_optimization v4.0.0
[INFO] [stderr]    Compiling swc_ecma_compat_es2019 v4.0.0
[INFO] [stderr]    Compiling swc_ecma_compat_es2017 v4.0.0
[INFO] [stderr]    Compiling swc_ecma_compat_es3 v4.0.0
[INFO] [stderr]    Compiling swc_ecma_compat_es2018 v4.0.0
[INFO] [stderr]    Compiling swc_ecma_compat_es2016 v4.0.0
[INFO] [stderr]    Compiling swc_ecma_transforms_react v4.0.0
[INFO] [stderr]    Compiling swc_ecma_compat_es2021 v4.0.0
[INFO] [stderr]    Compiling swc_ecma_transforms_module v4.0.0
[INFO] [stderr]    Compiling swc_ecma_compat_es2015 v4.0.0
[INFO] [stderr]    Compiling swc_ecma_compat_es2022 v4.0.0
[INFO] [stderr]    Compiling swc_ecma_transforms_proposal v4.0.0
[INFO] [stderr]    Compiling swc_ecma_transforms_typescript v4.0.0
[INFO] [stderr]    Compiling swc_ecma_compat_es2020 v4.0.0
[INFO] [stderr]    Compiling swc_ecma_minifier v4.0.0
[INFO] [stderr]    Compiling swc_ecma_compat_bugfixes v4.0.0
[INFO] [stderr]    Compiling swc_ecma_transforms_compat v4.0.0
[INFO] [stderr]    Compiling swc_ecma_transforms v4.0.0
[INFO] [stderr]    Compiling swc_ecma_preset_env v4.0.0
[INFO] [stderr]    Compiling swc_compiler_base v4.0.0
[INFO] [stderr]    Compiling swc v4.0.0
[INFO] [stderr]    Compiling l3_fn_build v0.0.4 (/opt/rustwide/workdir)
[INFO] [stderr]     Finished `dev` profile [unoptimized + debuginfo] target(s) in 2m 18s
[INFO] running `Command { std: "docker" "inspect" "4a9aff76c4a4d99dd3163a806daf4dadd5941010161016156310a26bed1f2d79", kill_on_drop: false }`
[INFO] running `Command { std: "docker" "rm" "-f" "4a9aff76c4a4d99dd3163a806daf4dadd5941010161016156310a26bed1f2d79", kill_on_drop: false }`
[INFO] [stdout] 4a9aff76c4a4d99dd3163a806daf4dadd5941010161016156310a26bed1f2d79
[INFO] running `Command { std: "docker" "create" "-v" "/var/lib/crater-agent-workspace/builds/worker-6-tc1/target:/opt/rustwide/target:rw,Z" "-v" "/var/lib/crater-agent-workspace/builds/worker-6-tc1/source:/opt/rustwide/workdir:ro,Z" "-v" "/var/lib/crater-agent-workspace/cargo-home:/opt/rustwide/cargo-home:ro,Z" "-v" "/var/lib/crater-agent-workspace/rustup-home:/opt/rustwide/rustup-home:ro,Z" "-e" "SOURCE_DIR=/opt/rustwide/workdir" "-e" "CARGO_TARGET_DIR=/opt/rustwide/target" "-e" "CARGO_INCREMENTAL=0" "-e" "RUST_BACKTRACE=full" "-e" "RUSTFLAGS=--cap-lints=forbid" "-e" "RUSTDOCFLAGS=--cap-lints=forbid" "-e" "CARGO_HOME=/opt/rustwide/cargo-home" "-e" "RUSTUP_HOME=/opt/rustwide/rustup-home" "-w" "/opt/rustwide/workdir" "-m" "1610612736" "--user" "0:0" "--network" "none" "ghcr.io/rust-lang/crates-build-env/linux@sha256:819108c5571ea2e421544af4d832f968d213c87fbe3707a016657f43d2f853bc" "/opt/rustwide/cargo-home/bin/cargo" "+nightly-2025-01-18" "test" "--frozen" "--no-run" "--message-format=json", kill_on_drop: false }`
[INFO] [stdout] 9ac834cd439370bb316f7e780d62010e757e85e2db89c980783d668a2038f8f8
[INFO] running `Command { std: "docker" "start" "-a" "9ac834cd439370bb316f7e780d62010e757e85e2db89c980783d668a2038f8f8", kill_on_drop: false }`
[INFO] [stderr]    Compiling temp-dir v0.1.14
[INFO] [stderr]    Compiling l3_fn_build v0.0.4 (/opt/rustwide/workdir)
[INFO] [stderr]     Finished `test` profile [unoptimized + debuginfo] target(s) in 22.83s
[INFO] running `Command { std: "docker" "inspect" "9ac834cd439370bb316f7e780d62010e757e85e2db89c980783d668a2038f8f8", kill_on_drop: false }`
[INFO] running `Command { std: "docker" "rm" "-f" "9ac834cd439370bb316f7e780d62010e757e85e2db89c980783d668a2038f8f8", kill_on_drop: false }`
[INFO] [stdout] 9ac834cd439370bb316f7e780d62010e757e85e2db89c980783d668a2038f8f8
[INFO] running `Command { std: "docker" "create" "-v" "/var/lib/crater-agent-workspace/builds/worker-6-tc1/target:/opt/rustwide/target:rw,Z" "-v" "/var/lib/crater-agent-workspace/builds/worker-6-tc1/source:/opt/rustwide/workdir:ro,Z" "-v" "/var/lib/crater-agent-workspace/cargo-home:/opt/rustwide/cargo-home:ro,Z" "-v" "/var/lib/crater-agent-workspace/rustup-home:/opt/rustwide/rustup-home:ro,Z" "-e" "SOURCE_DIR=/opt/rustwide/workdir" "-e" "CARGO_TARGET_DIR=/opt/rustwide/target" "-e" "CARGO_INCREMENTAL=0" "-e" "RUST_BACKTRACE=full" "-e" "RUSTFLAGS=--cap-lints=forbid" "-e" "RUSTDOCFLAGS=--cap-lints=forbid" "-e" "CARGO_HOME=/opt/rustwide/cargo-home" "-e" "RUSTUP_HOME=/opt/rustwide/rustup-home" "-w" "/opt/rustwide/workdir" "-m" "1610612736" "--user" "0:0" "--network" "none" "ghcr.io/rust-lang/crates-build-env/linux@sha256:819108c5571ea2e421544af4d832f968d213c87fbe3707a016657f43d2f853bc" "/opt/rustwide/cargo-home/bin/cargo" "+nightly-2025-01-18" "test" "--frozen", kill_on_drop: false }`
[INFO] [stdout] 5739b43e310aeceaa3c5df37a816b0106f818ca2990bd291701223d71d3f56db
[INFO] running `Command { std: "docker" "start" "-a" "5739b43e310aeceaa3c5df37a816b0106f818ca2990bd291701223d71d3f56db", kill_on_drop: false }`
[INFO] [stderr]     Finished `test` profile [unoptimized + debuginfo] target(s) in 0.63s
[INFO] [stderr]      Running unittests src/lib.rs (/opt/rustwide/target/debug/deps/l3_fn_build-a82a6498b100ce4b)
[INFO] [stdout] 
[INFO] [stdout] running 43 tests
[INFO] [stdout] test checksum_test::test_checksum_try_from_path ... ok
[INFO] [stdout] test build_test::build_fn_errors_for_missing_handler ... ok
[INFO] [stdout] test checksum_test::test_checksum_try_from_string ... ok
[INFO] [stdout] test parse_test::parse_entrypoint_of_js_fn ... ok
[INFO] [stdout] test parse_test::parse_entrypoint_of_python_fn ... ok
[INFO] [stdout] test build_test::build_fn_produces_checksums ... ok
[INFO] [stdout] test paths_test::test_join_file_paths_joins_rel_path_with_sibling ... ok
[INFO] [stdout] test paths_test::test_join_file_paths_joins_rel_path_with_pwd ... ok
[INFO] [stdout] test build_test::build_fn_errors_for_invalid_extension ... ok
[INFO] [stdout] test routing_test::test_http_route_from_handler_fn ... ok
[INFO] [stdout] test runtime::node::imports::resolver_test::subpath_imports::from_asterisk_extension::test_resolves_from_asterisk_extension_to_asterisk ... ignored
[INFO] [stdout] test parse_test::parse_fn_errors_for_invalid_extension ... ok
[INFO] [stdout] test runtime::node::imports::resolver_test::subpath_imports::from_asterisk::test_resolves_from_asterisk_to_asterisk_extension ... ok
[INFO] [stdout] test runtime::node::imports::resolver_test::subpath_imports::from_asterisk::test_resolves_from_asterisk_to_asterisk ... ok
[INFO] [stdout] test routing_test::test_unsupported_route_from_handler_fn ... ok
[INFO] [stdout] test runtime::node::imports::resolver_test::subpath_imports::from_explicit::test_resolves_from_explicit_to_package_dependency ... ok
[INFO] [stdout] test runtime::node::imports::resolver_test::subpath_imports::from_asterisk_extension::test_resolves_from_asterisk_extension_to_relative_source ... ok
[INFO] [stdout] test runtime::node::imports::resolver_test::subpath_imports::from_asterisk_extension::test_resolves_from_asterisk_extension_to_package_dependency ... ok
[INFO] [stdout] test runtime::node::imports::resolver_test::subpath_imports::from_explicit::test_resolves_from_explicit_to_relative_source ... ok
[INFO] [stdout] test paths_test::test_join_file_paths_joins_rel_path_with_ancestor ... ok
[INFO] [stdout] test runtime::node::imports::resolver_test::subpath_imports::from_asterisk::test_resolves_from_asterisk_to_relative_source ... ok
[INFO] [stdout] test runtime::node::imports::subpath::read_test::test_read_subpath_imports_parses_wildcard_subpath_import_mapped_to_explicit_path ... ok
[INFO] [stdout] test runtime::node::imports::resolver_test::subpath_imports::from_asterisk::test_resolves_from_asterisk_to_package_dependency ... ok
[INFO] [stdout] test runtime::node::imports::resolver_test::test_node_import_resolver_resolves_relative_source ... ok
[INFO] [stdout] test runtime::node::node_config_test::test_parse_node_config_with_subpath_imports ... ok
[INFO] [stdout] test runtime::node::imports::subpath::read_test::test_read_subpath_imports_removes_cjs_conditional_subpath_imports ... ok
[INFO] [stdout] test runtime::node::node_config_test::test_parse_node_config_with_dependencies ... ok
[INFO] [stdout] test runtime::node::node_config_test::test_parse_node_config_without_subpath_imports ... ok
[INFO] [stdout] test testing::update_node_gold ... ignored
[INFO] [stdout] test swc::visitors_test::test_import_visitor_collects_import_fn ... ok
[INFO] [stdout] test testing::update_python_gold ... ignored
[INFO] [stdout] test swc::visitors_test::test_import_visitor_collects_top_level_import ... ok
[INFO] [stdout] test runtime::node::node_config_test::test_parse_node_config_resolves_package_type ... ok
[INFO] [stdout] test runtime::node::imports::subpath::read_test::test_read_subpath_imports_parses_wildcard_subpath_import_with_extension ... ok
[INFO] [stdout] test runtime::node::imports::subpath::read_test::test_read_subpath_imports_resolves_to_first_es_conditional_subpath_imports ... ok
[INFO] [stdout] test runtime::node::imports::resolver_test::subpath_imports::from_asterisk_extension::test_resolves_from_asterisk_extension_to_asterisk_extension ... ok
[INFO] [stdout] test runtime::node::imports::subpath::read_test::test_read_subpath_imports_parses_wildcard_subpath_import_with_multiple_asterisks ... ok
[INFO] [stdout] test runtime::node::node_config_test::test_parse_node_config_with_invalid_subpath_imports ... ok
[INFO] [stdout] test runtime::node::imports::subpath::read_test::test_read_subpath_imports_parses_explicit_subpath_import ... ok
[INFO] [stdout] test runtime::node::imports::subpath::read_test::test_read_subpath_imports_parses_wildcard_subpath_import ... ok
[INFO] [stdout] test build_test::build_fn_produces_archive ... ok
[INFO] [stdout] test testing::test_python_fixtures ... ok
[INFO] [stdout] test testing::test_node_fixtures ... FAILED
[INFO] [stdout] 
[INFO] [stdout] failures:
[INFO] [stdout] 
[INFO] [stdout] ---- testing::test_node_fixtures stdout ----
[INFO] [stdout] 
[INFO] [stdout] thread 'testing::test_node_fixtures' panicked at src/testing/fixture.rs:267:17:
[INFO] [stdout] fixture node/js/subpath_import/from_asterisk_dir/to_multiple_asterisks failed verifying fixture directory with runtime with output:
[INFO] [stdout] ~~STDERR~~
[INFO] [stdout] internal/process/esm_loader.js:74
[INFO] [stdout]     internalBinding('errors').triggerUncaughtException(
[INFO] [stdout]                               ^
[INFO] [stdout] 
[INFO] [stdout] TypeError [ERR_PACKAGE_IMPORT_NOT_DEFINED]: Package import specifier "#lib/data/api.js" is not defined in package /opt/rustwide/workdir/fixtures/node/js/subpath_import/from_asterisk_dir/to_multiple_asterisks/package.json imported from /opt/rustwide/workdir/fixtures/node/js/subpath_import/from_asterisk_dir/to_multiple_asterisks/routes/data/lambda.js
[INFO] [stdout]     at throwImportNotDefined (internal/modules/esm/resolve.js:293:9)
[INFO] [stdout]     at packageImportsResolve (internal/modules/esm/resolve.js:574:3)
[INFO] [stdout]     at moduleResolve (internal/modules/esm/resolve.js:700:21)
[INFO] [stdout]     at Loader.defaultResolve [as _resolve] (internal/modules/esm/resolve.js:798:11)
[INFO] [stdout]     at Loader.resolve (internal/modules/esm/loader.js:100:40)
[INFO] [stdout]     at Loader.getModuleJob (internal/modules/esm/loader.js:246:28)
[INFO] [stdout]     at ModuleWrap.<anonymous> (internal/modules/esm/module_job.js:47:40)
[INFO] [stdout]     at link (internal/modules/esm/module_job.js:46:36) {
[INFO] [stdout]   code: 'ERR_PACKAGE_IMPORT_NOT_DEFINED'
[INFO] [stdout] }
[INFO] [stdout] 
[INFO] [stdout] ~~STDOUT~~
[INFO] [stdout] 
[INFO] [stdout] stack backtrace:
[INFO] [stdout]    0:     0x63c0acacb1ca - std::backtrace_rs::backtrace::libunwind::trace::hb059275cfc8d6126
[INFO] [stdout]                                at /rustc/6067b36314ab5eb2eb47cecc464545ba58e1ad24/library/std/src/../../backtrace/src/backtrace/libunwind.rs:116:5
[INFO] [stdout]    1:     0x63c0acacb1ca - std::backtrace_rs::backtrace::trace_unsynchronized::h2da071e4327ce3ee
[INFO] [stdout]                                at /rustc/6067b36314ab5eb2eb47cecc464545ba58e1ad24/library/std/src/../../backtrace/src/backtrace/mod.rs:66:5
[INFO] [stdout]    2:     0x63c0acacb1ca - std::sys::backtrace::_print_fmt::h842a1474e6f8d23f
[INFO] [stdout]                                at /rustc/6067b36314ab5eb2eb47cecc464545ba58e1ad24/library/std/src/sys/backtrace.rs:66:9
[INFO] [stdout]    3:     0x63c0acacb1ca - <std::sys::backtrace::BacktraceLock::print::DisplayBacktrace as core::fmt::Display>::fmt::h71a62eb3b9696b12
[INFO] [stdout]                                at /rustc/6067b36314ab5eb2eb47cecc464545ba58e1ad24/library/std/src/sys/backtrace.rs:39:26
[INFO] [stdout]    4:     0x63c0acaf8953 - core::fmt::rt::Argument::fmt::hdb6b616786b41dc1
[INFO] [stdout]                                at /rustc/6067b36314ab5eb2eb47cecc464545ba58e1ad24/library/core/src/fmt/rt.rs:177:76
[INFO] [stdout]    5:     0x63c0acaf8953 - core::fmt::write::h2cc1698af7e2d686
[INFO] [stdout]                                at /rustc/6067b36314ab5eb2eb47cecc464545ba58e1ad24/library/core/src/fmt/mod.rs:1440:21
[INFO] [stdout]    6:     0x63c0acac7003 - std::io::Write::write_fmt::hab1b4cd059a79022
[INFO] [stdout]                                at /rustc/6067b36314ab5eb2eb47cecc464545ba58e1ad24/library/std/src/io/mod.rs:1887:15
[INFO] [stdout]    7:     0x63c0acacb012 - std::sys::backtrace::BacktraceLock::print::h147fe35b4ea13b08
[INFO] [stdout]                                at /rustc/6067b36314ab5eb2eb47cecc464545ba58e1ad24/library/std/src/sys/backtrace.rs:42:9
[INFO] [stdout]    8:     0x63c0acacc5ef - std::panicking::default_hook::{{closure}}::hbd44223dbdc0d208
[INFO] [stdout]                                at /rustc/6067b36314ab5eb2eb47cecc464545ba58e1ad24/library/std/src/panicking.rs:298:22
[INFO] [stdout]    9:     0x63c0acacc408 - std::panicking::default_hook::h20f81eb0576efcec
[INFO] [stdout]                                at /rustc/6067b36314ab5eb2eb47cecc464545ba58e1ad24/library/std/src/panicking.rs:322:9
[INFO] [stdout]   10:     0x63c0ab7152d3 - <alloc::boxed::Box<F,A> as core::ops::function::Fn<Args>>::call::hdb53814c496a4d34
[INFO] [stdout]                                at /rustc/6067b36314ab5eb2eb47cecc464545ba58e1ad24/library/alloc/src/boxed.rs:2027:9
[INFO] [stdout]   11:     0x63c0ab7152d3 - test::test_main::{{closure}}::hc0a4963c59427c24
[INFO] [stdout]                                at /rustc/6067b36314ab5eb2eb47cecc464545ba58e1ad24/library/test/src/lib.rs:134:21
[INFO] [stdout]   12:     0x63c0acacd0e3 - <alloc::boxed::Box<F,A> as core::ops::function::Fn<Args>>::call::h591b2225413a77e9
[INFO] [stdout]                                at /rustc/6067b36314ab5eb2eb47cecc464545ba58e1ad24/library/alloc/src/boxed.rs:2027:9
[INFO] [stdout]   13:     0x63c0acacd0e3 - std::panicking::rust_panic_with_hook::h625eea43051b2edc
[INFO] [stdout]                                at /rustc/6067b36314ab5eb2eb47cecc464545ba58e1ad24/library/std/src/panicking.rs:839:13
[INFO] [stdout]   14:     0x63c0acaccd9a - std::panicking::begin_panic_handler::{{closure}}::h4f9159cfbc3f6bd3
[INFO] [stdout]                                at /rustc/6067b36314ab5eb2eb47cecc464545ba58e1ad24/library/std/src/panicking.rs:704:13
[INFO] [stdout]   15:     0x63c0acacb6c9 - std::sys::backtrace::__rust_end_short_backtrace::h0390abce48353151
[INFO] [stdout]                                at /rustc/6067b36314ab5eb2eb47cecc464545ba58e1ad24/library/std/src/sys/backtrace.rs:168:18
[INFO] [stdout]   16:     0x63c0acacca2d - rust_begin_unwind
[INFO] [stdout]                                at /rustc/6067b36314ab5eb2eb47cecc464545ba58e1ad24/library/std/src/panicking.rs:695:5
[INFO] [stdout]   17:     0x63c0acaf62a0 - core::panicking::panic_fmt::h9e7c637e9e5f29c9
[INFO] [stdout]                                at /rustc/6067b36314ab5eb2eb47cecc464545ba58e1ad24/library/core/src/panicking.rs:75:14
[INFO] [stdout]   18:     0x63c0ab5f92f3 - l3_fn_build::testing::fixture::TestFixture::verify_build_with_runtime::{{closure}}::h22575ce485bbbdd1
[INFO] [stdout]                                at /opt/rustwide/workdir/src/testing/fixture.rs:267:17
[INFO] [stdout]   19:     0x63c0ab5f4006 - l3_fn_build::testing::fixture::TestFixture::run::{{closure}}::h5c866bc4ccb61dfc
[INFO] [stdout]                                at /opt/rustwide/workdir/src/testing/fixture.rs:53:18
[INFO] [stdout]   20:     0x63c0ab5ff4f6 - l3_fn_build::testing::test_node_fixtures::{{closure}}::heb342dba63d62012
[INFO] [stdout]                                at /opt/rustwide/workdir/src/testing/mod.rs:26:23
[INFO] [stdout]   21:     0x63c0ab667b32 - <core::pin::Pin<P> as core::future::future::Future>::poll::hda4e718cb54c4ee1
[INFO] [stdout]                                at /rustc/6067b36314ab5eb2eb47cecc464545ba58e1ad24/library/core/src/future/future.rs:124:9
[INFO] [stdout]   22:     0x63c0ab667a8d - <core::pin::Pin<P> as core::future::future::Future>::poll::hd16b676ce34a4ad9
[INFO] [stdout]                                at /rustc/6067b36314ab5eb2eb47cecc464545ba58e1ad24/library/core/src/future/future.rs:124:9
[INFO] [stdout]   23:     0x63c0ab647f3f - tokio::runtime::scheduler::current_thread::CoreGuard::block_on::{{closure}}::{{closure}}::{{closure}}::h9ce4e9f72ec3540d
[INFO] [stdout]                                at /opt/rustwide/cargo-home/registry/src/index.crates.io-1949cf8c6b5b557f/tokio-1.41.0/src/runtime/scheduler/current_thread/mod.rs:729:57
[INFO] [stdout]   24:     0x63c0ab647e85 - tokio::runtime::coop::with_budget::h4ef72a3de9f01d1e
[INFO] [stdout]                                at /opt/rustwide/cargo-home/registry/src/index.crates.io-1949cf8c6b5b557f/tokio-1.41.0/src/runtime/coop.rs:107:5
[INFO] [stdout]   25:     0x63c0ab647e85 - tokio::runtime::coop::budget::hbf08a7a39ae58174
[INFO] [stdout]                                at /opt/rustwide/cargo-home/registry/src/index.crates.io-1949cf8c6b5b557f/tokio-1.41.0/src/runtime/coop.rs:73:5
[INFO] [stdout]   26:     0x63c0ab647e85 - tokio::runtime::scheduler::current_thread::CoreGuard::block_on::{{closure}}::{{closure}}::hbdd1ea7e6d4819c0
[INFO] [stdout]                                at /opt/rustwide/cargo-home/registry/src/index.crates.io-1949cf8c6b5b557f/tokio-1.41.0/src/runtime/scheduler/current_thread/mod.rs:729:25
[INFO] [stdout]   27:     0x63c0ab6451b0 - tokio::runtime::scheduler::current_thread::Context::enter::h94b54063698b108a
[INFO] [stdout]                                at /opt/rustwide/cargo-home/registry/src/index.crates.io-1949cf8c6b5b557f/tokio-1.41.0/src/runtime/scheduler/current_thread/mod.rs:428:19
[INFO] [stdout]   28:     0x63c0ab646c8e - tokio::runtime::scheduler::current_thread::CoreGuard::block_on::{{closure}}::ha0f85047b75155d8
[INFO] [stdout]                                at /opt/rustwide/cargo-home/registry/src/index.crates.io-1949cf8c6b5b557f/tokio-1.41.0/src/runtime/scheduler/current_thread/mod.rs:728:36
[INFO] [stdout]   29:     0x63c0ab6469a4 - tokio::runtime::scheduler::current_thread::CoreGuard::enter::{{closure}}::hed7021863e5d513d
[INFO] [stdout]                                at /opt/rustwide/cargo-home/registry/src/index.crates.io-1949cf8c6b5b557f/tokio-1.41.0/src/runtime/scheduler/current_thread/mod.rs:807:68
[INFO] [stdout]   30:     0x63c0ab619b8b - tokio::runtime::context::scoped::Scoped<T>::set::h4f8233dfb358719e
[INFO] [stdout]                                at /opt/rustwide/cargo-home/registry/src/index.crates.io-1949cf8c6b5b557f/tokio-1.41.0/src/runtime/context/scoped.rs:40:9
[INFO] [stdout]   31:     0x63c0ab6730f9 - tokio::runtime::context::set_scheduler::{{closure}}::h98c3fcefdf1891bf
[INFO] [stdout]                                at /opt/rustwide/cargo-home/registry/src/index.crates.io-1949cf8c6b5b557f/tokio-1.41.0/src/runtime/context.rs:180:26
[INFO] [stdout]   32:     0x63c0ab63b752 - std::thread::local::LocalKey<T>::try_with::h890b926b972923d7
[INFO] [stdout]                                at /rustc/6067b36314ab5eb2eb47cecc464545ba58e1ad24/library/std/src/thread/local.rs:308:12
[INFO] [stdout]   33:     0x63c0ab63a4ea - std::thread::local::LocalKey<T>::with::h66cdb4e2d21aea8c
[INFO] [stdout]                                at /rustc/6067b36314ab5eb2eb47cecc464545ba58e1ad24/library/std/src/thread/local.rs:272:9
[INFO] [stdout]   34:     0x63c0ab67306d - tokio::runtime::context::set_scheduler::he2b34a9081c0a94f
[INFO] [stdout]                                at /opt/rustwide/cargo-home/registry/src/index.crates.io-1949cf8c6b5b557f/tokio-1.41.0/src/runtime/context.rs:180:9
[INFO] [stdout]   35:     0x63c0ab646730 - tokio::runtime::scheduler::current_thread::CoreGuard::enter::h8898a8921439f87a
[INFO] [stdout]                                at /opt/rustwide/cargo-home/registry/src/index.crates.io-1949cf8c6b5b557f/tokio-1.41.0/src/runtime/scheduler/current_thread/mod.rs:807:27
[INFO] [stdout]   36:     0x63c0ab6469c3 - tokio::runtime::scheduler::current_thread::CoreGuard::block_on::h50de3dfed42d6f24
[INFO] [stdout]                                at /opt/rustwide/cargo-home/registry/src/index.crates.io-1949cf8c6b5b557f/tokio-1.41.0/src/runtime/scheduler/current_thread/mod.rs:716:19
[INFO] [stdout]   37:     0x63c0ab642eca - tokio::runtime::scheduler::current_thread::CurrentThread::block_on::{{closure}}::h359d531feeaa487d
[INFO] [stdout]                                at /opt/rustwide/cargo-home/registry/src/index.crates.io-1949cf8c6b5b557f/tokio-1.41.0/src/runtime/scheduler/current_thread/mod.rs:196:28
[INFO] [stdout]   38:     0x63c0ab627b86 - tokio::runtime::context::runtime::enter_runtime::h51a93361e4cbf649
[INFO] [stdout]                                at /opt/rustwide/cargo-home/registry/src/index.crates.io-1949cf8c6b5b557f/tokio-1.41.0/src/runtime/context/runtime.rs:65:16
[INFO] [stdout]   39:     0x63c0ab6427f1 - tokio::runtime::scheduler::current_thread::CurrentThread::block_on::h8668db0df25b097f
[INFO] [stdout]                                at /opt/rustwide/cargo-home/registry/src/index.crates.io-1949cf8c6b5b557f/tokio-1.41.0/src/runtime/scheduler/current_thread/mod.rs:184:9
[INFO] [stdout]   40:     0x63c0ab653cf3 - tokio::runtime::runtime::Runtime::block_on_inner::haafcef810c3d4ea7
[INFO] [stdout]                                at /opt/rustwide/cargo-home/registry/src/index.crates.io-1949cf8c6b5b557f/tokio-1.41.0/src/runtime/runtime.rs:368:47
[INFO] [stdout]   41:     0x63c0ab653ee7 - tokio::runtime::runtime::Runtime::block_on::h49786523e7336aa2
[INFO] [stdout]                                at /opt/rustwide/cargo-home/registry/src/index.crates.io-1949cf8c6b5b557f/tokio-1.41.0/src/runtime/runtime.rs:342:13
[INFO] [stdout]   42:     0x63c0ab5ff281 - l3_fn_build::testing::test_node_fixtures::he829ba6007a5306a
[INFO] [stdout]                                at /opt/rustwide/workdir/src/testing/mod.rs:22:5
[INFO] [stdout]   43:     0x63c0ab5ff127 - l3_fn_build::testing::test_node_fixtures::{{closure}}::h305c0083ee45db5a
[INFO] [stdout]                                at /opt/rustwide/workdir/src/testing/mod.rs:21:30
[INFO] [stdout]   44:     0x63c0ab658a96 - core::ops::function::FnOnce::call_once::h22ff126aa65f0a3b
[INFO] [stdout]                                at /rustc/6067b36314ab5eb2eb47cecc464545ba58e1ad24/library/core/src/ops/function.rs:250:5
[INFO] [stdout]   45:     0x63c0ab71aa2b - core::ops::function::FnOnce::call_once::he27718dfdd183f43
[INFO] [stdout]                                at /rustc/6067b36314ab5eb2eb47cecc464545ba58e1ad24/library/core/src/ops/function.rs:250:5
[INFO] [stdout]   46:     0x63c0ab71aa2b - test::__rust_begin_short_backtrace::h4e84902998457a5d
[INFO] [stdout]                                at /rustc/6067b36314ab5eb2eb47cecc464545ba58e1ad24/library/test/src/lib.rs:632:18
[INFO] [stdout]   47:     0x63c0ab719963 - test::run_test_in_process::{{closure}}::h7176fd18fc1feca0
[INFO] [stdout]                                at /rustc/6067b36314ab5eb2eb47cecc464545ba58e1ad24/library/test/src/lib.rs:655:60
[INFO] [stdout]   48:     0x63c0ab719963 - <core::panic::unwind_safe::AssertUnwindSafe<F> as core::ops::function::FnOnce<()>>::call_once::hf79cff2a624d8cf7
[INFO] [stdout]                                at /rustc/6067b36314ab5eb2eb47cecc464545ba58e1ad24/library/core/src/panic/unwind_safe.rs:272:9
[INFO] [stdout]   49:     0x63c0ab719963 - std::panicking::try::do_call::h3da0561d9ab99c25
[INFO] [stdout]                                at /rustc/6067b36314ab5eb2eb47cecc464545ba58e1ad24/library/std/src/panicking.rs:587:40
[INFO] [stdout]   50:     0x63c0ab719963 - std::panicking::try::h41c9fa508bc61df6
[INFO] [stdout]                                at /rustc/6067b36314ab5eb2eb47cecc464545ba58e1ad24/library/std/src/panicking.rs:550:19
[INFO] [stdout]   51:     0x63c0ab719963 - std::panic::catch_unwind::h6b3ff07bb5afad93
[INFO] [stdout]                                at /rustc/6067b36314ab5eb2eb47cecc464545ba58e1ad24/library/std/src/panic.rs:358:14
[INFO] [stdout]   52:     0x63c0ab719963 - test::run_test_in_process::hc7253dd11b39b9f4
[INFO] [stdout]                                at /rustc/6067b36314ab5eb2eb47cecc464545ba58e1ad24/library/test/src/lib.rs:655:27
[INFO] [stdout]   53:     0x63c0ab719963 - test::run_test::{{closure}}::hfb2007f8649c30bb
[INFO] [stdout]                                at /rustc/6067b36314ab5eb2eb47cecc464545ba58e1ad24/library/test/src/lib.rs:576:43
[INFO] [stdout]   54:     0x63c0ab6dca45 - test::run_test::{{closure}}::h56a17aa7a282a9f4
[INFO] [stdout]                                at /rustc/6067b36314ab5eb2eb47cecc464545ba58e1ad24/library/test/src/lib.rs:606:41
[INFO] [stdout]   55:     0x63c0ab6dca45 - std::sys::backtrace::__rust_begin_short_backtrace::hd2d2d2fb8e8c6aac
[INFO] [stdout]                                at /rustc/6067b36314ab5eb2eb47cecc464545ba58e1ad24/library/std/src/sys/backtrace.rs:152:18
[INFO] [stdout]   56:     0x63c0ab6e032a - std::thread::Builder::spawn_unchecked_::{{closure}}::{{closure}}::h4faa3f9db6133423
[INFO] [stdout]                                at /rustc/6067b36314ab5eb2eb47cecc464545ba58e1ad24/library/std/src/thread/mod.rs:559:17
[INFO] [stdout]   57:     0x63c0ab6e032a - <core::panic::unwind_safe::AssertUnwindSafe<F> as core::ops::function::FnOnce<()>>::call_once::hf2e855a36a4ea846
[INFO] [stdout]                                at /rustc/6067b36314ab5eb2eb47cecc464545ba58e1ad24/library/core/src/panic/unwind_safe.rs:272:9
[INFO] [stdout]   58:     0x63c0ab6e032a - std::panicking::try::do_call::h2f73af3616c35465
[INFO] [stdout]                                at /rustc/6067b36314ab5eb2eb47cecc464545ba58e1ad24/library/std/src/panicking.rs:587:40
[INFO] [stdout]   59:     0x63c0ab6e032a - std::panicking::try::hd1660ce9efadef5a
[INFO] [stdout]                                at /rustc/6067b36314ab5eb2eb47cecc464545ba58e1ad24/library/std/src/panicking.rs:550:19
[INFO] [stdout]   60:     0x63c0ab6e032a - std::panic::catch_unwind::h5ee8d7823b8ca744
[INFO] [stdout]                                at /rustc/6067b36314ab5eb2eb47cecc464545ba58e1ad24/library/std/src/panic.rs:358:14
[INFO] [stdout]   61:     0x63c0ab6e032a - std::thread::Builder::spawn_unchecked_::{{closure}}::h53c3a1894dce8407
[INFO] [stdout]                                at /rustc/6067b36314ab5eb2eb47cecc464545ba58e1ad24/library/std/src/thread/mod.rs:557:30
[INFO] [stdout]   62:     0x63c0ab6e032a - core::ops::function::FnOnce::call_once{{vtable.shim}}::h048ce291ad4f62bf
[INFO] [stdout]                                at /rustc/6067b36314ab5eb2eb47cecc464545ba58e1ad24/library/core/src/ops/function.rs:250:5
[INFO] [stdout]   63:     0x63c0acad2d0b - <alloc::boxed::Box<F,A> as core::ops::function::FnOnce<Args>>::call_once::ha52bedf99a3b4981
[INFO] [stdout]                                at /rustc/6067b36314ab5eb2eb47cecc464545ba58e1ad24/library/alloc/src/boxed.rs:2013:9
[INFO] [stdout]   64:     0x63c0acad2d0b - <alloc::boxed::Box<F,A> as core::ops::function::FnOnce<Args>>::call_once::h567748934d80ccf8
[INFO] [stdout]                                at /rustc/6067b36314ab5eb2eb47cecc464545ba58e1ad24/library/alloc/src/boxed.rs:2013:9
[INFO] [stdout]   65:     0x63c0acad2d0b - std::sys::pal::unix::thread::Thread::new::thread_start::h2d970728ae887adc
[INFO] [stdout]                                at /rustc/6067b36314ab5eb2eb47cecc464545ba58e1ad24/library/std/src/sys/pal/unix/thread.rs:106:17
[INFO] [stdout]   66:     0x77e260845ac3 - <unknown>
[INFO] [stdout]   67:     0x77e2608d6a04 - clone
[INFO] [stdout]   68:                0x0 - <unknown>
[INFO] [stdout] 
[INFO] [stdout] 
[INFO] [stdout] failures:
[INFO] [stdout]     testing::test_node_fixtures
[INFO] [stdout] 
[INFO] [stdout] test result: FAILED. 39 passed; 1 failed; 3 ignored; 0 measured; 0 filtered out; finished in 7.27s
[INFO] [stdout] 
[INFO] [stderr] error: test failed, to rerun pass `--lib`
[INFO] running `Command { std: "docker" "inspect" "5739b43e310aeceaa3c5df37a816b0106f818ca2990bd291701223d71d3f56db", kill_on_drop: false }`
[INFO] running `Command { std: "docker" "rm" "-f" "5739b43e310aeceaa3c5df37a816b0106f818ca2990bd291701223d71d3f56db", kill_on_drop: false }`
[INFO] [stdout] 5739b43e310aeceaa3c5df37a816b0106f818ca2990bd291701223d71d3f56db
