[INFO] fetching crate kovi-plugin-expand-napcat 0.3.1...
[INFO] testing kovi-plugin-expand-napcat-0.3.1 against nightly-2025-01-18+rustflags=-Zrandomize-layout for randomize-layout-2
[INFO] extracting crate kovi-plugin-expand-napcat 0.3.1 into /workspace/builds/worker-1-tc2/source
[INFO] validating manifest of crates.io crate kovi-plugin-expand-napcat 0.3.1 on toolchain nightly-2025-01-18
[INFO] running `Command { std: CARGO_HOME="/workspace/cargo-home" RUSTUP_HOME="/workspace/rustup-home" "/workspace/cargo-home/bin/cargo" "+nightly-2025-01-18" "metadata" "--manifest-path" "Cargo.toml" "--no-deps", kill_on_drop: false }`
[INFO] started tweaking crates.io crate kovi-plugin-expand-napcat 0.3.1
[INFO] finished tweaking crates.io crate kovi-plugin-expand-napcat 0.3.1
[INFO] tweaked toml for crates.io crate kovi-plugin-expand-napcat 0.3.1 written to /workspace/builds/worker-1-tc2/source/Cargo.toml
[INFO] running `Command { std: CARGO_HOME="/workspace/cargo-home" RUSTUP_HOME="/workspace/rustup-home" "/workspace/cargo-home/bin/cargo" "+nightly-2025-01-18" "generate-lockfile" "--manifest-path" "Cargo.toml", kill_on_drop: false }`
[INFO] [stderr]     Updating crates.io index
[INFO] [stderr]      Locking 222 packages to latest compatible versions
[INFO] running `Command { std: CARGO_HOME="/workspace/cargo-home" RUSTUP_HOME="/workspace/rustup-home" "/workspace/cargo-home/bin/cargo" "+nightly-2025-01-18" "fetch" "--manifest-path" "Cargo.toml", kill_on_drop: false }`
[INFO] running `Command { std: "docker" "create" "-v" "/var/lib/crater-agent-workspace/builds/worker-1-tc2/target:/opt/rustwide/target:rw,Z" "-v" "/var/lib/crater-agent-workspace/builds/worker-1-tc2/source:/opt/rustwide/workdir:ro,Z" "-v" "/var/lib/crater-agent-workspace/cargo-home:/opt/rustwide/cargo-home:ro,Z" "-v" "/var/lib/crater-agent-workspace/rustup-home:/opt/rustwide/rustup-home:ro,Z" "-e" "SOURCE_DIR=/opt/rustwide/workdir" "-e" "CARGO_TARGET_DIR=/opt/rustwide/target" "-e" "CARGO_HOME=/opt/rustwide/cargo-home" "-e" "RUSTUP_HOME=/opt/rustwide/rustup-home" "-w" "/opt/rustwide/workdir" "-m" "1610612736" "--user" "0:0" "--network" "none" "ghcr.io/rust-lang/crates-build-env/linux@sha256:819108c5571ea2e421544af4d832f968d213c87fbe3707a016657f43d2f853bc" "/opt/rustwide/cargo-home/bin/cargo" "+nightly-2025-01-18" "metadata" "--no-deps" "--format-version=1", kill_on_drop: false }`
[INFO] [stdout] 8454c9e6cfc485a66047962b5e7c77547f75989088b938ac9b0a700599c7cc05
[INFO] running `Command { std: "docker" "start" "-a" "8454c9e6cfc485a66047962b5e7c77547f75989088b938ac9b0a700599c7cc05", kill_on_drop: false }`
[INFO] running `Command { std: "docker" "inspect" "8454c9e6cfc485a66047962b5e7c77547f75989088b938ac9b0a700599c7cc05", kill_on_drop: false }`
[INFO] running `Command { std: "docker" "rm" "-f" "8454c9e6cfc485a66047962b5e7c77547f75989088b938ac9b0a700599c7cc05", kill_on_drop: false }`
[INFO] [stdout] 8454c9e6cfc485a66047962b5e7c77547f75989088b938ac9b0a700599c7cc05
[INFO] running `Command { std: "docker" "create" "-v" "/var/lib/crater-agent-workspace/builds/worker-1-tc2/target:/opt/rustwide/target:rw,Z" "-v" "/var/lib/crater-agent-workspace/builds/worker-1-tc2/source:/opt/rustwide/workdir:ro,Z" "-v" "/var/lib/crater-agent-workspace/cargo-home:/opt/rustwide/cargo-home:ro,Z" "-v" "/var/lib/crater-agent-workspace/rustup-home:/opt/rustwide/rustup-home:ro,Z" "-e" "SOURCE_DIR=/opt/rustwide/workdir" "-e" "CARGO_TARGET_DIR=/opt/rustwide/target" "-e" "CARGO_INCREMENTAL=0" "-e" "RUST_BACKTRACE=full" "-e" "RUSTFLAGS=--cap-lints=forbid -Zrandomize-layout" "-e" "RUSTDOCFLAGS=--cap-lints=forbid" "-e" "CARGO_HOME=/opt/rustwide/cargo-home" "-e" "RUSTUP_HOME=/opt/rustwide/rustup-home" "-w" "/opt/rustwide/workdir" "-m" "1610612736" "--user" "0:0" "--network" "none" "ghcr.io/rust-lang/crates-build-env/linux@sha256:819108c5571ea2e421544af4d832f968d213c87fbe3707a016657f43d2f853bc" "/opt/rustwide/cargo-home/bin/cargo" "+nightly-2025-01-18" "build" "--frozen" "--message-format=json", kill_on_drop: false }`
[INFO] [stdout] 261beb01f6dc1b8e8604a69dfdb4205b6173ca58084c063fceade02b959a48e8
[INFO] running `Command { std: "docker" "start" "-a" "261beb01f6dc1b8e8604a69dfdb4205b6173ca58084c063fceade02b959a48e8", kill_on_drop: false }`
[INFO] [stderr]    Compiling proc-macro2 v1.0.93
[INFO] [stderr]    Compiling unicode-ident v1.0.14
[INFO] [stderr]    Compiling libc v0.2.169
[INFO] [stderr]    Compiling cfg-if v1.0.0
[INFO] [stderr]    Compiling autocfg v1.4.0
[INFO] [stderr]    Compiling smallvec v1.13.2
[INFO] [stderr]    Compiling once_cell v1.20.2
[INFO] [stderr]    Compiling bytes v1.9.0
[INFO] [stderr]    Compiling pin-project-lite v0.2.16
[INFO] [stderr]    Compiling stable_deref_trait v1.2.0
[INFO] [stderr]    Compiling parking_lot_core v0.9.10
[INFO] [stderr]    Compiling scopeguard v1.2.0
[INFO] [stderr]    Compiling itoa v1.0.14
[INFO] [stderr]    Compiling version_check v0.9.5
[INFO] [stderr]    Compiling futures-core v0.3.31
[INFO] [stderr]    Compiling memchr v2.7.4
[INFO] [stderr]    Compiling shlex v1.3.0
[INFO] [stderr]    Compiling futures-sink v0.3.31
[INFO] [stderr]    Compiling cc v1.2.10
[INFO] [stderr]    Compiling vcpkg v0.2.15
[INFO] [stderr]    Compiling lock_api v0.4.12
[INFO] [stderr]    Compiling slab v0.4.9
[INFO] [stderr]    Compiling fnv v1.0.7
[INFO] [stderr]    Compiling pkg-config v0.3.31
[INFO] [stderr]    Compiling http v1.2.0
[INFO] [stderr]    Compiling quote v1.0.38
[INFO] [stderr]    Compiling syn v2.0.96
[INFO] [stderr]    Compiling mio v1.0.3
[INFO] [stderr]    Compiling signal-hook-registry v1.4.2
[INFO] [stderr]    Compiling socket2 v0.5.8
[INFO] [stderr]    Compiling serde v1.0.217
[INFO] [stderr]    Compiling parking_lot v0.12.3
[INFO] [stderr]    Compiling writeable v0.5.5
[INFO] [stderr]    Compiling litemap v0.7.4
[INFO] [stderr]    Compiling typenum v1.17.0
[INFO] [stderr]    Compiling getrandom v0.2.15
[INFO] [stderr]    Compiling generic-array v0.14.7
[INFO] [stderr]    Compiling bitflags v2.8.0
[INFO] [stderr]    Compiling httparse v1.9.5
[INFO] [stderr]    Compiling pin-utils v0.1.0
[INFO] [stderr]    Compiling log v0.4.25
[INFO] [stderr]    Compiling hashbrown v0.15.2
[INFO] [stderr]    Compiling equivalent v1.0.1
[INFO] [stderr]    Compiling futures-io v0.3.31
[INFO] [stderr]    Compiling futures-task v0.3.31
[INFO] [stderr]    Compiling openssl-sys v0.9.104
[INFO] [stderr]    Compiling byteorder v1.5.0
[INFO] [stderr]    Compiling icu_locid_transform_data v1.5.0
[INFO] [stderr]    Compiling tracing-core v0.1.33
[INFO] [stderr]    Compiling openssl v0.10.68
[INFO] [stderr]    Compiling indexmap v2.7.1
[INFO] [stderr]    Compiling foreign-types-shared v0.1.1
[INFO] [stderr]    Compiling icu_properties_data v1.5.0
[INFO] [stderr]    Compiling foreign-types v0.3.2
[INFO] [stderr]    Compiling http-body v1.0.1
[INFO] [stderr]    Compiling thiserror v1.0.69
[INFO] [stderr]    Compiling try-lock v0.2.5
[INFO] [stderr]    Compiling atomic-waker v1.1.2
[INFO] [stderr]    Compiling write16 v1.0.0
[INFO] [stderr]    Compiling utf8_iter v1.0.4
[INFO] [stderr]    Compiling utf16_iter v1.0.5
[INFO] [stderr]    Compiling icu_normalizer_data v1.5.0
[INFO] [stderr]    Compiling tracing v0.1.41
[INFO] [stderr]    Compiling native-tls v0.2.12
[INFO] [stderr]    Compiling want v0.3.1
[INFO] [stderr]    Compiling rand_core v0.6.4
[INFO] [stderr]    Compiling num-traits v0.2.19
[INFO] [stderr]    Compiling futures-channel v0.3.31
[INFO] [stderr]    Compiling rustix v0.38.43
[INFO] [stderr]    Compiling openssl-probe v0.1.5
[INFO] [stderr]    Compiling tower-service v0.3.3
[INFO] [stderr]    Compiling percent-encoding v2.3.1
[INFO] [stderr]    Compiling linux-raw-sys v0.4.15
[INFO] [stderr]    Compiling utf8parse v0.2.2
[INFO] [stderr]    Compiling cpufeatures v0.2.16
[INFO] [stderr]    Compiling ryu v1.0.18
[INFO] [stderr]    Compiling anstyle-parse v0.2.6
[INFO] [stderr]    Compiling form_urlencoded v1.2.1
[INFO] [stderr]    Compiling aho-corasick v1.1.3
[INFO] [stderr]    Compiling ahash v0.8.11
[INFO] [stderr]    Compiling sync_wrapper v1.0.2
[INFO] [stderr]    Compiling thread_local v1.1.8
[INFO] [stderr]    Compiling regex-syntax v0.8.5
[INFO] [stderr]    Compiling rustls-pki-types v1.10.1
[INFO] [stderr]    Compiling anstyle-query v1.1.2
[INFO] [stderr]    Compiling iana-time-zone v0.1.61
[INFO] [stderr]    Compiling crypto-common v0.1.6
[INFO] [stderr]    Compiling block-buffer v0.10.4
[INFO] [stderr]    Compiling utf-8 v0.7.6
[INFO] [stderr]    Compiling digest v0.10.7
[INFO] [stderr]    Compiling unicode-width v0.2.0
[INFO] [stderr]    Compiling tower-layer v0.3.3
[INFO] [stderr]    Compiling serde_json v1.0.137
[INFO] [stderr]    Compiling sha1 v0.10.6
[INFO] [stderr]    Compiling anstyle v1.0.10
[INFO] [stderr]    Compiling winnow v0.6.24
[INFO] [stderr]    Compiling data-encoding v2.7.0
[INFO] [stderr]    Compiling is_terminal_polyfill v1.70.1
[INFO] [stderr]    Compiling colorchoice v1.0.3
[INFO] [stderr]    Compiling fastrand v2.3.0
[INFO] [stderr]    Compiling anstream v0.6.18
[INFO] [stderr]    Compiling console v0.15.10
[INFO] [stderr]    Compiling chrono v0.4.39
[INFO] [stderr]    Compiling synstructure v0.13.1
[INFO] [stderr]    Compiling rustls-pemfile v2.2.0
[INFO] [stderr]    Compiling tempfile v3.15.0
[INFO] [stderr]    Compiling regex-automata v0.4.9
[INFO] [stderr]    Compiling fuzzy-matcher v0.3.7
[INFO] [stderr]    Compiling env_filter v0.1.3
[INFO] [stderr]    Compiling encoding_rs v0.8.35
[INFO] [stderr]    Compiling base64 v0.22.1
[INFO] [stderr]    Compiling ipnet v2.11.0
[INFO] [stderr]    Compiling mime v0.3.17
[INFO] [stderr]    Compiling shell-words v1.1.0
[INFO] [stderr]    Compiling zeroize v1.8.1
[INFO] [stderr]    Compiling env_logger v0.11.6
[INFO] [stderr]    Compiling croner v2.1.0
[INFO] [stderr]    Compiling zerofrom-derive v0.1.5
[INFO] [stderr]    Compiling yoke-derive v0.7.5
[INFO] [stderr]    Compiling zerovec-derive v0.10.3
[INFO] [stderr]    Compiling displaydoc v0.2.5
[INFO] [stderr]    Compiling tokio-macros v2.5.0
[INFO] [stderr]    Compiling icu_provider_macros v1.5.0
[INFO] [stderr]    Compiling futures-macro v0.3.31
[INFO] [stderr]    Compiling serde_derive v1.0.217
[INFO] [stderr]    Compiling tokio v1.43.0
[INFO] [stderr]    Compiling zerocopy-derive v0.7.35
[INFO] [stderr]    Compiling zerofrom v0.1.5
[INFO] [stderr]    Compiling openssl-macros v0.1.1
[INFO] [stderr]    Compiling yoke v0.7.5
[INFO] [stderr]    Compiling thiserror-impl v1.0.69
[INFO] [stderr]    Compiling futures-util v0.3.31
[INFO] [stderr]    Compiling zerovec v0.10.4
[INFO] [stderr]    Compiling zerocopy v0.7.35
[INFO] [stderr]    Compiling tinystr v0.7.6
[INFO] [stderr]    Compiling icu_collections v1.5.0
[INFO] [stderr]    Compiling ppv-lite86 v0.2.20
[INFO] [stderr]    Compiling icu_locid v1.5.0
[INFO] [stderr]    Compiling rand_chacha v0.3.1
[INFO] [stderr]    Compiling icu_provider v1.5.0
[INFO] [stderr]    Compiling rand v0.8.5
[INFO] [stderr]    Compiling icu_locid_transform v1.5.0
[INFO] [stderr]    Compiling dialoguer v0.11.0
[INFO] [stderr]    Compiling tungstenite v0.24.0
[INFO] [stderr]    Compiling http-body-util v0.1.2
[INFO] [stderr]    Compiling regex v1.11.1
[INFO] [stderr]    Compiling icu_properties v1.5.1
[INFO] [stderr]    Compiling tokio-util v0.7.13
[INFO] [stderr]    Compiling tower v0.5.2
[INFO] [stderr]    Compiling h2 v0.4.7
[INFO] [stderr]    Compiling tokio-native-tls v0.3.1
[INFO] [stderr]    Compiling tokio-tungstenite v0.24.0
[INFO] [stderr]    Compiling kovi-macros v0.4.0
[INFO] [stderr]    Compiling icu_normalizer v1.5.0
[INFO] [stderr]    Compiling idna_adapter v1.2.0
[INFO] [stderr]    Compiling idna v1.0.3
[INFO] [stderr]    Compiling serde_spanned v0.6.8
[INFO] [stderr]    Compiling toml_datetime v0.6.8
[INFO] [stderr]    Compiling serde_urlencoded v0.7.1
[INFO] [stderr]    Compiling toml_edit v0.22.22
[INFO] [stderr]    Compiling url v2.5.4
[INFO] [stderr]    Compiling hyper v1.5.2
[INFO] [stderr]    Compiling hyper-util v0.1.10
[INFO] [stderr]    Compiling toml v0.8.19
[INFO] [stderr]    Compiling hyper-tls v0.6.0
[INFO] [stderr]    Compiling reqwest v0.12.12
[INFO] [stderr]    Compiling kovi v0.11.5
[INFO] [stderr]    Compiling kovi-plugin-expand-napcat v0.3.1 (/opt/rustwide/workdir)
[INFO] [stderr]     Finished `dev` profile [unoptimized + debuginfo] target(s) in 2m 04s
[INFO] running `Command { std: "docker" "inspect" "261beb01f6dc1b8e8604a69dfdb4205b6173ca58084c063fceade02b959a48e8", kill_on_drop: false }`
[INFO] running `Command { std: "docker" "rm" "-f" "261beb01f6dc1b8e8604a69dfdb4205b6173ca58084c063fceade02b959a48e8", kill_on_drop: false }`
[INFO] [stdout] 261beb01f6dc1b8e8604a69dfdb4205b6173ca58084c063fceade02b959a48e8
[INFO] running `Command { std: "docker" "create" "-v" "/var/lib/crater-agent-workspace/builds/worker-1-tc2/target:/opt/rustwide/target:rw,Z" "-v" "/var/lib/crater-agent-workspace/builds/worker-1-tc2/source:/opt/rustwide/workdir:ro,Z" "-v" "/var/lib/crater-agent-workspace/cargo-home:/opt/rustwide/cargo-home:ro,Z" "-v" "/var/lib/crater-agent-workspace/rustup-home:/opt/rustwide/rustup-home:ro,Z" "-e" "SOURCE_DIR=/opt/rustwide/workdir" "-e" "CARGO_TARGET_DIR=/opt/rustwide/target" "-e" "CARGO_INCREMENTAL=0" "-e" "RUST_BACKTRACE=full" "-e" "RUSTFLAGS=--cap-lints=forbid -Zrandomize-layout" "-e" "RUSTDOCFLAGS=--cap-lints=forbid" "-e" "CARGO_HOME=/opt/rustwide/cargo-home" "-e" "RUSTUP_HOME=/opt/rustwide/rustup-home" "-w" "/opt/rustwide/workdir" "-m" "1610612736" "--user" "0:0" "--network" "none" "ghcr.io/rust-lang/crates-build-env/linux@sha256:819108c5571ea2e421544af4d832f968d213c87fbe3707a016657f43d2f853bc" "/opt/rustwide/cargo-home/bin/cargo" "+nightly-2025-01-18" "test" "--frozen" "--no-run" "--message-format=json", kill_on_drop: false }`
[INFO] [stdout] 178aa3fb7a5f98482c2660b7225f056541dff75ee0bcbb07bd9c57b7af11f246
[INFO] running `Command { std: "docker" "start" "-a" "178aa3fb7a5f98482c2660b7225f056541dff75ee0bcbb07bd9c57b7af11f246", kill_on_drop: false }`
[INFO] [stderr]    Compiling kovi-plugin-expand-napcat v0.3.1 (/opt/rustwide/workdir)
[INFO] [stderr]     Finished `test` profile [unoptimized + debuginfo] target(s) in 1.05s
[INFO] running `Command { std: "docker" "inspect" "178aa3fb7a5f98482c2660b7225f056541dff75ee0bcbb07bd9c57b7af11f246", kill_on_drop: false }`
[INFO] running `Command { std: "docker" "rm" "-f" "178aa3fb7a5f98482c2660b7225f056541dff75ee0bcbb07bd9c57b7af11f246", kill_on_drop: false }`
[INFO] [stdout] 178aa3fb7a5f98482c2660b7225f056541dff75ee0bcbb07bd9c57b7af11f246
[INFO] running `Command { std: "docker" "create" "-v" "/var/lib/crater-agent-workspace/builds/worker-1-tc2/target:/opt/rustwide/target:rw,Z" "-v" "/var/lib/crater-agent-workspace/builds/worker-1-tc2/source:/opt/rustwide/workdir:ro,Z" "-v" "/var/lib/crater-agent-workspace/cargo-home:/opt/rustwide/cargo-home:ro,Z" "-v" "/var/lib/crater-agent-workspace/rustup-home:/opt/rustwide/rustup-home:ro,Z" "-e" "SOURCE_DIR=/opt/rustwide/workdir" "-e" "CARGO_TARGET_DIR=/opt/rustwide/target" "-e" "CARGO_INCREMENTAL=0" "-e" "RUST_BACKTRACE=full" "-e" "RUSTFLAGS=--cap-lints=forbid -Zrandomize-layout" "-e" "RUSTDOCFLAGS=--cap-lints=forbid" "-e" "CARGO_HOME=/opt/rustwide/cargo-home" "-e" "RUSTUP_HOME=/opt/rustwide/rustup-home" "-w" "/opt/rustwide/workdir" "-m" "1610612736" "--user" "0:0" "--network" "none" "ghcr.io/rust-lang/crates-build-env/linux@sha256:819108c5571ea2e421544af4d832f968d213c87fbe3707a016657f43d2f853bc" "/opt/rustwide/cargo-home/bin/cargo" "+nightly-2025-01-18" "test" "--frozen", kill_on_drop: false }`
[INFO] [stdout] e185e9225a7a5562265a0bcddf94cae7ac1ad6707569ffbac6c167fd1d685190
[INFO] running `Command { std: "docker" "start" "-a" "e185e9225a7a5562265a0bcddf94cae7ac1ad6707569ffbac6c167fd1d685190", kill_on_drop: false }`
[INFO] [stderr]     Finished `test` profile [unoptimized + debuginfo] target(s) in 0.27s
[INFO] [stderr]      Running unittests src/lib.rs (/opt/rustwide/target/debug/deps/kovi_plugin_expand_napcat-27f26353496bb464)
[INFO] [stdout] 
[INFO] [stdout] running 0 tests
[INFO] [stdout] 
[INFO] [stdout] test result: ok. 0 passed; 0 failed; 0 ignored; 0 measured; 0 filtered out; finished in 0.00s
[INFO] [stdout] 
[INFO] [stderr]    Doc-tests kovi_plugin_expand_napcat
[INFO] [stdout] 
[INFO] [stdout] running 8 tests
[INFO] [stdout] test src/lib.rs - NapCatVec::push_fake_node_from_id (line 1476) ... FAILED
[INFO] [stdout] test src/lib.rs - NapCatVec::push_node_from_id (line 1510) ... FAILED
[INFO] [stdout] test src/lib.rs - NapCatVec::add_fake_node_from_id (line 1450) ... FAILED
[INFO] [stdout] test src/lib.rs - NapCatVec::push_fake_node_from_content (line 1463) ... FAILED
[INFO] [stdout] test src/lib.rs - NapCatVec::add_node_from_id (line 1486) ... FAILED
[INFO] [stdout] test src/lib.rs - NapCatVec::add_node_from_content (line 1499) ... FAILED
[INFO] [stdout] test src/lib.rs - NapCatVec::push_node_from_content (line 1523) ... FAILED
[INFO] [stdout] test src/lib.rs - NapCatVec::add_fake_node_from_content (line 1432) ... FAILED
[INFO] [stdout] 
[INFO] [stdout] failures:
[INFO] [stdout] 
[INFO] [stdout] ---- src/lib.rs - NapCatVec::push_fake_node_from_id (line 1476) stdout ----
[INFO] [stdout] error[E0599]: no method named `push_fake_node_from_id` found for struct `Vec<_>` in the current scope
[INFO] [stdout]  --> src/lib.rs:1478:7
[INFO] [stdout]   |
[INFO] [stdout] 4 | nodes.push_fake_node_from_id("10000", "测试", "10000");
[INFO] [stdout]   |       ^^^^^^^^^^^^^^^^^^^^^^ method not found in `Vec<_>`
[INFO] [stdout] 
[INFO] [stdout] error: aborting due to 1 previous error
[INFO] [stdout] 
[INFO] [stdout] For more information about this error, try `rustc --explain E0599`.
[INFO] [stdout] Couldn't compile the test.
[INFO] [stdout] ---- src/lib.rs - NapCatVec::push_node_from_id (line 1510) stdout ----
[INFO] [stdout] error: expected `;`, found `bot`
[INFO] [stdout]  --> src/lib.rs:1513:32
[INFO] [stdout]   |
[INFO] [stdout] 5 | node.push_node_from_id("10000")
[INFO] [stdout]   |                                ^ help: add `;` here
[INFO] [stdout] 6 |
[INFO] [stdout] 7 | bot.send_private_msg(bot.main_admin, nodes);
[INFO] [stdout]   | --- unexpected token
[INFO] [stdout] 
[INFO] [stdout] error[E0425]: cannot find value `bot` in this scope
[INFO] [stdout]  --> src/lib.rs:1515:1
[INFO] [stdout]   |
[INFO] [stdout] 7 | bot.send_private_msg(bot.main_admin, nodes);
[INFO] [stdout]   | ^^^ not found in this scope
[INFO] [stdout] 
[INFO] [stdout] error[E0425]: cannot find value `bot` in this scope
[INFO] [stdout]  --> src/lib.rs:1515:22
[INFO] [stdout]   |
[INFO] [stdout] 7 | bot.send_private_msg(bot.main_admin, nodes);
[INFO] [stdout]   |                      ^^^ not found in this scope
[INFO] [stdout] 
[INFO] [stdout] error: aborting due to 3 previous errors
[INFO] [stdout] 
[INFO] [stdout] For more information about this error, try `rustc --explain E0425`.
[INFO] [stdout] Couldn't compile the test.
[INFO] [stdout] ---- src/lib.rs - NapCatVec::add_fake_node_from_id (line 1450) stdout ----
[INFO] [stdout] error: expected `;`, found `bot`
[INFO] [stdout]  --> src/lib.rs:1453:52
[INFO] [stdout]   |
[INFO] [stdout] 5 | node.push_fake_node_from_id("10000", "测试", "10000")
[INFO] [stdout]   |                                                      ^ help: add `;` here
[INFO] [stdout] 6 |
[INFO] [stdout] 7 | bot.send_private_msg(bot.main_admin, nodes);
[INFO] [stdout]   | --- unexpected token
[INFO] [stdout] 
[INFO] [stdout] error[E0425]: cannot find value `bot` in this scope
[INFO] [stdout]  --> src/lib.rs:1455:1
[INFO] [stdout]   |
[INFO] [stdout] 7 | bot.send_private_msg(bot.main_admin, nodes);
[INFO] [stdout]   | ^^^ not found in this scope
[INFO] [stdout] 
[INFO] [stdout] error[E0425]: cannot find value `bot` in this scope
[INFO] [stdout]  --> src/lib.rs:1455:22
[INFO] [stdout]   |
[INFO] [stdout] 7 | bot.send_private_msg(bot.main_admin, nodes);
[INFO] [stdout]   |                      ^^^ not found in this scope
[INFO] [stdout] 
[INFO] [stdout] error: aborting due to 3 previous errors
[INFO] [stdout] 
[INFO] [stdout] For more information about this error, try `rustc --explain E0425`.
[INFO] [stdout] Couldn't compile the test.
[INFO] [stdout] ---- src/lib.rs - NapCatVec::push_fake_node_from_content (line 1463) stdout ----
[INFO] [stdout] error: expected `;`, found `bot`
[INFO] [stdout]  --> src/lib.rs:1466:71
[INFO] [stdout]   |
[INFO] [stdout] 5 | node.push_fake_node_from_content("10000", "测试", Message::from("some"))
[INFO] [stdout]   |                                                                         ^ help: add `;` here
[INFO] [stdout] 6 |
[INFO] [stdout] 7 | bot.send_private_msg(bot.main_admin, nodes);
[INFO] [stdout]   | --- unexpected token
[INFO] [stdout] 
[INFO] [stdout] error[E0425]: cannot find value `bot` in this scope
[INFO] [stdout]  --> src/lib.rs:1468:1
[INFO] [stdout]   |
[INFO] [stdout] 7 | bot.send_private_msg(bot.main_admin, nodes);
[INFO] [stdout]   | ^^^ not found in this scope
[INFO] [stdout] 
[INFO] [stdout] error[E0425]: cannot find value `bot` in this scope
[INFO] [stdout]  --> src/lib.rs:1468:22
[INFO] [stdout]   |
[INFO] [stdout] 7 | bot.send_private_msg(bot.main_admin, nodes);
[INFO] [stdout]   |                      ^^^ not found in this scope
[INFO] [stdout] 
[INFO] [stdout] error: aborting due to 3 previous errors
[INFO] [stdout] 
[INFO] [stdout] For more information about this error, try `rustc --explain E0425`.
[INFO] [stdout] Couldn't compile the test.
[INFO] [stdout] ---- src/lib.rs - NapCatVec::add_node_from_id (line 1486) stdout ----
[INFO] [stdout] error[E0425]: cannot find value `bot` in this scope
[INFO] [stdout]  --> src/lib.rs:1491:1
[INFO] [stdout]   |
[INFO] [stdout] 7 | bot.send_private_msg(bot.main_admin, nodes);
[INFO] [stdout]   | ^^^ not found in this scope
[INFO] [stdout] 
[INFO] [stdout] error[E0425]: cannot find value `bot` in this scope
[INFO] [stdout]  --> src/lib.rs:1491:22
[INFO] [stdout]   |
[INFO] [stdout] 7 | bot.send_private_msg(bot.main_admin, nodes);
[INFO] [stdout]   |                      ^^^ not found in this scope
[INFO] [stdout] 
[INFO] [stdout] error[E0599]: no method named `add_node_from_id` found for struct `Vec<_>` in the current scope
[INFO] [stdout]     --> src/lib.rs:1488:6
[INFO] [stdout]      |
[INFO] [stdout] 3    |   let nodes = Vec::new()
[INFO] [stdout]      |  _____________-
[INFO] [stdout] 4    | |     .add_node_from_id("10000")
[INFO] [stdout]      | |_____-^^^^^^^^^^^^^^^^
[INFO] [stdout]      |
[INFO] [stdout]     ::: /opt/rustwide/workdir/src/lib.rs:1493:8
[INFO] [stdout]      |
[INFO] [stdout] 1493 |       fn add_node_from_id(self, id: &str) -> Vec<Node>;
[INFO] [stdout]      |          ---------------- the method is available for `Vec<_>` here
[INFO] [stdout]      |
[INFO] [stdout]      = help: items from traits can only be used if the trait is in scope
[INFO] [stdout] help: there is a method `add_fake_node_from_id` with a similar name, but with different arguments
[INFO] [stdout]     --> /opt/rustwide/workdir/src/lib.rs:1457:5
[INFO] [stdout]      |
[INFO] [stdout] 1457 |     fn add_fake_node_from_id(self, user_id: &str, nickname: &str, id: &str) -> Vec<Segment>;
[INFO] [stdout]      |     ^^^^^^^^^^^^^^^^^^^^^^^^^^^^^^^^^^^^^^^^^^^^^^^^^^^^^^^^^^^^^^^^^^^^^^^^^^^^^^^^^^^^^^^^
[INFO] [stdout] help: trait `NapCatVec` which provides `add_node_from_id` is implemented but not in scope; perhaps you want to import it
[INFO] [stdout]      |
[INFO] [stdout] 2    + use kovi_plugin_expand_napcat::NapCatVec;
[INFO] [stdout]      |
[INFO] [stdout] 
[INFO] [stdout] error: aborting due to 3 previous errors
[INFO] [stdout] 
[INFO] [stdout] Some errors have detailed explanations: E0425, E0599.
[INFO] [stdout] For more information about an error, try `rustc --explain E0425`.
[INFO] [stdout] Couldn't compile the test.
[INFO] [stdout] ---- src/lib.rs - NapCatVec::add_node_from_content (line 1499) stdout ----
[INFO] [stdout] error[E0433]: failed to resolve: use of undeclared type `Message`
[INFO] [stdout]  --> src/lib.rs:1500:46
[INFO] [stdout]   |
[INFO] [stdout] 3 | let nodes = Vec::new().add_node_from_content(Message::from("Hello, world!"));
[INFO] [stdout]   |                                              ^^^^^^^ use of undeclared type `Message`
[INFO] [stdout]   |
[INFO] [stdout] help: consider importing this struct
[INFO] [stdout]   |
[INFO] [stdout] 2 + use kovi::Message;
[INFO] [stdout]   |
[INFO] [stdout] 
[INFO] [stdout] error[E0425]: cannot find value `bot` in this scope
[INFO] [stdout]  --> src/lib.rs:1502:1
[INFO] [stdout]   |
[INFO] [stdout] 5 | bot.send_private_msg(bot.main_admin, nodes);
[INFO] [stdout]   | ^^^ not found in this scope
[INFO] [stdout] 
[INFO] [stdout] error[E0425]: cannot find value `bot` in this scope
[INFO] [stdout]  --> src/lib.rs:1502:22
[INFO] [stdout]   |
[INFO] [stdout] 5 | bot.send_private_msg(bot.main_admin, nodes);
[INFO] [stdout]   |                      ^^^ not found in this scope
[INFO] [stdout] 
[INFO] [stdout] error[E0599]: no method named `add_node_from_content` found for struct `Vec<_>` in the current scope
[INFO] [stdout]     --> src/lib.rs:1500:24
[INFO] [stdout]      |
[INFO] [stdout] 3    | let nodes = Vec::new().add_node_from_content(Message::from("Hello, world!"));
[INFO] [stdout]      |                        ^^^^^^^^^^^^^^^^^^^^^
[INFO] [stdout]      |
[INFO] [stdout]     ::: /opt/rustwide/workdir/src/lib.rs:1504:8
[INFO] [stdout]      |
[INFO] [stdout] 1504 |     fn add_node_from_content(self, content: Message) -> Vec<Node>;
[INFO] [stdout]      |        --------------------- the method is available for `Vec<_>` here
[INFO] [stdout]      |
[INFO] [stdout]      = help: items from traits can only be used if the trait is in scope
[INFO] [stdout] help: there is a method `add_fake_node_from_content` with a similar name, but with different arguments
[INFO] [stdout]     --> /opt/rustwide/workdir/src/lib.rs:1439:5
[INFO] [stdout]      |
[INFO] [stdout] 1439 | /     fn add_fake_node_from_content(
[INFO] [stdout] 1440 | |         self,
[INFO] [stdout] 1441 | |         user_id: &str,
[INFO] [stdout] 1442 | |         nickname: &str,
[INFO] [stdout] 1443 | |         content: Message,
[INFO] [stdout] 1444 | |     ) -> Vec<Node>;
[INFO] [stdout]      | |___________________^
[INFO] [stdout] help: trait `NapCatVec` which provides `add_node_from_content` is implemented but not in scope; perhaps you want to import it
[INFO] [stdout]      |
[INFO] [stdout] 2    + use kovi_plugin_expand_napcat::NapCatVec;
[INFO] [stdout]      |
[INFO] [stdout] 
[INFO] [stdout] error: aborting due to 4 previous errors
[INFO] [stdout] 
[INFO] [stdout] Some errors have detailed explanations: E0425, E0433, E0599.
[INFO] [stdout] For more information about an error, try `rustc --explain E0425`.
[INFO] [stdout] Couldn't compile the test.
[INFO] [stdout] ---- src/lib.rs - NapCatVec::push_node_from_content (line 1523) stdout ----
[INFO] [stdout] error[E0433]: failed to resolve: use of undeclared type `Message`
[INFO] [stdout]  --> src/lib.rs:1525:30
[INFO] [stdout]   |
[INFO] [stdout] 4 | nodes.push_node_from_content(Message::from("Hello, world!"));
[INFO] [stdout]   |                              ^^^^^^^ use of undeclared type `Message`
[INFO] [stdout]   |
[INFO] [stdout] help: consider importing this struct
[INFO] [stdout]   |
[INFO] [stdout] 2 + use kovi::Message;
[INFO] [stdout]   |
[INFO] [stdout] 
[INFO] [stdout] error[E0425]: cannot find value `bot` in this scope
[INFO] [stdout]  --> src/lib.rs:1526:1
[INFO] [stdout]   |
[INFO] [stdout] 5 | bot.send_private_msg(bot.main_admin, nodes);
[INFO] [stdout]   | ^^^ not found in this scope
[INFO] [stdout] 
[INFO] [stdout] error[E0425]: cannot find value `bot` in this scope
[INFO] [stdout]  --> src/lib.rs:1526:22
[INFO] [stdout]   |
[INFO] [stdout] 5 | bot.send_private_msg(bot.main_admin, nodes);
[INFO] [stdout]   |                      ^^^ not found in this scope
[INFO] [stdout] 
[INFO] [stdout] error[E0599]: no method named `push_node_from_content` found for struct `Vec<_>` in the current scope
[INFO] [stdout]     --> src/lib.rs:1525:7
[INFO] [stdout]      |
[INFO] [stdout] 4    | nodes.push_node_from_content(Message::from("Hello, world!"));
[INFO] [stdout]      |       ^^^^^^^^^^^^^^^^^^^^^^
[INFO] [stdout]      |
[INFO] [stdout]     ::: /opt/rustwide/workdir/src/lib.rs:1528:8
[INFO] [stdout]      |
[INFO] [stdout] 1528 |     fn push_node_from_content(&mut self, content: Message);
[INFO] [stdout]      |        ---------------------- the method is available for `Vec<_>` here
[INFO] [stdout]      |
[INFO] [stdout]      = help: items from traits can only be used if the trait is in scope
[INFO] [stdout] help: there is a method `push_fake_node_from_content` with a similar name, but with different arguments
[INFO] [stdout]     --> /opt/rustwide/workdir/src/lib.rs:1470:5
[INFO] [stdout]      |
[INFO] [stdout] 1470 |     fn push_fake_node_from_content(&mut self, user_id: &str, nickname: &str, content: Message);
[INFO] [stdout]      |     ^^^^^^^^^^^^^^^^^^^^^^^^^^^^^^^^^^^^^^^^^^^^^^^^^^^^^^^^^^^^^^^^^^^^^^^^^^^^^^^^^^^^^^^^^^^
[INFO] [stdout] help: trait `NapCatVec` which provides `push_node_from_content` is implemented but not in scope; perhaps you want to import it
[INFO] [stdout]      |
[INFO] [stdout] 2    + use kovi_plugin_expand_napcat::NapCatVec;
[INFO] [stdout]      |
[INFO] [stdout] 
[INFO] [stdout] error: aborting due to 4 previous errors
[INFO] [stdout] 
[INFO] [stdout] Some errors have detailed explanations: E0425, E0433, E0599.
[INFO] [stdout] For more information about an error, try `rustc --explain E0425`.
[INFO] [stdout] Couldn't compile the test.
[INFO] [stdout] ---- src/lib.rs - NapCatVec::add_fake_node_from_content (line 1432) stdout ----
[INFO] [stdout] error[E0433]: failed to resolve: use of undeclared type `Message`
[INFO] [stdout]  --> src/lib.rs:1434:48
[INFO] [stdout]   |
[INFO] [stdout] 4 |     .add_fake_node_from_content("10000", "测试", Message::from("some"))
[INFO] [stdout]   |                                                  ^^^^^^^ use of undeclared type `Message`
[INFO] [stdout]   |
[INFO] [stdout] help: consider importing this struct
[INFO] [stdout]   |
[INFO] [stdout] 2 + use kovi::Message;
[INFO] [stdout]   |
[INFO] [stdout] 
[INFO] [stdout] error[E0433]: failed to resolve: use of undeclared type `Message`
[INFO] [stdout]  --> src/lib.rs:1435:49
[INFO] [stdout]   |
[INFO] [stdout] 5 |     .add_fake_node_from_content("10000", "测试2", Message::from("some"));
[INFO] [stdout]   |                                                   ^^^^^^^ use of undeclared type `Message`
[INFO] [stdout]   |
[INFO] [stdout] help: consider importing this struct
[INFO] [stdout]   |
[INFO] [stdout] 2 + use kovi::Message;
[INFO] [stdout]   |
[INFO] [stdout] 
[INFO] [stdout] error[E0425]: cannot find value `bot` in this scope
[INFO] [stdout]  --> src/lib.rs:1437:1
[INFO] [stdout]   |
[INFO] [stdout] 7 | bot.send_private_msg(bot.main_admin, nodes);
[INFO] [stdout]   | ^^^ not found in this scope
[INFO] [stdout] 
[INFO] [stdout] error[E0425]: cannot find value `bot` in this scope
[INFO] [stdout]  --> src/lib.rs:1437:22
[INFO] [stdout]   |
[INFO] [stdout] 7 | bot.send_private_msg(bot.main_admin, nodes);
[INFO] [stdout]   |                      ^^^ not found in this scope
[INFO] [stdout] 
[INFO] [stdout] error[E0599]: no method named `add_fake_node_from_content` found for struct `Vec<_>` in the current scope
[INFO] [stdout]     --> src/lib.rs:1434:6
[INFO] [stdout]      |
[INFO] [stdout] 3    |   let nodes = Vec::new()
[INFO] [stdout]      |  _____________-
[INFO] [stdout] 4    | |     .add_fake_node_from_content("10000", "测试", Message::from("some"))
[INFO] [stdout]      | |_____-^^^^^^^^^^^^^^^^^^^^^^^^^^
[INFO] [stdout]      |
[INFO] [stdout]     ::: /opt/rustwide/workdir/src/lib.rs:1439:8
[INFO] [stdout]      |
[INFO] [stdout] 1439 |       fn add_fake_node_from_content(
[INFO] [stdout]      |          -------------------------- the method is available for `Vec<_>` here
[INFO] [stdout]      |
[INFO] [stdout]      = help: items from traits can only be used if the trait is in scope
[INFO] [stdout] help: there is a method `add_node_from_content` with a similar name, but with different arguments
[INFO] [stdout]     --> /opt/rustwide/workdir/src/lib.rs:1504:5
[INFO] [stdout]      |
[INFO] [stdout] 1504 |     fn add_node_from_content(self, content: Message) -> Vec<Node>;
[INFO] [stdout]      |     ^^^^^^^^^^^^^^^^^^^^^^^^^^^^^^^^^^^^^^^^^^^^^^^^^^^^^^^^^^^^^^
[INFO] [stdout] help: trait `NapCatVec` which provides `add_fake_node_from_content` is implemented but not in scope; perhaps you want to import it
[INFO] [stdout]      |
[INFO] [stdout] 2    + use kovi_plugin_expand_napcat::NapCatVec;
[INFO] [stdout]      |
[INFO] [stdout] 
[INFO] [stdout] error: aborting due to 5 previous errors
[INFO] [stdout] 
[INFO] [stdout] Some errors have detailed explanations: E0425, E0433, E0599.
[INFO] [stdout] For more information about an error, try `rustc --explain E0425`.
[INFO] [stdout] Couldn't compile the test.
[INFO] [stdout] 
[INFO] [stdout] failures:
[INFO] [stdout]     src/lib.rs - NapCatVec::add_fake_node_from_content (line 1432)
[INFO] [stdout]     src/lib.rs - NapCatVec::add_fake_node_from_id (line 1450)
[INFO] [stdout]     src/lib.rs - NapCatVec::add_node_from_content (line 1499)
[INFO] [stdout]     src/lib.rs - NapCatVec::add_node_from_id (line 1486)
[INFO] [stdout]     src/lib.rs - NapCatVec::push_fake_node_from_content (line 1463)
[INFO] [stdout]     src/lib.rs - NapCatVec::push_fake_node_from_id (line 1476)
[INFO] [stdout]     src/lib.rs - NapCatVec::push_node_from_content (line 1523)
[INFO] [stdout]     src/lib.rs - NapCatVec::push_node_from_id (line 1510)
[INFO] [stdout] 
[INFO] [stdout] test result: FAILED. 0 passed; 8 failed; 0 ignored; 0 measured; 0 filtered out; finished in 1.03s
[INFO] [stdout] 
[INFO] [stderr] error: doctest failed, to rerun pass `--doc`
[INFO] running `Command { std: "docker" "inspect" "e185e9225a7a5562265a0bcddf94cae7ac1ad6707569ffbac6c167fd1d685190", kill_on_drop: false }`
[INFO] running `Command { std: "docker" "rm" "-f" "e185e9225a7a5562265a0bcddf94cae7ac1ad6707569ffbac6c167fd1d685190", kill_on_drop: false }`
[INFO] [stdout] e185e9225a7a5562265a0bcddf94cae7ac1ad6707569ffbac6c167fd1d685190
