[INFO] fetching crate kiln 0.2.0...
[INFO] testing kiln-0.2.0 against nightly-2025-01-18 for randomize-layout-2
[INFO] extracting crate kiln 0.2.0 into /workspace/builds/worker-6-tc1/source
[INFO] validating manifest of crates.io crate kiln 0.2.0 on toolchain nightly-2025-01-18
[INFO] running `Command { std: CARGO_HOME="/workspace/cargo-home" RUSTUP_HOME="/workspace/rustup-home" "/workspace/cargo-home/bin/cargo" "+nightly-2025-01-18" "metadata" "--manifest-path" "Cargo.toml" "--no-deps", kill_on_drop: false }`
[INFO] started tweaking crates.io crate kiln 0.2.0
[INFO] finished tweaking crates.io crate kiln 0.2.0
[INFO] tweaked toml for crates.io crate kiln 0.2.0 written to /workspace/builds/worker-6-tc1/source/Cargo.toml
[INFO] running `Command { std: CARGO_HOME="/workspace/cargo-home" RUSTUP_HOME="/workspace/rustup-home" "/workspace/cargo-home/bin/cargo" "+nightly-2025-01-18" "generate-lockfile" "--manifest-path" "Cargo.toml", kill_on_drop: false }`
[INFO] [stderr]     Updating crates.io index
[INFO] [stderr]      Locking 21 packages to latest compatible versions
[INFO] [stderr]       Adding uuid v0.7.4 (available: v1.12.0)
[INFO] running `Command { std: CARGO_HOME="/workspace/cargo-home" RUSTUP_HOME="/workspace/rustup-home" "/workspace/cargo-home/bin/cargo" "+nightly-2025-01-18" "fetch" "--manifest-path" "Cargo.toml", kill_on_drop: false }`
[INFO] running `Command { std: "docker" "create" "-v" "/var/lib/crater-agent-workspace/builds/worker-6-tc1/target:/opt/rustwide/target:rw,Z" "-v" "/var/lib/crater-agent-workspace/builds/worker-6-tc1/source:/opt/rustwide/workdir:ro,Z" "-v" "/var/lib/crater-agent-workspace/cargo-home:/opt/rustwide/cargo-home:ro,Z" "-v" "/var/lib/crater-agent-workspace/rustup-home:/opt/rustwide/rustup-home:ro,Z" "-e" "SOURCE_DIR=/opt/rustwide/workdir" "-e" "CARGO_TARGET_DIR=/opt/rustwide/target" "-e" "CARGO_HOME=/opt/rustwide/cargo-home" "-e" "RUSTUP_HOME=/opt/rustwide/rustup-home" "-w" "/opt/rustwide/workdir" "-m" "1610612736" "--user" "0:0" "--network" "none" "ghcr.io/rust-lang/crates-build-env/linux@sha256:819108c5571ea2e421544af4d832f968d213c87fbe3707a016657f43d2f853bc" "/opt/rustwide/cargo-home/bin/cargo" "+nightly-2025-01-18" "metadata" "--no-deps" "--format-version=1", kill_on_drop: false }`
[INFO] [stdout] 4c089f75ee7ed7d6d083640105006940662c458a5a7bce04b0d50cb165b51fd9
[INFO] running `Command { std: "docker" "start" "-a" "4c089f75ee7ed7d6d083640105006940662c458a5a7bce04b0d50cb165b51fd9", kill_on_drop: false }`
[INFO] running `Command { std: "docker" "inspect" "4c089f75ee7ed7d6d083640105006940662c458a5a7bce04b0d50cb165b51fd9", kill_on_drop: false }`
[INFO] running `Command { std: "docker" "rm" "-f" "4c089f75ee7ed7d6d083640105006940662c458a5a7bce04b0d50cb165b51fd9", kill_on_drop: false }`
[INFO] [stdout] 4c089f75ee7ed7d6d083640105006940662c458a5a7bce04b0d50cb165b51fd9
[INFO] running `Command { std: "docker" "create" "-v" "/var/lib/crater-agent-workspace/builds/worker-6-tc1/target:/opt/rustwide/target:rw,Z" "-v" "/var/lib/crater-agent-workspace/builds/worker-6-tc1/source:/opt/rustwide/workdir:ro,Z" "-v" "/var/lib/crater-agent-workspace/cargo-home:/opt/rustwide/cargo-home:ro,Z" "-v" "/var/lib/crater-agent-workspace/rustup-home:/opt/rustwide/rustup-home:ro,Z" "-e" "SOURCE_DIR=/opt/rustwide/workdir" "-e" "CARGO_TARGET_DIR=/opt/rustwide/target" "-e" "CARGO_INCREMENTAL=0" "-e" "RUST_BACKTRACE=full" "-e" "RUSTFLAGS=--cap-lints=forbid" "-e" "RUSTDOCFLAGS=--cap-lints=forbid" "-e" "CARGO_HOME=/opt/rustwide/cargo-home" "-e" "RUSTUP_HOME=/opt/rustwide/rustup-home" "-w" "/opt/rustwide/workdir" "-m" "1610612736" "--user" "0:0" "--network" "none" "ghcr.io/rust-lang/crates-build-env/linux@sha256:819108c5571ea2e421544af4d832f968d213c87fbe3707a016657f43d2f853bc" "/opt/rustwide/cargo-home/bin/cargo" "+nightly-2025-01-18" "build" "--frozen" "--message-format=json", kill_on_drop: false }`
[INFO] [stdout] 87a2a3325d1b6554711909f43fda5ec229c7c260e83ac2e1ad4305f1b0197f76
[INFO] running `Command { std: "docker" "start" "-a" "87a2a3325d1b6554711909f43fda5ec229c7c260e83ac2e1ad4305f1b0197f76", kill_on_drop: false }`
[INFO] [stderr]    Compiling autocfg v0.1.8
[INFO] [stderr]    Compiling rand_core v0.4.2
[INFO] [stderr]    Compiling libc v0.2.169
[INFO] [stderr]    Compiling rand_chacha v0.1.1
[INFO] [stderr]    Compiling rand_pcg v0.1.2
[INFO] [stderr]    Compiling rand v0.6.5
[INFO] [stderr]    Compiling rand_core v0.3.1
[INFO] [stderr]    Compiling rand_jitter v0.1.4
[INFO] [stderr]    Compiling rand_hc v0.1.0
[INFO] [stderr]    Compiling rand_isaac v0.1.1
[INFO] [stderr]    Compiling rand_xorshift v0.1.1
[INFO] [stderr]    Compiling rand_os v0.1.3
[INFO] [stderr]    Compiling uuid v0.7.4
[INFO] [stderr]    Compiling kiln v0.2.0 (/opt/rustwide/workdir)
[INFO] [stdout] warning: the feature `uniform_paths` has been stable since 1.32.0 and no longer requires an attribute to enable
[INFO] [stdout]  --> src/lib.rs:1:12
[INFO] [stdout]   |
[INFO] [stdout] 1 | #![feature(uniform_paths)]
[INFO] [stdout]   |            ^^^^^^^^^^^^^
[INFO] [stdout]   |
[INFO] [stdout]   = note: `#[warn(stable_features)]` on by default
[INFO] [stdout] 
[INFO] [stdout] 
[INFO] [stderr]     Finished `dev` profile [unoptimized + debuginfo] target(s) in 4.00s
[INFO] running `Command { std: "docker" "inspect" "87a2a3325d1b6554711909f43fda5ec229c7c260e83ac2e1ad4305f1b0197f76", kill_on_drop: false }`
[INFO] running `Command { std: "docker" "rm" "-f" "87a2a3325d1b6554711909f43fda5ec229c7c260e83ac2e1ad4305f1b0197f76", kill_on_drop: false }`
[INFO] [stdout] 87a2a3325d1b6554711909f43fda5ec229c7c260e83ac2e1ad4305f1b0197f76
[INFO] running `Command { std: "docker" "create" "-v" "/var/lib/crater-agent-workspace/builds/worker-6-tc1/target:/opt/rustwide/target:rw,Z" "-v" "/var/lib/crater-agent-workspace/builds/worker-6-tc1/source:/opt/rustwide/workdir:ro,Z" "-v" "/var/lib/crater-agent-workspace/cargo-home:/opt/rustwide/cargo-home:ro,Z" "-v" "/var/lib/crater-agent-workspace/rustup-home:/opt/rustwide/rustup-home:ro,Z" "-e" "SOURCE_DIR=/opt/rustwide/workdir" "-e" "CARGO_TARGET_DIR=/opt/rustwide/target" "-e" "CARGO_INCREMENTAL=0" "-e" "RUST_BACKTRACE=full" "-e" "RUSTFLAGS=--cap-lints=forbid" "-e" "RUSTDOCFLAGS=--cap-lints=forbid" "-e" "CARGO_HOME=/opt/rustwide/cargo-home" "-e" "RUSTUP_HOME=/opt/rustwide/rustup-home" "-w" "/opt/rustwide/workdir" "-m" "1610612736" "--user" "0:0" "--network" "none" "ghcr.io/rust-lang/crates-build-env/linux@sha256:819108c5571ea2e421544af4d832f968d213c87fbe3707a016657f43d2f853bc" "/opt/rustwide/cargo-home/bin/cargo" "+nightly-2025-01-18" "test" "--frozen" "--no-run" "--message-format=json", kill_on_drop: false }`
[INFO] [stdout] ab042b49e828eb6dccd7b023aaf2d5cd7858a8ff811b9b423cc53f8f17659cf3
[INFO] running `Command { std: "docker" "start" "-a" "ab042b49e828eb6dccd7b023aaf2d5cd7858a8ff811b9b423cc53f8f17659cf3", kill_on_drop: false }`
[INFO] [stderr]    Compiling kiln v0.2.0 (/opt/rustwide/workdir)
[INFO] [stdout] warning: the feature `uniform_paths` has been stable since 1.32.0 and no longer requires an attribute to enable
[INFO] [stdout]  --> src/lib.rs:1:12
[INFO] [stdout]   |
[INFO] [stdout] 1 | #![feature(uniform_paths)]
[INFO] [stdout]   |            ^^^^^^^^^^^^^
[INFO] [stdout]   |
[INFO] [stdout]   = note: `#[warn(stable_features)]` on by default
[INFO] [stdout] 
[INFO] [stdout] 
[INFO] [stdout] warning: the feature `uniform_paths` has been stable since 1.32.0 and no longer requires an attribute to enable
[INFO] [stdout]  --> src/lib.rs:1:12
[INFO] [stdout]   |
[INFO] [stdout] 1 | #![feature(uniform_paths)]
[INFO] [stdout]   |            ^^^^^^^^^^^^^
[INFO] [stdout]   |
[INFO] [stdout]   = note: `#[warn(stable_features)]` on by default
[INFO] [stdout] 
[INFO] [stdout] 
[INFO] [stderr]     Finished `test` profile [unoptimized + debuginfo] target(s) in 0.55s
[INFO] running `Command { std: "docker" "inspect" "ab042b49e828eb6dccd7b023aaf2d5cd7858a8ff811b9b423cc53f8f17659cf3", kill_on_drop: false }`
[INFO] running `Command { std: "docker" "rm" "-f" "ab042b49e828eb6dccd7b023aaf2d5cd7858a8ff811b9b423cc53f8f17659cf3", kill_on_drop: false }`
[INFO] [stdout] ab042b49e828eb6dccd7b023aaf2d5cd7858a8ff811b9b423cc53f8f17659cf3
[INFO] running `Command { std: "docker" "create" "-v" "/var/lib/crater-agent-workspace/builds/worker-6-tc1/target:/opt/rustwide/target:rw,Z" "-v" "/var/lib/crater-agent-workspace/builds/worker-6-tc1/source:/opt/rustwide/workdir:ro,Z" "-v" "/var/lib/crater-agent-workspace/cargo-home:/opt/rustwide/cargo-home:ro,Z" "-v" "/var/lib/crater-agent-workspace/rustup-home:/opt/rustwide/rustup-home:ro,Z" "-e" "SOURCE_DIR=/opt/rustwide/workdir" "-e" "CARGO_TARGET_DIR=/opt/rustwide/target" "-e" "CARGO_INCREMENTAL=0" "-e" "RUST_BACKTRACE=full" "-e" "RUSTFLAGS=--cap-lints=forbid" "-e" "RUSTDOCFLAGS=--cap-lints=forbid" "-e" "CARGO_HOME=/opt/rustwide/cargo-home" "-e" "RUSTUP_HOME=/opt/rustwide/rustup-home" "-w" "/opt/rustwide/workdir" "-m" "1610612736" "--user" "0:0" "--network" "none" "ghcr.io/rust-lang/crates-build-env/linux@sha256:819108c5571ea2e421544af4d832f968d213c87fbe3707a016657f43d2f853bc" "/opt/rustwide/cargo-home/bin/cargo" "+nightly-2025-01-18" "test" "--frozen", kill_on_drop: false }`
[INFO] [stdout] 8b215ea0890e95f06b1496cbd4a2155375cc7a751c3a4a3a876b88bbe17be6f9
[INFO] running `Command { std: "docker" "start" "-a" "8b215ea0890e95f06b1496cbd4a2155375cc7a751c3a4a3a876b88bbe17be6f9", kill_on_drop: false }`
[INFO] [stderr] warning: the feature `uniform_paths` has been stable since 1.32.0 and no longer requires an attribute to enable
[INFO] [stderr]  --> src/lib.rs:1:12
[INFO] [stderr]   |
[INFO] [stderr] 1 | #![feature(uniform_paths)]
[INFO] [stderr]   |            ^^^^^^^^^^^^^
[INFO] [stderr]   |
[INFO] [stderr]   = note: `#[warn(stable_features)]` on by default
[INFO] [stderr] 
[INFO] [stderr] warning: `kiln` (lib) generated 1 warning
[INFO] [stderr] warning: `kiln` (lib test) generated 1 warning (1 duplicate)
[INFO] [stderr]     Finished `test` profile [unoptimized + debuginfo] target(s) in 0.02s
[INFO] [stderr]      Running unittests src/lib.rs (/opt/rustwide/target/debug/deps/kiln-63a3f8ba44e4c46e)
[INFO] [stdout] 
[INFO] [stdout] running 0 tests
[INFO] [stdout] 
[INFO] [stdout] test result: ok. 0 passed; 0 failed; 0 ignored; 0 measured; 0 filtered out; finished in 0.00s
[INFO] [stdout] 
[INFO] [stderr]      Running unittests src/main.rs (/opt/rustwide/target/debug/deps/kiln-a2d1ade4c72c095a)
[INFO] [stdout] 
[INFO] [stdout] running 0 tests
[INFO] [stdout] 
[INFO] [stdout] test result: ok. 0 passed; 0 failed; 0 ignored; 0 measured; 0 filtered out; finished in 0.00s
[INFO] [stdout] 
[INFO] [stderr]    Doc-tests kiln
[INFO] [stdout] 
[INFO] [stdout] running 4 tests
[INFO] [stdout] test src/lib.rs - table (line 176) ... FAILED
[INFO] [stdout] test src/lib.rs - Table::insert (line 54) ... FAILED
[INFO] [stdout] test src/lib.rs - Table::get (line 90) ... FAILED
[INFO] [stdout] test src/lib.rs - stringify_col (line 37) ... FAILED
[INFO] [stdout] 
[INFO] [stdout] failures:
[INFO] [stdout] 
[INFO] [stdout] ---- src/lib.rs - table (line 176) stdout ----
[INFO] [stdout] error: cannot find macro `table` in this scope
[INFO] [stdout]  --> src/lib.rs:177:13
[INFO] [stdout]   |
[INFO] [stdout] 3 | let users = table!{name: str, age: i32};
[INFO] [stdout]   |             ^^^^^
[INFO] [stdout]   |
[INFO] [stdout] help: consider importing this macro
[INFO] [stdout]   |
[INFO] [stdout] 2 + use kiln::table;
[INFO] [stdout]   |
[INFO] [stdout] 
[INFO] [stdout] error: aborting due to 1 previous error
[INFO] [stdout] 
[INFO] [stdout] Couldn't compile the test.
[INFO] [stdout] ---- src/lib.rs - Table::insert (line 54) stdout ----
[INFO] [stdout] error: cannot find macro `row` in this scope
[INFO] [stdout]  --> src/lib.rs:55:14
[INFO] [stdout]   |
[INFO] [stdout] 3 | users.insert(row!{name: "bob", age: 12});
[INFO] [stdout]   |              ^^^
[INFO] [stdout]   |
[INFO] [stdout] help: consider importing this macro
[INFO] [stdout]   |
[INFO] [stdout] 2 + use kiln::row;
[INFO] [stdout]   |
[INFO] [stdout] 
[INFO] [stdout] error[E0425]: cannot find value `users` in this scope
[INFO] [stdout]  --> src/lib.rs:55:1
[INFO] [stdout]   |
[INFO] [stdout] 3 | users.insert(row!{name: "bob", age: 12});
[INFO] [stdout]   | ^^^^^ not found in this scope
[INFO] [stdout] 
[INFO] [stdout] error: aborting due to 2 previous errors
[INFO] [stdout] 
[INFO] [stdout] For more information about this error, try `rustc --explain E0425`.
[INFO] [stdout] Couldn't compile the test.
[INFO] [stdout] ---- src/lib.rs - Table::get (line 90) stdout ----
[INFO] [stdout] error[E0425]: cannot find value `users` in this scope
[INFO] [stdout]  --> src/lib.rs:91:1
[INFO] [stdout]   |
[INFO] [stdout] 3 | users.get("age", n.to_col());
[INFO] [stdout]   | ^^^^^ not found in this scope
[INFO] [stdout] 
[INFO] [stdout] error[E0425]: cannot find value `n` in this scope
[INFO] [stdout]  --> src/lib.rs:91:18
[INFO] [stdout]   |
[INFO] [stdout] 3 | users.get("age", n.to_col());
[INFO] [stdout]   |                  ^ not found in this scope
[INFO] [stdout] 
[INFO] [stdout] error: aborting due to 2 previous errors
[INFO] [stdout] 
[INFO] [stdout] For more information about this error, try `rustc --explain E0425`.
[INFO] [stdout] Couldn't compile the test.
[INFO] [stdout] ---- src/lib.rs - stringify_col (line 37) stdout ----
[INFO] [stdout] error[E0425]: cannot find function `stringify_col` in this scope
[INFO] [stdout]  --> src/lib.rs:38:16
[INFO] [stdout]   |
[INFO] [stdout] 3 | println!("{}", stringify_col(12.to_col()));
[INFO] [stdout]   |                ^^^^^^^^^^^^^ not found in this scope
[INFO] [stdout]   |
[INFO] [stdout] help: consider importing this function
[INFO] [stdout]   |
[INFO] [stdout] 2 + use kiln::stringify_col;
[INFO] [stdout]   |
[INFO] [stdout] 
[INFO] [stdout] error[E0599]: no method named `to_col` found for type `{integer}` in the current scope
[INFO] [stdout]  --> src/lib.rs:38:33
[INFO] [stdout]   |
[INFO] [stdout] 3 | println!("{}", stringify_col(12.to_col()));
[INFO] [stdout]   |                                 ^^^^^^
[INFO] [stdout]   |
[INFO] [stdout] help: there is a method `to_cell` with a similar name
[INFO] [stdout]   |
[INFO] [stdout] 3 | println!("{}", stringify_col(12.to_cell()));
[INFO] [stdout]   |                                 ~~~~~~~
[INFO] [stdout] 
[INFO] [stdout] error: aborting due to 2 previous errors
[INFO] [stdout] 
[INFO] [stdout] Some errors have detailed explanations: E0425, E0599.
[INFO] [stdout] For more information about an error, try `rustc --explain E0425`.
[INFO] [stdout] Couldn't compile the test.
[INFO] [stdout] 
[INFO] [stdout] failures:
[INFO] [stdout]     src/lib.rs - Table::get (line 90)
[INFO] [stdout]     src/lib.rs - Table::insert (line 54)
[INFO] [stdout]     src/lib.rs - stringify_col (line 37)
[INFO] [stdout]     src/lib.rs - table (line 176)
[INFO] [stdout] 
[INFO] [stdout] test result: FAILED. 0 passed; 4 failed; 0 ignored; 0 measured; 0 filtered out; finished in 0.20s
[INFO] [stdout] 
[INFO] [stderr] error: doctest failed, to rerun pass `--doc`
[INFO] running `Command { std: "docker" "inspect" "8b215ea0890e95f06b1496cbd4a2155375cc7a751c3a4a3a876b88bbe17be6f9", kill_on_drop: false }`
[INFO] running `Command { std: "docker" "rm" "-f" "8b215ea0890e95f06b1496cbd4a2155375cc7a751c3a4a3a876b88bbe17be6f9", kill_on_drop: false }`
[INFO] [stdout] 8b215ea0890e95f06b1496cbd4a2155375cc7a751c3a4a3a876b88bbe17be6f9
