[INFO] fetching crate kcapi-sys 1.4.1...
[INFO] testing kcapi-sys-1.4.1 against nightly-2025-01-18+rustflags=-Zrandomize-layout for randomize-layout-2
[INFO] extracting crate kcapi-sys 1.4.1 into /workspace/builds/worker-1-tc2/source
[INFO] validating manifest of crates.io crate kcapi-sys 1.4.1 on toolchain nightly-2025-01-18
[INFO] running `Command { std: CARGO_HOME="/workspace/cargo-home" RUSTUP_HOME="/workspace/rustup-home" "/workspace/cargo-home/bin/cargo" "+nightly-2025-01-18" "metadata" "--manifest-path" "Cargo.toml" "--no-deps", kill_on_drop: false }`
[INFO] started tweaking crates.io crate kcapi-sys 1.4.1
[INFO] finished tweaking crates.io crate kcapi-sys 1.4.1
[INFO] tweaked toml for crates.io crate kcapi-sys 1.4.1 written to /workspace/builds/worker-1-tc2/source/Cargo.toml
[INFO] running `Command { std: CARGO_HOME="/workspace/cargo-home" RUSTUP_HOME="/workspace/rustup-home" "/workspace/cargo-home/bin/cargo" "+nightly-2025-01-18" "generate-lockfile" "--manifest-path" "Cargo.toml", kill_on_drop: false }`
[INFO] [stderr]     Blocking waiting for file lock on package cache
[INFO] [stderr]     Updating crates.io index
[INFO] [stderr]     Blocking waiting for file lock on package cache
[INFO] [stderr]      Locking 55 packages to latest compatible versions
[INFO] [stderr]       Adding bindgen v0.53.3 (available: v0.71.1)
[INFO] running `Command { std: CARGO_HOME="/workspace/cargo-home" RUSTUP_HOME="/workspace/rustup-home" "/workspace/cargo-home/bin/cargo" "+nightly-2025-01-18" "fetch" "--manifest-path" "Cargo.toml", kill_on_drop: false }`
[INFO] [stderr]     Blocking waiting for file lock on package cache
[INFO] running `Command { std: "docker" "create" "-v" "/var/lib/crater-agent-workspace/builds/worker-1-tc2/target:/opt/rustwide/target:rw,Z" "-v" "/var/lib/crater-agent-workspace/builds/worker-1-tc2/source:/opt/rustwide/workdir:ro,Z" "-v" "/var/lib/crater-agent-workspace/cargo-home:/opt/rustwide/cargo-home:ro,Z" "-v" "/var/lib/crater-agent-workspace/rustup-home:/opt/rustwide/rustup-home:ro,Z" "-e" "SOURCE_DIR=/opt/rustwide/workdir" "-e" "CARGO_TARGET_DIR=/opt/rustwide/target" "-e" "CARGO_HOME=/opt/rustwide/cargo-home" "-e" "RUSTUP_HOME=/opt/rustwide/rustup-home" "-w" "/opt/rustwide/workdir" "-m" "1610612736" "--user" "0:0" "--network" "none" "ghcr.io/rust-lang/crates-build-env/linux@sha256:819108c5571ea2e421544af4d832f968d213c87fbe3707a016657f43d2f853bc" "/opt/rustwide/cargo-home/bin/cargo" "+nightly-2025-01-18" "metadata" "--no-deps" "--format-version=1", kill_on_drop: false }`
[INFO] [stdout] a118211465846455325cd9b60758284420b96aeb12ea7f0f6908c4c12bf52e30
[INFO] running `Command { std: "docker" "start" "-a" "a118211465846455325cd9b60758284420b96aeb12ea7f0f6908c4c12bf52e30", kill_on_drop: false }`
[INFO] running `Command { std: "docker" "inspect" "a118211465846455325cd9b60758284420b96aeb12ea7f0f6908c4c12bf52e30", kill_on_drop: false }`
[INFO] running `Command { std: "docker" "rm" "-f" "a118211465846455325cd9b60758284420b96aeb12ea7f0f6908c4c12bf52e30", kill_on_drop: false }`
[INFO] [stdout] a118211465846455325cd9b60758284420b96aeb12ea7f0f6908c4c12bf52e30
[INFO] running `Command { std: "docker" "create" "-v" "/var/lib/crater-agent-workspace/builds/worker-1-tc2/target:/opt/rustwide/target:rw,Z" "-v" "/var/lib/crater-agent-workspace/builds/worker-1-tc2/source:/opt/rustwide/workdir:ro,Z" "-v" "/var/lib/crater-agent-workspace/cargo-home:/opt/rustwide/cargo-home:ro,Z" "-v" "/var/lib/crater-agent-workspace/rustup-home:/opt/rustwide/rustup-home:ro,Z" "-e" "SOURCE_DIR=/opt/rustwide/workdir" "-e" "CARGO_TARGET_DIR=/opt/rustwide/target" "-e" "CARGO_INCREMENTAL=0" "-e" "RUST_BACKTRACE=full" "-e" "RUSTFLAGS=--cap-lints=forbid -Zrandomize-layout" "-e" "RUSTDOCFLAGS=--cap-lints=forbid" "-e" "CARGO_HOME=/opt/rustwide/cargo-home" "-e" "RUSTUP_HOME=/opt/rustwide/rustup-home" "-w" "/opt/rustwide/workdir" "-m" "1610612736" "--user" "0:0" "--network" "none" "ghcr.io/rust-lang/crates-build-env/linux@sha256:819108c5571ea2e421544af4d832f968d213c87fbe3707a016657f43d2f853bc" "/opt/rustwide/cargo-home/bin/cargo" "+nightly-2025-01-18" "build" "--frozen" "--message-format=json", kill_on_drop: false }`
[INFO] [stdout] 8b53dd189334a92c747198770323a53d102bd94124ebeb7e6d686fd178fa66cd
[INFO] running `Command { std: "docker" "start" "-a" "8b53dd189334a92c747198770323a53d102bd94124ebeb7e6d686fd178fa66cd", kill_on_drop: false }`
[INFO] [stderr]    Compiling libc v0.2.169
[INFO] [stderr]    Compiling shlex v1.3.0
[INFO] [stderr]    Compiling memchr v2.7.4
[INFO] [stderr]    Compiling glob v0.3.2
[INFO] [stderr]    Compiling version_check v0.9.5
[INFO] [stderr]    Compiling regex-syntax v0.8.5
[INFO] [stderr]    Compiling proc-macro2 v1.0.93
[INFO] [stderr]    Compiling unicode-ident v1.0.14
[INFO] [stderr]    Compiling unicode-width v0.1.14
[INFO] [stderr]    Compiling quick-error v1.2.3
[INFO] [stderr]    Compiling bitflags v1.3.2
[INFO] [stderr]    Compiling bindgen v0.53.3
[INFO] [stderr]    Compiling log v0.4.25
[INFO] [stderr]    Compiling vec_map v0.8.2
[INFO] [stderr]    Compiling ansi_term v0.12.1
[INFO] [stderr]    Compiling strsim v0.8.0
[INFO] [stderr]    Compiling humantime v1.3.0
[INFO] [stderr]    Compiling termcolor v1.4.1
[INFO] [stderr]    Compiling peeking_take_while v0.1.2
[INFO] [stderr]    Compiling cc v1.2.10
[INFO] [stderr]    Compiling cfg-if v0.1.10
[INFO] [stderr]    Compiling lazy_static v1.5.0
[INFO] [stderr]    Compiling shlex v0.1.1
[INFO] [stderr]    Compiling rustc-hash v1.1.0
[INFO] [stderr]    Compiling lazycell v1.3.0
[INFO] [stderr]    Compiling fs_extra v1.3.0
[INFO] [stderr]    Compiling textwrap v0.11.0
[INFO] [stderr]    Compiling nom v5.1.3
[INFO] [stderr]    Compiling clang-sys v0.29.3
[INFO] [stderr]    Compiling quote v1.0.38
[INFO] [stderr]    Compiling aho-corasick v1.1.3
[INFO] [stderr]    Compiling autotools v0.2.7
[INFO] [stderr]    Compiling libloading v0.5.2
[INFO] [stderr]    Compiling atty v0.2.14
[INFO] [stderr]    Compiling which v3.1.1
[INFO] [stderr]    Compiling clap v2.34.0
[INFO] [stderr]    Compiling regex-automata v0.4.9
[INFO] [stderr]    Compiling cexpr v0.4.0
[INFO] [stderr]    Compiling regex v1.11.1
[INFO] [stderr]    Compiling env_logger v0.7.1
[INFO] [stderr]    Compiling kcapi-sys v1.4.1 (/opt/rustwide/workdir)
[INFO] [stderr]     Finished `dev` profile [unoptimized + debuginfo] target(s) in 40.49s
[INFO] running `Command { std: "docker" "inspect" "8b53dd189334a92c747198770323a53d102bd94124ebeb7e6d686fd178fa66cd", kill_on_drop: false }`
[INFO] running `Command { std: "docker" "rm" "-f" "8b53dd189334a92c747198770323a53d102bd94124ebeb7e6d686fd178fa66cd", kill_on_drop: false }`
[INFO] [stdout] 8b53dd189334a92c747198770323a53d102bd94124ebeb7e6d686fd178fa66cd
[INFO] running `Command { std: "docker" "create" "-v" "/var/lib/crater-agent-workspace/builds/worker-1-tc2/target:/opt/rustwide/target:rw,Z" "-v" "/var/lib/crater-agent-workspace/builds/worker-1-tc2/source:/opt/rustwide/workdir:ro,Z" "-v" "/var/lib/crater-agent-workspace/cargo-home:/opt/rustwide/cargo-home:ro,Z" "-v" "/var/lib/crater-agent-workspace/rustup-home:/opt/rustwide/rustup-home:ro,Z" "-e" "SOURCE_DIR=/opt/rustwide/workdir" "-e" "CARGO_TARGET_DIR=/opt/rustwide/target" "-e" "CARGO_INCREMENTAL=0" "-e" "RUST_BACKTRACE=full" "-e" "RUSTFLAGS=--cap-lints=forbid -Zrandomize-layout" "-e" "RUSTDOCFLAGS=--cap-lints=forbid" "-e" "CARGO_HOME=/opt/rustwide/cargo-home" "-e" "RUSTUP_HOME=/opt/rustwide/rustup-home" "-w" "/opt/rustwide/workdir" "-m" "1610612736" "--user" "0:0" "--network" "none" "ghcr.io/rust-lang/crates-build-env/linux@sha256:819108c5571ea2e421544af4d832f968d213c87fbe3707a016657f43d2f853bc" "/opt/rustwide/cargo-home/bin/cargo" "+nightly-2025-01-18" "test" "--frozen" "--no-run" "--message-format=json", kill_on_drop: false }`
[INFO] [stdout] bdd0b9a7283c123d03930ab298cc4351238144e46e48bc539be8ba688d670e35
[INFO] running `Command { std: "docker" "start" "-a" "bdd0b9a7283c123d03930ab298cc4351238144e46e48bc539be8ba688d670e35", kill_on_drop: false }`
[INFO] [stderr]    Compiling kcapi-sys v1.4.1 (/opt/rustwide/workdir)
[INFO] [stderr]     Finished `test` profile [unoptimized + debuginfo] target(s) in 25.27s
[INFO] running `Command { std: "docker" "inspect" "bdd0b9a7283c123d03930ab298cc4351238144e46e48bc539be8ba688d670e35", kill_on_drop: false }`
[INFO] running `Command { std: "docker" "rm" "-f" "bdd0b9a7283c123d03930ab298cc4351238144e46e48bc539be8ba688d670e35", kill_on_drop: false }`
[INFO] [stdout] bdd0b9a7283c123d03930ab298cc4351238144e46e48bc539be8ba688d670e35
[INFO] running `Command { std: "docker" "create" "-v" "/var/lib/crater-agent-workspace/builds/worker-1-tc2/target:/opt/rustwide/target:rw,Z" "-v" "/var/lib/crater-agent-workspace/builds/worker-1-tc2/source:/opt/rustwide/workdir:ro,Z" "-v" "/var/lib/crater-agent-workspace/cargo-home:/opt/rustwide/cargo-home:ro,Z" "-v" "/var/lib/crater-agent-workspace/rustup-home:/opt/rustwide/rustup-home:ro,Z" "-e" "SOURCE_DIR=/opt/rustwide/workdir" "-e" "CARGO_TARGET_DIR=/opt/rustwide/target" "-e" "CARGO_INCREMENTAL=0" "-e" "RUST_BACKTRACE=full" "-e" "RUSTFLAGS=--cap-lints=forbid -Zrandomize-layout" "-e" "RUSTDOCFLAGS=--cap-lints=forbid" "-e" "CARGO_HOME=/opt/rustwide/cargo-home" "-e" "RUSTUP_HOME=/opt/rustwide/rustup-home" "-w" "/opt/rustwide/workdir" "-m" "1610612736" "--user" "0:0" "--network" "none" "ghcr.io/rust-lang/crates-build-env/linux@sha256:819108c5571ea2e421544af4d832f968d213c87fbe3707a016657f43d2f853bc" "/opt/rustwide/cargo-home/bin/cargo" "+nightly-2025-01-18" "test" "--frozen", kill_on_drop: false }`
[INFO] [stdout] d65b78283608ec1ed7579154f9f72d00a6a426160bce7a964e656c1335ef1c16
[INFO] running `Command { std: "docker" "start" "-a" "d65b78283608ec1ed7579154f9f72d00a6a426160bce7a964e656c1335ef1c16", kill_on_drop: false }`
[INFO] [stderr]    Compiling kcapi-sys v1.4.1 (/opt/rustwide/workdir)
[INFO] [stderr]     Finished `test` profile [unoptimized + debuginfo] target(s) in 21.63s
[INFO] [stderr]      Running unittests src/lib.rs (/opt/rustwide/target/debug/deps/kcapi_sys-973ddfca5b4143e3)
[INFO] [stdout] 
[INFO] [stdout] running 74 tests
[INFO] [stdout] test bindgen_test_layout___atomic_wide_counter ... ok
[INFO] [stdout] test bindgen_test_layout___atomic_wide_counter__bindgen_ty_1 ... ok
[INFO] [stdout] test bindgen_test_layout___fsid_t ... ok
[INFO] [stdout] test bindgen_test_layout___once_flag ... ok
[INFO] [stdout] test bindgen_test_layout___pthread_cond_s ... ok
[INFO] [stdout] test bindgen_test_layout___pthread_internal_list ... ok
[INFO] [stdout] test bindgen_test_layout___pthread_internal_slist ... ok
[INFO] [stdout] test bindgen_test_layout___pthread_mutex_s ... ok
[INFO] [stdout] test bindgen_test_layout___pthread_rwlock_arch_t ... ok
[INFO] [stdout] test bindgen_test_layout_fd_set ... ok
[INFO] [stdout] test bindgen_test_layout___sigset_t ... ok
[INFO] [stdout] test bindgen_test_layout_pthread_attr_t ... ok
[INFO] [stdout] test bindgen_test_layout_iovec ... ok
[INFO] [stdout] test bindgen_test_layout_pthread_barrier_t ... ok
[INFO] [stdout] test bindgen_test_layout_pthread_cond_t ... ok
[INFO] [stdout] test bindgen_test_layout_pthread_condattr_t ... ok
[INFO] [stdout] test bindgen_test_layout_pthread_mutex_t ... ok
[INFO] [stdout] test bindgen_test_layout_pthread_rwlock_t ... ok
[INFO] [stdout] test bindgen_test_layout_pthread_rwlockattr_t ... ok
[INFO] [stdout] test bindgen_test_layout_timeval ... ok
[INFO] [stdout] test test_akcipher::tests::test_ackipher_enc ... ignored
[INFO] [stdout] test test_akcipher::tests::test_akcipher_dec ... ignored
[INFO] [stdout] test test_akcipher::tests::test_akcipher_init ... ignored
[INFO] [stdout] test test_akcipher::tests::test_akcipher_sign ... ignored
[INFO] [stdout] test test_akcipher::tests::test_akcipher_verify ... ignored
[INFO] [stdout] test test_akcipher::tests::test_akcipher_verify_digest_fail ... ignored
[INFO] [stdout] test test_akcipher::tests::test_akcipher_verify_key_fail ... ignored
[INFO] [stdout] test test_akcipher::tests::test_akcipher_verify_sig_fail ... ignored
[INFO] [stdout] test test_aead::tests::test_aead_decrypt ... ok
[INFO] [stdout] test test_kdf::tests::test_fb_kdf ... ok
[INFO] [stdout] test test_kdf::tests::test_dpi_kdf ... ok
[INFO] [stdout] test test_kdf::tests::test_pbkdf_one_loop ... ok
[INFO] [stdout] test bindgen_test_layout_pthread_mutexattr_t ... ok
[INFO] [stdout] test test_md::tests::test_hmac_sha1 ... ok
[INFO] [stdout] test bindgen_test_layout_timespec ... ok
[INFO] [stdout] test test_kdf::tests::test_pbkdf_two_loops ... ok
[INFO] [stdout] test test_kdf::tests::test_hkdf ... ok
[INFO] [stdout] test test_aead::tests::test_aead_encrypt ... ok
[INFO] [stdout] test test_kdf::tests::test_ctr_kdf ... ok
[INFO] [stdout] test bindgen_test_layout_pthread_barrierattr_t ... ok
[INFO] [stdout] test test_md::tests::test_hmac_sha256 ... ok
[INFO] [stdout] test test_md::tests::test_hmac_sha384 ... ok
[INFO] [stdout] test test_md::tests::test_md_init ... ok
[INFO] [stdout] test test_rng::tests::test_rng_kat ... ignored
[INFO] [stdout] test test_rng::tests::test_rng_setentropy ... ignored
[INFO] [stdout] test test_md::tests::test_hmac_sha512 ... ok
[INFO] [stdout] test test_md::tests::test_md_keyed_digest ... ok
[INFO] [stdout] test test_md::tests::test_sha512 ... ok
[INFO] [stdout] test test_skcipher::tests::test_aes128_cbc_enc ... ok
[INFO] [stdout] test test_skcipher::tests::test_aes128_ctr_dec ... ok
[INFO] [stdout] test test_skcipher::tests::test_aes128_ctr_enc ... ok
[INFO] [stdout] test test_skcipher::tests::test_aes192_cbc_dec ... ok
[INFO] [stdout] test test_skcipher::tests::test_aes192_cbc_enc ... ok
[INFO] [stdout] test test_skcipher::tests::test_aes192_ctr_dec ... ok
[INFO] [stdout] test test_skcipher::tests::test_aes192_ctr_enc ... ok
[INFO] [stdout] test test_skcipher::tests::test_aes256_cbc_enc ... ok
[INFO] [stdout] test test_skcipher::tests::test_aes256_ctr_enc ... ok
[INFO] [stdout] test test_skcipher::tests::test_kcapi_skcipher_dec ... ok
[INFO] [stdout] test test_skcipher::tests::test_kcapi_skcipher_enc ... ok
[INFO] [stdout] test test_md::tests::test_hmac_sha224 ... ok
[INFO] [stdout] test test_skcipher::tests::test_aes256_cbc_dec ... ok
[INFO] [stdout] test test_skcipher::tests::test_aes256_ctr_dec ... ok
[INFO] [stdout] test test_md::tests::test_md_digest ... ok
[INFO] [stdout] test test_skcipher::tests::test_aes128_cbc_dec ... ok
[INFO] [stdout] test test_md::tests::test_sha256 ... ok
[INFO] [stdout] test test_md::tests::test_sha1 ... ok
[INFO] [stdout] test test_md::tests::test_sha224 ... ok
[INFO] [stdout] test test_md::tests::test_sha384 ... ok
[INFO] [stdout] test test_kdf::tests::test_pbkdf_128_bit_key ... ok
[INFO] [stdout] test test_kdf::tests::test_pbkdf_4k_loops ... ok
[INFO] [stderr] libkcapi - Error: AF_ALG: bind failed (errno: -2)
[INFO] [stdout] test test_rng::tests::test_rng_get_bytes ... ok
[INFO] [stdout] test test_kdf::tests::test_pbkdf_200_bit_key ... ok
[INFO] [stdout] test test_rng::tests::test_rng_generate ... FAILED
[INFO] [stdout] test test_kdf::tests::test_pbkdf_multiloop has been running for over 60 seconds
[INFO] [stdout] test test_kdf::tests::test_pbkdf_multiloop ... ok
[INFO] [stdout] 
[INFO] [stdout] failures:
[INFO] [stdout] 
[INFO] [stdout] ---- test_rng::tests::test_rng_generate stdout ----
[INFO] [stdout] 
[INFO] [stdout] thread 'test_rng::tests::test_rng_generate' panicked at src/test_rng.rs:58:13:
[INFO] [stdout] assertion `left == right` failed
[INFO] [stdout]   left: -2
[INFO] [stdout]  right: 0
[INFO] [stdout] stack backtrace:
[INFO] [stdout]    0:     0x5816dede01da - std::backtrace_rs::backtrace::libunwind::trace::hb059275cfc8d6126
[INFO] [stdout]                                at /rustc/6067b36314ab5eb2eb47cecc464545ba58e1ad24/library/std/src/../../backtrace/src/backtrace/libunwind.rs:116:5
[INFO] [stdout]    1:     0x5816dede01da - std::backtrace_rs::backtrace::trace_unsynchronized::h2da071e4327ce3ee
[INFO] [stdout]                                at /rustc/6067b36314ab5eb2eb47cecc464545ba58e1ad24/library/std/src/../../backtrace/src/backtrace/mod.rs:66:5
[INFO] [stderr] error: test failed, to rerun pass `--lib`
[INFO] [stdout]    2:     0x5816dede01da - std::sys::backtrace::_print_fmt::h842a1474e6f8d23f
[INFO] [stdout]                                at /rustc/6067b36314ab5eb2eb47cecc464545ba58e1ad24/library/std/src/sys/backtrace.rs:66:9
[INFO] [stdout]    3:     0x5816dede01da - <std::sys::backtrace::BacktraceLock::print::DisplayBacktrace as core::fmt::Display>::fmt::h71a62eb3b9696b12
[INFO] [stdout]                                at /rustc/6067b36314ab5eb2eb47cecc464545ba58e1ad24/library/std/src/sys/backtrace.rs:39:26
[INFO] [stdout]    4:     0x5816dee077c3 - core::fmt::rt::Argument::fmt::hdb6b616786b41dc1
[INFO] [stdout]                                at /rustc/6067b36314ab5eb2eb47cecc464545ba58e1ad24/library/core/src/fmt/rt.rs:177:76
[INFO] [stdout]    5:     0x5816dee077c3 - core::fmt::write::h2cc1698af7e2d686
[INFO] [stdout]                                at /rustc/6067b36314ab5eb2eb47cecc464545ba58e1ad24/library/core/src/fmt/mod.rs:1440:21
[INFO] [stdout]    6:     0x5816deddcd33 - std::io::Write::write_fmt::hab1b4cd059a79022
[INFO] [stdout]                                at /rustc/6067b36314ab5eb2eb47cecc464545ba58e1ad24/library/std/src/io/mod.rs:1887:15
[INFO] [stdout]    7:     0x5816dede0022 - std::sys::backtrace::BacktraceLock::print::h147fe35b4ea13b08
[INFO] [stdout]                                at /rustc/6067b36314ab5eb2eb47cecc464545ba58e1ad24/library/std/src/sys/backtrace.rs:42:9
[INFO] [stdout]    8:     0x5816dede15ff - std::panicking::default_hook::{{closure}}::hbd44223dbdc0d208
[INFO] [stdout]                                at /rustc/6067b36314ab5eb2eb47cecc464545ba58e1ad24/library/std/src/panicking.rs:298:22
[INFO] [stdout]    9:     0x5816dede1418 - std::panicking::default_hook::h20f81eb0576efcec
[INFO] [stdout]                                at /rustc/6067b36314ab5eb2eb47cecc464545ba58e1ad24/library/std/src/panicking.rs:322:9
[INFO] [stdout]   10:     0x5816dedaa233 - <alloc::boxed::Box<F,A> as core::ops::function::Fn<Args>>::call::hdb53814c496a4d34
[INFO] [stdout]                                at /rustc/6067b36314ab5eb2eb47cecc464545ba58e1ad24/library/alloc/src/boxed.rs:2027:9
[INFO] [stdout]   11:     0x5816dedaa233 - test::test_main::{{closure}}::hc0a4963c59427c24
[INFO] [stdout]                                at /rustc/6067b36314ab5eb2eb47cecc464545ba58e1ad24/library/test/src/lib.rs:134:21
[INFO] [stdout]   12:     0x5816dede20f3 - <alloc::boxed::Box<F,A> as core::ops::function::Fn<Args>>::call::h591b2225413a77e9
[INFO] [stdout]                                at /rustc/6067b36314ab5eb2eb47cecc464545ba58e1ad24/library/alloc/src/boxed.rs:2027:9
[INFO] [stdout]   13:     0x5816dede20f3 - std::panicking::rust_panic_with_hook::h625eea43051b2edc
[INFO] [stdout]                                at /rustc/6067b36314ab5eb2eb47cecc464545ba58e1ad24/library/std/src/panicking.rs:839:13
[INFO] [stdout]   14:     0x5816dede1daa - std::panicking::begin_panic_handler::{{closure}}::h4f9159cfbc3f6bd3
[INFO] [stdout]                                at /rustc/6067b36314ab5eb2eb47cecc464545ba58e1ad24/library/std/src/panicking.rs:704:13
[INFO] [stdout]   15:     0x5816dede06d9 - std::sys::backtrace::__rust_end_short_backtrace::h0390abce48353151
[INFO] [stdout]                                at /rustc/6067b36314ab5eb2eb47cecc464545ba58e1ad24/library/std/src/sys/backtrace.rs:168:18
[INFO] [stdout]   16:     0x5816dede1a3d - rust_begin_unwind
[INFO] [stdout]                                at /rustc/6067b36314ab5eb2eb47cecc464545ba58e1ad24/library/std/src/panicking.rs:695:5
[INFO] [stdout]   17:     0x5816dee06240 - core::panicking::panic_fmt::h9e7c637e9e5f29c9
[INFO] [stdout]                                at /rustc/6067b36314ab5eb2eb47cecc464545ba58e1ad24/library/core/src/panicking.rs:75:14
[INFO] [stdout]   18:     0x5816dee06592 - core::panicking::assert_failed_inner::h538bec7c1374cd9c
[INFO] [stdout]   19:     0x5816ded679be - core::panicking::assert_failed::hbfe33bf75ca09381
[INFO] [stdout]                                at /rustc/6067b36314ab5eb2eb47cecc464545ba58e1ad24/library/core/src/panicking.rs:364:5
[INFO] [stdout]   20:     0x5816ded5b88d - kcapi_sys::test_rng::tests::test_rng_generate::h643a59d3daa8dc4d
[INFO] [stdout]                                at /opt/rustwide/workdir/src/test_rng.rs:58:13
[INFO] [stdout]   21:     0x5816ded5b677 - kcapi_sys::test_rng::tests::test_rng_generate::{{closure}}::hbdde4c2dc3bf2661
[INFO] [stdout]                                at /opt/rustwide/workdir/src/test_rng.rs:45:27
[INFO] [stdout]   22:     0x5816ded5d8a6 - core::ops::function::FnOnce::call_once::h7c87a022d242ebb3
[INFO] [stdout]                                at /rustc/6067b36314ab5eb2eb47cecc464545ba58e1ad24/library/core/src/ops/function.rs:250:5
[INFO] [stdout]   23:     0x5816dedaf98b - core::ops::function::FnOnce::call_once::he27718dfdd183f43
[INFO] [stdout]                                at /rustc/6067b36314ab5eb2eb47cecc464545ba58e1ad24/library/core/src/ops/function.rs:250:5
[INFO] [stdout]   24:     0x5816dedaf98b - test::__rust_begin_short_backtrace::h4e84902998457a5d
[INFO] [stdout]                                at /rustc/6067b36314ab5eb2eb47cecc464545ba58e1ad24/library/test/src/lib.rs:632:18
[INFO] [stdout]   25:     0x5816dedae8c3 - test::run_test_in_process::{{closure}}::h7176fd18fc1feca0
[INFO] [stdout]                                at /rustc/6067b36314ab5eb2eb47cecc464545ba58e1ad24/library/test/src/lib.rs:655:60
[INFO] [stdout]   26:     0x5816dedae8c3 - <core::panic::unwind_safe::AssertUnwindSafe<F> as core::ops::function::FnOnce<()>>::call_once::hf79cff2a624d8cf7
[INFO] [stdout]                                at /rustc/6067b36314ab5eb2eb47cecc464545ba58e1ad24/library/core/src/panic/unwind_safe.rs:272:9
[INFO] [stdout]   27:     0x5816dedae8c3 - std::panicking::try::do_call::h3da0561d9ab99c25
[INFO] [stdout]                                at /rustc/6067b36314ab5eb2eb47cecc464545ba58e1ad24/library/std/src/panicking.rs:587:40
[INFO] [stdout]   28:     0x5816dedae8c3 - std::panicking::try::h41c9fa508bc61df6
[INFO] [stdout]                                at /rustc/6067b36314ab5eb2eb47cecc464545ba58e1ad24/library/std/src/panicking.rs:550:19
[INFO] [stdout]   29:     0x5816dedae8c3 - std::panic::catch_unwind::h6b3ff07bb5afad93
[INFO] [stdout]                                at /rustc/6067b36314ab5eb2eb47cecc464545ba58e1ad24/library/std/src/panic.rs:358:14
[INFO] [stdout]   30:     0x5816dedae8c3 - test::run_test_in_process::hc7253dd11b39b9f4
[INFO] [stdout]                                at /rustc/6067b36314ab5eb2eb47cecc464545ba58e1ad24/library/test/src/lib.rs:655:27
[INFO] [stdout]   31:     0x5816dedae8c3 - test::run_test::{{closure}}::hfb2007f8649c30bb
[INFO] [stdout]                                at /rustc/6067b36314ab5eb2eb47cecc464545ba58e1ad24/library/test/src/lib.rs:576:43
[INFO] [stdout]   32:     0x5816ded719a5 - test::run_test::{{closure}}::h56a17aa7a282a9f4
[INFO] [stdout]                                at /rustc/6067b36314ab5eb2eb47cecc464545ba58e1ad24/library/test/src/lib.rs:606:41
[INFO] [stdout]   33:     0x5816ded719a5 - std::sys::backtrace::__rust_begin_short_backtrace::hd2d2d2fb8e8c6aac
[INFO] [stdout]                                at /rustc/6067b36314ab5eb2eb47cecc464545ba58e1ad24/library/std/src/sys/backtrace.rs:152:18
[INFO] [stdout]   34:     0x5816ded7528a - std::thread::Builder::spawn_unchecked_::{{closure}}::{{closure}}::h4faa3f9db6133423
[INFO] [stdout]                                at /rustc/6067b36314ab5eb2eb47cecc464545ba58e1ad24/library/std/src/thread/mod.rs:559:17
[INFO] [stdout]   35:     0x5816ded7528a - <core::panic::unwind_safe::AssertUnwindSafe<F> as core::ops::function::FnOnce<()>>::call_once::hf2e855a36a4ea846
[INFO] [stdout]                                at /rustc/6067b36314ab5eb2eb47cecc464545ba58e1ad24/library/core/src/panic/unwind_safe.rs:272:9
[INFO] [stdout]   36:     0x5816ded7528a - std::panicking::try::do_call::h2f73af3616c35465
[INFO] [stdout]                                at /rustc/6067b36314ab5eb2eb47cecc464545ba58e1ad24/library/std/src/panicking.rs:587:40
[INFO] [stdout]   37:     0x5816ded7528a - std::panicking::try::hd1660ce9efadef5a
[INFO] [stdout]                                at /rustc/6067b36314ab5eb2eb47cecc464545ba58e1ad24/library/std/src/panicking.rs:550:19
[INFO] [stdout]   38:     0x5816ded7528a - std::panic::catch_unwind::h5ee8d7823b8ca744
[INFO] [stdout]                                at /rustc/6067b36314ab5eb2eb47cecc464545ba58e1ad24/library/std/src/panic.rs:358:14
[INFO] [stdout]   39:     0x5816ded7528a - std::thread::Builder::spawn_unchecked_::{{closure}}::h53c3a1894dce8407
[INFO] [stdout]                                at /rustc/6067b36314ab5eb2eb47cecc464545ba58e1ad24/library/std/src/thread/mod.rs:557:30
[INFO] [stdout]   40:     0x5816ded7528a - core::ops::function::FnOnce::call_once{{vtable.shim}}::h048ce291ad4f62bf
[INFO] [stdout]                                at /rustc/6067b36314ab5eb2eb47cecc464545ba58e1ad24/library/core/src/ops/function.rs:250:5
[INFO] [stdout]   41:     0x5816dede602b - <alloc::boxed::Box<F,A> as core::ops::function::FnOnce<Args>>::call_once::ha52bedf99a3b4981
[INFO] [stdout]                                at /rustc/6067b36314ab5eb2eb47cecc464545ba58e1ad24/library/alloc/src/boxed.rs:2013:9
[INFO] [stdout]   42:     0x5816dede602b - <alloc::boxed::Box<F,A> as core::ops::function::FnOnce<Args>>::call_once::h567748934d80ccf8
[INFO] [stdout]                                at /rustc/6067b36314ab5eb2eb47cecc464545ba58e1ad24/library/alloc/src/boxed.rs:2013:9
[INFO] [stdout]   43:     0x5816dede602b - std::sys::pal::unix::thread::Thread::new::thread_start::h2d970728ae887adc
[INFO] [stdout]                                at /rustc/6067b36314ab5eb2eb47cecc464545ba58e1ad24/library/std/src/sys/pal/unix/thread.rs:106:17
[INFO] [stdout]   44:     0x72dd6225dac3 - <unknown>
[INFO] [stdout]   45:     0x72dd622eea04 - clone
[INFO] [stdout]   46:                0x0 - <unknown>
[INFO] [stdout] 
[INFO] [stdout] 
[INFO] [stdout] failures:
[INFO] [stdout]     test_rng::tests::test_rng_generate
[INFO] [stdout] 
[INFO] [stdout] test result: FAILED. 63 passed; 1 failed; 10 ignored; 0 measured; 0 filtered out; finished in 66.89s
[INFO] [stdout] 
[INFO] running `Command { std: "docker" "inspect" "d65b78283608ec1ed7579154f9f72d00a6a426160bce7a964e656c1335ef1c16", kill_on_drop: false }`
[INFO] running `Command { std: "docker" "rm" "-f" "d65b78283608ec1ed7579154f9f72d00a6a426160bce7a964e656c1335ef1c16", kill_on_drop: false }`
[INFO] [stdout] d65b78283608ec1ed7579154f9f72d00a6a426160bce7a964e656c1335ef1c16
