[INFO] fetching crate jwt-ui 1.3.0...
[INFO] testing jwt-ui-1.3.0 against nightly-2025-01-18+rustflags=-Zrandomize-layout for randomize-layout-2
[INFO] extracting crate jwt-ui 1.3.0 into /workspace/builds/worker-2-tc2/source
[INFO] validating manifest of crates.io crate jwt-ui 1.3.0 on toolchain nightly-2025-01-18
[INFO] running `Command { std: CARGO_HOME="/workspace/cargo-home" RUSTUP_HOME="/workspace/rustup-home" "/workspace/cargo-home/bin/cargo" "+nightly-2025-01-18" "metadata" "--manifest-path" "Cargo.toml" "--no-deps", kill_on_drop: false }`
[INFO] started tweaking crates.io crate jwt-ui 1.3.0
[INFO] finished tweaking crates.io crate jwt-ui 1.3.0
[INFO] tweaked toml for crates.io crate jwt-ui 1.3.0 written to /workspace/builds/worker-2-tc2/source/Cargo.toml
[INFO] crate crates.io crate jwt-ui 1.3.0 already has a lockfile, it will not be regenerated
[INFO] running `Command { std: CARGO_HOME="/workspace/cargo-home" RUSTUP_HOME="/workspace/rustup-home" "/workspace/cargo-home/bin/cargo" "+nightly-2025-01-18" "fetch" "--manifest-path" "Cargo.toml", kill_on_drop: false }`
[INFO] [stderr]     Blocking waiting for file lock on package cache
[INFO] [stderr]     Blocking waiting for file lock on package cache
[INFO] running `Command { std: "docker" "create" "-v" "/var/lib/crater-agent-workspace/builds/worker-2-tc2/target:/opt/rustwide/target:rw,Z" "-v" "/var/lib/crater-agent-workspace/builds/worker-2-tc2/source:/opt/rustwide/workdir:ro,Z" "-v" "/var/lib/crater-agent-workspace/cargo-home:/opt/rustwide/cargo-home:ro,Z" "-v" "/var/lib/crater-agent-workspace/rustup-home:/opt/rustwide/rustup-home:ro,Z" "-e" "SOURCE_DIR=/opt/rustwide/workdir" "-e" "CARGO_TARGET_DIR=/opt/rustwide/target" "-e" "CARGO_HOME=/opt/rustwide/cargo-home" "-e" "RUSTUP_HOME=/opt/rustwide/rustup-home" "-w" "/opt/rustwide/workdir" "-m" "1610612736" "--user" "0:0" "--network" "none" "ghcr.io/rust-lang/crates-build-env/linux@sha256:819108c5571ea2e421544af4d832f968d213c87fbe3707a016657f43d2f853bc" "/opt/rustwide/cargo-home/bin/cargo" "+nightly-2025-01-18" "metadata" "--no-deps" "--format-version=1", kill_on_drop: false }`
[INFO] [stdout] a31eac79482e2af0752c0db6d0234768c8e3568f2b5ed4cd6d48db4e867ec817
[INFO] running `Command { std: "docker" "start" "-a" "a31eac79482e2af0752c0db6d0234768c8e3568f2b5ed4cd6d48db4e867ec817", kill_on_drop: false }`
[INFO] running `Command { std: "docker" "inspect" "a31eac79482e2af0752c0db6d0234768c8e3568f2b5ed4cd6d48db4e867ec817", kill_on_drop: false }`
[INFO] running `Command { std: "docker" "rm" "-f" "a31eac79482e2af0752c0db6d0234768c8e3568f2b5ed4cd6d48db4e867ec817", kill_on_drop: false }`
[INFO] [stdout] a31eac79482e2af0752c0db6d0234768c8e3568f2b5ed4cd6d48db4e867ec817
[INFO] running `Command { std: "docker" "create" "-v" "/var/lib/crater-agent-workspace/builds/worker-2-tc2/target:/opt/rustwide/target:rw,Z" "-v" "/var/lib/crater-agent-workspace/builds/worker-2-tc2/source:/opt/rustwide/workdir:ro,Z" "-v" "/var/lib/crater-agent-workspace/cargo-home:/opt/rustwide/cargo-home:ro,Z" "-v" "/var/lib/crater-agent-workspace/rustup-home:/opt/rustwide/rustup-home:ro,Z" "-e" "SOURCE_DIR=/opt/rustwide/workdir" "-e" "CARGO_TARGET_DIR=/opt/rustwide/target" "-e" "CARGO_INCREMENTAL=0" "-e" "RUST_BACKTRACE=full" "-e" "RUSTFLAGS=--cap-lints=forbid -Zrandomize-layout" "-e" "RUSTDOCFLAGS=--cap-lints=forbid" "-e" "CARGO_HOME=/opt/rustwide/cargo-home" "-e" "RUSTUP_HOME=/opt/rustwide/rustup-home" "-w" "/opt/rustwide/workdir" "-m" "1610612736" "--user" "0:0" "--network" "none" "ghcr.io/rust-lang/crates-build-env/linux@sha256:819108c5571ea2e421544af4d832f968d213c87fbe3707a016657f43d2f853bc" "/opt/rustwide/cargo-home/bin/cargo" "+nightly-2025-01-18" "build" "--frozen" "--message-format=json", kill_on_drop: false }`
[INFO] [stdout] 0d3366be4f4203728c22ff866a81827a2bfd243698ab67f5795e8f19e5839160
[INFO] running `Command { std: "docker" "start" "-a" "0d3366be4f4203728c22ff866a81827a2bfd243698ab67f5795e8f19e5839160", kill_on_drop: false }`
[INFO] [stderr]    Compiling proc-macro2 v1.0.92
[INFO] [stderr]    Compiling unicode-ident v1.0.12
[INFO] [stderr]    Compiling cfg-if v1.0.0
[INFO] [stderr]    Compiling autocfg v1.3.0
[INFO] [stderr]    Compiling libc v0.2.167
[INFO] [stderr]    Compiling once_cell v1.19.0
[INFO] [stderr]    Compiling rustix v0.38.34
[INFO] [stderr]    Compiling log v0.4.21
[INFO] [stderr]    Compiling linux-raw-sys v0.4.14
[INFO] [stderr]    Compiling bitflags v2.5.0
[INFO] [stderr]    Compiling cc v1.0.98
[INFO] [stderr]    Compiling smallvec v1.13.2
[INFO] [stderr]    Compiling pkg-config v0.3.30
[INFO] [stderr]    Compiling version_check v0.9.4
[INFO] [stderr]    Compiling zerocopy v0.7.34
[INFO] [stderr]    Compiling scoped-tls v1.0.1
[INFO] [stderr]    Compiling libloading v0.8.3
[INFO] [stderr]    Compiling memchr v2.7.2
[INFO] [stderr]    Compiling downcast-rs v1.2.1
[INFO] [stderr]    Compiling serde v1.0.215
[INFO] [stderr]    Compiling allocator-api2 v0.2.18
[INFO] [stderr]    Compiling dlib v0.5.2
[INFO] [stderr]    Compiling thiserror v1.0.61
[INFO] [stderr]    Compiling rustversion v1.0.17
[INFO] [stderr]    Compiling strsim v0.11.1
[INFO] [stderr]    Compiling itoa v1.0.11
[INFO] [stderr]    Compiling parking_lot_core v0.9.10
[INFO] [stderr]    Compiling ident_case v1.0.1
[INFO] [stderr]    Compiling tracing-core v0.1.32
[INFO] [stderr]    Compiling num-traits v0.2.19
[INFO] [stderr]    Compiling ahash v0.8.11
[INFO] [stderr]    Compiling slab v0.4.9
[INFO] [stderr]    Compiling lock_api v0.4.12
[INFO] [stderr]    Compiling signal-hook v0.3.17
[INFO] [stderr]    Compiling fnv v1.0.7
[INFO] [stderr]    Compiling pin-project-lite v0.2.14
[INFO] [stderr]    Compiling heck v0.5.0
[INFO] [stderr]    Compiling ryu v1.0.18
[INFO] [stderr]    Compiling scopeguard v1.2.0
[INFO] [stderr]    Compiling either v1.12.0
[INFO] [stderr]    Compiling paste v1.0.15
[INFO] [stderr]    Compiling wayland-sys v0.31.1
[INFO] [stderr]    Compiling yansi v1.0.1
[INFO] [stderr]    Compiling diff v0.1.13
[INFO] [stderr]    Compiling hashbrown v0.14.5
[INFO] [stderr]    Compiling utf8parse v0.2.1
[INFO] [stderr]    Compiling quote v1.0.36
[INFO] [stderr]    Compiling quick-xml v0.31.0
[INFO] [stderr]    Compiling tracing v0.1.40
[INFO] [stderr]    Compiling syn v2.0.90
[INFO] [stderr]    Compiling pretty_assertions v1.4.1
[INFO] [stderr]    Compiling anstyle-parse v0.2.4
[INFO] [stderr]    Compiling castaway v0.2.3
[INFO] [stderr]    Compiling itertools v0.12.1
[INFO] [stderr]    Compiling colorchoice v1.0.1
[INFO] [stderr]    Compiling time-core v0.1.2
[INFO] [stderr]    Compiling smithay-client-toolkit v0.18.1
[INFO] [stderr]    Compiling is_terminal_polyfill v1.70.0
[INFO] [stderr]    Compiling cursor-icon v1.1.0
[INFO] [stderr]    Compiling num-conv v0.1.0
[INFO] [stderr]    Compiling anstyle-query v1.0.3
[INFO] [stderr]    Compiling powerfmt v0.2.0
[INFO] [stderr]    Compiling unicode-width v0.1.13
[INFO] [stderr]    Compiling static_assertions v1.1.0
[INFO] [stderr]    Compiling anstyle v1.0.10
[INFO] [stderr]    Compiling equivalent v1.0.1
[INFO] [stderr]    Compiling indoc v2.0.5
[INFO] [stderr]    Compiling xcursor v0.3.5
[INFO] [stderr]    Compiling deranged v0.3.11
[INFO] [stderr]    Compiling compact_str v0.8.0
[INFO] [stderr]    Compiling time-macros v0.2.18
[INFO] [stderr]    Compiling anstream v0.6.14
[INFO] [stderr]    Compiling lru v0.12.3
[INFO] [stderr]    Compiling indexmap v2.2.6
[INFO] [stderr]    Compiling itertools v0.13.0
[INFO] [stderr]    Compiling signal-hook-registry v1.4.2
[INFO] [stderr]    Compiling mio v1.0.3
[INFO] [stderr]    Compiling getrandom v0.2.15
[INFO] [stderr]    Compiling wayland-backend v0.3.3
[INFO] [stderr]    Compiling parking_lot v0.12.2
[INFO] [stderr]    Compiling wayland-scanner v0.31.1
[INFO] [stderr]    Compiling ring v0.17.8
[INFO] [stderr]    Compiling num-integer v0.1.46
[INFO] [stderr]    Compiling memmap2 v0.9.4
[INFO] [stderr]    Compiling signal-hook-mio v0.2.4
[INFO] [stderr]    Compiling x11rb-protocol v0.13.1
[INFO] [stderr]    Compiling xkeysym v0.2.0
[INFO] [stderr]    Compiling serde_json v1.0.133
[INFO] [stderr]    Compiling gimli v0.31.1
[INFO] [stderr]    Compiling unicode-width v0.2.0
[INFO] [stderr]    Compiling cassowary v0.3.0
[INFO] [stderr]    Compiling unicode-segmentation v1.11.0
[INFO] [stderr]    Compiling adler2 v2.0.0
[INFO] [stderr]    Compiling num-bigint v0.4.5
[INFO] [stderr]    Compiling object v0.36.0
[INFO] [stderr]    Compiling miniz_oxide v0.8.0
[INFO] [stderr]    Compiling base64 v0.22.1
[INFO] [stderr]    Compiling unicode-truncate v1.0.0
[INFO] [stderr]    Compiling spin v0.9.8
[INFO] [stderr]    Compiling untrusted v0.9.0
[INFO] [stderr]    Compiling rustc-demangle v0.1.24
[INFO] [stderr]    Compiling clap_lex v0.7.4
[INFO] [stderr]    Compiling pem v3.0.4
[INFO] [stderr]    Compiling uuid v1.8.0
[INFO] [stderr]    Compiling clap_builder v4.5.23
[INFO] [stderr]    Compiling base64 v0.21.7
[INFO] [stderr]    Compiling iana-time-zone v0.1.60
[INFO] [stderr]    Compiling time v0.3.36
[INFO] [stderr]    Compiling chrono v0.4.38
[INFO] [stderr]    Compiling darling_core v0.20.10
[INFO] [stderr]    Compiling addr2line v0.24.2
[INFO] [stderr]    Compiling polling v3.7.0
[INFO] [stderr]    Compiling crossterm v0.28.1
[INFO] [stderr]    Compiling serde_derive v1.0.215
[INFO] [stderr]    Compiling thiserror-impl v1.0.61
[INFO] [stderr]    Compiling strum_macros v0.26.4
[INFO] [stderr]    Compiling backtrace v0.3.74
[INFO] [stderr]    Compiling clap_derive v4.5.18
[INFO] [stderr]    Compiling wayland-client v0.31.2
[INFO] [stderr]    Compiling wayland-csd-frame v0.3.0
[INFO] [stderr]    Compiling calloop v0.12.4
[INFO] [stderr]    Compiling simple_asn1 v0.6.2
[INFO] [stderr]    Compiling strum v0.26.3
[INFO] [stderr]    Compiling darling_macro v0.20.10
[INFO] [stderr]    Compiling darling v0.20.10
[INFO] [stderr]    Compiling instability v0.3.3
[INFO] [stderr]    Compiling wayland-protocols v0.31.2
[INFO] [stderr]    Compiling calloop-wayland-source v0.2.0
[INFO] [stderr]    Compiling wayland-cursor v0.31.1
[INFO] [stderr]    Compiling ratatui v0.29.0
[INFO] [stderr]    Compiling clap v4.5.23
[INFO] [stderr]    Compiling x11rb v0.13.1
[INFO] [stderr]    Compiling x11-clipboard v0.9.2
[INFO] [stderr]    Compiling tui-input v0.11.1
[INFO] [stderr]    Compiling tui-textarea v0.7.0
[INFO] [stderr]    Compiling wayland-protocols-wlr v0.2.0
[INFO] [stderr]    Compiling toml_datetime v0.6.6
[INFO] [stderr]    Compiling serde_spanned v0.6.6
[INFO] [stderr]    Compiling os_info v3.8.2
[INFO] [stderr]    Compiling toml_edit v0.22.13
[INFO] [stderr]    Compiling jsonwebtoken v9.3.0
[INFO] [stderr]    Compiling toml v0.8.13
[INFO] [stderr]    Compiling human-panic v2.0.2
[INFO] [stderr]    Compiling smithay-clipboard v0.7.1
[INFO] [stderr]    Compiling copypasta v0.10.1
[INFO] [stderr]    Compiling jwt-ui v1.3.0 (/opt/rustwide/workdir)
[INFO] [stderr]     Finished `dev` profile [unoptimized + debuginfo] target(s) in 52.86s
[INFO] running `Command { std: "docker" "inspect" "0d3366be4f4203728c22ff866a81827a2bfd243698ab67f5795e8f19e5839160", kill_on_drop: false }`
[INFO] running `Command { std: "docker" "rm" "-f" "0d3366be4f4203728c22ff866a81827a2bfd243698ab67f5795e8f19e5839160", kill_on_drop: false }`
[INFO] [stdout] 0d3366be4f4203728c22ff866a81827a2bfd243698ab67f5795e8f19e5839160
[INFO] running `Command { std: "docker" "create" "-v" "/var/lib/crater-agent-workspace/builds/worker-2-tc2/target:/opt/rustwide/target:rw,Z" "-v" "/var/lib/crater-agent-workspace/builds/worker-2-tc2/source:/opt/rustwide/workdir:ro,Z" "-v" "/var/lib/crater-agent-workspace/cargo-home:/opt/rustwide/cargo-home:ro,Z" "-v" "/var/lib/crater-agent-workspace/rustup-home:/opt/rustwide/rustup-home:ro,Z" "-e" "SOURCE_DIR=/opt/rustwide/workdir" "-e" "CARGO_TARGET_DIR=/opt/rustwide/target" "-e" "CARGO_INCREMENTAL=0" "-e" "RUST_BACKTRACE=full" "-e" "RUSTFLAGS=--cap-lints=forbid -Zrandomize-layout" "-e" "RUSTDOCFLAGS=--cap-lints=forbid" "-e" "CARGO_HOME=/opt/rustwide/cargo-home" "-e" "RUSTUP_HOME=/opt/rustwide/rustup-home" "-w" "/opt/rustwide/workdir" "-m" "1610612736" "--user" "0:0" "--network" "none" "ghcr.io/rust-lang/crates-build-env/linux@sha256:819108c5571ea2e421544af4d832f968d213c87fbe3707a016657f43d2f853bc" "/opt/rustwide/cargo-home/bin/cargo" "+nightly-2025-01-18" "test" "--frozen" "--no-run" "--message-format=json", kill_on_drop: false }`
[INFO] [stdout] c40e892c220f1f3a0ad90de8c3e504f9af547070e83aaa1f9c2e81e872b87082
[INFO] running `Command { std: "docker" "start" "-a" "c40e892c220f1f3a0ad90de8c3e504f9af547070e83aaa1f9c2e81e872b87082", kill_on_drop: false }`
[INFO] [stderr]    Compiling cargo-husky v1.5.0
[INFO] [stderr]    Compiling jwt-ui v1.3.0 (/opt/rustwide/workdir)
[INFO] [stderr]     Finished `test` profile [unoptimized + debuginfo] target(s) in 3.17s
[INFO] running `Command { std: "docker" "inspect" "c40e892c220f1f3a0ad90de8c3e504f9af547070e83aaa1f9c2e81e872b87082", kill_on_drop: false }`
[INFO] running `Command { std: "docker" "rm" "-f" "c40e892c220f1f3a0ad90de8c3e504f9af547070e83aaa1f9c2e81e872b87082", kill_on_drop: false }`
[INFO] [stdout] c40e892c220f1f3a0ad90de8c3e504f9af547070e83aaa1f9c2e81e872b87082
[INFO] running `Command { std: "docker" "create" "-v" "/var/lib/crater-agent-workspace/builds/worker-2-tc2/target:/opt/rustwide/target:rw,Z" "-v" "/var/lib/crater-agent-workspace/builds/worker-2-tc2/source:/opt/rustwide/workdir:ro,Z" "-v" "/var/lib/crater-agent-workspace/cargo-home:/opt/rustwide/cargo-home:ro,Z" "-v" "/var/lib/crater-agent-workspace/rustup-home:/opt/rustwide/rustup-home:ro,Z" "-e" "SOURCE_DIR=/opt/rustwide/workdir" "-e" "CARGO_TARGET_DIR=/opt/rustwide/target" "-e" "CARGO_INCREMENTAL=0" "-e" "RUST_BACKTRACE=full" "-e" "RUSTFLAGS=--cap-lints=forbid -Zrandomize-layout" "-e" "RUSTDOCFLAGS=--cap-lints=forbid" "-e" "CARGO_HOME=/opt/rustwide/cargo-home" "-e" "RUSTUP_HOME=/opt/rustwide/rustup-home" "-w" "/opt/rustwide/workdir" "-m" "1610612736" "--user" "0:0" "--network" "none" "ghcr.io/rust-lang/crates-build-env/linux@sha256:819108c5571ea2e421544af4d832f968d213c87fbe3707a016657f43d2f853bc" "/opt/rustwide/cargo-home/bin/cargo" "+nightly-2025-01-18" "test" "--frozen", kill_on_drop: false }`
[INFO] [stdout] 22db4ddba5b5e4471aa7d28a05fbd4008e284b6830f070740470f3dd8b77e363
[INFO] running `Command { std: "docker" "start" "-a" "22db4ddba5b5e4471aa7d28a05fbd4008e284b6830f070740470f3dd8b77e363", kill_on_drop: false }`
[INFO] [stderr]     Finished `test` profile [unoptimized + debuginfo] target(s) in 0.17s
[INFO] [stderr]      Running unittests src/main.rs (/opt/rustwide/target/debug/deps/jwtui-71ad3f8872ea3ec8)
[INFO] [stdout] 
[INFO] [stdout] running 46 tests
[INFO] [stdout] test app::jwt_decoder::tests::test_decode_ecdsa_token_using_jwks_secret_file ... ok
[INFO] [stdout] test app::jwt_decoder::tests::test_decode_ecdsa_token_with_valid_jwt_and_secret_pem ... ok
[INFO] [stdout] test app::jwt_decoder::tests::test_decode_hmac_token_with_valid_jwt_and_secret ... ok
[INFO] [stdout] test app::jwt_decoder::tests::test_decode_hmac_token_with_valid_jwt_and_b64secret ... ok
[INFO] [stdout] test app::jwt_decoder::tests::test_decode_eddsa_token_using_secret_file ... ok
[INFO] [stdout] test app::jwt_decoder::tests::test_decode_rsa_token_with_valid_jwt_and_invalid_signature ... ok
[INFO] [stdout] test app::jwt_decoder::tests::test_decode_rsa_token_using_jwks_secret_file ... ok
[INFO] [stdout] test app::jwt_decoder::tests::test_decode_rsa_pss_token_with_valid_jwt_and_secret ... ok
[INFO] [stdout] test app::jwt_decoder::tests::test_decode_rsa_token_with_valid_jwt_and_secret_der ... ok
[INFO] [stdout] test app::jwt_decoder::tests::test_decoding_key_from_secret_hs256 ... ok
[INFO] [stdout] test app::jwt_decoder::tests::test_decoding_key_from_secret_rs256_file_pem ... ok
[INFO] [stdout] test app::jwt_decoder::tests::test_decode_token_with_valid_jwt_and_empty_secret ... ok
[INFO] [stdout] test app::jwt_decoder::tests::test_decode_token_with_invalid_jwt ... ok
[INFO] [stdout] test app::jwt_decoder::tests::test_decode_rsa_ssa_pss_token_using_jwks_secret ... ok
[INFO] [stdout] test app::jwt_encoder::tests::test_encode_eddsa_jwt_token_with_valid_payload_and_header ... ok
[INFO] [stdout] test app::jwt_encoder::tests::test_encode_jwt_token_with_empty_header ... ok
[INFO] [stdout] test app::key_binding::tests::test_as_iter ... ok
[INFO] [stdout] test app::models::tests::test_handle_table_scroll ... ok
[INFO] [stdout] test app::jwt_encoder::tests::test_encode_hmac_jwt_token_with_valid_payload_and_defaults ... ok
[INFO] [stdout] test app::models::tests::test_stateful_table ... ok
[INFO] [stdout] test app::jwt_encoder::tests::test_encode_jwt_token_with_invalid_header ... ok
[INFO] [stdout] test app::jwt_decoder::tests::test_decode_token_with_valid_jwt_and_valid_exp_utc ... ok
[INFO] [stdout] test app::jwt_decoder::tests::test_decode_token_with_valid_jwt_and_invalid_secret ... ok
[INFO] [stdout] test app::jwt_encoder::tests::test_encode_ecdsa_jwt_token_with_valid_payload_and_header ... ok
[INFO] [stdout] test app::jwt_encoder::tests::test_encode_rsa_pss_jwt_token_with_valid_payload_and_header ... ok
[INFO] [stdout] test app::jwt_encoder::tests::test_encode_rsa_jwt_token_with_valid_payload_and_header ... ok
[INFO] [stdout] test app::jwt_encoder::tests::test_encode_jwt_token_with_empty_payload ... ok
[INFO] [stdout] test app::models::tests::test_scrollable_txt ... ok
[INFO] [stdout] test event::key::tests::test_key_fmt ... ok
[INFO] [stdout] test app::tests::test_on_tick_first_render ... ok
[INFO] [stdout] test handlers::tests::test_handle_block_scroll_with_decoder_header_block ... ok
[INFO] [stdout] test handlers::tests::test_handle_block_scroll_with_help_block ... ok
[INFO] [stdout] test handlers::tests::test_handle_key_events_for_editor_editing ... ok
[INFO] [stdout] test handlers::tests::test_handle_key_events_for_textarea_editing ... ok
[INFO] [stdout] test handlers::tests::test_inverse_dir ... ok
[INFO] [stdout] test app::models::tests::test_stateful_tab ... ok
[INFO] [stdout] test handlers::tests::test_handle_key_events_for_editor ... ok
[INFO] [stdout] test event::key::tests::test_key_from_event ... ok
[INFO] [stdout] test ui::help::tests::test_draw_help ... ok
[INFO] [stdout] test ui::encoder::tests::test_draw_encoder ... ok
[INFO] [stdout] test ui::decoder::tests::test_draw_decoder ... ok
[INFO] [stdout] test app::jwt_decoder::tests::test_decoding_key_from_secret_hs256_file ... FAILED
[INFO] [stdout] test app::jwt_decoder::tests::test_decoding_key_from_secret_nonexistent_file - should panic ... ok
[INFO] [stdout] test app::jwt_decoder::tests::test_decoding_key_from_secret_es256_no_file - should panic ... ok
[INFO] [stdout] test app::utils::tests::test_slurp_file_nonexistent - should panic ... ok
[INFO] [stdout] test app::utils::tests::test_slurp_file ... FAILED
[INFO] [stdout] 
[INFO] [stdout] failures:
[INFO] [stdout] 
[INFO] [stdout] ---- app::jwt_decoder::tests::test_decoding_key_from_secret_hs256_file stdout ----
[INFO] [stdout] 
[INFO] [stdout] thread 'app::jwt_decoder::tests::test_decoding_key_from_secret_hs256_file' panicked at src/app/jwt_decoder.rs:672:58:
[INFO] [stdout] called `Result::unwrap()` on an `Err` value: Os { code: 30, kind: ReadOnlyFilesystem, message: "Read-only file system" }
[INFO] [stdout] stack backtrace:
[INFO] [stdout]    0:     0x62a502c209aa - std::backtrace_rs::backtrace::libunwind::trace::hb059275cfc8d6126
[INFO] [stdout]                                at /rustc/6067b36314ab5eb2eb47cecc464545ba58e1ad24/library/std/src/../../backtrace/src/backtrace/libunwind.rs:116:5
[INFO] [stdout]    1:     0x62a502c209aa - std::backtrace_rs::backtrace::trace_unsynchronized::h2da071e4327ce3ee
[INFO] [stdout]                                at /rustc/6067b36314ab5eb2eb47cecc464545ba58e1ad24/library/std/src/../../backtrace/src/backtrace/mod.rs:66:5
[INFO] [stdout]    2:     0x62a502c209aa - std::sys::backtrace::_print_fmt::h842a1474e6f8d23f
[INFO] [stdout]                                at /rustc/6067b36314ab5eb2eb47cecc464545ba58e1ad24/library/std/src/sys/backtrace.rs:66:9
[INFO] [stdout]    3:     0x62a502c209aa - <std::sys::backtrace::BacktraceLock::print::DisplayBacktrace as core::fmt::Display>::fmt::h71a62eb3b9696b12
[INFO] [stdout]                                at /rustc/6067b36314ab5eb2eb47cecc464545ba58e1ad24/library/std/src/sys/backtrace.rs:39:26
[INFO] [stdout]    4:     0x62a502c49ec3 - core::fmt::rt::Argument::fmt::hdb6b616786b41dc1
[INFO] [stdout]                                at /rustc/6067b36314ab5eb2eb47cecc464545ba58e1ad24/library/core/src/fmt/rt.rs:177:76
[INFO] [stdout]    5:     0x62a502c49ec3 - core::fmt::write::h2cc1698af7e2d686
[INFO] [stdout]                                at /rustc/6067b36314ab5eb2eb47cecc464545ba58e1ad24/library/core/src/fmt/mod.rs:1440:21
[INFO] [stdout]    6:     0x62a502c1cc43 - std::io::Write::write_fmt::hab1b4cd059a79022
[INFO] [stdout]                                at /rustc/6067b36314ab5eb2eb47cecc464545ba58e1ad24/library/std/src/io/mod.rs:1887:15
[INFO] [stdout]    7:     0x62a502c207f2 - std::sys::backtrace::BacktraceLock::print::h147fe35b4ea13b08
[INFO] [stdout]                                at /rustc/6067b36314ab5eb2eb47cecc464545ba58e1ad24/library/std/src/sys/backtrace.rs:42:9
[INFO] [stdout]    8:     0x62a502c21dcf - std::panicking::default_hook::{{closure}}::hbd44223dbdc0d208
[INFO] [stdout]                                at /rustc/6067b36314ab5eb2eb47cecc464545ba58e1ad24/library/std/src/panicking.rs:298:22
[INFO] [stdout]    9:     0x62a502c21be8 - std::panicking::default_hook::h20f81eb0576efcec
[INFO] [stdout]                                at /rustc/6067b36314ab5eb2eb47cecc464545ba58e1ad24/library/std/src/panicking.rs:322:9
[INFO] [stdout]   10:     0x62a502946f23 - <alloc::boxed::Box<F,A> as core::ops::function::Fn<Args>>::call::hdb53814c496a4d34
[INFO] [stdout]                                at /rustc/6067b36314ab5eb2eb47cecc464545ba58e1ad24/library/alloc/src/boxed.rs:2027:9
[INFO] [stdout]   11:     0x62a502946f23 - test::test_main::{{closure}}::hc0a4963c59427c24
[INFO] [stdout]                                at /rustc/6067b36314ab5eb2eb47cecc464545ba58e1ad24/library/test/src/lib.rs:134:21
[INFO] [stdout]   12:     0x62a502c228c3 - <alloc::boxed::Box<F,A> as core::ops::function::Fn<Args>>::call::h591b2225413a77e9
[INFO] [stdout]                                at /rustc/6067b36314ab5eb2eb47cecc464545ba58e1ad24/library/alloc/src/boxed.rs:2027:9
[INFO] [stdout]   13:     0x62a502c228c3 - std::panicking::rust_panic_with_hook::h625eea43051b2edc
[INFO] [stdout]                                at /rustc/6067b36314ab5eb2eb47cecc464545ba58e1ad24/library/std/src/panicking.rs:839:13
[INFO] [stdout]   14:     0x62a502c2257a - std::panicking::begin_panic_handler::{{closure}}::h4f9159cfbc3f6bd3
[INFO] [stdout]                                at /rustc/6067b36314ab5eb2eb47cecc464545ba58e1ad24/library/std/src/panicking.rs:704:13
[INFO] [stdout]   15:     0x62a502c20ea9 - std::sys::backtrace::__rust_end_short_backtrace::h0390abce48353151
[INFO] [stdout]                                at /rustc/6067b36314ab5eb2eb47cecc464545ba58e1ad24/library/std/src/sys/backtrace.rs:168:18
[INFO] [stdout]   16:     0x62a502c2220d - rust_begin_unwind
[INFO] [stdout]                                at /rustc/6067b36314ab5eb2eb47cecc464545ba58e1ad24/library/std/src/panicking.rs:695:5
[INFO] [stdout]   17:     0x62a502c48590 - core::panicking::panic_fmt::h9e7c637e9e5f29c9
[INFO] [stdout]                                at /rustc/6067b36314ab5eb2eb47cecc464545ba58e1ad24/library/core/src/panicking.rs:75:14
[INFO] [stdout]   18:     0x62a502c48a06 - core::result::unwrap_failed::h7979f09313fe1849
[INFO] [stdout]                                at /rustc/6067b36314ab5eb2eb47cecc464545ba58e1ad24/library/core/src/result.rs:1704:5
[INFO] [stdout]   19:     0x62a5028a0656 - core::result::Result<T,E>::unwrap::h5faa035ff85a16eb
[INFO] [stdout]                                at /rustc/6067b36314ab5eb2eb47cecc464545ba58e1ad24/library/core/src/result.rs:1109:23
[INFO] [stdout]   20:     0x62a5028a0656 - jwtui::app::jwt_decoder::tests::test_decoding_key_from_secret_hs256_file::h66b33f163c950723
[INFO] [stdout]                                at /opt/rustwide/workdir/src/app/jwt_decoder.rs:672:27
[INFO] [stdout]   21:     0x62a5028a05b7 - jwtui::app::jwt_decoder::tests::test_decoding_key_from_secret_hs256_file::{{closure}}::h3d8518360fb421c0
[INFO] [stdout]                                at /opt/rustwide/workdir/src/app/jwt_decoder.rs:667:48
[INFO] [stdout]   22:     0x62a5028d4d96 - core::ops::function::FnOnce::call_once::h6dbcc753bb7df9f8
[INFO] [stdout]                                at /rustc/6067b36314ab5eb2eb47cecc464545ba58e1ad24/library/core/src/ops/function.rs:250:5
[INFO] [stdout]   23:     0x62a50294c67b - core::ops::function::FnOnce::call_once::he27718dfdd183f43
[INFO] [stdout]                                at /rustc/6067b36314ab5eb2eb47cecc464545ba58e1ad24/library/core/src/ops/function.rs:250:5
[INFO] [stdout]   24:     0x62a50294c67b - test::__rust_begin_short_backtrace::h4e84902998457a5d
[INFO] [stdout]                                at /rustc/6067b36314ab5eb2eb47cecc464545ba58e1ad24/library/test/src/lib.rs:632:18
[INFO] [stdout]   25:     0x62a50294b5b3 - test::run_test_in_process::{{closure}}::h7176fd18fc1feca0
[INFO] [stdout]                                at /rustc/6067b36314ab5eb2eb47cecc464545ba58e1ad24/library/test/src/lib.rs:655:60
[INFO] [stdout]   26:     0x62a50294b5b3 - <core::panic::unwind_safe::AssertUnwindSafe<F> as core::ops::function::FnOnce<()>>::call_once::hf79cff2a624d8cf7
[INFO] [stdout]                                at /rustc/6067b36314ab5eb2eb47cecc464545ba58e1ad24/library/core/src/panic/unwind_safe.rs:272:9
[INFO] [stdout]   27:     0x62a50294b5b3 - std::panicking::try::do_call::h3da0561d9ab99c25
[INFO] [stdout]                                at /rustc/6067b36314ab5eb2eb47cecc464545ba58e1ad24/library/std/src/panicking.rs:587:40
[INFO] [stdout]   28:     0x62a50294b5b3 - std::panicking::try::h41c9fa508bc61df6
[INFO] [stdout]                                at /rustc/6067b36314ab5eb2eb47cecc464545ba58e1ad24/library/std/src/panicking.rs:550:19
[INFO] [stdout]   29:     0x62a50294b5b3 - std::panic::catch_unwind::h6b3ff07bb5afad93
[INFO] [stdout]                                at /rustc/6067b36314ab5eb2eb47cecc464545ba58e1ad24/library/std/src/panic.rs:358:14
[INFO] [stdout]   30:     0x62a50294b5b3 - test::run_test_in_process::hc7253dd11b39b9f4
[INFO] [stdout]                                at /rustc/6067b36314ab5eb2eb47cecc464545ba58e1ad24/library/test/src/lib.rs:655:27
[INFO] [stdout]   31:     0x62a50294b5b3 - test::run_test::{{closure}}::hfb2007f8649c30bb
[INFO] [stdout]                                at /rustc/6067b36314ab5eb2eb47cecc464545ba58e1ad24/library/test/src/lib.rs:576:43
[INFO] [stdout]   32:     0x62a50290e695 - test::run_test::{{closure}}::h56a17aa7a282a9f4
[INFO] [stdout]                                at /rustc/6067b36314ab5eb2eb47cecc464545ba58e1ad24/library/test/src/lib.rs:606:41
[INFO] [stdout]   33:     0x62a50290e695 - std::sys::backtrace::__rust_begin_short_backtrace::hd2d2d2fb8e8c6aac
[INFO] [stdout]                                at /rustc/6067b36314ab5eb2eb47cecc464545ba58e1ad24/library/std/src/sys/backtrace.rs:152:18
[INFO] [stdout]   34:     0x62a502911f7a - std::thread::Builder::spawn_unchecked_::{{closure}}::{{closure}}::h4faa3f9db6133423
[INFO] [stdout]                                at /rustc/6067b36314ab5eb2eb47cecc464545ba58e1ad24/library/std/src/thread/mod.rs:559:17
[INFO] [stdout]   35:     0x62a502911f7a - <core::panic::unwind_safe::AssertUnwindSafe<F> as core::ops::function::FnOnce<()>>::call_once::hf2e855a36a4ea846
[INFO] [stdout]                                at /rustc/6067b36314ab5eb2eb47cecc464545ba58e1ad24/library/core/src/panic/unwind_safe.rs:272:9
[INFO] [stdout]   36:     0x62a502911f7a - std::panicking::try::do_call::h2f73af3616c35465
[INFO] [stdout]                                at /rustc/6067b36314ab5eb2eb47cecc464545ba58e1ad24/library/std/src/panicking.rs:587:40
[INFO] [stdout]   37:     0x62a502911f7a - std::panicking::try::hd1660ce9efadef5a
[INFO] [stdout]                                at /rustc/6067b36314ab5eb2eb47cecc464545ba58e1ad24/library/std/src/panicking.rs:550:19
[INFO] [stdout]   38:     0x62a502911f7a - std::panic::catch_unwind::h5ee8d7823b8ca744
[INFO] [stdout]                                at /rustc/6067b36314ab5eb2eb47cecc464545ba58e1ad24/library/std/src/panic.rs:358:14
[INFO] [stdout]   39:     0x62a502911f7a - std::thread::Builder::spawn_unchecked_::{{closure}}::h53c3a1894dce8407
[INFO] [stdout]                                at /rustc/6067b36314ab5eb2eb47cecc464545ba58e1ad24/library/std/src/thread/mod.rs:557:30
[INFO] [stdout]   40:     0x62a502911f7a - core::ops::function::FnOnce::call_once{{vtable.shim}}::h048ce291ad4f62bf
[INFO] [stdout]                                at /rustc/6067b36314ab5eb2eb47cecc464545ba58e1ad24/library/core/src/ops/function.rs:250:5
[INFO] [stdout]   41:     0x62a502c2693b - <alloc::boxed::Box<F,A> as core::ops::function::FnOnce<Args>>::call_once::ha52bedf99a3b4981
[INFO] [stdout]                                at /rustc/6067b36314ab5eb2eb47cecc464545ba58e1ad24/library/alloc/src/boxed.rs:2013:9
[INFO] [stdout]   42:     0x62a502c2693b - <alloc::boxed::Box<F,A> as core::ops::function::FnOnce<Args>>::call_once::h567748934d80ccf8
[INFO] [stdout]                                at /rustc/6067b36314ab5eb2eb47cecc464545ba58e1ad24/library/alloc/src/boxed.rs:2013:9
[INFO] [stdout]   43:     0x62a502c2693b - std::sys::pal::unix::thread::Thread::new::thread_start::h2d970728ae887adc
[INFO] [stdout]                                at /rustc/6067b36314ab5eb2eb47cecc464545ba58e1ad24/library/std/src/sys/pal/unix/thread.rs:106:17
[INFO] [stdout]   44:     0x7d7d37e45ac3 - <unknown>
[INFO] [stdout]   45:     0x7d7d37ed6a04 - clone
[INFO] [stdout]   46:                0x0 - <unknown>
[INFO] [stdout] 
[INFO] [stdout] ---- app::utils::tests::test_slurp_file stdout ----
[INFO] [stdout] 
[INFO] [stdout] thread 'app::utils::tests::test_slurp_file' panicked at src/app/utils.rs:221:44:
[INFO] [stdout] called `Result::unwrap()` on an `Err` value: Os { code: 30, kind: ReadOnlyFilesystem, message: "Read-only file system" }
[INFO] [stdout] stack backtrace:
[INFO] [stdout]    0:     0x62a502c209aa - std::backtrace_rs::backtrace::libunwind::trace::hb059275cfc8d6126
[INFO] [stdout]                                at /rustc/6067b36314ab5eb2eb47cecc464545ba58e1ad24/library/std/src/../../backtrace/src/backtrace/libunwind.rs:116:5
[INFO] [stdout]    1:     0x62a502c209aa - std::backtrace_rs::backtrace::trace_unsynchronized::h2da071e4327ce3ee
[INFO] [stdout]                                at /rustc/6067b36314ab5eb2eb47cecc464545ba58e1ad24/library/std/src/../../backtrace/src/backtrace/mod.rs:66:5
[INFO] [stdout]    2:     0x62a502c209aa - std::sys::backtrace::_print_fmt::h842a1474e6f8d23f
[INFO] [stdout]                                at /rustc/6067b36314ab5eb2eb47cecc464545ba58e1ad24/library/std/src/sys/backtrace.rs:66:9
[INFO] [stdout]    3:     0x62a502c209aa - <std::sys::backtrace::BacktraceLock::print::DisplayBacktrace as core::fmt::Display>::fmt::h71a62eb3b9696b12
[INFO] [stdout]                                at /rustc/6067b36314ab5eb2eb47cecc464545ba58e1ad24/library/std/src/sys/backtrace.rs:39:26
[INFO] [stdout]    4:     0x62a502c49ec3 - core::fmt::rt::Argument::fmt::hdb6b616786b41dc1
[INFO] [stdout]                                at /rustc/6067b36314ab5eb2eb47cecc464545ba58e1ad24/library/core/src/fmt/rt.rs:177:76
[INFO] [stdout]    5:     0x62a502c49ec3 - core::fmt::write::h2cc1698af7e2d686
[INFO] [stdout]                                at /rustc/6067b36314ab5eb2eb47cecc464545ba58e1ad24/library/core/src/fmt/mod.rs:1440:21
[INFO] [stdout]    6:     0x62a502c1cc43 - std::io::Write::write_fmt::hab1b4cd059a79022
[INFO] [stdout]                                at /rustc/6067b36314ab5eb2eb47cecc464545ba58e1ad24/library/std/src/io/mod.rs:1887:15
[INFO] [stdout]    7:     0x62a502c207f2 - std::sys::backtrace::BacktraceLock::print::h147fe35b4ea13b08
[INFO] [stdout]                                at /rustc/6067b36314ab5eb2eb47cecc464545ba58e1ad24/library/std/src/sys/backtrace.rs:42:9
[INFO] [stdout]    8:     0x62a502c21dcf - std::panicking::default_hook::{{closure}}::hbd44223dbdc0d208
[INFO] [stdout]                                at /rustc/6067b36314ab5eb2eb47cecc464545ba58e1ad24/library/std/src/panicking.rs:298:22
[INFO] [stdout]    9:     0x62a502c21be8 - std::panicking::default_hook::h20f81eb0576efcec
[INFO] [stdout]                                at /rustc/6067b36314ab5eb2eb47cecc464545ba58e1ad24/library/std/src/panicking.rs:322:9
[INFO] [stdout]   10:     0x62a502946f23 - <alloc::boxed::Box<F,A> as core::ops::function::Fn<Args>>::call::hdb53814c496a4d34
[INFO] [stdout]                                at /rustc/6067b36314ab5eb2eb47cecc464545ba58e1ad24/library/alloc/src/boxed.rs:2027:9
[INFO] [stdout]   11:     0x62a502946f23 - test::test_main::{{closure}}::hc0a4963c59427c24
[INFO] [stdout]                                at /rustc/6067b36314ab5eb2eb47cecc464545ba58e1ad24/library/test/src/lib.rs:134:21
[INFO] [stdout]   12:     0x62a502c228c3 - <alloc::boxed::Box<F,A> as core::ops::function::Fn<Args>>::call::h591b2225413a77e9
[INFO] [stdout]                                at /rustc/6067b36314ab5eb2eb47cecc464545ba58e1ad24/library/alloc/src/boxed.rs:2027:9
[INFO] [stdout]   13:     0x62a502c228c3 - std::panicking::rust_panic_with_hook::h625eea43051b2edc
[INFO] [stdout]                                at /rustc/6067b36314ab5eb2eb47cecc464545ba58e1ad24/library/std/src/panicking.rs:839:13
[INFO] [stdout]   14:     0x62a502c2257a - std::panicking::begin_panic_handler::{{closure}}::h4f9159cfbc3f6bd3
[INFO] [stdout]                                at /rustc/6067b36314ab5eb2eb47cecc464545ba58e1ad24/library/std/src/panicking.rs:704:13
[INFO] [stdout]   15:     0x62a502c20ea9 - std::sys::backtrace::__rust_end_short_backtrace::h0390abce48353151
[INFO] [stdout]                                at /rustc/6067b36314ab5eb2eb47cecc464545ba58e1ad24/library/std/src/sys/backtrace.rs:168:18
[INFO] [stdout]   16:     0x62a502c2220d - rust_begin_unwind
[INFO] [stdout]                                at /rustc/6067b36314ab5eb2eb47cecc464545ba58e1ad24/library/std/src/panicking.rs:695:5
[INFO] [stdout]   17:     0x62a502c48590 - core::panicking::panic_fmt::h9e7c637e9e5f29c9
[INFO] [stdout]                                at /rustc/6067b36314ab5eb2eb47cecc464545ba58e1ad24/library/core/src/panicking.rs:75:14
[INFO] [stdout]   18:     0x62a502c48a06 - core::result::unwrap_failed::h7979f09313fe1849
[INFO] [stdout]                                at /rustc/6067b36314ab5eb2eb47cecc464545ba58e1ad24/library/core/src/result.rs:1704:5
[INFO] [stdout]   19:     0x62a5028a1506 - core::result::Result<T,E>::unwrap::h5faa035ff85a16eb
[INFO] [stdout]                                at /rustc/6067b36314ab5eb2eb47cecc464545ba58e1ad24/library/core/src/result.rs:1109:23
[INFO] [stdout]   20:     0x62a5028a1506 - jwtui::app::utils::tests::test_slurp_file::h054bc0595f733f80
[INFO] [stdout]                                at /opt/rustwide/workdir/src/app/utils.rs:221:20
[INFO] [stdout]   21:     0x62a5028a1467 - jwtui::app::utils::tests::test_slurp_file::{{closure}}::h91529190244e0a37
[INFO] [stdout]                                at /opt/rustwide/workdir/src/app/utils.rs:217:23
[INFO] [stdout]   22:     0x62a5028d5766 - core::ops::function::FnOnce::call_once::hf8a629f8edeadbc5
[INFO] [stdout]                                at /rustc/6067b36314ab5eb2eb47cecc464545ba58e1ad24/library/core/src/ops/function.rs:250:5
[INFO] [stdout]   23:     0x62a50294c67b - core::ops::function::FnOnce::call_once::he27718dfdd183f43
[INFO] [stdout]                                at /rustc/6067b36314ab5eb2eb47cecc464545ba58e1ad24/library/core/src/ops/function.rs:250:5
[INFO] [stdout]   24:     0x62a50294c67b - test::__rust_begin_short_backtrace::h4e84902998457a5d
[INFO] [stdout]                                at /rustc/6067b36314ab5eb2eb47cecc464545ba58e1ad24/library/test/src/lib.rs:632:18
[INFO] [stdout]   25:     0x62a50294b5b3 - test::run_test_in_process::{{closure}}::h7176fd18fc1feca0
[INFO] [stdout]                                at /rustc/6067b36314ab5eb2eb47cecc464545ba58e1ad24/library/test/src/lib.rs:655:60
[INFO] [stdout]   26:     0x62a50294b5b3 - <core::panic::unwind_safe::AssertUnwindSafe<F> as core::ops::function::FnOnce<()>>::call_once::hf79cff2a624d8cf7
[INFO] [stdout]                                at /rustc/6067b36314ab5eb2eb47cecc464545ba58e1ad24/library/core/src/panic/unwind_safe.rs:272:9
[INFO] [stdout]   27:     0x62a50294b5b3 - std::panicking::try::do_call::h3da0561d9ab99c25
[INFO] [stdout]                                at /rustc/6067b36314ab5eb2eb47cecc464545ba58e1ad24/library/std/src/panicking.rs:587:40
[INFO] [stdout]   28:     0x62a50294b5b3 - std::panicking::try::h41c9fa508bc61df6
[INFO] [stdout]                                at /rustc/6067b36314ab5eb2eb47cecc464545ba58e1ad24/library/std/src/panicking.rs:550:19
[INFO] [stdout]   29:     0x62a50294b5b3 - std::panic::catch_unwind::h6b3ff07bb5afad93
[INFO] [stdout]                                at /rustc/6067b36314ab5eb2eb47cecc464545ba58e1ad24/library/std/src/panic.rs:358:14
[INFO] [stdout]   30:     0x62a50294b5b3 - test::run_test_in_process::hc7253dd11b39b9f4
[INFO] [stdout]                                at /rustc/6067b36314ab5eb2eb47cecc464545ba58e1ad24/library/test/src/lib.rs:655:27
[INFO] [stdout]   31:     0x62a50294b5b3 - test::run_test::{{closure}}::hfb2007f8649c30bb
[INFO] [stdout]                                at /rustc/6067b36314ab5eb2eb47cecc464545ba58e1ad24/library/test/src/lib.rs:576:43
[INFO] [stdout]   32:     0x62a50290e695 - test::run_test::{{closure}}::h56a17aa7a282a9f4
[INFO] [stdout]                                at /rustc/6067b36314ab5eb2eb47cecc464545ba58e1ad24/library/test/src/lib.rs:606:41
[INFO] [stdout]   33:     0x62a50290e695 - std::sys::backtrace::__rust_begin_short_backtrace::hd2d2d2fb8e8c6aac
[INFO] [stdout]                                at /rustc/6067b36314ab5eb2eb47cecc464545ba58e1ad24/library/std/src/sys/backtrace.rs:152:18
[INFO] [stdout]   34:     0x62a502911f7a - std::thread::Builder::spawn_unchecked_::{{closure}}::{{closure}}::h4faa3f9db6133423
[INFO] [stdout]                                at /rustc/6067b36314ab5eb2eb47cecc464545ba58e1ad24/library/std/src/thread/mod.rs:559:17
[INFO] [stdout]   35:     0x62a502911f7a - <core::panic::unwind_safe::AssertUnwindSafe<F> as core::ops::function::FnOnce<()>>::call_once::hf2e855a36a4ea846
[INFO] [stdout]                                at /rustc/6067b36314ab5eb2eb47cecc464545ba58e1ad24/library/core/src/panic/unwind_safe.rs:272:9
[INFO] [stdout]   36:     0x62a502911f7a - std::panicking::try::do_call::h2f73af3616c35465
[INFO] [stdout]                                at /rustc/6067b36314ab5eb2eb47cecc464545ba58e1ad24/library/std/src/panicking.rs:587:40
[INFO] [stdout]   37:     0x62a502911f7a - std::panicking::try::hd1660ce9efadef5a
[INFO] [stdout]                                at /rustc/6067b36314ab5eb2eb47cecc464545ba58e1ad24/library/std/src/panicking.rs:550:19
[INFO] [stdout]   38:     0x62a502911f7a - std::panic::catch_unwind::h5ee8d7823b8ca744
[INFO] [stdout]                                at /rustc/6067b36314ab5eb2eb47cecc464545ba58e1ad24/library/std/src/panic.rs:358:14
[INFO] [stdout]   39:     0x62a502911f7a - std::thread::Builder::spawn_unchecked_::{{closure}}::h53c3a1894dce8407
[INFO] [stdout]                                at /rustc/6067b36314ab5eb2eb47cecc464545ba58e1ad24/library/std/src/thread/mod.rs:557:30
[INFO] [stdout]   40:     0x62a502911f7a - core::ops::function::FnOnce::call_once{{vtable.shim}}::h048ce291ad4f62bf
[INFO] [stdout]                                at /rustc/6067b36314ab5eb2eb47cecc464545ba58e1ad24/library/core/src/ops/function.rs:250:5
[INFO] [stdout]   41:     0x62a502c2693b - <alloc::boxed::Box<F,A> as core::ops::function::FnOnce<Args>>::call_once::ha52bedf99a3b4981
[INFO] [stdout]                                at /rustc/6067b36314ab5eb2eb47cecc464545ba58e1ad24/library/alloc/src/boxed.rs:2013:9
[INFO] [stdout]   42:     0x62a502c2693b - <alloc::boxed::Box<F,A> as core::ops::function::FnOnce<Args>>::call_once::h567748934d80ccf8
[INFO] [stdout]                                at /rustc/6067b36314ab5eb2eb47cecc464545ba58e1ad24/library/alloc/src/boxed.rs:2013:9
[INFO] [stdout]   43:     0x62a502c2693b - std::sys::pal::unix::thread::Thread::new::thread_start::h2d970728ae887adc
[INFO] [stdout]                                at /rustc/6067b36314ab5eb2eb47cecc464545ba58e1ad24/library/std/src/sys/pal/unix/thread.rs:106:17
[INFO] [stdout]   44:     0x7d7d37e45ac3 - <unknown>
[INFO] [stdout]   45:     0x7d7d37ed6a04 - clone
[INFO] [stdout]   46:                0x0 - <unknown>
[INFO] [stdout] 
[INFO] [stdout] 
[INFO] [stdout] failures:
[INFO] [stdout]     app::jwt_decoder::tests::test_decoding_key_from_secret_hs256_file
[INFO] [stdout]     app::utils::tests::test_slurp_file
[INFO] [stdout] 
[INFO] [stdout] test result: FAILED. 44 passed; 2 failed; 0 ignored; 0 measured; 0 filtered out; finished in 0.16s
[INFO] [stdout] 
[INFO] [stderr] error: test failed, to rerun pass `--bin jwtui`
[INFO] running `Command { std: "docker" "inspect" "22db4ddba5b5e4471aa7d28a05fbd4008e284b6830f070740470f3dd8b77e363", kill_on_drop: false }`
[INFO] running `Command { std: "docker" "rm" "-f" "22db4ddba5b5e4471aa7d28a05fbd4008e284b6830f070740470f3dd8b77e363", kill_on_drop: false }`
[INFO] [stdout] 22db4ddba5b5e4471aa7d28a05fbd4008e284b6830f070740470f3dd8b77e363
