[INFO] fetching crate json-flat-parser 0.1.0...
[INFO] testing json-flat-parser-0.1.0 against nightly-2025-01-18 for randomize-layout-2
[INFO] extracting crate json-flat-parser 0.1.0 into /workspace/builds/worker-6-tc1/source
[INFO] validating manifest of crates.io crate json-flat-parser 0.1.0 on toolchain nightly-2025-01-18
[INFO] running `Command { std: CARGO_HOME="/workspace/cargo-home" RUSTUP_HOME="/workspace/rustup-home" "/workspace/cargo-home/bin/cargo" "+nightly-2025-01-18" "metadata" "--manifest-path" "Cargo.toml" "--no-deps", kill_on_drop: false }`
[INFO] started tweaking crates.io crate json-flat-parser 0.1.0
[INFO] finished tweaking crates.io crate json-flat-parser 0.1.0
[INFO] tweaked toml for crates.io crate json-flat-parser 0.1.0 written to /workspace/builds/worker-6-tc1/source/Cargo.toml
[INFO] crate crates.io crate json-flat-parser 0.1.0 already has a lockfile, it will not be regenerated
[INFO] running `Command { std: CARGO_HOME="/workspace/cargo-home" RUSTUP_HOME="/workspace/rustup-home" "/workspace/cargo-home/bin/cargo" "+nightly-2025-01-18" "fetch" "--manifest-path" "Cargo.toml", kill_on_drop: false }`
[INFO] running `Command { std: "docker" "create" "-v" "/var/lib/crater-agent-workspace/builds/worker-6-tc1/target:/opt/rustwide/target:rw,Z" "-v" "/var/lib/crater-agent-workspace/builds/worker-6-tc1/source:/opt/rustwide/workdir:ro,Z" "-v" "/var/lib/crater-agent-workspace/cargo-home:/opt/rustwide/cargo-home:ro,Z" "-v" "/var/lib/crater-agent-workspace/rustup-home:/opt/rustwide/rustup-home:ro,Z" "-e" "SOURCE_DIR=/opt/rustwide/workdir" "-e" "CARGO_TARGET_DIR=/opt/rustwide/target" "-e" "CARGO_HOME=/opt/rustwide/cargo-home" "-e" "RUSTUP_HOME=/opt/rustwide/rustup-home" "-w" "/opt/rustwide/workdir" "-m" "1610612736" "--user" "0:0" "--network" "none" "ghcr.io/rust-lang/crates-build-env/linux@sha256:819108c5571ea2e421544af4d832f968d213c87fbe3707a016657f43d2f853bc" "/opt/rustwide/cargo-home/bin/cargo" "+nightly-2025-01-18" "metadata" "--no-deps" "--format-version=1", kill_on_drop: false }`
[INFO] [stdout] 815b3bb59f52bd8ddbaab13ac99df864a16c27710059c93180145ae800c87263
[INFO] running `Command { std: "docker" "start" "-a" "815b3bb59f52bd8ddbaab13ac99df864a16c27710059c93180145ae800c87263", kill_on_drop: false }`
[INFO] running `Command { std: "docker" "inspect" "815b3bb59f52bd8ddbaab13ac99df864a16c27710059c93180145ae800c87263", kill_on_drop: false }`
[INFO] running `Command { std: "docker" "rm" "-f" "815b3bb59f52bd8ddbaab13ac99df864a16c27710059c93180145ae800c87263", kill_on_drop: false }`
[INFO] [stdout] 815b3bb59f52bd8ddbaab13ac99df864a16c27710059c93180145ae800c87263
[INFO] running `Command { std: "docker" "create" "-v" "/var/lib/crater-agent-workspace/builds/worker-6-tc1/target:/opt/rustwide/target:rw,Z" "-v" "/var/lib/crater-agent-workspace/builds/worker-6-tc1/source:/opt/rustwide/workdir:ro,Z" "-v" "/var/lib/crater-agent-workspace/cargo-home:/opt/rustwide/cargo-home:ro,Z" "-v" "/var/lib/crater-agent-workspace/rustup-home:/opt/rustwide/rustup-home:ro,Z" "-e" "SOURCE_DIR=/opt/rustwide/workdir" "-e" "CARGO_TARGET_DIR=/opt/rustwide/target" "-e" "CARGO_INCREMENTAL=0" "-e" "RUST_BACKTRACE=full" "-e" "RUSTFLAGS=--cap-lints=forbid" "-e" "RUSTDOCFLAGS=--cap-lints=forbid" "-e" "CARGO_HOME=/opt/rustwide/cargo-home" "-e" "RUSTUP_HOME=/opt/rustwide/rustup-home" "-w" "/opt/rustwide/workdir" "-m" "1610612736" "--user" "0:0" "--network" "none" "ghcr.io/rust-lang/crates-build-env/linux@sha256:819108c5571ea2e421544af4d832f968d213c87fbe3707a016657f43d2f853bc" "/opt/rustwide/cargo-home/bin/cargo" "+nightly-2025-01-18" "build" "--frozen" "--message-format=json", kill_on_drop: false }`
[INFO] [stdout] f9118b9bcd8de4dc052413ad87e3b43e926cc230132c3d77694e34833495f3a5
[INFO] running `Command { std: "docker" "start" "-a" "f9118b9bcd8de4dc052413ad87e3b43e926cc230132c3d77694e34833495f3a5", kill_on_drop: false }`
[INFO] [stderr]    Compiling json-flat-parser v0.1.0 (/opt/rustwide/workdir)
[INFO] [stdout] warning: unnecessary parentheses around type
[INFO] [stdout]   --> src/parser.rs:71:194
[INFO] [stdout]    |
[INFO] [stdout] 71 | ..., parse_option: &ParseOptions, position: &mut usize) -> Result<(usize), String> {
[INFO] [stdout]    |                                                                   ^     ^
[INFO] [stdout]    |
[INFO] [stdout]    = note: `#[warn(unused_parens)]` on by default
[INFO] [stdout] help: remove these parentheses
[INFO] [stdout]    |
[INFO] [stdout] 71 -     fn process_object(&mut self, route: &mut PointerFragment, target: &mut Vec<FlatJsonValue<&'json str>>, depth: u8, count: usize, parse_option: &ParseOptions, position: &mut usize) -> Result<(usize), String> {
[INFO] [stdout] 71 +     fn process_object(&mut self, route: &mut PointerFragment, target: &mut Vec<FlatJsonValue<&'json str>>, depth: u8, count: usize, parse_option: &ParseOptions, position: &mut usize) -> Result<usize, String> {
[INFO] [stdout]    |
[INFO] [stdout] 
[INFO] [stdout] 
[INFO] [stdout] warning: unused variable: `parsed`
[INFO] [stdout]    --> src/parser.rs:205:37
[INFO] [stdout]     |
[INFO] [stdout] 205 | ...                   let mut parsed = true;
[INFO] [stdout]     |                               ^^^^^^ help: if this is intentional, prefix it with an underscore: `_parsed`
[INFO] [stdout]     |
[INFO] [stdout]     = note: `#[warn(unused_variables)]` on by default
[INFO] [stdout] 
[INFO] [stdout] 
[INFO] [stdout] warning: variable does not need to be mutable
[INFO] [stdout]    --> src/parser.rs:205:33
[INFO] [stdout]     |
[INFO] [stdout] 205 | ...                   let mut parsed = true;
[INFO] [stdout]     |                           ----^^^^^^
[INFO] [stdout]     |                           |
[INFO] [stdout]     |                           help: remove this `mut`
[INFO] [stdout]     |
[INFO] [stdout]     = note: `#[warn(unused_mut)]` on by default
[INFO] [stdout] 
[INFO] [stdout] 
[INFO] [stdout] warning: unused variable: `capacity`
[INFO] [stdout]    --> src/serializer.rs:273:15
[INFO] [stdout]     |
[INFO] [stdout] 273 | fn new_map<V>(capacity: usize) -> Map<String, Value<V>> {
[INFO] [stdout]     |               ^^^^^^^^ help: if this is intentional, prefix it with an underscore: `_capacity`
[INFO] [stdout] 
[INFO] [stdout] 
[INFO] [stdout] warning: unreachable pattern
[INFO] [stdout]    --> src/serializer.rs:342:13
[INFO] [stdout]     |
[INFO] [stdout] 342 |             _ => panic!("todo")
[INFO] [stdout]     |             ^ no value can reach this
[INFO] [stdout]     |
[INFO] [stdout] note: multiple earlier patterns match some of the same values
[INFO] [stdout]    --> src/serializer.rs:342:13
[INFO] [stdout]     |
[INFO] [stdout] 309 |             Value::Object(obj) => {
[INFO] [stdout]     |             ------------------ matches some of the same values
[INFO] [stdout] ...
[INFO] [stdout] 317 |             Value::Array(arr) => {
[INFO] [stdout]     |             ----------------- matches some of the same values
[INFO] [stdout] ...
[INFO] [stdout] 335 |             Value::Number(num) => num.to_string(),
[INFO] [stdout]     |             ------------------ matches some of the same values
[INFO] [stdout] 336 |             Value::Integer(num) => num.to_string(),
[INFO] [stdout]     |             ------------------- matches some of the same values
[INFO] [stdout] ...
[INFO] [stdout] 342 |             _ => panic!("todo")
[INFO] [stdout]     |             ^ ...and 5 other patterns collectively make this unreachable
[INFO] [stdout]     = note: `#[warn(unreachable_patterns)]` on by default
[INFO] [stdout] 
[INFO] [stdout] 
[INFO] [stdout] warning: unused variable: `elements_count`
[INFO] [stdout]    --> src/lib.rs:173:47
[INFO] [stdout]     |
[INFO] [stdout] 173 |                     ValueType::Object(parsed, elements_count) => {
[INFO] [stdout]     |                                               ^^^^^^^^^^^^^^ help: if this is intentional, prefix it with an underscore: `_elements_count`
[INFO] [stdout] ...
[INFO] [stdout] 343 |     change_depth!(&'json str, change_depth, |r: ParseResult<&'json str>| r);
[INFO] [stdout]     |     ----------------------------------------------------------------------- in this macro invocation
[INFO] [stdout]     |
[INFO] [stdout]     = note: this warning originates in the macro `change_depth` (in Nightly builds, run with -Z macro-backtrace for more info)
[INFO] [stdout] 
[INFO] [stdout] 
[INFO] [stdout] warning: unused variable: `elements_count`
[INFO] [stdout]    --> src/lib.rs:173:47
[INFO] [stdout]     |
[INFO] [stdout] 173 |                     ValueType::Object(parsed, elements_count) => {
[INFO] [stdout]     |                                               ^^^^^^^^^^^^^^ help: if this is intentional, prefix it with an underscore: `_elements_count`
[INFO] [stdout] ...
[INFO] [stdout] 344 |     change_depth!(String, change_depth_owned, |r: ParseResult<&str>| r.to_owned());
[INFO] [stdout]     |     ------------------------------------------------------------------------------ in this macro invocation
[INFO] [stdout]     |
[INFO] [stdout]     = note: this warning originates in the macro `change_depth` (in Nightly builds, run with -Z macro-backtrace for more info)
[INFO] [stdout] 
[INFO] [stdout] 
[INFO] [stderr]     Finished `dev` profile [unoptimized + debuginfo] target(s) in 1.20s
[INFO] running `Command { std: "docker" "inspect" "f9118b9bcd8de4dc052413ad87e3b43e926cc230132c3d77694e34833495f3a5", kill_on_drop: false }`
[INFO] running `Command { std: "docker" "rm" "-f" "f9118b9bcd8de4dc052413ad87e3b43e926cc230132c3d77694e34833495f3a5", kill_on_drop: false }`
[INFO] [stdout] f9118b9bcd8de4dc052413ad87e3b43e926cc230132c3d77694e34833495f3a5
[INFO] running `Command { std: "docker" "create" "-v" "/var/lib/crater-agent-workspace/builds/worker-6-tc1/target:/opt/rustwide/target:rw,Z" "-v" "/var/lib/crater-agent-workspace/builds/worker-6-tc1/source:/opt/rustwide/workdir:ro,Z" "-v" "/var/lib/crater-agent-workspace/cargo-home:/opt/rustwide/cargo-home:ro,Z" "-v" "/var/lib/crater-agent-workspace/rustup-home:/opt/rustwide/rustup-home:ro,Z" "-e" "SOURCE_DIR=/opt/rustwide/workdir" "-e" "CARGO_TARGET_DIR=/opt/rustwide/target" "-e" "CARGO_INCREMENTAL=0" "-e" "RUST_BACKTRACE=full" "-e" "RUSTFLAGS=--cap-lints=forbid" "-e" "RUSTDOCFLAGS=--cap-lints=forbid" "-e" "CARGO_HOME=/opt/rustwide/cargo-home" "-e" "RUSTUP_HOME=/opt/rustwide/rustup-home" "-w" "/opt/rustwide/workdir" "-m" "1610612736" "--user" "0:0" "--network" "none" "ghcr.io/rust-lang/crates-build-env/linux@sha256:819108c5571ea2e421544af4d832f968d213c87fbe3707a016657f43d2f853bc" "/opt/rustwide/cargo-home/bin/cargo" "+nightly-2025-01-18" "test" "--frozen" "--no-run" "--message-format=json", kill_on_drop: false }`
[INFO] [stdout] 7f34a26bac2894b7be89cdeb7995a52bad72589bef3324696020e46f0896bd9c
[INFO] running `Command { std: "docker" "start" "-a" "7f34a26bac2894b7be89cdeb7995a52bad72589bef3324696020e46f0896bd9c", kill_on_drop: false }`
[INFO] [stderr]    Compiling json-flat-parser v0.1.0 (/opt/rustwide/workdir)
[INFO] [stdout] warning: unnecessary parentheses around type
[INFO] [stdout]   --> src/parser.rs:71:194
[INFO] [stdout]    |
[INFO] [stdout] 71 | ..., parse_option: &ParseOptions, position: &mut usize) -> Result<(usize), String> {
[INFO] [stdout]    |                                                                   ^     ^
[INFO] [stdout]    |
[INFO] [stdout]    = note: `#[warn(unused_parens)]` on by default
[INFO] [stdout] help: remove these parentheses
[INFO] [stdout]    |
[INFO] [stdout] 71 -     fn process_object(&mut self, route: &mut PointerFragment, target: &mut Vec<FlatJsonValue<&'json str>>, depth: u8, count: usize, parse_option: &ParseOptions, position: &mut usize) -> Result<(usize), String> {
[INFO] [stdout] 71 +     fn process_object(&mut self, route: &mut PointerFragment, target: &mut Vec<FlatJsonValue<&'json str>>, depth: u8, count: usize, parse_option: &ParseOptions, position: &mut usize) -> Result<usize, String> {
[INFO] [stdout]    |
[INFO] [stdout] 
[INFO] [stdout] 
[INFO] [stdout] warning: unused variable: `parsed`
[INFO] [stdout]    --> src/parser.rs:205:37
[INFO] [stdout]     |
[INFO] [stdout] 205 | ...                   let mut parsed = true;
[INFO] [stdout]     |                               ^^^^^^ help: if this is intentional, prefix it with an underscore: `_parsed`
[INFO] [stdout]     |
[INFO] [stdout]     = note: `#[warn(unused_variables)]` on by default
[INFO] [stdout] 
[INFO] [stdout] 
[INFO] [stdout] warning: variable does not need to be mutable
[INFO] [stdout]    --> src/parser.rs:205:33
[INFO] [stdout]     |
[INFO] [stdout] 205 | ...                   let mut parsed = true;
[INFO] [stdout]     |                           ----^^^^^^
[INFO] [stdout]     |                           |
[INFO] [stdout]     |                           help: remove this `mut`
[INFO] [stdout]     |
[INFO] [stdout]     = note: `#[warn(unused_mut)]` on by default
[INFO] [stdout] 
[INFO] [stdout] 
[INFO] [stdout] warning: unused variable: `capacity`
[INFO] [stdout]    --> src/serializer.rs:273:15
[INFO] [stdout]     |
[INFO] [stdout] 273 | fn new_map<V>(capacity: usize) -> Map<String, Value<V>> {
[INFO] [stdout]     |               ^^^^^^^^ help: if this is intentional, prefix it with an underscore: `_capacity`
[INFO] [stdout] 
[INFO] [stdout] 
[INFO] [stdout] warning: unreachable pattern
[INFO] [stdout]    --> src/serializer.rs:342:13
[INFO] [stdout]     |
[INFO] [stdout] 342 |             _ => panic!("todo")
[INFO] [stdout]     |             ^ no value can reach this
[INFO] [stdout]     |
[INFO] [stdout] note: multiple earlier patterns match some of the same values
[INFO] [stdout]    --> src/serializer.rs:342:13
[INFO] [stdout]     |
[INFO] [stdout] 309 |             Value::Object(obj) => {
[INFO] [stdout]     |             ------------------ matches some of the same values
[INFO] [stdout] ...
[INFO] [stdout] 317 |             Value::Array(arr) => {
[INFO] [stdout]     |             ----------------- matches some of the same values
[INFO] [stdout] ...
[INFO] [stdout] 335 |             Value::Number(num) => num.to_string(),
[INFO] [stdout]     |             ------------------ matches some of the same values
[INFO] [stdout] 336 |             Value::Integer(num) => num.to_string(),
[INFO] [stdout]     |             ------------------- matches some of the same values
[INFO] [stdout] ...
[INFO] [stdout] 342 |             _ => panic!("todo")
[INFO] [stdout]     |             ^ ...and 5 other patterns collectively make this unreachable
[INFO] [stdout]     = note: `#[warn(unreachable_patterns)]` on by default
[INFO] [stdout] 
[INFO] [stdout] 
[INFO] [stdout] warning: unused variable: `elements_count`
[INFO] [stdout]    --> src/lib.rs:173:47
[INFO] [stdout]     |
[INFO] [stdout] 173 |                     ValueType::Object(parsed, elements_count) => {
[INFO] [stdout]     |                                               ^^^^^^^^^^^^^^ help: if this is intentional, prefix it with an underscore: `_elements_count`
[INFO] [stdout] ...
[INFO] [stdout] 343 |     change_depth!(&'json str, change_depth, |r: ParseResult<&'json str>| r);
[INFO] [stdout]     |     ----------------------------------------------------------------------- in this macro invocation
[INFO] [stdout]     |
[INFO] [stdout]     = note: this warning originates in the macro `change_depth` (in Nightly builds, run with -Z macro-backtrace for more info)
[INFO] [stdout] 
[INFO] [stdout] 
[INFO] [stdout] warning: unused variable: `elements_count`
[INFO] [stdout]    --> src/lib.rs:173:47
[INFO] [stdout]     |
[INFO] [stdout] 173 |                     ValueType::Object(parsed, elements_count) => {
[INFO] [stdout]     |                                               ^^^^^^^^^^^^^^ help: if this is intentional, prefix it with an underscore: `_elements_count`
[INFO] [stdout] ...
[INFO] [stdout] 344 |     change_depth!(String, change_depth_owned, |r: ParseResult<&str>| r.to_owned());
[INFO] [stdout]     |     ------------------------------------------------------------------------------ in this macro invocation
[INFO] [stdout]     |
[INFO] [stdout]     = note: this warning originates in the macro `change_depth` (in Nightly builds, run with -Z macro-backtrace for more info)
[INFO] [stdout] 
[INFO] [stdout] 
[INFO] [stdout] warning: unnecessary parentheses around type
[INFO] [stdout]   --> src/parser.rs:71:194
[INFO] [stdout]    |
[INFO] [stdout] 71 | ..., parse_option: &ParseOptions, position: &mut usize) -> Result<(usize), String> {
[INFO] [stdout]    |                                                                   ^     ^
[INFO] [stdout]    |
[INFO] [stdout]    = note: `#[warn(unused_parens)]` on by default
[INFO] [stdout] help: remove these parentheses
[INFO] [stdout]    |
[INFO] [stdout] 71 -     fn process_object(&mut self, route: &mut PointerFragment, target: &mut Vec<FlatJsonValue<&'json str>>, depth: u8, count: usize, parse_option: &ParseOptions, position: &mut usize) -> Result<(usize), String> {
[INFO] [stdout] 71 +     fn process_object(&mut self, route: &mut PointerFragment, target: &mut Vec<FlatJsonValue<&'json str>>, depth: u8, count: usize, parse_option: &ParseOptions, position: &mut usize) -> Result<usize, String> {
[INFO] [stdout]    |
[INFO] [stdout] 
[INFO] [stdout] 
[INFO] [stdout] warning: unused variable: `parsed`
[INFO] [stdout]    --> src/parser.rs:205:37
[INFO] [stdout]     |
[INFO] [stdout] 205 | ...                   let mut parsed = true;
[INFO] [stdout]     |                               ^^^^^^ help: if this is intentional, prefix it with an underscore: `_parsed`
[INFO] [stdout]     |
[INFO] [stdout]     = note: `#[warn(unused_variables)]` on by default
[INFO] [stdout] 
[INFO] [stdout] 
[INFO] [stdout] warning: variable does not need to be mutable
[INFO] [stdout]    --> src/parser.rs:205:33
[INFO] [stdout]     |
[INFO] [stdout] 205 | ...                   let mut parsed = true;
[INFO] [stdout]     |                           ----^^^^^^
[INFO] [stdout]     |                           |
[INFO] [stdout]     |                           help: remove this `mut`
[INFO] [stdout]     |
[INFO] [stdout]     = note: `#[warn(unused_mut)]` on by default
[INFO] [stdout] 
[INFO] [stdout] 
[INFO] [stdout] warning: unused variable: `vec`
[INFO] [stdout]    --> src/parser.rs:953:13
[INFO] [stdout]     |
[INFO] [stdout] 953 |         let vec = &res.json;
[INFO] [stdout]     |             ^^^ help: if this is intentional, prefix it with an underscore: `_vec`
[INFO] [stdout] 
[INFO] [stdout] 
[INFO] [stdout] warning: variable does not need to be mutable
[INFO] [stdout]    --> src/parser.rs:952:13
[INFO] [stdout]     |
[INFO] [stdout] 952 |         let mut res = JSONParser::parse(json, ParseOptions::default().parse_array(false)).unwrap();
[INFO] [stdout]     |             ----^^^
[INFO] [stdout]     |             |
[INFO] [stdout]     |             help: remove this `mut`
[INFO] [stdout] 
[INFO] [stdout] 
[INFO] [stdout] warning: variable does not need to be mutable
[INFO] [stdout]    --> src/parser.rs:959:13
[INFO] [stdout]     |
[INFO] [stdout] 959 |         let mut json = fs::read_to_string(path).unwrap();
[INFO] [stdout]     |             ----^^^^
[INFO] [stdout]     |             |
[INFO] [stdout]     |             help: remove this `mut`
[INFO] [stdout] 
[INFO] [stdout] 
[INFO] [stdout] warning: variable does not need to be mutable
[INFO] [stdout]    --> src/parser.rs:960:13
[INFO] [stdout]     |
[INFO] [stdout] 960 | ...   let mut res = JSONParser::parse(json.as_str(), ParseOptions::default().start_parse_at("/panels".to_string()).parse_array(false)).un...
[INFO] [stdout]     |           ----^^^
[INFO] [stdout]     |           |
[INFO] [stdout]     |           help: remove this `mut`
[INFO] [stdout] 
[INFO] [stdout] 
[INFO] [stdout] warning: variable does not need to be mutable
[INFO] [stdout]    --> src/parser.rs:970:13
[INFO] [stdout]     |
[INFO] [stdout] 970 |         let mut json = fs::read_to_string(path).unwrap();
[INFO] [stdout]     |             ----^^^^
[INFO] [stdout]     |             |
[INFO] [stdout]     |             help: remove this `mut`
[INFO] [stdout] 
[INFO] [stdout] 
[INFO] [stdout] warning: variable does not need to be mutable
[INFO] [stdout]    --> src/parser.rs:971:13
[INFO] [stdout]     |
[INFO] [stdout] 971 | ...   let mut res = JSONParser::parse(json.as_str(), ParseOptions::default().start_parse_at("/info".to_string()).parse_array(false)).unwr...
[INFO] [stdout]     |           ----^^^
[INFO] [stdout]     |           |
[INFO] [stdout]     |           help: remove this `mut`
[INFO] [stdout] 
[INFO] [stdout] 
[INFO] [stdout] warning: unused variable: `capacity`
[INFO] [stdout]    --> src/serializer.rs:273:15
[INFO] [stdout]     |
[INFO] [stdout] 273 | fn new_map<V>(capacity: usize) -> Map<String, Value<V>> {
[INFO] [stdout]     |               ^^^^^^^^ help: if this is intentional, prefix it with an underscore: `_capacity`
[INFO] [stdout] 
[INFO] [stdout] 
[INFO] [stdout] warning: unreachable pattern
[INFO] [stdout]    --> src/serializer.rs:342:13
[INFO] [stdout]     |
[INFO] [stdout] 342 |             _ => panic!("todo")
[INFO] [stdout]     |             ^ no value can reach this
[INFO] [stdout]     |
[INFO] [stdout] note: multiple earlier patterns match some of the same values
[INFO] [stdout]    --> src/serializer.rs:342:13
[INFO] [stdout]     |
[INFO] [stdout] 309 |             Value::Object(obj) => {
[INFO] [stdout]     |             ------------------ matches some of the same values
[INFO] [stdout] ...
[INFO] [stdout] 317 |             Value::Array(arr) => {
[INFO] [stdout]     |             ----------------- matches some of the same values
[INFO] [stdout] ...
[INFO] [stdout] 335 |             Value::Number(num) => num.to_string(),
[INFO] [stdout]     |             ------------------ matches some of the same values
[INFO] [stdout] 336 |             Value::Integer(num) => num.to_string(),
[INFO] [stdout]     |             ------------------- matches some of the same values
[INFO] [stdout] ...
[INFO] [stdout] 342 |             _ => panic!("todo")
[INFO] [stdout]     |             ^ ...and 5 other patterns collectively make this unreachable
[INFO] [stdout]     = note: `#[warn(unreachable_patterns)]` on by default
[INFO] [stdout] 
[INFO] [stdout] 
[INFO] [stdout] warning: unused variable: `elements_count`
[INFO] [stdout]    --> src/lib.rs:173:47
[INFO] [stdout]     |
[INFO] [stdout] 173 |                     ValueType::Object(parsed, elements_count) => {
[INFO] [stdout]     |                                               ^^^^^^^^^^^^^^ help: if this is intentional, prefix it with an underscore: `_elements_count`
[INFO] [stdout] ...
[INFO] [stdout] 343 |     change_depth!(&'json str, change_depth, |r: ParseResult<&'json str>| r);
[INFO] [stdout]     |     ----------------------------------------------------------------------- in this macro invocation
[INFO] [stdout]     |
[INFO] [stdout]     = note: this warning originates in the macro `change_depth` (in Nightly builds, run with -Z macro-backtrace for more info)
[INFO] [stdout] 
[INFO] [stdout] 
[INFO] [stdout] warning: unused variable: `elements_count`
[INFO] [stdout]    --> src/lib.rs:173:47
[INFO] [stdout]     |
[INFO] [stdout] 173 |                     ValueType::Object(parsed, elements_count) => {
[INFO] [stdout]     |                                               ^^^^^^^^^^^^^^ help: if this is intentional, prefix it with an underscore: `_elements_count`
[INFO] [stdout] ...
[INFO] [stdout] 344 |     change_depth!(String, change_depth_owned, |r: ParseResult<&str>| r.to_owned());
[INFO] [stdout]     |     ------------------------------------------------------------------------------ in this macro invocation
[INFO] [stdout]     |
[INFO] [stdout]     = note: this warning originates in the macro `change_depth` (in Nightly builds, run with -Z macro-backtrace for more info)
[INFO] [stdout] 
[INFO] [stdout] 
[INFO] [stderr]     Finished `test` profile [unoptimized + debuginfo] target(s) in 1.16s
[INFO] running `Command { std: "docker" "inspect" "7f34a26bac2894b7be89cdeb7995a52bad72589bef3324696020e46f0896bd9c", kill_on_drop: false }`
[INFO] running `Command { std: "docker" "rm" "-f" "7f34a26bac2894b7be89cdeb7995a52bad72589bef3324696020e46f0896bd9c", kill_on_drop: false }`
[INFO] [stdout] 7f34a26bac2894b7be89cdeb7995a52bad72589bef3324696020e46f0896bd9c
[INFO] running `Command { std: "docker" "create" "-v" "/var/lib/crater-agent-workspace/builds/worker-6-tc1/target:/opt/rustwide/target:rw,Z" "-v" "/var/lib/crater-agent-workspace/builds/worker-6-tc1/source:/opt/rustwide/workdir:ro,Z" "-v" "/var/lib/crater-agent-workspace/cargo-home:/opt/rustwide/cargo-home:ro,Z" "-v" "/var/lib/crater-agent-workspace/rustup-home:/opt/rustwide/rustup-home:ro,Z" "-e" "SOURCE_DIR=/opt/rustwide/workdir" "-e" "CARGO_TARGET_DIR=/opt/rustwide/target" "-e" "CARGO_INCREMENTAL=0" "-e" "RUST_BACKTRACE=full" "-e" "RUSTFLAGS=--cap-lints=forbid" "-e" "RUSTDOCFLAGS=--cap-lints=forbid" "-e" "CARGO_HOME=/opt/rustwide/cargo-home" "-e" "RUSTUP_HOME=/opt/rustwide/rustup-home" "-w" "/opt/rustwide/workdir" "-m" "1610612736" "--user" "0:0" "--network" "none" "ghcr.io/rust-lang/crates-build-env/linux@sha256:819108c5571ea2e421544af4d832f968d213c87fbe3707a016657f43d2f853bc" "/opt/rustwide/cargo-home/bin/cargo" "+nightly-2025-01-18" "test" "--frozen", kill_on_drop: false }`
[INFO] [stdout] 23b2a652e1f24f2ba9ea55cbb7711744be7320bfb71766f16b9451790c1570ca
[INFO] running `Command { std: "docker" "start" "-a" "23b2a652e1f24f2ba9ea55cbb7711744be7320bfb71766f16b9451790c1570ca", kill_on_drop: false }`
[INFO] [stderr] warning: unnecessary parentheses around type
[INFO] [stderr]   --> src/parser.rs:71:194
[INFO] [stderr]    |
[INFO] [stderr] 71 | ..., parse_option: &ParseOptions, position: &mut usize) -> Result<(usize), String> {
[INFO] [stderr]    |                                                                   ^     ^
[INFO] [stderr]    |
[INFO] [stderr]    = note: `#[warn(unused_parens)]` on by default
[INFO] [stderr] help: remove these parentheses
[INFO] [stderr]    |
[INFO] [stderr] 71 -     fn process_object(&mut self, route: &mut PointerFragment, target: &mut Vec<FlatJsonValue<&'json str>>, depth: u8, count: usize, parse_option: &ParseOptions, position: &mut usize) -> Result<(usize), String> {
[INFO] [stderr] 71 +     fn process_object(&mut self, route: &mut PointerFragment, target: &mut Vec<FlatJsonValue<&'json str>>, depth: u8, count: usize, parse_option: &ParseOptions, position: &mut usize) -> Result<usize, String> {
[INFO] [stderr]    |
[INFO] [stderr] 
[INFO] [stderr] warning: unused variable: `parsed`
[INFO] [stderr]    --> src/parser.rs:205:37
[INFO] [stderr]     |
[INFO] [stderr] 205 | ...                   let mut parsed = true;
[INFO] [stderr]     |                               ^^^^^^ help: if this is intentional, prefix it with an underscore: `_parsed`
[INFO] [stderr]     |
[INFO] [stderr]     = note: `#[warn(unused_variables)]` on by default
[INFO] [stderr] 
[INFO] [stderr] warning: variable does not need to be mutable
[INFO] [stderr]    --> src/parser.rs:205:33
[INFO] [stderr]     |
[INFO] [stderr] 205 | ...                   let mut parsed = true;
[INFO] [stderr]     |                           ----^^^^^^
[INFO] [stderr]     |                           |
[INFO] [stderr]     |                           help: remove this `mut`
[INFO] [stderr]     |
[INFO] [stderr]     = note: `#[warn(unused_mut)]` on by default
[INFO] [stderr] 
[INFO] [stderr] warning: unused variable: `capacity`
[INFO] [stderr]    --> src/serializer.rs:273:15
[INFO] [stderr]     |
[INFO] [stderr] 273 | fn new_map<V>(capacity: usize) -> Map<String, Value<V>> {
[INFO] [stderr]     |               ^^^^^^^^ help: if this is intentional, prefix it with an underscore: `_capacity`
[INFO] [stderr] 
[INFO] [stderr] warning: unreachable pattern
[INFO] [stderr]    --> src/serializer.rs:342:13
[INFO] [stderr]     |
[INFO] [stderr] 342 |             _ => panic!("todo")
[INFO] [stderr]     |             ^ no value can reach this
[INFO] [stderr]     |
[INFO] [stderr] note: multiple earlier patterns match some of the same values
[INFO] [stderr]    --> src/serializer.rs:342:13
[INFO] [stderr]     |
[INFO] [stderr] 309 |             Value::Object(obj) => {
[INFO] [stderr]     |             ------------------ matches some of the same values
[INFO] [stderr] ...
[INFO] [stderr] 317 |             Value::Array(arr) => {
[INFO] [stderr]     |             ----------------- matches some of the same values
[INFO] [stderr] ...
[INFO] [stderr] 335 |             Value::Number(num) => num.to_string(),
[INFO] [stderr]     |             ------------------ matches some of the same values
[INFO] [stderr] 336 |             Value::Integer(num) => num.to_string(),
[INFO] [stderr]     |             ------------------- matches some of the same values
[INFO] [stderr] ...
[INFO] [stderr] 342 |             _ => panic!("todo")
[INFO] [stderr]     |             ^ ...and 5 other patterns collectively make this unreachable
[INFO] [stderr]     = note: `#[warn(unreachable_patterns)]` on by default
[INFO] [stderr] 
[INFO] [stderr] warning: unused variable: `elements_count`
[INFO] [stderr]    --> src/lib.rs:173:47
[INFO] [stderr]     |
[INFO] [stderr] 173 |                     ValueType::Object(parsed, elements_count) => {
[INFO] [stderr]     |                                               ^^^^^^^^^^^^^^ help: if this is intentional, prefix it with an underscore: `_elements_count`
[INFO] [stderr] ...
[INFO] [stderr] 343 |     change_depth!(&'json str, change_depth, |r: ParseResult<&'json str>| r);
[INFO] [stderr]     |     ----------------------------------------------------------------------- in this macro invocation
[INFO] [stderr]     |
[INFO] [stderr]     = note: this warning originates in the macro `change_depth` (in Nightly builds, run with -Z macro-backtrace for more info)
[INFO] [stderr] 
[INFO] [stderr] warning: unused variable: `elements_count`
[INFO] [stderr]    --> src/lib.rs:173:47
[INFO] [stderr]     |
[INFO] [stderr] 173 |                     ValueType::Object(parsed, elements_count) => {
[INFO] [stderr]     |                                               ^^^^^^^^^^^^^^ help: if this is intentional, prefix it with an underscore: `_elements_count`
[INFO] [stderr] ...
[INFO] [stderr] 344 |     change_depth!(String, change_depth_owned, |r: ParseResult<&str>| r.to_owned());
[INFO] [stderr]     |     ------------------------------------------------------------------------------ in this macro invocation
[INFO] [stderr]     |
[INFO] [stderr]     = note: this warning originates in the macro `change_depth` (in Nightly builds, run with -Z macro-backtrace for more info)
[INFO] [stderr] 
[INFO] [stderr] warning: `json-flat-parser` (lib) generated 7 warnings (run `cargo fix --lib -p json-flat-parser` to apply 2 suggestions)
[INFO] [stderr] warning: unused variable: `vec`
[INFO] [stderr]    --> src/parser.rs:953:13
[INFO] [stderr]     |
[INFO] [stderr] 953 |         let vec = &res.json;
[INFO] [stderr]     |             ^^^ help: if this is intentional, prefix it with an underscore: `_vec`
[INFO] [stderr] 
[INFO] [stderr] warning: variable does not need to be mutable
[INFO] [stderr]    --> src/parser.rs:952:13
[INFO] [stderr]     |
[INFO] [stderr] 952 |         let mut res = JSONParser::parse(json, ParseOptions::default().parse_array(false)).unwrap();
[INFO] [stderr]     |             ----^^^
[INFO] [stderr]     |             |
[INFO] [stderr]     |             help: remove this `mut`
[INFO] [stderr] 
[INFO] [stderr] warning: variable does not need to be mutable
[INFO] [stderr]    --> src/parser.rs:959:13
[INFO] [stderr]     |
[INFO] [stderr] 959 |         let mut json = fs::read_to_string(path).unwrap();
[INFO] [stderr]     |             ----^^^^
[INFO] [stderr]     |             |
[INFO] [stderr]     |             help: remove this `mut`
[INFO] [stderr] 
[INFO] [stderr] warning: variable does not need to be mutable
[INFO] [stderr]    --> src/parser.rs:960:13
[INFO] [stderr]     |
[INFO] [stderr] 960 | ...   let mut res = JSONParser::parse(json.as_str(), ParseOptions::default().start_parse_at("/panels".to_string()).parse_array(false)).un...
[INFO] [stderr]     |           ----^^^
[INFO] [stderr]     |           |
[INFO] [stderr]     |           help: remove this `mut`
[INFO] [stderr] 
[INFO] [stderr] warning: variable does not need to be mutable
[INFO] [stderr]    --> src/parser.rs:970:13
[INFO] [stderr]     |
[INFO] [stderr] 970 |         let mut json = fs::read_to_string(path).unwrap();
[INFO] [stderr]     |             ----^^^^
[INFO] [stderr]     |             |
[INFO] [stderr]     |             help: remove this `mut`
[INFO] [stderr] 
[INFO] [stderr] warning: variable does not need to be mutable
[INFO] [stderr]    --> src/parser.rs:971:13
[INFO] [stderr]     |
[INFO] [stderr] 971 | ...   let mut res = JSONParser::parse(json.as_str(), ParseOptions::default().start_parse_at("/info".to_string()).parse_array(false)).unwr...
[INFO] [stderr]     |           ----^^^
[INFO] [stderr]     |           |
[INFO] [stderr]     |           help: remove this `mut`
[INFO] [stderr] 
[INFO] [stderr] warning: `json-flat-parser` (lib test) generated 13 warnings (7 duplicates) (run `cargo fix --lib -p json-flat-parser --tests` to apply 5 suggestions)
[INFO] [stderr]     Finished `test` profile [unoptimized + debuginfo] target(s) in 0.02s
[INFO] [stderr]      Running unittests src/lib.rs (/opt/rustwide/target/debug/deps/json_flat_parser-fbac7bbdbff5ccbd)
[INFO] [stdout] 
[INFO] [stdout] running 19 tests
[INFO] [stdout] test parser::tests::array_of_object_parse_false ... ok
[INFO] [stdout] test parser::tests::array_with_parse_option_false ... ok
[INFO] [stdout] test parser::tests::array_with_start_parse_at ... ok
[INFO] [stdout] test parser::tests::change_depth ... ok
[INFO] [stdout] test parser::tests::depth ... ok
[INFO] [stdout] test parser::tests::max_depth_object ... ok
[INFO] [stdout] test parser::tests::max_depth_object2 ... ok
[INFO] [stdout] test parser::tests::nested_object ... ok
[INFO] [stdout] test parser::tests::object ... ok
[INFO] [stdout] test parser::tests::parse_nested_array ... ok
[INFO] [stdout] test parser::tests::simple_array ... ok
[INFO] [stdout] test parser::tests::parse_array_of_array ... ok
[INFO] [stdout] test parser::tests::max_depth ... ok
[INFO] [stdout] test parser::tests::parse_empty_object ... ok
[INFO] [stdout] test parser::tests::array ... ok
[INFO] [stdout] test parser::tests::simple_array_nested ... ok
[INFO] [stdout] test parser::tests::simple_array_nested_parse_false ... ok
[INFO] [stdout] test parser::tests::parse_openapi ... FAILED
[INFO] [stdout] test parser::tests::parse_grafana_dashboard ... FAILED
[INFO] [stdout] 
[INFO] [stdout] failures:
[INFO] [stdout] 
[INFO] [stdout] ---- parser::tests::parse_openapi stdout ----
[INFO] [stdout] 
[INFO] [stdout] thread 'parser::tests::parse_openapi' panicked at src/parser.rs:970:49:
[INFO] [stdout] called `Result::unwrap()` on an `Err` value: Os { code: 2, kind: NotFound, message: "No such file or directory" }
[INFO] [stdout] stack backtrace:
[INFO] [stdout]    0:     0x636ed06dd3ea - std::backtrace_rs::backtrace::libunwind::trace::hb059275cfc8d6126
[INFO] [stdout]                                at /rustc/6067b36314ab5eb2eb47cecc464545ba58e1ad24/library/std/src/../../backtrace/src/backtrace/libunwind.rs:116:5
[INFO] [stdout]    1:     0x636ed06dd3ea - std::backtrace_rs::backtrace::trace_unsynchronized::h2da071e4327ce3ee
[INFO] [stdout]                                at /rustc/6067b36314ab5eb2eb47cecc464545ba58e1ad24/library/std/src/../../backtrace/src/backtrace/mod.rs:66:5
[INFO] [stdout]    2:     0x636ed06dd3ea - std::sys::backtrace::_print_fmt::h842a1474e6f8d23f
[INFO] [stdout]                                at /rustc/6067b36314ab5eb2eb47cecc464545ba58e1ad24/library/std/src/sys/backtrace.rs:66:9
[INFO] [stdout]    3:     0x636ed06dd3ea - <std::sys::backtrace::BacktraceLock::print::DisplayBacktrace as core::fmt::Display>::fmt::h71a62eb3b9696b12
[INFO] [stdout]                                at /rustc/6067b36314ab5eb2eb47cecc464545ba58e1ad24/library/std/src/sys/backtrace.rs:39:26
[INFO] [stdout]    4:     0x636ed0704b93 - core::fmt::rt::Argument::fmt::hdb6b616786b41dc1
[INFO] [stdout]                                at /rustc/6067b36314ab5eb2eb47cecc464545ba58e1ad24/library/core/src/fmt/rt.rs:177:76
[INFO] [stdout]    5:     0x636ed0704b93 - core::fmt::write::h2cc1698af7e2d686
[INFO] [stdout]                                at /rustc/6067b36314ab5eb2eb47cecc464545ba58e1ad24/library/core/src/fmt/mod.rs:1440:21
[INFO] [stdout]    6:     0x636ed06d9f43 - std::io::Write::write_fmt::hab1b4cd059a79022
[INFO] [stdout]                                at /rustc/6067b36314ab5eb2eb47cecc464545ba58e1ad24/library/std/src/io/mod.rs:1887:15
[INFO] [stdout]    7:     0x636ed06dd232 - std::sys::backtrace::BacktraceLock::print::h147fe35b4ea13b08
[INFO] [stdout]                                at /rustc/6067b36314ab5eb2eb47cecc464545ba58e1ad24/library/std/src/sys/backtrace.rs:42:9
[INFO] [stdout]    8:     0x636ed06de80f - std::panicking::default_hook::{{closure}}::hbd44223dbdc0d208
[INFO] [stdout]                                at /rustc/6067b36314ab5eb2eb47cecc464545ba58e1ad24/library/std/src/panicking.rs:298:22
[INFO] [stdout]    9:     0x636ed06de628 - std::panicking::default_hook::h20f81eb0576efcec
[INFO] [stdout]                                at /rustc/6067b36314ab5eb2eb47cecc464545ba58e1ad24/library/std/src/panicking.rs:322:9
[INFO] [stdout]   10:     0x636ed06a6cf3 - <alloc::boxed::Box<F,A> as core::ops::function::Fn<Args>>::call::hdb53814c496a4d34
[INFO] [stdout]                                at /rustc/6067b36314ab5eb2eb47cecc464545ba58e1ad24/library/alloc/src/boxed.rs:2027:9
[INFO] [stdout]   11:     0x636ed06a6cf3 - test::test_main::{{closure}}::hc0a4963c59427c24
[INFO] [stdout]                                at /rustc/6067b36314ab5eb2eb47cecc464545ba58e1ad24/library/test/src/lib.rs:134:21
[INFO] [stdout]   12:     0x636ed06df303 - <alloc::boxed::Box<F,A> as core::ops::function::Fn<Args>>::call::h591b2225413a77e9
[INFO] [stdout]                                at /rustc/6067b36314ab5eb2eb47cecc464545ba58e1ad24/library/alloc/src/boxed.rs:2027:9
[INFO] [stdout]   13:     0x636ed06df303 - std::panicking::rust_panic_with_hook::h625eea43051b2edc
[INFO] [stdout]                                at /rustc/6067b36314ab5eb2eb47cecc464545ba58e1ad24/library/std/src/panicking.rs:839:13
[INFO] [stdout]   14:     0x636ed06defba - std::panicking::begin_panic_handler::{{closure}}::h4f9159cfbc3f6bd3
[INFO] [stdout]                                at /rustc/6067b36314ab5eb2eb47cecc464545ba58e1ad24/library/std/src/panicking.rs:704:13
[INFO] [stdout]   15:     0x636ed06dd8e9 - std::sys::backtrace::__rust_end_short_backtrace::h0390abce48353151
[INFO] [stdout]                                at /rustc/6067b36314ab5eb2eb47cecc464545ba58e1ad24/library/std/src/sys/backtrace.rs:168:18
[INFO] [stdout]   16:     0x636ed06dec4d - rust_begin_unwind
[INFO] [stdout]                                at /rustc/6067b36314ab5eb2eb47cecc464545ba58e1ad24/library/std/src/panicking.rs:695:5
[INFO] [stdout]   17:     0x636ed0703610 - core::panicking::panic_fmt::h9e7c637e9e5f29c9
[INFO] [stdout]                                at /rustc/6067b36314ab5eb2eb47cecc464545ba58e1ad24/library/core/src/panicking.rs:75:14
[INFO] [stdout]   18:     0x636ed07039e6 - core::result::unwrap_failed::h7979f09313fe1849
[INFO] [stdout]                                at /rustc/6067b36314ab5eb2eb47cecc464545ba58e1ad24/library/core/src/result.rs:1704:5
[INFO] [stdout]   19:     0x636ed065ba3e - core::result::Result<T,E>::unwrap::h5661e5b32991417d
[INFO] [stdout]                                at /rustc/6067b36314ab5eb2eb47cecc464545ba58e1ad24/library/core/src/result.rs:1109:23
[INFO] [stdout]   20:     0x636ed065ba3e - json_flat_parser::parser::tests::parse_openapi::h4f410b980c59c675
[INFO] [stdout]                                at /opt/rustwide/workdir/src/parser.rs:970:24
[INFO] [stdout]   21:     0x636ed065b987 - json_flat_parser::parser::tests::parse_openapi::{{closure}}::h4aafd3f6bc8e194a
[INFO] [stdout]                                at /opt/rustwide/workdir/src/parser.rs:968:23
[INFO] [stdout]   22:     0x636ed066a926 - core::ops::function::FnOnce::call_once::h9fe4804962ccff6f
[INFO] [stdout]                                at /rustc/6067b36314ab5eb2eb47cecc464545ba58e1ad24/library/core/src/ops/function.rs:250:5
[INFO] [stdout]   23:     0x636ed06ac44b - core::ops::function::FnOnce::call_once::he27718dfdd183f43
[INFO] [stdout]                                at /rustc/6067b36314ab5eb2eb47cecc464545ba58e1ad24/library/core/src/ops/function.rs:250:5
[INFO] [stdout]   24:     0x636ed06ac44b - test::__rust_begin_short_backtrace::h4e84902998457a5d
[INFO] [stdout]                                at /rustc/6067b36314ab5eb2eb47cecc464545ba58e1ad24/library/test/src/lib.rs:632:18
[INFO] [stdout]   25:     0x636ed06ab383 - test::run_test_in_process::{{closure}}::h7176fd18fc1feca0
[INFO] [stdout]                                at /rustc/6067b36314ab5eb2eb47cecc464545ba58e1ad24/library/test/src/lib.rs:655:60
[INFO] [stdout]   26:     0x636ed06ab383 - <core::panic::unwind_safe::AssertUnwindSafe<F> as core::ops::function::FnOnce<()>>::call_once::hf79cff2a624d8cf7
[INFO] [stdout]                                at /rustc/6067b36314ab5eb2eb47cecc464545ba58e1ad24/library/core/src/panic/unwind_safe.rs:272:9
[INFO] [stdout]   27:     0x636ed06ab383 - std::panicking::try::do_call::h3da0561d9ab99c25
[INFO] [stdout]                                at /rustc/6067b36314ab5eb2eb47cecc464545ba58e1ad24/library/std/src/panicking.rs:587:40
[INFO] [stdout]   28:     0x636ed06ab383 - std::panicking::try::h41c9fa508bc61df6
[INFO] [stdout]                                at /rustc/6067b36314ab5eb2eb47cecc464545ba58e1ad24/library/std/src/panicking.rs:550:19
[INFO] [stdout]   29:     0x636ed06ab383 - std::panic::catch_unwind::h6b3ff07bb5afad93
[INFO] [stdout]                                at /rustc/6067b36314ab5eb2eb47cecc464545ba58e1ad24/library/std/src/panic.rs:358:14
[INFO] [stdout]   30:     0x636ed06ab383 - test::run_test_in_process::hc7253dd11b39b9f4
[INFO] [stdout]                                at /rustc/6067b36314ab5eb2eb47cecc464545ba58e1ad24/library/test/src/lib.rs:655:27
[INFO] [stdout]   31:     0x636ed06ab383 - test::run_test::{{closure}}::hfb2007f8649c30bb
[INFO] [stdout]                                at /rustc/6067b36314ab5eb2eb47cecc464545ba58e1ad24/library/test/src/lib.rs:576:43
[INFO] [stdout]   32:     0x636ed066e465 - test::run_test::{{closure}}::h56a17aa7a282a9f4
[INFO] [stdout]                                at /rustc/6067b36314ab5eb2eb47cecc464545ba58e1ad24/library/test/src/lib.rs:606:41
[INFO] [stdout]   33:     0x636ed066e465 - std::sys::backtrace::__rust_begin_short_backtrace::hd2d2d2fb8e8c6aac
[INFO] [stdout]                                at /rustc/6067b36314ab5eb2eb47cecc464545ba58e1ad24/library/std/src/sys/backtrace.rs:152:18
[INFO] [stdout]   34:     0x636ed0671d4a - std::thread::Builder::spawn_unchecked_::{{closure}}::{{closure}}::h4faa3f9db6133423
[INFO] [stdout]                                at /rustc/6067b36314ab5eb2eb47cecc464545ba58e1ad24/library/std/src/thread/mod.rs:559:17
[INFO] [stdout]   35:     0x636ed0671d4a - <core::panic::unwind_safe::AssertUnwindSafe<F> as core::ops::function::FnOnce<()>>::call_once::hf2e855a36a4ea846
[INFO] [stdout]                                at /rustc/6067b36314ab5eb2eb47cecc464545ba58e1ad24/library/core/src/panic/unwind_safe.rs:272:9
[INFO] [stdout]   36:     0x636ed0671d4a - std::panicking::try::do_call::h2f73af3616c35465
[INFO] [stdout]                                at /rustc/6067b36314ab5eb2eb47cecc464545ba58e1ad24/library/std/src/panicking.rs:587:40
[INFO] [stdout]   37:     0x636ed0671d4a - std::panicking::try::hd1660ce9efadef5a
[INFO] [stdout]                                at /rustc/6067b36314ab5eb2eb47cecc464545ba58e1ad24/library/std/src/panicking.rs:550:19
[INFO] [stdout]   38:     0x636ed0671d4a - std::panic::catch_unwind::h5ee8d7823b8ca744
[INFO] [stdout]                                at /rustc/6067b36314ab5eb2eb47cecc464545ba58e1ad24/library/std/src/panic.rs:358:14
[INFO] [stdout]   39:     0x636ed0671d4a - std::thread::Builder::spawn_unchecked_::{{closure}}::h53c3a1894dce8407
[INFO] [stdout]                                at /rustc/6067b36314ab5eb2eb47cecc464545ba58e1ad24/library/std/src/thread/mod.rs:557:30
[INFO] [stdout]   40:     0x636ed0671d4a - core::ops::function::FnOnce::call_once{{vtable.shim}}::h048ce291ad4f62bf
[INFO] [stdout]                                at /rustc/6067b36314ab5eb2eb47cecc464545ba58e1ad24/library/core/src/ops/function.rs:250:5
[INFO] [stdout]   41:     0x636ed06e323b - <alloc::boxed::Box<F,A> as core::ops::function::FnOnce<Args>>::call_once::ha52bedf99a3b4981
[INFO] [stdout]                                at /rustc/6067b36314ab5eb2eb47cecc464545ba58e1ad24/library/alloc/src/boxed.rs:2013:9
[INFO] [stdout]   42:     0x636ed06e323b - <alloc::boxed::Box<F,A> as core::ops::function::FnOnce<Args>>::call_once::h567748934d80ccf8
[INFO] [stdout]                                at /rustc/6067b36314ab5eb2eb47cecc464545ba58e1ad24/library/alloc/src/boxed.rs:2013:9
[INFO] [stdout]   43:     0x636ed06e323b - std::sys::pal::unix::thread::Thread::new::thread_start::h2d970728ae887adc
[INFO] [stdout]                                at /rustc/6067b36314ab5eb2eb47cecc464545ba58e1ad24/library/std/src/sys/pal/unix/thread.rs:106:17
[INFO] [stdout]   44:     0x709abf953ac3 - <unknown>
[INFO] [stdout]   45:     0x709abf9e4a04 - clone
[INFO] [stdout]   46:                0x0 - <unknown>
[INFO] [stdout] 
[INFO] [stdout] ---- parser::tests::parse_grafana_dashboard stdout ----
[INFO] [stdout] 
[INFO] [stdout] thread 'parser::tests::parse_grafana_dashboard' panicked at src/parser.rs:959:49:
[INFO] [stdout] called `Result::unwrap()` on an `Err` value: Os { code: 2, kind: NotFound, message: "No such file or directory" }
[INFO] [stdout] stack backtrace:
[INFO] [stdout]    0:     0x636ed06dd3ea - std::backtrace_rs::backtrace::libunwind::trace::hb059275cfc8d6126
[INFO] [stdout]                                at /rustc/6067b36314ab5eb2eb47cecc464545ba58e1ad24/library/std/src/../../backtrace/src/backtrace/libunwind.rs:116:5
[INFO] [stdout]    1:     0x636ed06dd3ea - std::backtrace_rs::backtrace::trace_unsynchronized::h2da071e4327ce3ee
[INFO] [stdout]                                at /rustc/6067b36314ab5eb2eb47cecc464545ba58e1ad24/library/std/src/../../backtrace/src/backtrace/mod.rs:66:5
[INFO] [stdout]    2:     0x636ed06dd3ea - std::sys::backtrace::_print_fmt::h842a1474e6f8d23f
[INFO] [stdout]                                at /rustc/6067b36314ab5eb2eb47cecc464545ba58e1ad24/library/std/src/sys/backtrace.rs:66:9
[INFO] [stdout]    3:     0x636ed06dd3ea - <std::sys::backtrace::BacktraceLock::print::DisplayBacktrace as core::fmt::Display>::fmt::h71a62eb3b9696b12
[INFO] [stdout]                                at /rustc/6067b36314ab5eb2eb47cecc464545ba58e1ad24/library/std/src/sys/backtrace.rs:39:26
[INFO] [stdout]    4:     0x636ed0704b93 - core::fmt::rt::Argument::fmt::hdb6b616786b41dc1
[INFO] [stdout]                                at /rustc/6067b36314ab5eb2eb47cecc464545ba58e1ad24/library/core/src/fmt/rt.rs:177:76
[INFO] [stdout]    5:     0x636ed0704b93 - core::fmt::write::h2cc1698af7e2d686
[INFO] [stdout]                                at /rustc/6067b36314ab5eb2eb47cecc464545ba58e1ad24/library/core/src/fmt/mod.rs:1440:21
[INFO] [stdout]    6:     0x636ed06d9f43 - std::io::Write::write_fmt::hab1b4cd059a79022
[INFO] [stdout]                                at /rustc/6067b36314ab5eb2eb47cecc464545ba58e1ad24/library/std/src/io/mod.rs:1887:15
[INFO] [stdout]    7:     0x636ed06dd232 - std::sys::backtrace::BacktraceLock::print::h147fe35b4ea13b08
[INFO] [stdout]                                at /rustc/6067b36314ab5eb2eb47cecc464545ba58e1ad24/library/std/src/sys/backtrace.rs:42:9
[INFO] [stdout]    8:     0x636ed06de80f - std::panicking::default_hook::{{closure}}::hbd44223dbdc0d208
[INFO] [stdout]                                at /rustc/6067b36314ab5eb2eb47cecc464545ba58e1ad24/library/std/src/panicking.rs:298:22
[INFO] [stdout]    9:     0x636ed06de628 - std::panicking::default_hook::h20f81eb0576efcec
[INFO] [stdout]                                at /rustc/6067b36314ab5eb2eb47cecc464545ba58e1ad24/library/std/src/panicking.rs:322:9
[INFO] [stdout]   10:     0x636ed06a6cf3 - <alloc::boxed::Box<F,A> as core::ops::function::Fn<Args>>::call::hdb53814c496a4d34
[INFO] [stdout]                                at /rustc/6067b36314ab5eb2eb47cecc464545ba58e1ad24/library/alloc/src/boxed.rs:2027:9
[INFO] [stdout]   11:     0x636ed06a6cf3 - test::test_main::{{closure}}::hc0a4963c59427c24
[INFO] [stdout]                                at /rustc/6067b36314ab5eb2eb47cecc464545ba58e1ad24/library/test/src/lib.rs:134:21
[INFO] [stdout]   12:     0x636ed06df303 - <alloc::boxed::Box<F,A> as core::ops::function::Fn<Args>>::call::h591b2225413a77e9
[INFO] [stdout]                                at /rustc/6067b36314ab5eb2eb47cecc464545ba58e1ad24/library/alloc/src/boxed.rs:2027:9
[INFO] [stdout]   13:     0x636ed06df303 - std::panicking::rust_panic_with_hook::h625eea43051b2edc
[INFO] [stdout]                                at /rustc/6067b36314ab5eb2eb47cecc464545ba58e1ad24/library/std/src/panicking.rs:839:13
[INFO] [stdout]   14:     0x636ed06defba - std::panicking::begin_panic_handler::{{closure}}::h4f9159cfbc3f6bd3
[INFO] [stdout]                                at /rustc/6067b36314ab5eb2eb47cecc464545ba58e1ad24/library/std/src/panicking.rs:704:13
[INFO] [stdout]   15:     0x636ed06dd8e9 - std::sys::backtrace::__rust_end_short_backtrace::h0390abce48353151
[INFO] [stdout]                                at /rustc/6067b36314ab5eb2eb47cecc464545ba58e1ad24/library/std/src/sys/backtrace.rs:168:18
[INFO] [stdout]   16:     0x636ed06dec4d - rust_begin_unwind
[INFO] [stdout]                                at /rustc/6067b36314ab5eb2eb47cecc464545ba58e1ad24/library/std/src/panicking.rs:695:5
[INFO] [stdout]   17:     0x636ed0703610 - core::panicking::panic_fmt::h9e7c637e9e5f29c9
[INFO] [stdout]                                at /rustc/6067b36314ab5eb2eb47cecc464545ba58e1ad24/library/core/src/panicking.rs:75:14
[INFO] [stdout]   18:     0x636ed07039e6 - core::result::unwrap_failed::h7979f09313fe1849
[INFO] [stdout]                                at /rustc/6067b36314ab5eb2eb47cecc464545ba58e1ad24/library/core/src/result.rs:1704:5
[INFO] [stdout]   19:     0x636ed065b472 - core::result::Result<T,E>::unwrap::h5661e5b32991417d
[INFO] [stdout]                                at /rustc/6067b36314ab5eb2eb47cecc464545ba58e1ad24/library/core/src/result.rs:1109:23
[INFO] [stdout]   20:     0x636ed065b472 - json_flat_parser::parser::tests::parse_grafana_dashboard::hfd8a271e99d2df75
[INFO] [stdout]                                at /opt/rustwide/workdir/src/parser.rs:959:24
[INFO] [stdout]   21:     0x636ed065b3b7 - json_flat_parser::parser::tests::parse_grafana_dashboard::{{closure}}::hcf90409264f1ef27
[INFO] [stdout]                                at /opt/rustwide/workdir/src/parser.rs:957:33
[INFO] [stdout]   22:     0x636ed066ab26 - core::ops::function::FnOnce::call_once::hd6de54382d2702d6
[INFO] [stdout]                                at /rustc/6067b36314ab5eb2eb47cecc464545ba58e1ad24/library/core/src/ops/function.rs:250:5
[INFO] [stdout]   23:     0x636ed06ac44b - core::ops::function::FnOnce::call_once::he27718dfdd183f43
[INFO] [stdout]                                at /rustc/6067b36314ab5eb2eb47cecc464545ba58e1ad24/library/core/src/ops/function.rs:250:5
[INFO] [stdout]   24:     0x636ed06ac44b - test::__rust_begin_short_backtrace::h4e84902998457a5d
[INFO] [stdout]                                at /rustc/6067b36314ab5eb2eb47cecc464545ba58e1ad24/library/test/src/lib.rs:632:18
[INFO] [stdout]   25:     0x636ed06ab383 - test::run_test_in_process::{{closure}}::h7176fd18fc1feca0
[INFO] [stdout]                                at /rustc/6067b36314ab5eb2eb47cecc464545ba58e1ad24/library/test/src/lib.rs:655:60
[INFO] [stdout]   26:     0x636ed06ab383 - <core::panic::unwind_safe::AssertUnwindSafe<F> as core::ops::function::FnOnce<()>>::call_once::hf79cff2a624d8cf7
[INFO] [stdout]                                at /rustc/6067b36314ab5eb2eb47cecc464545ba58e1ad24/library/core/src/panic/unwind_safe.rs:272:9
[INFO] [stdout]   27:     0x636ed06ab383 - std::panicking::try::do_call::h3da0561d9ab99c25
[INFO] [stdout]                                at /rustc/6067b36314ab5eb2eb47cecc464545ba58e1ad24/library/std/src/panicking.rs:587:40
[INFO] [stdout]   28:     0x636ed06ab383 - std::panicking::try::h41c9fa508bc61df6
[INFO] [stdout]                                at /rustc/6067b36314ab5eb2eb47cecc464545ba58e1ad24/library/std/src/panicking.rs:550:19
[INFO] [stdout]   29:     0x636ed06ab383 - std::panic::catch_unwind::h6b3ff07bb5afad93
[INFO] [stdout]                                at /rustc/6067b36314ab5eb2eb47cecc464545ba58e1ad24/library/std/src/panic.rs:358:14
[INFO] [stdout]   30:     0x636ed06ab383 - test::run_test_in_process::hc7253dd11b39b9f4
[INFO] [stdout]                                at /rustc/6067b36314ab5eb2eb47cecc464545ba58e1ad24/library/test/src/lib.rs:655:27
[INFO] [stdout]   31:     0x636ed06ab383 - test::run_test::{{closure}}::hfb2007f8649c30bb
[INFO] [stdout]                                at /rustc/6067b36314ab5eb2eb47cecc464545ba58e1ad24/library/test/src/lib.rs:576:43
[INFO] [stdout]   32:     0x636ed066e465 - test::run_test::{{closure}}::h56a17aa7a282a9f4
[INFO] [stdout]                                at /rustc/6067b36314ab5eb2eb47cecc464545ba58e1ad24/library/test/src/lib.rs:606:41
[INFO] [stdout]   33:     0x636ed066e465 - std::sys::backtrace::__rust_begin_short_backtrace::hd2d2d2fb8e8c6aac
[INFO] [stdout]                                at /rustc/6067b36314ab5eb2eb47cecc464545ba58e1ad24/library/std/src/sys/backtrace.rs:152:18
[INFO] [stdout]   34:     0x636ed0671d4a - std::thread::Builder::spawn_unchecked_::{{closure}}::{{closure}}::h4faa3f9db6133423
[INFO] [stdout]                                at /rustc/6067b36314ab5eb2eb47cecc464545ba58e1ad24/library/std/src/thread/mod.rs:559:17
[INFO] [stdout]   35:     0x636ed0671d4a - <core::panic::unwind_safe::AssertUnwindSafe<F> as core::ops::function::FnOnce<()>>::call_once::hf2e855a36a4ea846
[INFO] [stdout]                                at /rustc/6067b36314ab5eb2eb47cecc464545ba58e1ad24/library/core/src/panic/unwind_safe.rs:272:9
[INFO] [stdout]   36:     0x636ed0671d4a - std::panicking::try::do_call::h2f73af3616c35465
[INFO] [stdout]                                at /rustc/6067b36314ab5eb2eb47cecc464545ba58e1ad24/library/std/src/panicking.rs:587:40
[INFO] [stdout]   37:     0x636ed0671d4a - std::panicking::try::hd1660ce9efadef5a
[INFO] [stdout]                                at /rustc/6067b36314ab5eb2eb47cecc464545ba58e1ad24/library/std/src/panicking.rs:550:19
[INFO] [stdout]   38:     0x636ed0671d4a - std::panic::catch_unwind::h5ee8d7823b8ca744
[INFO] [stdout]                                at /rustc/6067b36314ab5eb2eb47cecc464545ba58e1ad24/library/std/src/panic.rs:358:14
[INFO] [stdout]   39:     0x636ed0671d4a - std::thread::Builder::spawn_unchecked_::{{closure}}::h53c3a1894dce8407
[INFO] [stdout]                                at /rustc/6067b36314ab5eb2eb47cecc464545ba58e1ad24/library/std/src/thread/mod.rs:557:30
[INFO] [stdout]   40:     0x636ed0671d4a - core::ops::function::FnOnce::call_once{{vtable.shim}}::h048ce291ad4f62bf
[INFO] [stdout]                                at /rustc/6067b36314ab5eb2eb47cecc464545ba58e1ad24/library/core/src/ops/function.rs:250:5
[INFO] [stdout]   41:     0x636ed06e323b - <alloc::boxed::Box<F,A> as core::ops::function::FnOnce<Args>>::call_once::ha52bedf99a3b4981
[INFO] [stdout]                                at /rustc/6067b36314ab5eb2eb47cecc464545ba58e1ad24/library/alloc/src/boxed.rs:2013:9
[INFO] [stdout]   42:     0x636ed06e323b - <alloc::boxed::Box<F,A> as core::ops::function::FnOnce<Args>>::call_once::h567748934d80ccf8
[INFO] [stdout]                                at /rustc/6067b36314ab5eb2eb47cecc464545ba58e1ad24/library/alloc/src/boxed.rs:2013:9
[INFO] [stdout]   43:     0x636ed06e323b - std::sys::pal::unix::thread::Thread::new::thread_start::h2d970728ae887adc
[INFO] [stdout]                                at /rustc/6067b36314ab5eb2eb47cecc464545ba58e1ad24/library/std/src/sys/pal/unix/thread.rs:106:17
[INFO] [stdout]   44:     0x709abf953ac3 - <unknown>
[INFO] [stdout]   45:     0x709abf9e4a04 - clone
[INFO] [stdout]   46:                0x0 - <unknown>
[INFO] [stdout] 
[INFO] [stdout] 
[INFO] [stdout] failures:
[INFO] [stdout]     parser::tests::parse_grafana_dashboard
[INFO] [stdout]     parser::tests::parse_openapi
[INFO] [stdout] 
[INFO] [stderr] error: test failed, to rerun pass `--lib`
[INFO] [stdout] test result: FAILED. 17 passed; 2 failed; 0 ignored; 0 measured; 0 filtered out; finished in 0.05s
[INFO] [stdout] 
[INFO] running `Command { std: "docker" "inspect" "23b2a652e1f24f2ba9ea55cbb7711744be7320bfb71766f16b9451790c1570ca", kill_on_drop: false }`
[INFO] running `Command { std: "docker" "rm" "-f" "23b2a652e1f24f2ba9ea55cbb7711744be7320bfb71766f16b9451790c1570ca", kill_on_drop: false }`
[INFO] [stdout] 23b2a652e1f24f2ba9ea55cbb7711744be7320bfb71766f16b9451790c1570ca
