[INFO] fetching crate itermore 0.7.1...
[INFO] testing itermore-0.7.1 against nightly-2025-01-18 for randomize-layout-2
[INFO] extracting crate itermore 0.7.1 into /workspace/builds/worker-3-tc1/source
[INFO] validating manifest of crates.io crate itermore 0.7.1 on toolchain nightly-2025-01-18
[INFO] running `Command { std: CARGO_HOME="/workspace/cargo-home" RUSTUP_HOME="/workspace/rustup-home" "/workspace/cargo-home/bin/cargo" "+nightly-2025-01-18" "metadata" "--manifest-path" "Cargo.toml" "--no-deps", kill_on_drop: false }`
[INFO] started tweaking crates.io crate itermore 0.7.1
[INFO] finished tweaking crates.io crate itermore 0.7.1
[INFO] tweaked toml for crates.io crate itermore 0.7.1 written to /workspace/builds/worker-3-tc1/source/Cargo.toml
[INFO] running `Command { std: CARGO_HOME="/workspace/cargo-home" RUSTUP_HOME="/workspace/rustup-home" "/workspace/cargo-home/bin/cargo" "+nightly-2025-01-18" "generate-lockfile" "--manifest-path" "Cargo.toml", kill_on_drop: false }`
[INFO] [stderr]     Updating crates.io index
[INFO] [stderr]      Locking 16 packages to latest compatible versions
[INFO] running `Command { std: CARGO_HOME="/workspace/cargo-home" RUSTUP_HOME="/workspace/rustup-home" "/workspace/cargo-home/bin/cargo" "+nightly-2025-01-18" "fetch" "--manifest-path" "Cargo.toml", kill_on_drop: false }`
[INFO] [stderr]  Downloading crates ...
[INFO] [stderr]   Downloaded arrays v0.2.0
[INFO] running `Command { std: "docker" "create" "-v" "/var/lib/crater-agent-workspace/builds/worker-3-tc1/target:/opt/rustwide/target:rw,Z" "-v" "/var/lib/crater-agent-workspace/builds/worker-3-tc1/source:/opt/rustwide/workdir:ro,Z" "-v" "/var/lib/crater-agent-workspace/cargo-home:/opt/rustwide/cargo-home:ro,Z" "-v" "/var/lib/crater-agent-workspace/rustup-home:/opt/rustwide/rustup-home:ro,Z" "-e" "SOURCE_DIR=/opt/rustwide/workdir" "-e" "CARGO_TARGET_DIR=/opt/rustwide/target" "-e" "CARGO_HOME=/opt/rustwide/cargo-home" "-e" "RUSTUP_HOME=/opt/rustwide/rustup-home" "-w" "/opt/rustwide/workdir" "-m" "1610612736" "--user" "0:0" "--network" "none" "ghcr.io/rust-lang/crates-build-env/linux@sha256:819108c5571ea2e421544af4d832f968d213c87fbe3707a016657f43d2f853bc" "/opt/rustwide/cargo-home/bin/cargo" "+nightly-2025-01-18" "metadata" "--no-deps" "--format-version=1", kill_on_drop: false }`
[INFO] [stdout] dde079fd5c1e19f35fe97726c77879ca238373a41e3277c986500564eafbb27e
[INFO] running `Command { std: "docker" "start" "-a" "dde079fd5c1e19f35fe97726c77879ca238373a41e3277c986500564eafbb27e", kill_on_drop: false }`
[INFO] running `Command { std: "docker" "inspect" "dde079fd5c1e19f35fe97726c77879ca238373a41e3277c986500564eafbb27e", kill_on_drop: false }`
[INFO] running `Command { std: "docker" "rm" "-f" "dde079fd5c1e19f35fe97726c77879ca238373a41e3277c986500564eafbb27e", kill_on_drop: false }`
[INFO] [stdout] dde079fd5c1e19f35fe97726c77879ca238373a41e3277c986500564eafbb27e
[INFO] running `Command { std: "docker" "create" "-v" "/var/lib/crater-agent-workspace/builds/worker-3-tc1/target:/opt/rustwide/target:rw,Z" "-v" "/var/lib/crater-agent-workspace/builds/worker-3-tc1/source:/opt/rustwide/workdir:ro,Z" "-v" "/var/lib/crater-agent-workspace/cargo-home:/opt/rustwide/cargo-home:ro,Z" "-v" "/var/lib/crater-agent-workspace/rustup-home:/opt/rustwide/rustup-home:ro,Z" "-e" "SOURCE_DIR=/opt/rustwide/workdir" "-e" "CARGO_TARGET_DIR=/opt/rustwide/target" "-e" "CARGO_INCREMENTAL=0" "-e" "RUST_BACKTRACE=full" "-e" "RUSTFLAGS=--cap-lints=forbid" "-e" "RUSTDOCFLAGS=--cap-lints=forbid" "-e" "CARGO_HOME=/opt/rustwide/cargo-home" "-e" "RUSTUP_HOME=/opt/rustwide/rustup-home" "-w" "/opt/rustwide/workdir" "-m" "1610612736" "--user" "0:0" "--network" "none" "ghcr.io/rust-lang/crates-build-env/linux@sha256:819108c5571ea2e421544af4d832f968d213c87fbe3707a016657f43d2f853bc" "/opt/rustwide/cargo-home/bin/cargo" "+nightly-2025-01-18" "build" "--frozen" "--message-format=json", kill_on_drop: false }`
[INFO] [stdout] b8ecde2df4c85e167ece7c8bd0890e723a79993437eac744f4b17cf5d55963ae
[INFO] running `Command { std: "docker" "start" "-a" "b8ecde2df4c85e167ece7c8bd0890e723a79993437eac744f4b17cf5d55963ae", kill_on_drop: false }`
[INFO] [stderr]    Compiling itermore v0.7.1 (/opt/rustwide/workdir)
[INFO] [stderr]     Finished `dev` profile [unoptimized + debuginfo] target(s) in 0.10s
[INFO] running `Command { std: "docker" "inspect" "b8ecde2df4c85e167ece7c8bd0890e723a79993437eac744f4b17cf5d55963ae", kill_on_drop: false }`
[INFO] running `Command { std: "docker" "rm" "-f" "b8ecde2df4c85e167ece7c8bd0890e723a79993437eac744f4b17cf5d55963ae", kill_on_drop: false }`
[INFO] [stdout] b8ecde2df4c85e167ece7c8bd0890e723a79993437eac744f4b17cf5d55963ae
[INFO] running `Command { std: "docker" "create" "-v" "/var/lib/crater-agent-workspace/builds/worker-3-tc1/target:/opt/rustwide/target:rw,Z" "-v" "/var/lib/crater-agent-workspace/builds/worker-3-tc1/source:/opt/rustwide/workdir:ro,Z" "-v" "/var/lib/crater-agent-workspace/cargo-home:/opt/rustwide/cargo-home:ro,Z" "-v" "/var/lib/crater-agent-workspace/rustup-home:/opt/rustwide/rustup-home:ro,Z" "-e" "SOURCE_DIR=/opt/rustwide/workdir" "-e" "CARGO_TARGET_DIR=/opt/rustwide/target" "-e" "CARGO_INCREMENTAL=0" "-e" "RUST_BACKTRACE=full" "-e" "RUSTFLAGS=--cap-lints=forbid" "-e" "RUSTDOCFLAGS=--cap-lints=forbid" "-e" "CARGO_HOME=/opt/rustwide/cargo-home" "-e" "RUSTUP_HOME=/opt/rustwide/rustup-home" "-w" "/opt/rustwide/workdir" "-m" "1610612736" "--user" "0:0" "--network" "none" "ghcr.io/rust-lang/crates-build-env/linux@sha256:819108c5571ea2e421544af4d832f968d213c87fbe3707a016657f43d2f853bc" "/opt/rustwide/cargo-home/bin/cargo" "+nightly-2025-01-18" "test" "--frozen" "--no-run" "--message-format=json", kill_on_drop: false }`
[INFO] [stdout] 701d1228a9d6a96ff5692c5f0ffd40c9fc407a17303db98d2ba5b28f3cba901f
[INFO] running `Command { std: "docker" "start" "-a" "701d1228a9d6a96ff5692c5f0ffd40c9fc407a17303db98d2ba5b28f3cba901f", kill_on_drop: false }`
[INFO] [stderr]    Compiling libc v0.2.169
[INFO] [stderr]    Compiling getrandom v0.2.15
[INFO] [stderr]    Compiling rand_core v0.6.4
[INFO] [stderr]    Compiling rand_chacha v0.3.1
[INFO] [stderr]    Compiling rand v0.8.5
[INFO] [stderr]    Compiling itermore v0.7.1 (/opt/rustwide/workdir)
[INFO] [stderr]     Finished `test` profile [unoptimized + debuginfo] target(s) in 3.92s
[INFO] running `Command { std: "docker" "inspect" "701d1228a9d6a96ff5692c5f0ffd40c9fc407a17303db98d2ba5b28f3cba901f", kill_on_drop: false }`
[INFO] running `Command { std: "docker" "rm" "-f" "701d1228a9d6a96ff5692c5f0ffd40c9fc407a17303db98d2ba5b28f3cba901f", kill_on_drop: false }`
[INFO] [stdout] 701d1228a9d6a96ff5692c5f0ffd40c9fc407a17303db98d2ba5b28f3cba901f
[INFO] running `Command { std: "docker" "create" "-v" "/var/lib/crater-agent-workspace/builds/worker-3-tc1/target:/opt/rustwide/target:rw,Z" "-v" "/var/lib/crater-agent-workspace/builds/worker-3-tc1/source:/opt/rustwide/workdir:ro,Z" "-v" "/var/lib/crater-agent-workspace/cargo-home:/opt/rustwide/cargo-home:ro,Z" "-v" "/var/lib/crater-agent-workspace/rustup-home:/opt/rustwide/rustup-home:ro,Z" "-e" "SOURCE_DIR=/opt/rustwide/workdir" "-e" "CARGO_TARGET_DIR=/opt/rustwide/target" "-e" "CARGO_INCREMENTAL=0" "-e" "RUST_BACKTRACE=full" "-e" "RUSTFLAGS=--cap-lints=forbid" "-e" "RUSTDOCFLAGS=--cap-lints=forbid" "-e" "CARGO_HOME=/opt/rustwide/cargo-home" "-e" "RUSTUP_HOME=/opt/rustwide/rustup-home" "-w" "/opt/rustwide/workdir" "-m" "1610612736" "--user" "0:0" "--network" "none" "ghcr.io/rust-lang/crates-build-env/linux@sha256:819108c5571ea2e421544af4d832f968d213c87fbe3707a016657f43d2f853bc" "/opt/rustwide/cargo-home/bin/cargo" "+nightly-2025-01-18" "test" "--frozen", kill_on_drop: false }`
[INFO] [stdout] 4f8c5a1dff92cf713e1a906279665b64ce2981cf56da62a7bd64f3d3dc31794b
[INFO] running `Command { std: "docker" "start" "-a" "4f8c5a1dff92cf713e1a906279665b64ce2981cf56da62a7bd64f3d3dc31794b", kill_on_drop: false }`
[INFO] [stderr]     Finished `test` profile [unoptimized + debuginfo] target(s) in 0.03s
[INFO] [stderr]      Running unittests src/lib.rs (/opt/rustwide/target/debug/deps/itermore-d3849c37ad5bc928)
[INFO] [stderr]      Running tests/array_chunks.rs (/opt/rustwide/target/debug/deps/array_chunks-b4117680ddc7ffbb)
[INFO] [stdout] 
[INFO] [stderr]      Running tests/array_combinations.rs (/opt/rustwide/target/debug/deps/array_combinations-0885549c7dd60454)
[INFO] [stdout] running 0 tests
[INFO] [stdout] 
[INFO] [stdout] test result: ok. 0 passed; 0 failed; 0 ignored; 0 measured; 0 filtered out; finished in 0.00s
[INFO] [stdout] 
[INFO] [stdout] 
[INFO] [stdout] running 0 tests
[INFO] [stdout] 
[INFO] [stdout] test result: ok. 0 passed; 0 failed; 0 ignored; 0 measured; 0 filtered out; finished in 0.00s
[INFO] [stdout] 
[INFO] [stdout] 
[INFO] [stdout] running 0 tests
[INFO] [stdout] 
[INFO] [stdout] test result: ok. 0 passed; 0 failed; 0 ignored; 0 measured; 0 filtered out; finished in 0.00s
[INFO] [stdout] 
[INFO] [stderr]      Running tests/array_combinations_with_reps.rs (/opt/rustwide/target/debug/deps/array_combinations_with_reps-0c0fe2af0365b008)
[INFO] [stdout] 
[INFO] [stdout] running 0 tests
[INFO] [stdout] 
[INFO] [stdout] test result: ok. 0 passed; 0 failed; 0 ignored; 0 measured; 0 filtered out; finished in 0.00s
[INFO] [stdout] 
[INFO] [stderr]      Running tests/array_windows.rs (/opt/rustwide/target/debug/deps/array_windows-920fe92ef1476746)
[INFO] [stderr]      Running tests/cartesian_product.rs (/opt/rustwide/target/debug/deps/cartesian_product-7f3b6db9bb148963)
[INFO] [stdout] 
[INFO] [stderr]      Running tests/circular_array_windows.rs (/opt/rustwide/target/debug/deps/circular_array_windows-946fa4609a9912f2)
[INFO] [stdout] running 0 tests
[INFO] [stdout] 
[INFO] [stdout] test result: ok. 0 passed; 0 failed; 0 ignored; 0 measured; 0 filtered out; finished in 0.00s
[INFO] [stdout] 
[INFO] [stdout] 
[INFO] [stdout] running 0 tests
[INFO] [stdout] 
[INFO] [stdout] test result: ok. 0 passed; 0 failed; 0 ignored; 0 measured; 0 filtered out; finished in 0.00s
[INFO] [stdout] 
[INFO] [stdout] 
[INFO] [stdout] running 0 tests
[INFO] [stdout] 
[INFO] [stdout] test result: ok. 0 passed; 0 failed; 0 ignored; 0 measured; 0 filtered out; finished in 0.00s
[INFO] [stdout] 
[INFO] [stderr]      Running tests/collect_array.rs (/opt/rustwide/target/debug/deps/collect_array-e1e445f781fb5363)
[INFO] [stdout] 
[INFO] [stderr]      Running tests/combinations.rs (/opt/rustwide/target/debug/deps/combinations-f5bb5903708e5af7)
[INFO] [stdout] running 0 tests
[INFO] [stdout] 
[INFO] [stdout] test result: ok. 0 passed; 0 failed; 0 ignored; 0 measured; 0 filtered out; finished in 0.00s
[INFO] [stdout] 
[INFO] [stdout] 
[INFO] [stdout] running 0 tests
[INFO] [stdout] 
[INFO] [stdout] test result: ok. 0 passed; 0 failed; 0 ignored; 0 measured; 0 filtered out; finished in 0.00s
[INFO] [stdout] 
[INFO] [stderr]      Running tests/combinations_with_reps.rs (/opt/rustwide/target/debug/deps/combinations_with_reps-3478ff22b847a818)
[INFO] [stderr]      Running tests/min_max.rs (/opt/rustwide/target/debug/deps/min_max-873e2c83041bec4d)
[INFO] [stdout] 
[INFO] [stdout] running 0 tests
[INFO] [stdout] 
[INFO] [stdout] test result: ok. 0 passed; 0 failed; 0 ignored; 0 measured; 0 filtered out; finished in 0.00s
[INFO] [stdout] 
[INFO] [stdout] 
[INFO] [stdout] running 0 tests
[INFO] [stdout] 
[INFO] [stdout] test result: ok. 0 passed; 0 failed; 0 ignored; 0 measured; 0 filtered out; finished in 0.00s
[INFO] [stdout] 
[INFO] [stderr]      Running tests/sorted.rs (/opt/rustwide/target/debug/deps/sorted-566b1dba6dd02e85)
[INFO] [stdout] 
[INFO] [stdout] running 0 tests
[INFO] [stdout] 
[INFO] [stdout] test result: ok. 0 passed; 0 failed; 0 ignored; 0 measured; 0 filtered out; finished in 0.00s
[INFO] [stdout] 
[INFO] [stderr]    Doc-tests itermore
[INFO] [stdout] 
[INFO] [stdout] running 3 tests
[INFO] [stdout] test src/lib.rs - (line 22) ... FAILED
[INFO] [stdout] test src/lib.rs - (line 17) ... ok
[INFO] [stdout] test src/lib.rs - prelude (line 147) ... ok
[INFO] [stdout] 
[INFO] [stdout] failures:
[INFO] [stdout] 
[INFO] [stdout] ---- src/lib.rs - (line 22) stdout ----
[INFO] [stdout] error[E0599]: no method named `array_windows` found for struct `std::array::IntoIter` in the current scope
[INFO] [stdout]  --> src/lib.rs:26:23
[INFO] [stdout]   |
[INFO] [stdout] 7 | for [a, b, c] in iter.array_windows() {
[INFO] [stdout]   |                       ^^^^^^^^^^^^^ method not found in `IntoIter<{integer}, 5>`
[INFO] [stdout] 
[INFO] [stdout] error: aborting due to 1 previous error
[INFO] [stdout] 
[INFO] [stdout] For more information about this error, try `rustc --explain E0599`.
[INFO] [stdout] Couldn't compile the test.
[INFO] [stdout] 
[INFO] [stdout] failures:
[INFO] [stdout]     src/lib.rs - (line 22)
[INFO] [stdout] 
[INFO] [stdout] test result: FAILED. 2 passed; 1 failed; 0 ignored; 0 measured; 0 filtered out; finished in 0.28s
[INFO] [stdout] 
[INFO] [stderr] error: doctest failed, to rerun pass `--doc`
[INFO] running `Command { std: "docker" "inspect" "4f8c5a1dff92cf713e1a906279665b64ce2981cf56da62a7bd64f3d3dc31794b", kill_on_drop: false }`
[INFO] running `Command { std: "docker" "rm" "-f" "4f8c5a1dff92cf713e1a906279665b64ce2981cf56da62a7bd64f3d3dc31794b", kill_on_drop: false }`
[INFO] [stdout] 4f8c5a1dff92cf713e1a906279665b64ce2981cf56da62a7bd64f3d3dc31794b
