[INFO] fetching crate is_thirteen_rs 0.1.0...
[INFO] testing is_thirteen_rs-0.1.0 against nightly-2025-01-18 for randomize-layout-2
[INFO] extracting crate is_thirteen_rs 0.1.0 into /workspace/builds/worker-2-tc1/source
[INFO] validating manifest of crates.io crate is_thirteen_rs 0.1.0 on toolchain nightly-2025-01-18
[INFO] running `Command { std: CARGO_HOME="/workspace/cargo-home" RUSTUP_HOME="/workspace/rustup-home" "/workspace/cargo-home/bin/cargo" "+nightly-2025-01-18" "metadata" "--manifest-path" "Cargo.toml" "--no-deps", kill_on_drop: false }`
[INFO] started tweaking crates.io crate is_thirteen_rs 0.1.0
[INFO] finished tweaking crates.io crate is_thirteen_rs 0.1.0
[INFO] tweaked toml for crates.io crate is_thirteen_rs 0.1.0 written to /workspace/builds/worker-2-tc1/source/Cargo.toml
[INFO] running `Command { std: CARGO_HOME="/workspace/cargo-home" RUSTUP_HOME="/workspace/rustup-home" "/workspace/cargo-home/bin/cargo" "+nightly-2025-01-18" "generate-lockfile" "--manifest-path" "Cargo.toml", kill_on_drop: false }`
[INFO] [stderr]     Updating crates.io index
[INFO] [stderr]      Locking 36 packages to latest compatible versions
[INFO] running `Command { std: CARGO_HOME="/workspace/cargo-home" RUSTUP_HOME="/workspace/rustup-home" "/workspace/cargo-home/bin/cargo" "+nightly-2025-01-18" "fetch" "--manifest-path" "Cargo.toml", kill_on_drop: false }`
[INFO] [stderr] warning: no edition set: defaulting to the 2015 edition while the latest is 2024
[INFO] running `Command { std: "docker" "create" "-v" "/var/lib/crater-agent-workspace/builds/worker-2-tc1/target:/opt/rustwide/target:rw,Z" "-v" "/var/lib/crater-agent-workspace/builds/worker-2-tc1/source:/opt/rustwide/workdir:ro,Z" "-v" "/var/lib/crater-agent-workspace/cargo-home:/opt/rustwide/cargo-home:ro,Z" "-v" "/var/lib/crater-agent-workspace/rustup-home:/opt/rustwide/rustup-home:ro,Z" "-e" "SOURCE_DIR=/opt/rustwide/workdir" "-e" "CARGO_TARGET_DIR=/opt/rustwide/target" "-e" "CARGO_HOME=/opt/rustwide/cargo-home" "-e" "RUSTUP_HOME=/opt/rustwide/rustup-home" "-w" "/opt/rustwide/workdir" "-m" "1610612736" "--user" "0:0" "--network" "none" "ghcr.io/rust-lang/crates-build-env/linux@sha256:819108c5571ea2e421544af4d832f968d213c87fbe3707a016657f43d2f853bc" "/opt/rustwide/cargo-home/bin/cargo" "+nightly-2025-01-18" "metadata" "--no-deps" "--format-version=1", kill_on_drop: false }`
[INFO] [stdout] cbc15fd26520e936b79e69270ef297b341e924d14d27103d482c535ac6d3b404
[INFO] running `Command { std: "docker" "start" "-a" "cbc15fd26520e936b79e69270ef297b341e924d14d27103d482c535ac6d3b404", kill_on_drop: false }`
[INFO] running `Command { std: "docker" "inspect" "cbc15fd26520e936b79e69270ef297b341e924d14d27103d482c535ac6d3b404", kill_on_drop: false }`
[INFO] running `Command { std: "docker" "rm" "-f" "cbc15fd26520e936b79e69270ef297b341e924d14d27103d482c535ac6d3b404", kill_on_drop: false }`
[INFO] [stdout] cbc15fd26520e936b79e69270ef297b341e924d14d27103d482c535ac6d3b404
[INFO] running `Command { std: "docker" "create" "-v" "/var/lib/crater-agent-workspace/builds/worker-2-tc1/target:/opt/rustwide/target:rw,Z" "-v" "/var/lib/crater-agent-workspace/builds/worker-2-tc1/source:/opt/rustwide/workdir:ro,Z" "-v" "/var/lib/crater-agent-workspace/cargo-home:/opt/rustwide/cargo-home:ro,Z" "-v" "/var/lib/crater-agent-workspace/rustup-home:/opt/rustwide/rustup-home:ro,Z" "-e" "SOURCE_DIR=/opt/rustwide/workdir" "-e" "CARGO_TARGET_DIR=/opt/rustwide/target" "-e" "CARGO_INCREMENTAL=0" "-e" "RUST_BACKTRACE=full" "-e" "RUSTFLAGS=--cap-lints=forbid" "-e" "RUSTDOCFLAGS=--cap-lints=forbid" "-e" "CARGO_HOME=/opt/rustwide/cargo-home" "-e" "RUSTUP_HOME=/opt/rustwide/rustup-home" "-w" "/opt/rustwide/workdir" "-m" "1610612736" "--user" "0:0" "--network" "none" "ghcr.io/rust-lang/crates-build-env/linux@sha256:819108c5571ea2e421544af4d832f968d213c87fbe3707a016657f43d2f853bc" "/opt/rustwide/cargo-home/bin/cargo" "+nightly-2025-01-18" "build" "--frozen" "--message-format=json", kill_on_drop: false }`
[INFO] [stdout] 71a5c31271e9efcab21a535d1da75ffc5f29582ba633a627728b2bbfb8f29e99
[INFO] running `Command { std: "docker" "start" "-a" "71a5c31271e9efcab21a535d1da75ffc5f29582ba633a627728b2bbfb8f29e99", kill_on_drop: false }`
[INFO] [stderr] warning: no edition set: defaulting to the 2015 edition while the latest is 2024
[INFO] [stderr]    Compiling autocfg v1.4.0
[INFO] [stderr]    Compiling iana-time-zone v0.1.61
[INFO] [stderr]    Compiling num-traits v0.2.19
[INFO] [stderr]    Compiling chrono v0.4.39
[INFO] [stderr]    Compiling is_thirteen_rs v0.1.0 (/opt/rustwide/workdir)
[INFO] [stdout] warning: anonymous parameters are deprecated and will be removed in the next edition
[INFO] [stdout]   --> src/lib.rs:26:19
[INFO] [stdout]    |
[INFO] [stdout] 26 |         fn within(self, OpType) -> bool;
[INFO] [stdout]    |                         ^^^^^^ help: try naming the parameter or explicitly ignoring it: `_: OpType`
[INFO] [stdout]    |
[INFO] [stdout]    = warning: this is accepted in the current edition (Rust 2015) but is a hard error in Rust 2018!
[INFO] [stdout]    = note: for more information, see issue #41686 <https://github.com/rust-lang/rust/issues/41686>
[INFO] [stdout]    = note: `#[warn(anonymous_parameters)]` on by default
[INFO] [stdout] 
[INFO] [stdout] 
[INFO] [stdout] warning: anonymous parameters are deprecated and will be removed in the next edition
[INFO] [stdout]   --> src/lib.rs:28:16
[INFO] [stdout]    |
[INFO] [stdout] 28 |         fn plus(self,OpType) -> Is<OpType>;
[INFO] [stdout]    |                      ^^^^^^ help: try naming the parameter or explicitly ignoring it: `_: OpType`
[INFO] [stdout]    |
[INFO] [stdout]    = warning: this is accepted in the current edition (Rust 2015) but is a hard error in Rust 2018!
[INFO] [stdout]    = note: for more information, see issue #41686 <https://github.com/rust-lang/rust/issues/41686>
[INFO] [stdout] 
[INFO] [stdout] 
[INFO] [stdout] warning: anonymous parameters are deprecated and will be removed in the next edition
[INFO] [stdout]   --> src/lib.rs:29:17
[INFO] [stdout]    |
[INFO] [stdout] 29 |         fn minus(self,OpType) -> Is<OpType>;
[INFO] [stdout]    |                       ^^^^^^ help: try naming the parameter or explicitly ignoring it: `_: OpType`
[INFO] [stdout]    |
[INFO] [stdout]    = warning: this is accepted in the current edition (Rust 2015) but is a hard error in Rust 2018!
[INFO] [stdout]    = note: for more information, see issue #41686 <https://github.com/rust-lang/rust/issues/41686>
[INFO] [stdout] 
[INFO] [stdout] 
[INFO] [stdout] warning: anonymous parameters are deprecated and will be removed in the next edition
[INFO] [stdout]   --> src/lib.rs:30:17
[INFO] [stdout]    |
[INFO] [stdout] 30 |         fn times(self,OpType) -> Is<OpType>;
[INFO] [stdout]    |                       ^^^^^^ help: try naming the parameter or explicitly ignoring it: `_: OpType`
[INFO] [stdout]    |
[INFO] [stdout]    = warning: this is accepted in the current edition (Rust 2015) but is a hard error in Rust 2018!
[INFO] [stdout]    = note: for more information, see issue #41686 <https://github.com/rust-lang/rust/issues/41686>
[INFO] [stdout] 
[INFO] [stdout] 
[INFO] [stdout] warning: anonymous parameters are deprecated and will be removed in the next edition
[INFO] [stdout]   --> src/lib.rs:31:22
[INFO] [stdout]    |
[INFO] [stdout] 31 |         fn divided_by(self,OpType) -> Is<OpType>;
[INFO] [stdout]    |                            ^^^^^^ help: try naming the parameter or explicitly ignoring it: `_: OpType`
[INFO] [stdout]    |
[INFO] [stdout]    = warning: this is accepted in the current edition (Rust 2015) but is a hard error in Rust 2018!
[INFO] [stdout]    = note: for more information, see issue #41686 <https://github.com/rust-lang/rust/issues/41686>
[INFO] [stdout] 
[INFO] [stdout] 
[INFO] [stdout] warning: multiple methods are never used
[INFO] [stdout]   --> src/lib.rs:18:6
[INFO] [stdout]    |
[INFO] [stdout] 17 |     pub trait IsThirteen<OpType> {
[INFO] [stdout]    |               ---------- methods in this trait
[INFO] [stdout] 18 |         fn thirteen(self) -> bool; 
[INFO] [stdout]    |            ^^^^^^^^
[INFO] [stdout] 19 |         fn roughly(self) -> bool;
[INFO] [stdout]    |            ^^^^^^^
[INFO] [stdout] 20 |         fn returning(self) -> bool;
[INFO] [stdout]    |            ^^^^^^^^^
[INFO] [stdout] 21 |         fn not(self) -> bool;
[INFO] [stdout]    |            ^^^
[INFO] [stdout] 22 |         fn divisible(self) -> bool;
[INFO] [stdout]    |            ^^^^^^^^^
[INFO] [stdout] 23 |         fn square(self) -> bool;
[INFO] [stdout]    |            ^^^^^^
[INFO] [stdout] 24 |         fn greater(self) -> bool;
[INFO] [stdout]    |            ^^^^^^^
[INFO] [stdout] 25 |         fn less(self) -> bool;
[INFO] [stdout]    |            ^^^^
[INFO] [stdout] 26 |         fn within(self, OpType) -> bool;
[INFO] [stdout]    |            ^^^^^^
[INFO] [stdout] 27 |         fn year_of_birth(self) -> Is<OpType>;
[INFO] [stdout]    |            ^^^^^^^^^^^^^
[INFO] [stdout] 28 |         fn plus(self,OpType) -> Is<OpType>;
[INFO] [stdout]    |            ^^^^
[INFO] [stdout] 29 |         fn minus(self,OpType) -> Is<OpType>;
[INFO] [stdout]    |            ^^^^^
[INFO] [stdout] 30 |         fn times(self,OpType) -> Is<OpType>;
[INFO] [stdout]    |            ^^^^^
[INFO] [stdout] 31 |         fn divided_by(self,OpType) -> Is<OpType>;
[INFO] [stdout]    |            ^^^^^^^^^^
[INFO] [stdout] 32 |         fn can_spell(self) -> bool;
[INFO] [stdout]    |            ^^^^^^^^^
[INFO] [stdout] 33 |         fn anagram_of(self) -> bool;
[INFO] [stdout]    |            ^^^^^^^^^^
[INFO] [stdout] 34 |         fn backwards(self) -> bool;
[INFO] [stdout]    |            ^^^^^^^^^
[INFO] [stdout] 35 |         fn base(self) -> bool;
[INFO] [stdout]    |            ^^^^
[INFO] [stdout]    |
[INFO] [stdout]    = note: `#[warn(dead_code)]` on by default
[INFO] [stdout] 
[INFO] [stdout] 
[INFO] [stderr]     Finished `dev` profile [unoptimized + debuginfo] target(s) in 2.80s
[INFO] running `Command { std: "docker" "inspect" "71a5c31271e9efcab21a535d1da75ffc5f29582ba633a627728b2bbfb8f29e99", kill_on_drop: false }`
[INFO] running `Command { std: "docker" "rm" "-f" "71a5c31271e9efcab21a535d1da75ffc5f29582ba633a627728b2bbfb8f29e99", kill_on_drop: false }`
[INFO] [stdout] 71a5c31271e9efcab21a535d1da75ffc5f29582ba633a627728b2bbfb8f29e99
[INFO] running `Command { std: "docker" "create" "-v" "/var/lib/crater-agent-workspace/builds/worker-2-tc1/target:/opt/rustwide/target:rw,Z" "-v" "/var/lib/crater-agent-workspace/builds/worker-2-tc1/source:/opt/rustwide/workdir:ro,Z" "-v" "/var/lib/crater-agent-workspace/cargo-home:/opt/rustwide/cargo-home:ro,Z" "-v" "/var/lib/crater-agent-workspace/rustup-home:/opt/rustwide/rustup-home:ro,Z" "-e" "SOURCE_DIR=/opt/rustwide/workdir" "-e" "CARGO_TARGET_DIR=/opt/rustwide/target" "-e" "CARGO_INCREMENTAL=0" "-e" "RUST_BACKTRACE=full" "-e" "RUSTFLAGS=--cap-lints=forbid" "-e" "RUSTDOCFLAGS=--cap-lints=forbid" "-e" "CARGO_HOME=/opt/rustwide/cargo-home" "-e" "RUSTUP_HOME=/opt/rustwide/rustup-home" "-w" "/opt/rustwide/workdir" "-m" "1610612736" "--user" "0:0" "--network" "none" "ghcr.io/rust-lang/crates-build-env/linux@sha256:819108c5571ea2e421544af4d832f968d213c87fbe3707a016657f43d2f853bc" "/opt/rustwide/cargo-home/bin/cargo" "+nightly-2025-01-18" "test" "--frozen" "--no-run" "--message-format=json", kill_on_drop: false }`
[INFO] [stdout] 1a400e585b4cf9e1219692cfe5847686fb181afe43974ca2530caa3b2002691d
[INFO] running `Command { std: "docker" "start" "-a" "1a400e585b4cf9e1219692cfe5847686fb181afe43974ca2530caa3b2002691d", kill_on_drop: false }`
[INFO] [stderr] warning: no edition set: defaulting to the 2015 edition while the latest is 2024
[INFO] [stdout] warning: anonymous parameters are deprecated and will be removed in the next edition
[INFO] [stdout]   --> src/lib.rs:26:19
[INFO] [stdout]    |
[INFO] [stdout] 26 |         fn within(self, OpType) -> bool;
[INFO] [stdout]    |                         ^^^^^^ help: try naming the parameter or explicitly ignoring it: `_: OpType`
[INFO] [stdout]    |
[INFO] [stdout]    = warning: this is accepted in the current edition (Rust 2015) but is a hard error in Rust 2018!
[INFO] [stdout]    = note: for more information, see issue #41686 <https://github.com/rust-lang/rust/issues/41686>
[INFO] [stdout]    = note: `#[warn(anonymous_parameters)]` on by default
[INFO] [stdout] 
[INFO] [stdout] 
[INFO] [stderr]    Compiling is_thirteen_rs v0.1.0 (/opt/rustwide/workdir)
[INFO] [stdout] warning: anonymous parameters are deprecated and will be removed in the next edition
[INFO] [stdout]   --> src/lib.rs:28:16
[INFO] [stdout]    |
[INFO] [stdout] 28 |         fn plus(self,OpType) -> Is<OpType>;
[INFO] [stdout]    |                      ^^^^^^ help: try naming the parameter or explicitly ignoring it: `_: OpType`
[INFO] [stdout]    |
[INFO] [stdout]    = warning: this is accepted in the current edition (Rust 2015) but is a hard error in Rust 2018!
[INFO] [stdout]    = note: for more information, see issue #41686 <https://github.com/rust-lang/rust/issues/41686>
[INFO] [stdout] 
[INFO] [stdout] 
[INFO] [stdout] warning: anonymous parameters are deprecated and will be removed in the next edition
[INFO] [stdout]   --> src/lib.rs:29:17
[INFO] [stdout]    |
[INFO] [stdout] 29 |         fn minus(self,OpType) -> Is<OpType>;
[INFO] [stdout]    |                       ^^^^^^ help: try naming the parameter or explicitly ignoring it: `_: OpType`
[INFO] [stdout]    |
[INFO] [stdout]    = warning: this is accepted in the current edition (Rust 2015) but is a hard error in Rust 2018!
[INFO] [stdout]    = note: for more information, see issue #41686 <https://github.com/rust-lang/rust/issues/41686>
[INFO] [stdout] 
[INFO] [stdout] 
[INFO] [stdout] warning: anonymous parameters are deprecated and will be removed in the next edition
[INFO] [stdout]   --> src/lib.rs:30:17
[INFO] [stdout]    |
[INFO] [stdout] 30 |         fn times(self,OpType) -> Is<OpType>;
[INFO] [stdout]    |                       ^^^^^^ help: try naming the parameter or explicitly ignoring it: `_: OpType`
[INFO] [stdout]    |
[INFO] [stdout]    = warning: this is accepted in the current edition (Rust 2015) but is a hard error in Rust 2018!
[INFO] [stdout]    = note: for more information, see issue #41686 <https://github.com/rust-lang/rust/issues/41686>
[INFO] [stdout] 
[INFO] [stdout] 
[INFO] [stdout] warning: anonymous parameters are deprecated and will be removed in the next edition
[INFO] [stdout]   --> src/lib.rs:31:22
[INFO] [stdout]    |
[INFO] [stdout] 31 |         fn divided_by(self,OpType) -> Is<OpType>;
[INFO] [stdout]    |                            ^^^^^^ help: try naming the parameter or explicitly ignoring it: `_: OpType`
[INFO] [stdout]    |
[INFO] [stdout]    = warning: this is accepted in the current edition (Rust 2015) but is a hard error in Rust 2018!
[INFO] [stdout]    = note: for more information, see issue #41686 <https://github.com/rust-lang/rust/issues/41686>
[INFO] [stdout] 
[INFO] [stdout] 
[INFO] [stdout] warning: multiple methods are never used
[INFO] [stdout]   --> src/lib.rs:18:6
[INFO] [stdout]    |
[INFO] [stdout] 17 |     pub trait IsThirteen<OpType> {
[INFO] [stdout]    |               ---------- methods in this trait
[INFO] [stdout] 18 |         fn thirteen(self) -> bool; 
[INFO] [stdout]    |            ^^^^^^^^
[INFO] [stdout] 19 |         fn roughly(self) -> bool;
[INFO] [stdout]    |            ^^^^^^^
[INFO] [stdout] 20 |         fn returning(self) -> bool;
[INFO] [stdout]    |            ^^^^^^^^^
[INFO] [stdout] 21 |         fn not(self) -> bool;
[INFO] [stdout]    |            ^^^
[INFO] [stdout] 22 |         fn divisible(self) -> bool;
[INFO] [stdout]    |            ^^^^^^^^^
[INFO] [stdout] 23 |         fn square(self) -> bool;
[INFO] [stdout]    |            ^^^^^^
[INFO] [stdout] 24 |         fn greater(self) -> bool;
[INFO] [stdout]    |            ^^^^^^^
[INFO] [stdout] 25 |         fn less(self) -> bool;
[INFO] [stdout]    |            ^^^^
[INFO] [stdout] 26 |         fn within(self, OpType) -> bool;
[INFO] [stdout]    |            ^^^^^^
[INFO] [stdout] 27 |         fn year_of_birth(self) -> Is<OpType>;
[INFO] [stdout]    |            ^^^^^^^^^^^^^
[INFO] [stdout] 28 |         fn plus(self,OpType) -> Is<OpType>;
[INFO] [stdout]    |            ^^^^
[INFO] [stdout] 29 |         fn minus(self,OpType) -> Is<OpType>;
[INFO] [stdout]    |            ^^^^^
[INFO] [stdout] 30 |         fn times(self,OpType) -> Is<OpType>;
[INFO] [stdout]    |            ^^^^^
[INFO] [stdout] 31 |         fn divided_by(self,OpType) -> Is<OpType>;
[INFO] [stdout]    |            ^^^^^^^^^^
[INFO] [stdout] 32 |         fn can_spell(self) -> bool;
[INFO] [stdout]    |            ^^^^^^^^^
[INFO] [stdout] 33 |         fn anagram_of(self) -> bool;
[INFO] [stdout]    |            ^^^^^^^^^^
[INFO] [stdout] 34 |         fn backwards(self) -> bool;
[INFO] [stdout]    |            ^^^^^^^^^
[INFO] [stdout] 35 |         fn base(self) -> bool;
[INFO] [stdout]    |            ^^^^
[INFO] [stdout]    |
[INFO] [stdout]    = note: `#[warn(dead_code)]` on by default
[INFO] [stdout] 
[INFO] [stdout] 
[INFO] [stdout] warning: anonymous parameters are deprecated and will be removed in the next edition
[INFO] [stdout]   --> src/lib.rs:26:19
[INFO] [stdout]    |
[INFO] [stdout] 26 |         fn within(self, OpType) -> bool;
[INFO] [stdout]    |                         ^^^^^^ help: try naming the parameter or explicitly ignoring it: `_: OpType`
[INFO] [stdout]    |
[INFO] [stdout]    = warning: this is accepted in the current edition (Rust 2015) but is a hard error in Rust 2018!
[INFO] [stdout]    = note: for more information, see issue #41686 <https://github.com/rust-lang/rust/issues/41686>
[INFO] [stdout]    = note: `#[warn(anonymous_parameters)]` on by default
[INFO] [stdout] 
[INFO] [stdout] 
[INFO] [stdout] warning: anonymous parameters are deprecated and will be removed in the next edition
[INFO] [stdout]   --> src/lib.rs:28:16
[INFO] [stdout]    |
[INFO] [stdout] 28 |         fn plus(self,OpType) -> Is<OpType>;
[INFO] [stdout]    |                      ^^^^^^ help: try naming the parameter or explicitly ignoring it: `_: OpType`
[INFO] [stdout]    |
[INFO] [stdout]    = warning: this is accepted in the current edition (Rust 2015) but is a hard error in Rust 2018!
[INFO] [stdout]    = note: for more information, see issue #41686 <https://github.com/rust-lang/rust/issues/41686>
[INFO] [stdout] 
[INFO] [stdout] 
[INFO] [stdout] warning: anonymous parameters are deprecated and will be removed in the next edition
[INFO] [stdout]   --> src/lib.rs:29:17
[INFO] [stdout]    |
[INFO] [stdout] 29 |         fn minus(self,OpType) -> Is<OpType>;
[INFO] [stdout]    |                       ^^^^^^ help: try naming the parameter or explicitly ignoring it: `_: OpType`
[INFO] [stdout]    |
[INFO] [stdout]    = warning: this is accepted in the current edition (Rust 2015) but is a hard error in Rust 2018!
[INFO] [stdout]    = note: for more information, see issue #41686 <https://github.com/rust-lang/rust/issues/41686>
[INFO] [stdout] 
[INFO] [stdout] 
[INFO] [stdout] warning: anonymous parameters are deprecated and will be removed in the next edition
[INFO] [stdout]   --> src/lib.rs:30:17
[INFO] [stdout]    |
[INFO] [stdout] 30 |         fn times(self,OpType) -> Is<OpType>;
[INFO] [stdout]    |                       ^^^^^^ help: try naming the parameter or explicitly ignoring it: `_: OpType`
[INFO] [stdout]    |
[INFO] [stdout]    = warning: this is accepted in the current edition (Rust 2015) but is a hard error in Rust 2018!
[INFO] [stdout]    = note: for more information, see issue #41686 <https://github.com/rust-lang/rust/issues/41686>
[INFO] [stdout] 
[INFO] [stdout] 
[INFO] [stdout] warning: anonymous parameters are deprecated and will be removed in the next edition
[INFO] [stdout]   --> src/lib.rs:31:22
[INFO] [stdout]    |
[INFO] [stdout] 31 |         fn divided_by(self,OpType) -> Is<OpType>;
[INFO] [stdout]    |                            ^^^^^^ help: try naming the parameter or explicitly ignoring it: `_: OpType`
[INFO] [stdout]    |
[INFO] [stdout]    = warning: this is accepted in the current edition (Rust 2015) but is a hard error in Rust 2018!
[INFO] [stdout]    = note: for more information, see issue #41686 <https://github.com/rust-lang/rust/issues/41686>
[INFO] [stdout] 
[INFO] [stdout] 
[INFO] [stdout] warning: methods `returning`, `can_spell`, `anagram_of`, `backwards`, and `base` are never used
[INFO] [stdout]   --> src/lib.rs:20:6
[INFO] [stdout]    |
[INFO] [stdout] 17 |     pub trait IsThirteen<OpType> {
[INFO] [stdout]    |               ---------- methods in this trait
[INFO] [stdout] ...
[INFO] [stdout] 20 |         fn returning(self) -> bool;
[INFO] [stdout]    |            ^^^^^^^^^
[INFO] [stdout] ...
[INFO] [stdout] 32 |         fn can_spell(self) -> bool;
[INFO] [stdout]    |            ^^^^^^^^^
[INFO] [stdout] 33 |         fn anagram_of(self) -> bool;
[INFO] [stdout]    |            ^^^^^^^^^^
[INFO] [stdout] 34 |         fn backwards(self) -> bool;
[INFO] [stdout]    |            ^^^^^^^^^
[INFO] [stdout] 35 |         fn base(self) -> bool;
[INFO] [stdout]    |            ^^^^
[INFO] [stdout]    |
[INFO] [stdout]    = note: `#[warn(dead_code)]` on by default
[INFO] [stdout] 
[INFO] [stdout] 
[INFO] [stderr]     Finished `test` profile [unoptimized + debuginfo] target(s) in 0.31s
[INFO] running `Command { std: "docker" "inspect" "1a400e585b4cf9e1219692cfe5847686fb181afe43974ca2530caa3b2002691d", kill_on_drop: false }`
[INFO] running `Command { std: "docker" "rm" "-f" "1a400e585b4cf9e1219692cfe5847686fb181afe43974ca2530caa3b2002691d", kill_on_drop: false }`
[INFO] [stdout] 1a400e585b4cf9e1219692cfe5847686fb181afe43974ca2530caa3b2002691d
[INFO] running `Command { std: "docker" "create" "-v" "/var/lib/crater-agent-workspace/builds/worker-2-tc1/target:/opt/rustwide/target:rw,Z" "-v" "/var/lib/crater-agent-workspace/builds/worker-2-tc1/source:/opt/rustwide/workdir:ro,Z" "-v" "/var/lib/crater-agent-workspace/cargo-home:/opt/rustwide/cargo-home:ro,Z" "-v" "/var/lib/crater-agent-workspace/rustup-home:/opt/rustwide/rustup-home:ro,Z" "-e" "SOURCE_DIR=/opt/rustwide/workdir" "-e" "CARGO_TARGET_DIR=/opt/rustwide/target" "-e" "CARGO_INCREMENTAL=0" "-e" "RUST_BACKTRACE=full" "-e" "RUSTFLAGS=--cap-lints=forbid" "-e" "RUSTDOCFLAGS=--cap-lints=forbid" "-e" "CARGO_HOME=/opt/rustwide/cargo-home" "-e" "RUSTUP_HOME=/opt/rustwide/rustup-home" "-w" "/opt/rustwide/workdir" "-m" "1610612736" "--user" "0:0" "--network" "none" "ghcr.io/rust-lang/crates-build-env/linux@sha256:819108c5571ea2e421544af4d832f968d213c87fbe3707a016657f43d2f853bc" "/opt/rustwide/cargo-home/bin/cargo" "+nightly-2025-01-18" "test" "--frozen", kill_on_drop: false }`
[INFO] [stdout] 12d877fb4a416bbe1188f4291aebf8ea202425c1e84c3da5542fa57b072c0928
[INFO] running `Command { std: "docker" "start" "-a" "12d877fb4a416bbe1188f4291aebf8ea202425c1e84c3da5542fa57b072c0928", kill_on_drop: false }`
[INFO] [stderr] warning: no edition set: defaulting to the 2015 edition while the latest is 2024
[INFO] [stderr] warning: anonymous parameters are deprecated and will be removed in the next edition
[INFO] [stderr]   --> src/lib.rs:26:19
[INFO] [stderr]    |
[INFO] [stderr] 26 |         fn within(self, OpType) -> bool;
[INFO] [stderr]    |                         ^^^^^^ help: try naming the parameter or explicitly ignoring it: `_: OpType`
[INFO] [stderr]    |
[INFO] [stderr]    = warning: this is accepted in the current edition (Rust 2015) but is a hard error in Rust 2018!
[INFO] [stderr]    = note: for more information, see issue #41686 <https://github.com/rust-lang/rust/issues/41686>
[INFO] [stderr]    = note: `#[warn(anonymous_parameters)]` on by default
[INFO] [stderr] 
[INFO] [stderr] warning: anonymous parameters are deprecated and will be removed in the next edition
[INFO] [stderr]   --> src/lib.rs:28:16
[INFO] [stderr]    |
[INFO] [stderr] 28 |         fn plus(self,OpType) -> Is<OpType>;
[INFO] [stderr]    |                      ^^^^^^ help: try naming the parameter or explicitly ignoring it: `_: OpType`
[INFO] [stderr]    |
[INFO] [stderr]    = warning: this is accepted in the current edition (Rust 2015) but is a hard error in Rust 2018!
[INFO] [stderr]    = note: for more information, see issue #41686 <https://github.com/rust-lang/rust/issues/41686>
[INFO] [stderr] 
[INFO] [stderr] warning: anonymous parameters are deprecated and will be removed in the next edition
[INFO] [stderr]   --> src/lib.rs:29:17
[INFO] [stderr]    |
[INFO] [stderr] 29 |         fn minus(self,OpType) -> Is<OpType>;
[INFO] [stderr]    |                       ^^^^^^ help: try naming the parameter or explicitly ignoring it: `_: OpType`
[INFO] [stderr]    |
[INFO] [stderr]    = warning: this is accepted in the current edition (Rust 2015) but is a hard error in Rust 2018!
[INFO] [stderr]    = note: for more information, see issue #41686 <https://github.com/rust-lang/rust/issues/41686>
[INFO] [stderr] 
[INFO] [stderr] warning: anonymous parameters are deprecated and will be removed in the next edition
[INFO] [stderr]   --> src/lib.rs:30:17
[INFO] [stderr]    |
[INFO] [stderr] 30 |         fn times(self,OpType) -> Is<OpType>;
[INFO] [stderr]    |                       ^^^^^^ help: try naming the parameter or explicitly ignoring it: `_: OpType`
[INFO] [stderr]    |
[INFO] [stderr]    = warning: this is accepted in the current edition (Rust 2015) but is a hard error in Rust 2018!
[INFO] [stderr]    = note: for more information, see issue #41686 <https://github.com/rust-lang/rust/issues/41686>
[INFO] [stderr] 
[INFO] [stderr] warning: anonymous parameters are deprecated and will be removed in the next edition
[INFO] [stderr]   --> src/lib.rs:31:22
[INFO] [stderr]    |
[INFO] [stderr] 31 |         fn divided_by(self,OpType) -> Is<OpType>;
[INFO] [stderr]    |                            ^^^^^^ help: try naming the parameter or explicitly ignoring it: `_: OpType`
[INFO] [stderr]    |
[INFO] [stderr]    = warning: this is accepted in the current edition (Rust 2015) but is a hard error in Rust 2018!
[INFO] [stderr]    = note: for more information, see issue #41686 <https://github.com/rust-lang/rust/issues/41686>
[INFO] [stderr] 
[INFO] [stderr] warning: multiple methods are never used
[INFO] [stderr]   --> src/lib.rs:18:6
[INFO] [stderr]    |
[INFO] [stderr] 17 |     pub trait IsThirteen<OpType> {
[INFO] [stderr]    |               ---------- methods in this trait
[INFO] [stderr] 18 |         fn thirteen(self) -> bool; 
[INFO] [stderr]    |            ^^^^^^^^
[INFO] [stderr] 19 |         fn roughly(self) -> bool;
[INFO] [stderr]    |            ^^^^^^^
[INFO] [stderr] 20 |         fn returning(self) -> bool;
[INFO] [stderr]    |            ^^^^^^^^^
[INFO] [stderr] 21 |         fn not(self) -> bool;
[INFO] [stderr]    |            ^^^
[INFO] [stderr] 22 |         fn divisible(self) -> bool;
[INFO] [stderr]    |            ^^^^^^^^^
[INFO] [stderr] 23 |         fn square(self) -> bool;
[INFO] [stderr]    |            ^^^^^^
[INFO] [stderr] 24 |         fn greater(self) -> bool;
[INFO] [stderr]    |            ^^^^^^^
[INFO] [stderr] 25 |         fn less(self) -> bool;
[INFO] [stderr]    |            ^^^^
[INFO] [stderr] 26 |         fn within(self, OpType) -> bool;
[INFO] [stderr]    |            ^^^^^^
[INFO] [stderr] 27 |         fn year_of_birth(self) -> Is<OpType>;
[INFO] [stderr]    |            ^^^^^^^^^^^^^
[INFO] [stderr] 28 |         fn plus(self,OpType) -> Is<OpType>;
[INFO] [stderr]    |            ^^^^
[INFO] [stderr] 29 |         fn minus(self,OpType) -> Is<OpType>;
[INFO] [stderr]    |            ^^^^^
[INFO] [stderr] 30 |         fn times(self,OpType) -> Is<OpType>;
[INFO] [stderr]    |            ^^^^^
[INFO] [stderr] 31 |         fn divided_by(self,OpType) -> Is<OpType>;
[INFO] [stderr]    |            ^^^^^^^^^^
[INFO] [stderr] 32 |         fn can_spell(self) -> bool;
[INFO] [stderr]    |            ^^^^^^^^^
[INFO] [stderr] 33 |         fn anagram_of(self) -> bool;
[INFO] [stderr]    |            ^^^^^^^^^^
[INFO] [stderr] 34 |         fn backwards(self) -> bool;
[INFO] [stderr]    |            ^^^^^^^^^
[INFO] [stderr] 35 |         fn base(self) -> bool;
[INFO] [stderr]    |            ^^^^
[INFO] [stderr]    |
[INFO] [stderr]    = note: `#[warn(dead_code)]` on by default
[INFO] [stderr] 
[INFO] [stderr] warning: methods `returning`, `can_spell`, `anagram_of`, `backwards`, and `base` are never used
[INFO] [stderr]   --> src/lib.rs:20:6
[INFO] [stderr]    |
[INFO] [stderr] 17 |     pub trait IsThirteen<OpType> {
[INFO] [stderr]    |               ---------- methods in this trait
[INFO] [stderr] ...
[INFO] [stderr] 20 |         fn returning(self) -> bool;
[INFO] [stderr]    |            ^^^^^^^^^
[INFO] [stderr] ...
[INFO] [stderr] 32 |         fn can_spell(self) -> bool;
[INFO] [stderr]    |            ^^^^^^^^^
[INFO] [stderr] 33 |         fn anagram_of(self) -> bool;
[INFO] [stderr]    |            ^^^^^^^^^^
[INFO] [stderr] 34 |         fn backwards(self) -> bool;
[INFO] [stderr]    |            ^^^^^^^^^
[INFO] [stderr] 35 |         fn base(self) -> bool;
[INFO] [stderr]    |            ^^^^
[INFO] [stderr]    |
[INFO] [stderr]    = note: `#[warn(dead_code)]` on by default
[INFO] [stderr] 
[INFO] [stderr] warning: `is_thirteen_rs` (lib) generated 6 warnings (run `cargo fix --lib -p is_thirteen_rs` to apply 5 suggestions)
[INFO] [stderr] warning: `is_thirteen_rs` (lib test) generated 6 warnings (5 duplicates)
[INFO] [stderr]     Finished `test` profile [unoptimized + debuginfo] target(s) in 0.02s
[INFO] [stderr]      Running unittests src/lib.rs (/opt/rustwide/target/debug/deps/is_thirteen_rs-057daed728975205)
[INFO] [stdout] 
[INFO] [stdout] running 13 tests
[INFO] [stdout] test tests::is_divided_thirteen ... ok
[INFO] [stdout] test tests::is_greater_thirteen ... ok
[INFO] [stdout] test tests::is_divisible_thirteen ... ok
[INFO] [stdout] test tests::is_literally_thirteen ... ok
[INFO] [stdout] test tests::is_minus_thirteen ... ok
[INFO] [stdout] test tests::is_less_thirteen ... ok
[INFO] [stdout] test tests::is_not_thirteen ... ok
[INFO] [stdout] test tests::is_plus_thirteen ... ok
[INFO] [stdout] test tests::is_roughly_thirteen ... ok
[INFO] [stdout] test tests::is_square_thirteen ... ok
[INFO] [stdout] test tests::is_times_thirteen ... ok
[INFO] [stdout] test tests::is_within_thirteen ... ok
[INFO] [stdout] test tests::is_year_of_birth_thirteen ... FAILED
[INFO] [stdout] 
[INFO] [stdout] failures:
[INFO] [stdout] 
[INFO] [stdout] ---- tests::is_year_of_birth_thirteen stdout ----
[INFO] [stdout] 
[INFO] [stdout] thread 'tests::is_year_of_birth_thirteen' panicked at src/lib.rs:154:9:
[INFO] [stdout] assertion `left == right` failed
[INFO] [stdout]   left: false
[INFO] [stdout]  right: true
[INFO] [stdout] stack backtrace:
[INFO] [stdout]    0:     0x63579b4e8aea - std::backtrace_rs::backtrace::libunwind::trace::hb059275cfc8d6126
[INFO] [stdout]                                at /rustc/6067b36314ab5eb2eb47cecc464545ba58e1ad24/library/std/src/../../backtrace/src/backtrace/libunwind.rs:116:5
[INFO] [stdout]    1:     0x63579b4e8aea - std::backtrace_rs::backtrace::trace_unsynchronized::h2da071e4327ce3ee
[INFO] [stdout]                                at /rustc/6067b36314ab5eb2eb47cecc464545ba58e1ad24/library/std/src/../../backtrace/src/backtrace/mod.rs:66:5
[INFO] [stdout]    2:     0x63579b4e8aea - std::sys::backtrace::_print_fmt::h842a1474e6f8d23f
[INFO] [stdout]                                at /rustc/6067b36314ab5eb2eb47cecc464545ba58e1ad24/library/std/src/sys/backtrace.rs:66:9
[INFO] [stdout]    3:     0x63579b4e8aea - <std::sys::backtrace::BacktraceLock::print::DisplayBacktrace as core::fmt::Display>::fmt::h71a62eb3b9696b12
[INFO] [stdout]                                at /rustc/6067b36314ab5eb2eb47cecc464545ba58e1ad24/library/std/src/sys/backtrace.rs:39:26
[INFO] [stdout]    4:     0x63579b510663 - core::fmt::rt::Argument::fmt::hdb6b616786b41dc1
[INFO] [stdout]                                at /rustc/6067b36314ab5eb2eb47cecc464545ba58e1ad24/library/core/src/fmt/rt.rs:177:76
[INFO] [stdout]    5:     0x63579b510663 - core::fmt::write::h2cc1698af7e2d686
[INFO] [stdout]                                at /rustc/6067b36314ab5eb2eb47cecc464545ba58e1ad24/library/core/src/fmt/mod.rs:1440:21
[INFO] [stdout]    6:     0x63579b4e53c3 - std::io::Write::write_fmt::hab1b4cd059a79022
[INFO] [stdout]                                at /rustc/6067b36314ab5eb2eb47cecc464545ba58e1ad24/library/std/src/io/mod.rs:1887:15
[INFO] [stdout]    7:     0x63579b4e8932 - std::sys::backtrace::BacktraceLock::print::h147fe35b4ea13b08
[INFO] [stdout]                                at /rustc/6067b36314ab5eb2eb47cecc464545ba58e1ad24/library/std/src/sys/backtrace.rs:42:9
[INFO] [stdout]    8:     0x63579b4e9f0f - std::panicking::default_hook::{{closure}}::hbd44223dbdc0d208
[INFO] [stdout]                                at /rustc/6067b36314ab5eb2eb47cecc464545ba58e1ad24/library/std/src/panicking.rs:298:22
[INFO] [stdout]    9:     0x63579b4e9d28 - std::panicking::default_hook::h20f81eb0576efcec
[INFO] [stdout]                                at /rustc/6067b36314ab5eb2eb47cecc464545ba58e1ad24/library/std/src/panicking.rs:322:9
[INFO] [stdout]   10:     0x63579b483993 - <alloc::boxed::Box<F,A> as core::ops::function::Fn<Args>>::call::hdb53814c496a4d34
[INFO] [stdout]                                at /rustc/6067b36314ab5eb2eb47cecc464545ba58e1ad24/library/alloc/src/boxed.rs:2027:9
[INFO] [stdout]   11:     0x63579b483993 - test::test_main::{{closure}}::hc0a4963c59427c24
[INFO] [stdout]                                at /rustc/6067b36314ab5eb2eb47cecc464545ba58e1ad24/library/test/src/lib.rs:134:21
[INFO] [stdout]   12:     0x63579b4eaa03 - <alloc::boxed::Box<F,A> as core::ops::function::Fn<Args>>::call::h591b2225413a77e9
[INFO] [stdout]                                at /rustc/6067b36314ab5eb2eb47cecc464545ba58e1ad24/library/alloc/src/boxed.rs:2027:9
[INFO] [stdout]   13:     0x63579b4eaa03 - std::panicking::rust_panic_with_hook::h625eea43051b2edc
[INFO] [stdout]                                at /rustc/6067b36314ab5eb2eb47cecc464545ba58e1ad24/library/std/src/panicking.rs:839:13
[INFO] [stdout]   14:     0x63579b4ea6ba - std::panicking::begin_panic_handler::{{closure}}::h4f9159cfbc3f6bd3
[INFO] [stdout]                                at /rustc/6067b36314ab5eb2eb47cecc464545ba58e1ad24/library/std/src/panicking.rs:704:13
[INFO] [stdout]   15:     0x63579b4e8fe9 - std::sys::backtrace::__rust_end_short_backtrace::h0390abce48353151
[INFO] [stdout]                                at /rustc/6067b36314ab5eb2eb47cecc464545ba58e1ad24/library/std/src/sys/backtrace.rs:168:18
[INFO] [stdout]   16:     0x63579b4ea34d - rust_begin_unwind
[INFO] [stdout]                                at /rustc/6067b36314ab5eb2eb47cecc464545ba58e1ad24/library/std/src/panicking.rs:695:5
[INFO] [stdout]   17:     0x63579b50f070 - core::panicking::panic_fmt::h9e7c637e9e5f29c9
[INFO] [stdout]                                at /rustc/6067b36314ab5eb2eb47cecc464545ba58e1ad24/library/core/src/panicking.rs:75:14
[INFO] [stdout]   18:     0x63579b50f432 - core::panicking::assert_failed_inner::h538bec7c1374cd9c
[INFO] [stdout]   19:     0x63579b44868e - core::panicking::assert_failed::h4de34a7d74d459b1
[INFO] [stdout]                                at /rustc/6067b36314ab5eb2eb47cecc464545ba58e1ad24/library/core/src/panicking.rs:364:5
[INFO] [stdout]   20:     0x63579b449009 - is_thirteen_rs::tests::is_year_of_birth_thirteen::h733df43aba33fa2b
[INFO] [stdout]                                at /opt/rustwide/workdir/src/lib.rs:154:3
[INFO] [stdout]   21:     0x63579b448f67 - is_thirteen_rs::tests::is_year_of_birth_thirteen::{{closure}}::h7d4e4a589ee104ac
[INFO] [stdout]                                at /opt/rustwide/workdir/src/lib.rs:153:32
[INFO] [stdout]   22:     0x63579b448356 - core::ops::function::FnOnce::call_once::h38612cf415d76d0f
[INFO] [stdout]                                at /rustc/6067b36314ab5eb2eb47cecc464545ba58e1ad24/library/core/src/ops/function.rs:250:5
[INFO] [stdout]   23:     0x63579b4890eb - core::ops::function::FnOnce::call_once::he27718dfdd183f43
[INFO] [stdout]                                at /rustc/6067b36314ab5eb2eb47cecc464545ba58e1ad24/library/core/src/ops/function.rs:250:5
[INFO] [stdout]   24:     0x63579b4890eb - test::__rust_begin_short_backtrace::h4e84902998457a5d
[INFO] [stdout]                                at /rustc/6067b36314ab5eb2eb47cecc464545ba58e1ad24/library/test/src/lib.rs:632:18
[INFO] [stdout]   25:     0x63579b488023 - test::run_test_in_process::{{closure}}::h7176fd18fc1feca0
[INFO] [stdout]                                at /rustc/6067b36314ab5eb2eb47cecc464545ba58e1ad24/library/test/src/lib.rs:655:60
[INFO] [stdout]   26:     0x63579b488023 - <core::panic::unwind_safe::AssertUnwindSafe<F> as core::ops::function::FnOnce<()>>::call_once::hf79cff2a624d8cf7
[INFO] [stdout]                                at /rustc/6067b36314ab5eb2eb47cecc464545ba58e1ad24/library/core/src/panic/unwind_safe.rs:272:9
[INFO] [stdout]   27:     0x63579b488023 - std::panicking::try::do_call::h3da0561d9ab99c25
[INFO] [stdout]                                at /rustc/6067b36314ab5eb2eb47cecc464545ba58e1ad24/library/std/src/panicking.rs:587:40
[INFO] [stdout]   28:     0x63579b488023 - std::panicking::try::h41c9fa508bc61df6
[INFO] [stdout]                                at /rustc/6067b36314ab5eb2eb47cecc464545ba58e1ad24/library/std/src/panicking.rs:550:19
[INFO] [stdout]   29:     0x63579b488023 - std::panic::catch_unwind::h6b3ff07bb5afad93
[INFO] [stdout]                                at /rustc/6067b36314ab5eb2eb47cecc464545ba58e1ad24/library/std/src/panic.rs:358:14
[INFO] [stdout]   30:     0x63579b488023 - test::run_test_in_process::hc7253dd11b39b9f4
[INFO] [stdout]                                at /rustc/6067b36314ab5eb2eb47cecc464545ba58e1ad24/library/test/src/lib.rs:655:27
[INFO] [stdout]   31:     0x63579b488023 - test::run_test::{{closure}}::hfb2007f8649c30bb
[INFO] [stdout]                                at /rustc/6067b36314ab5eb2eb47cecc464545ba58e1ad24/library/test/src/lib.rs:576:43
[INFO] [stdout]   32:     0x63579b44b105 - test::run_test::{{closure}}::h56a17aa7a282a9f4
[INFO] [stdout]                                at /rustc/6067b36314ab5eb2eb47cecc464545ba58e1ad24/library/test/src/lib.rs:606:41
[INFO] [stdout]   33:     0x63579b44b105 - std::sys::backtrace::__rust_begin_short_backtrace::hd2d2d2fb8e8c6aac
[INFO] [stdout]                                at /rustc/6067b36314ab5eb2eb47cecc464545ba58e1ad24/library/std/src/sys/backtrace.rs:152:18
[INFO] [stdout]   34:     0x63579b44e9ea - std::thread::Builder::spawn_unchecked_::{{closure}}::{{closure}}::h4faa3f9db6133423
[INFO] [stdout]                                at /rustc/6067b36314ab5eb2eb47cecc464545ba58e1ad24/library/std/src/thread/mod.rs:559:17
[INFO] [stdout]   35:     0x63579b44e9ea - <core::panic::unwind_safe::AssertUnwindSafe<F> as core::ops::function::FnOnce<()>>::call_once::hf2e855a36a4ea846
[INFO] [stdout]                                at /rustc/6067b36314ab5eb2eb47cecc464545ba58e1ad24/library/core/src/panic/unwind_safe.rs:272:9
[INFO] [stdout]   36:     0x63579b44e9ea - std::panicking::try::do_call::h2f73af3616c35465
[INFO] [stdout]                                at /rustc/6067b36314ab5eb2eb47cecc464545ba58e1ad24/library/std/src/panicking.rs:587:40
[INFO] [stdout]   37:     0x63579b44e9ea - std::panicking::try::hd1660ce9efadef5a
[INFO] [stdout]                                at /rustc/6067b36314ab5eb2eb47cecc464545ba58e1ad24/library/std/src/panicking.rs:550:19
[INFO] [stdout]   38:     0x63579b44e9ea - std::panic::catch_unwind::h5ee8d7823b8ca744
[INFO] [stdout]                                at /rustc/6067b36314ab5eb2eb47cecc464545ba58e1ad24/library/std/src/panic.rs:358:14
[INFO] [stdout]   39:     0x63579b44e9ea - std::thread::Builder::spawn_unchecked_::{{closure}}::h53c3a1894dce8407
[INFO] [stdout]                                at /rustc/6067b36314ab5eb2eb47cecc464545ba58e1ad24/library/std/src/thread/mod.rs:557:30
[INFO] [stdout]   40:     0x63579b44e9ea - core::ops::function::FnOnce::call_once{{vtable.shim}}::h048ce291ad4f62bf
[INFO] [stdout]                                at /rustc/6067b36314ab5eb2eb47cecc464545ba58e1ad24/library/core/src/ops/function.rs:250:5
[INFO] [stdout]   41:     0x63579b4eec1b - <alloc::boxed::Box<F,A> as core::ops::function::FnOnce<Args>>::call_once::ha52bedf99a3b4981
[INFO] [stdout]                                at /rustc/6067b36314ab5eb2eb47cecc464545ba58e1ad24/library/alloc/src/boxed.rs:2013:9
[INFO] [stdout]   42:     0x63579b4eec1b - <alloc::boxed::Box<F,A> as core::ops::function::FnOnce<Args>>::call_once::h567748934d80ccf8
[INFO] [stdout]                                at /rustc/6067b36314ab5eb2eb47cecc464545ba58e1ad24/library/alloc/src/boxed.rs:2013:9
[INFO] [stdout]   43:     0x63579b4eec1b - std::sys::pal::unix::thread::Thread::new::thread_start::h2d970728ae887adc
[INFO] [stdout]                                at /rustc/6067b36314ab5eb2eb47cecc464545ba58e1ad24/library/std/src/sys/pal/unix/thread.rs:106:17
[INFO] [stdout]   44:     0x7c67f36bcac3 - <unknown>
[INFO] [stdout]   45:     0x7c67f374da04 - clone
[INFO] [stdout]   46:                0x0 - <unknown>
[INFO] [stdout] 
[INFO] [stdout] 
[INFO] [stdout] failures:
[INFO] [stdout]     tests::is_year_of_birth_thirteen
[INFO] [stdout] 
[INFO] [stdout] test result: FAILED. 12 passed; 1 failed; 0 ignored; 0 measured; 0 filtered out; finished in 0.02s
[INFO] [stdout] 
[INFO] [stderr] error: test failed, to rerun pass `--lib`
[INFO] running `Command { std: "docker" "inspect" "12d877fb4a416bbe1188f4291aebf8ea202425c1e84c3da5542fa57b072c0928", kill_on_drop: false }`
[INFO] running `Command { std: "docker" "rm" "-f" "12d877fb4a416bbe1188f4291aebf8ea202425c1e84c3da5542fa57b072c0928", kill_on_drop: false }`
[INFO] [stdout] 12d877fb4a416bbe1188f4291aebf8ea202425c1e84c3da5542fa57b072c0928
