[INFO] fetching crate is31fl3728-rs 1.0.0...
[INFO] testing is31fl3728-rs-1.0.0 against nightly-2025-01-18 for randomize-layout-2
[INFO] extracting crate is31fl3728-rs 1.0.0 into /workspace/builds/worker-3-tc1/source
[INFO] validating manifest of crates.io crate is31fl3728-rs 1.0.0 on toolchain nightly-2025-01-18
[INFO] running `Command { std: CARGO_HOME="/workspace/cargo-home" RUSTUP_HOME="/workspace/rustup-home" "/workspace/cargo-home/bin/cargo" "+nightly-2025-01-18" "metadata" "--manifest-path" "Cargo.toml" "--no-deps", kill_on_drop: false }`
[INFO] started tweaking crates.io crate is31fl3728-rs 1.0.0
[INFO] finished tweaking crates.io crate is31fl3728-rs 1.0.0
[INFO] tweaked toml for crates.io crate is31fl3728-rs 1.0.0 written to /workspace/builds/worker-3-tc1/source/Cargo.toml
[INFO] running `Command { std: CARGO_HOME="/workspace/cargo-home" RUSTUP_HOME="/workspace/rustup-home" "/workspace/cargo-home/bin/cargo" "+nightly-2025-01-18" "generate-lockfile" "--manifest-path" "Cargo.toml", kill_on_drop: false }`
[INFO] [stderr]     Updating crates.io index
[INFO] [stderr]     Blocking waiting for file lock on package cache
[INFO] [stderr]      Locking 5 packages to latest compatible versions
[INFO] running `Command { std: CARGO_HOME="/workspace/cargo-home" RUSTUP_HOME="/workspace/rustup-home" "/workspace/cargo-home/bin/cargo" "+nightly-2025-01-18" "fetch" "--manifest-path" "Cargo.toml", kill_on_drop: false }`
[INFO] [stderr]  Downloading crates ...
[INFO] [stderr]   Downloaded ufmt-write v0.1.0
[INFO] [stderr]   Downloaded rtt-target v0.6.1
[INFO] running `Command { std: "docker" "create" "-v" "/var/lib/crater-agent-workspace/builds/worker-3-tc1/target:/opt/rustwide/target:rw,Z" "-v" "/var/lib/crater-agent-workspace/builds/worker-3-tc1/source:/opt/rustwide/workdir:ro,Z" "-v" "/var/lib/crater-agent-workspace/cargo-home:/opt/rustwide/cargo-home:ro,Z" "-v" "/var/lib/crater-agent-workspace/rustup-home:/opt/rustwide/rustup-home:ro,Z" "-e" "SOURCE_DIR=/opt/rustwide/workdir" "-e" "CARGO_TARGET_DIR=/opt/rustwide/target" "-e" "CARGO_HOME=/opt/rustwide/cargo-home" "-e" "RUSTUP_HOME=/opt/rustwide/rustup-home" "-w" "/opt/rustwide/workdir" "-m" "1610612736" "--user" "0:0" "--network" "none" "ghcr.io/rust-lang/crates-build-env/linux@sha256:819108c5571ea2e421544af4d832f968d213c87fbe3707a016657f43d2f853bc" "/opt/rustwide/cargo-home/bin/cargo" "+nightly-2025-01-18" "metadata" "--no-deps" "--format-version=1", kill_on_drop: false }`
[INFO] [stdout] 957e3282a82936f45f76e93ef88a907ae6f070ca6ccb2fa711a8c3a62bf284af
[INFO] running `Command { std: "docker" "start" "-a" "957e3282a82936f45f76e93ef88a907ae6f070ca6ccb2fa711a8c3a62bf284af", kill_on_drop: false }`
[INFO] running `Command { std: "docker" "inspect" "957e3282a82936f45f76e93ef88a907ae6f070ca6ccb2fa711a8c3a62bf284af", kill_on_drop: false }`
[INFO] running `Command { std: "docker" "rm" "-f" "957e3282a82936f45f76e93ef88a907ae6f070ca6ccb2fa711a8c3a62bf284af", kill_on_drop: false }`
[INFO] [stdout] 957e3282a82936f45f76e93ef88a907ae6f070ca6ccb2fa711a8c3a62bf284af
[INFO] running `Command { std: "docker" "create" "-v" "/var/lib/crater-agent-workspace/builds/worker-3-tc1/target:/opt/rustwide/target:rw,Z" "-v" "/var/lib/crater-agent-workspace/builds/worker-3-tc1/source:/opt/rustwide/workdir:ro,Z" "-v" "/var/lib/crater-agent-workspace/cargo-home:/opt/rustwide/cargo-home:ro,Z" "-v" "/var/lib/crater-agent-workspace/rustup-home:/opt/rustwide/rustup-home:ro,Z" "-e" "SOURCE_DIR=/opt/rustwide/workdir" "-e" "CARGO_TARGET_DIR=/opt/rustwide/target" "-e" "CARGO_INCREMENTAL=0" "-e" "RUST_BACKTRACE=full" "-e" "RUSTFLAGS=--cap-lints=forbid" "-e" "RUSTDOCFLAGS=--cap-lints=forbid" "-e" "CARGO_HOME=/opt/rustwide/cargo-home" "-e" "RUSTUP_HOME=/opt/rustwide/rustup-home" "-w" "/opt/rustwide/workdir" "-m" "1610612736" "--user" "0:0" "--network" "none" "ghcr.io/rust-lang/crates-build-env/linux@sha256:819108c5571ea2e421544af4d832f968d213c87fbe3707a016657f43d2f853bc" "/opt/rustwide/cargo-home/bin/cargo" "+nightly-2025-01-18" "build" "--frozen" "--message-format=json", kill_on_drop: false }`
[INFO] [stdout] 63e9605b160d87d8864f76425fcea91f54ec6d875ab2e15cd02327be439395e4
[INFO] running `Command { std: "docker" "start" "-a" "63e9605b160d87d8864f76425fcea91f54ec6d875ab2e15cd02327be439395e4", kill_on_drop: false }`
[INFO] [stderr]    Compiling embedded-hal v1.0.0
[INFO] [stderr]    Compiling is31fl3728-rs v1.0.0 (/opt/rustwide/workdir)
[INFO] [stdout] warning: unused variable: `msg`
[INFO] [stdout]    --> src/lib.rs:141:21
[INFO] [stdout]     |
[INFO] [stdout] 141 |     fn debug(&self, msg : &str, data : u8) {
[INFO] [stdout]     |                     ^^^ help: if this is intentional, prefix it with an underscore: `_msg`
[INFO] [stdout]     |
[INFO] [stdout]     = note: `#[warn(unused_variables)]` on by default
[INFO] [stdout] 
[INFO] [stdout] 
[INFO] [stdout] warning: unused variable: `data`
[INFO] [stdout]    --> src/lib.rs:141:33
[INFO] [stdout]     |
[INFO] [stdout] 141 |     fn debug(&self, msg : &str, data : u8) {
[INFO] [stdout]     |                                 ^^^^ help: if this is intentional, prefix it with an underscore: `_data`
[INFO] [stdout] 
[INFO] [stdout] 
[INFO] [stderr]     Finished `dev` profile [unoptimized + debuginfo] target(s) in 0.27s
[INFO] running `Command { std: "docker" "inspect" "63e9605b160d87d8864f76425fcea91f54ec6d875ab2e15cd02327be439395e4", kill_on_drop: false }`
[INFO] running `Command { std: "docker" "rm" "-f" "63e9605b160d87d8864f76425fcea91f54ec6d875ab2e15cd02327be439395e4", kill_on_drop: false }`
[INFO] [stdout] 63e9605b160d87d8864f76425fcea91f54ec6d875ab2e15cd02327be439395e4
[INFO] running `Command { std: "docker" "create" "-v" "/var/lib/crater-agent-workspace/builds/worker-3-tc1/target:/opt/rustwide/target:rw,Z" "-v" "/var/lib/crater-agent-workspace/builds/worker-3-tc1/source:/opt/rustwide/workdir:ro,Z" "-v" "/var/lib/crater-agent-workspace/cargo-home:/opt/rustwide/cargo-home:ro,Z" "-v" "/var/lib/crater-agent-workspace/rustup-home:/opt/rustwide/rustup-home:ro,Z" "-e" "SOURCE_DIR=/opt/rustwide/workdir" "-e" "CARGO_TARGET_DIR=/opt/rustwide/target" "-e" "CARGO_INCREMENTAL=0" "-e" "RUST_BACKTRACE=full" "-e" "RUSTFLAGS=--cap-lints=forbid" "-e" "RUSTDOCFLAGS=--cap-lints=forbid" "-e" "CARGO_HOME=/opt/rustwide/cargo-home" "-e" "RUSTUP_HOME=/opt/rustwide/rustup-home" "-w" "/opt/rustwide/workdir" "-m" "1610612736" "--user" "0:0" "--network" "none" "ghcr.io/rust-lang/crates-build-env/linux@sha256:819108c5571ea2e421544af4d832f968d213c87fbe3707a016657f43d2f853bc" "/opt/rustwide/cargo-home/bin/cargo" "+nightly-2025-01-18" "test" "--frozen" "--no-run" "--message-format=json", kill_on_drop: false }`
[INFO] [stdout] 17c89b9d80bc9efbe7e36dcbeb43a48094eec771c043f18efeafc49545bf1b09
[INFO] running `Command { std: "docker" "start" "-a" "17c89b9d80bc9efbe7e36dcbeb43a48094eec771c043f18efeafc49545bf1b09", kill_on_drop: false }`
[INFO] [stdout] warning: unused variable: `msg`
[INFO] [stdout]    --> src/lib.rs:141:21
[INFO] [stdout]     |
[INFO] [stdout] 141 |     fn debug(&self, msg : &str, data : u8) {
[INFO] [stdout]     |                     ^^^ help: if this is intentional, prefix it with an underscore: `_msg`
[INFO] [stdout]     |
[INFO] [stdout]     = note: `#[warn(unused_variables)]` on by default
[INFO] [stdout] 
[INFO] [stdout] 
[INFO] [stdout] warning: unused variable: `data`
[INFO] [stdout]    --> src/lib.rs:141:33
[INFO] [stdout]     |
[INFO] [stdout] 141 |     fn debug(&self, msg : &str, data : u8) {
[INFO] [stdout]     |                                 ^^^^ help: if this is intentional, prefix it with an underscore: `_data`
[INFO] [stdout] 
[INFO] [stdout] 
[INFO] [stderr]    Compiling is31fl3728-rs v1.0.0 (/opt/rustwide/workdir)
[INFO] [stdout] warning: unused variable: `msg`
[INFO] [stdout]    --> src/lib.rs:141:21
[INFO] [stdout]     |
[INFO] [stdout] 141 |     fn debug(&self, msg : &str, data : u8) {
[INFO] [stdout]     |                     ^^^ help: if this is intentional, prefix it with an underscore: `_msg`
[INFO] [stdout]     |
[INFO] [stdout]     = note: `#[warn(unused_variables)]` on by default
[INFO] [stdout] 
[INFO] [stdout] 
[INFO] [stdout] warning: unused variable: `data`
[INFO] [stdout]    --> src/lib.rs:141:33
[INFO] [stdout]     |
[INFO] [stdout] 141 |     fn debug(&self, msg : &str, data : u8) {
[INFO] [stdout]     |                                 ^^^^ help: if this is intentional, prefix it with an underscore: `_data`
[INFO] [stdout] 
[INFO] [stdout] 
[INFO] [stderr]     Finished `test` profile [unoptimized + debuginfo] target(s) in 0.35s
[INFO] running `Command { std: "docker" "inspect" "17c89b9d80bc9efbe7e36dcbeb43a48094eec771c043f18efeafc49545bf1b09", kill_on_drop: false }`
[INFO] running `Command { std: "docker" "rm" "-f" "17c89b9d80bc9efbe7e36dcbeb43a48094eec771c043f18efeafc49545bf1b09", kill_on_drop: false }`
[INFO] [stdout] 17c89b9d80bc9efbe7e36dcbeb43a48094eec771c043f18efeafc49545bf1b09
[INFO] running `Command { std: "docker" "create" "-v" "/var/lib/crater-agent-workspace/builds/worker-3-tc1/target:/opt/rustwide/target:rw,Z" "-v" "/var/lib/crater-agent-workspace/builds/worker-3-tc1/source:/opt/rustwide/workdir:ro,Z" "-v" "/var/lib/crater-agent-workspace/cargo-home:/opt/rustwide/cargo-home:ro,Z" "-v" "/var/lib/crater-agent-workspace/rustup-home:/opt/rustwide/rustup-home:ro,Z" "-e" "SOURCE_DIR=/opt/rustwide/workdir" "-e" "CARGO_TARGET_DIR=/opt/rustwide/target" "-e" "CARGO_INCREMENTAL=0" "-e" "RUST_BACKTRACE=full" "-e" "RUSTFLAGS=--cap-lints=forbid" "-e" "RUSTDOCFLAGS=--cap-lints=forbid" "-e" "CARGO_HOME=/opt/rustwide/cargo-home" "-e" "RUSTUP_HOME=/opt/rustwide/rustup-home" "-w" "/opt/rustwide/workdir" "-m" "1610612736" "--user" "0:0" "--network" "none" "ghcr.io/rust-lang/crates-build-env/linux@sha256:819108c5571ea2e421544af4d832f968d213c87fbe3707a016657f43d2f853bc" "/opt/rustwide/cargo-home/bin/cargo" "+nightly-2025-01-18" "test" "--frozen", kill_on_drop: false }`
[INFO] [stdout] 983327345bc5dc27d12ccd451e7e9d6f3c2c1b516eac69b281e64a24267b698c
[INFO] running `Command { std: "docker" "start" "-a" "983327345bc5dc27d12ccd451e7e9d6f3c2c1b516eac69b281e64a24267b698c", kill_on_drop: false }`
[INFO] [stderr] warning: unused variable: `msg`
[INFO] [stdout] 
[INFO] [stderr]    --> src/lib.rs:141:21
[INFO] [stdout] running 0 tests
[INFO] [stderr]     |
[INFO] [stdout] 
[INFO] [stderr] 141 |     fn debug(&self, msg : &str, data : u8) {
[INFO] [stdout] test result: ok. 0 passed; 0 failed; 0 ignored; 0 measured; 0 filtered out; finished in 0.00s
[INFO] [stderr]     |                     ^^^ help: if this is intentional, prefix it with an underscore: `_msg`
[INFO] [stdout] 
[INFO] [stderr]     |
[INFO] [stderr]     = note: `#[warn(unused_variables)]` on by default
[INFO] [stderr] 
[INFO] [stderr] warning: unused variable: `data`
[INFO] [stderr]    --> src/lib.rs:141:33
[INFO] [stderr]     |
[INFO] [stderr] 141 |     fn debug(&self, msg : &str, data : u8) {
[INFO] [stderr]     |                                 ^^^^ help: if this is intentional, prefix it with an underscore: `_data`
[INFO] [stderr] 
[INFO] [stderr] warning: `is31fl3728-rs` (lib) generated 2 warnings
[INFO] [stderr] warning: `is31fl3728-rs` (lib test) generated 2 warnings (2 duplicates)
[INFO] [stderr]     Finished `test` profile [unoptimized + debuginfo] target(s) in 0.02s
[INFO] [stderr]      Running unittests src/lib.rs (/opt/rustwide/target/debug/deps/is31fl3728_rs-301011040dc9a60f)
[INFO] [stderr]    Doc-tests is31fl3728_rs
[INFO] [stdout] 
[INFO] [stdout] running 2 tests
[INFO] [stdout] test src/lib.rs - (line 40) ... FAILED
[INFO] [stdout] test src/lib.rs - (line 57) ... FAILED
[INFO] [stdout] 
[INFO] [stdout] failures:
[INFO] [stdout] 
[INFO] [stdout] ---- src/lib.rs - (line 40) stdout ----
[INFO] [stdout] error: expected expression, found `let` statement
[INFO] [stdout]  --> src/lib.rs:42:1
[INFO] [stdout]   |
[INFO] [stdout] 4 | let matrix_addr: u8 = 0x60;
[INFO] [stdout]   | ^^^
[INFO] [stdout]   |
[INFO] [stdout]   = note: only supported directly in conditions of `if` and `while` expressions
[INFO] [stdout] 
[INFO] [stdout] error: expected one of `@` or `|`, found `:`
[INFO] [stdout]  --> src/lib.rs:42:16
[INFO] [stdout]   |
[INFO] [stdout] 4 | let matrix_addr: u8 = 0x60;
[INFO] [stdout]   |                ^ -- specifying the type of a pattern isn't supported
[INFO] [stdout]   |                |
[INFO] [stdout]   |                expected one of `@` or `|`
[INFO] [stdout]   |
[INFO] [stdout] help: maybe write a path separator here
[INFO] [stdout]   |
[INFO] [stdout] 4 | let matrix_addr::u8 = 0x60;
[INFO] [stdout]   |                ~~
[INFO] [stdout] 
[INFO] [stdout] error[E0433]: failed to resolve: use of undeclared type `IS31FL3728`
[INFO] [stdout]  --> src/lib.rs:43:22
[INFO] [stdout]   |
[INFO] [stdout] 5 | let mut led_matrix = IS31FL3728::new(i2c, matrix_addr, MatrixDimensions::M8x8, false).unwrap();
[INFO] [stdout]   |                      ^^^^^^^^^^ use of undeclared type `IS31FL3728`
[INFO] [stdout]   |
[INFO] [stdout] help: consider importing this struct
[INFO] [stdout]   |
[INFO] [stdout] 2 + use is31fl3728_rs::IS31FL3728;
[INFO] [stdout]   |
[INFO] [stdout] 
[INFO] [stdout] error[E0425]: cannot find value `matrix_addr` in this scope
[INFO] [stdout]  --> src/lib.rs:43:43
[INFO] [stdout]   |
[INFO] [stdout] 5 | let mut led_matrix = IS31FL3728::new(i2c, matrix_addr, MatrixDimensions::M8x8, false).unwrap();
[INFO] [stdout]   |                                           ^^^^^^^^^^^ not found in this scope
[INFO] [stdout] 
[INFO] [stdout] error[E0433]: failed to resolve: use of undeclared type `MatrixDimensions`
[INFO] [stdout]  --> src/lib.rs:43:56
[INFO] [stdout]   |
[INFO] [stdout] 5 | let mut led_matrix = IS31FL3728::new(i2c, matrix_addr, MatrixDimensions::M8x8, false).unwrap();
[INFO] [stdout]   |                                                        ^^^^^^^^^^^^^^^^ use of undeclared type `MatrixDimensions`
[INFO] [stdout]   |
[INFO] [stdout] help: consider importing this enum
[INFO] [stdout]   |
[INFO] [stdout] 2 + use is31fl3728_rs::MatrixDimensions;
[INFO] [stdout]   |
[INFO] [stdout] 
[INFO] [stdout] error: aborting due to 5 previous errors
[INFO] [stdout] 
[INFO] [stdout] Some errors have detailed explanations: E0425, E0433.
[INFO] [stdout] For more information about an error, try `rustc --explain E0425`.
[INFO] [stdout] Couldn't compile the test.
[INFO] [stdout] ---- src/lib.rs - (line 57) stdout ----
[INFO] [stdout] error[E0433]: failed to resolve: use of undeclared crate or module `stm32f4xx_hal`
[INFO] [stdout]   --> src/lib.rs:71:5
[INFO] [stdout]    |
[INFO] [stdout] 15 | use stm32f4xx_hal::{self as hal, gpio::GpioExt, i2c::I2c, pac, prelude::*};
[INFO] [stdout]    |     ^^^^^^^^^^^^^ use of undeclared crate or module `stm32f4xx_hal`
[INFO] [stdout] 
[INFO] [stdout] error[E0432]: unresolved import `is31fl3728_led_matrix`
[INFO] [stdout]  --> src/lib.rs:63:5
[INFO] [stdout]   |
[INFO] [stdout] 7 | use is31fl3728_led_matrix::{LightingIntensity, MatrixDimensions, DEFAULT_LIGHTING_INTENSITY, IS31FL3728};
[INFO] [stdout]   |     ^^^^^^^^^^^^^^^^^^^^^ use of undeclared crate or module `is31fl3728_led_matrix`
[INFO] [stdout] 
[INFO] [stdout] error[E0432]: unresolved import `panic_halt`
[INFO] [stdout]   --> src/lib.rs:66:5
[INFO] [stdout]    |
[INFO] [stdout] 10 | use panic_halt as _;
[INFO] [stdout]    |     ^^^^^^^^^^^^^^^ no external crate `panic_halt`
[INFO] [stdout] 
[INFO] [stdout] error[E0432]: unresolved import `rtt_target`
[INFO] [stdout]   --> src/lib.rs:68:5
[INFO] [stdout]    |
[INFO] [stdout] 12 | use rtt_target::rtt_init_print;
[INFO] [stdout]    |     ^^^^^^^^^^ use of undeclared crate or module `rtt_target`
[INFO] [stdout] 
[INFO] [stdout] error[E0432]: unresolved import `cortex_m_rt`
[INFO] [stdout]   --> src/lib.rs:70:5
[INFO] [stdout]    |
[INFO] [stdout] 14 | use cortex_m_rt::entry;
[INFO] [stdout]    |     ^^^^^^^^^^^ use of undeclared crate or module `cortex_m_rt`
[INFO] [stdout] 
[INFO] [stdout] error[E0432]: unresolved imports `stm32f4xx_hal`, `stm32f4xx_hal`
[INFO] [stdout]   --> src/lib.rs:71:5
[INFO] [stdout]    |
[INFO] [stdout] 15 | use stm32f4xx_hal::{self as hal, gpio::GpioExt, i2c::I2c, pac, prelude::*};
[INFO] [stdout]    |     ^^^^^^^^^^^^^   ^^^^^^^^^^^ no external crate `stm32f4xx_hal`
[INFO] [stdout]    |     |
[INFO] [stdout]    |     use of undeclared crate or module `stm32f4xx_hal`
[INFO] [stdout] 
[INFO] [stdout] error: `#[panic_handler]` function required, but not found
[INFO] [stdout] 
[INFO] [stdout] error: unwinding panics are not supported without std
[INFO] [stdout]   |
[INFO] [stdout]   = help: using nightly cargo, use -Zbuild-std with panic="abort" to avoid unwinding
[INFO] [stdout]   = note: since the core library is usually precompiled with panic="unwind", rebuilding your crate with panic="abort" may not be enough to fix the problem
[INFO] [stdout] 
[INFO] [stdout] error[E0599]: no method named `MHz` found for type `{integer}` in the current scope
[INFO] [stdout]   --> src/lib.rs:81:37
[INFO] [stdout]    |
[INFO] [stdout] 25 |     let clocks = rcc.cfgr.use_hse(8.MHz()).sysclk(84.MHz()).freeze();
[INFO] [stdout]    |                                     ^^^ method not found in `{integer}`
[INFO] [stdout] 
[INFO] [stdout] error[E0599]: no method named `MHz` found for type `{integer}` in the current scope
[INFO] [stdout]   --> src/lib.rs:81:54
[INFO] [stdout]    |
[INFO] [stdout] 25 |     let clocks = rcc.cfgr.use_hse(8.MHz()).sysclk(84.MHz()).freeze();
[INFO] [stdout]    |                                                      ^^^ method not found in `{integer}`
[INFO] [stdout] 
[INFO] [stdout] error[E0599]: no method named `kHz` found for type `{integer}` in the current scope
[INFO] [stdout]   --> src/lib.rs:94:38
[INFO] [stdout]    |
[INFO] [stdout] 38 |         hal::i2c::Mode::standard(400.kHz()),
[INFO] [stdout]    |                                      ^^^ method not found in `{integer}`
[INFO] [stdout] 
[INFO] [stdout] error: aborting due to 11 previous errors
[INFO] [stdout] 
[INFO] [stdout] Some errors have detailed explanations: E0432, E0433, E0599.
[INFO] [stdout] For more information about an error, try `rustc --explain E0432`.
[INFO] [stdout] Couldn't compile the test.
[INFO] [stdout] 
[INFO] [stdout] failures:
[INFO] [stdout]     src/lib.rs - (line 40)
[INFO] [stdout]     src/lib.rs - (line 57)
[INFO] [stdout] 
[INFO] [stdout] test result: FAILED. 0 passed; 2 failed; 0 ignored; 0 measured; 0 filtered out; finished in 0.19s
[INFO] [stdout] 
[INFO] [stderr] error: doctest failed, to rerun pass `--doc`
[INFO] running `Command { std: "docker" "inspect" "983327345bc5dc27d12ccd451e7e9d6f3c2c1b516eac69b281e64a24267b698c", kill_on_drop: false }`
[INFO] running `Command { std: "docker" "rm" "-f" "983327345bc5dc27d12ccd451e7e9d6f3c2c1b516eac69b281e64a24267b698c", kill_on_drop: false }`
[INFO] [stdout] 983327345bc5dc27d12ccd451e7e9d6f3c2c1b516eac69b281e64a24267b698c
