[INFO] fetching crate is-svg 0.1.4...
[INFO] testing is-svg-0.1.4 against nightly-2025-01-18+rustflags=-Zrandomize-layout for randomize-layout-2
[INFO] extracting crate is-svg 0.1.4 into /workspace/builds/worker-1-tc2/source
[INFO] validating manifest of crates.io crate is-svg 0.1.4 on toolchain nightly-2025-01-18
[INFO] running `Command { std: CARGO_HOME="/workspace/cargo-home" RUSTUP_HOME="/workspace/rustup-home" "/workspace/cargo-home/bin/cargo" "+nightly-2025-01-18" "metadata" "--manifest-path" "Cargo.toml" "--no-deps", kill_on_drop: false }`
[INFO] started tweaking crates.io crate is-svg 0.1.4
[INFO] finished tweaking crates.io crate is-svg 0.1.4
[INFO] tweaked toml for crates.io crate is-svg 0.1.4 written to /workspace/builds/worker-1-tc2/source/Cargo.toml
[INFO] crate crates.io crate is-svg 0.1.4 already has a lockfile, it will not be regenerated
[INFO] running `Command { std: CARGO_HOME="/workspace/cargo-home" RUSTUP_HOME="/workspace/rustup-home" "/workspace/cargo-home/bin/cargo" "+nightly-2025-01-18" "fetch" "--manifest-path" "Cargo.toml", kill_on_drop: false }`
[INFO] running `Command { std: "docker" "create" "-v" "/var/lib/crater-agent-workspace/builds/worker-1-tc2/target:/opt/rustwide/target:rw,Z" "-v" "/var/lib/crater-agent-workspace/builds/worker-1-tc2/source:/opt/rustwide/workdir:ro,Z" "-v" "/var/lib/crater-agent-workspace/cargo-home:/opt/rustwide/cargo-home:ro,Z" "-v" "/var/lib/crater-agent-workspace/rustup-home:/opt/rustwide/rustup-home:ro,Z" "-e" "SOURCE_DIR=/opt/rustwide/workdir" "-e" "CARGO_TARGET_DIR=/opt/rustwide/target" "-e" "CARGO_HOME=/opt/rustwide/cargo-home" "-e" "RUSTUP_HOME=/opt/rustwide/rustup-home" "-w" "/opt/rustwide/workdir" "-m" "1610612736" "--user" "0:0" "--network" "none" "ghcr.io/rust-lang/crates-build-env/linux@sha256:819108c5571ea2e421544af4d832f968d213c87fbe3707a016657f43d2f853bc" "/opt/rustwide/cargo-home/bin/cargo" "+nightly-2025-01-18" "metadata" "--no-deps" "--format-version=1", kill_on_drop: false }`
[INFO] [stdout] ceeea7e026dbd708e4c50031827ea38fca5fa1f99d55b23964e7d780abbb921c
[INFO] running `Command { std: "docker" "start" "-a" "ceeea7e026dbd708e4c50031827ea38fca5fa1f99d55b23964e7d780abbb921c", kill_on_drop: false }`
[INFO] running `Command { std: "docker" "inspect" "ceeea7e026dbd708e4c50031827ea38fca5fa1f99d55b23964e7d780abbb921c", kill_on_drop: false }`
[INFO] running `Command { std: "docker" "rm" "-f" "ceeea7e026dbd708e4c50031827ea38fca5fa1f99d55b23964e7d780abbb921c", kill_on_drop: false }`
[INFO] [stdout] ceeea7e026dbd708e4c50031827ea38fca5fa1f99d55b23964e7d780abbb921c
[INFO] running `Command { std: "docker" "create" "-v" "/var/lib/crater-agent-workspace/builds/worker-1-tc2/target:/opt/rustwide/target:rw,Z" "-v" "/var/lib/crater-agent-workspace/builds/worker-1-tc2/source:/opt/rustwide/workdir:ro,Z" "-v" "/var/lib/crater-agent-workspace/cargo-home:/opt/rustwide/cargo-home:ro,Z" "-v" "/var/lib/crater-agent-workspace/rustup-home:/opt/rustwide/rustup-home:ro,Z" "-e" "SOURCE_DIR=/opt/rustwide/workdir" "-e" "CARGO_TARGET_DIR=/opt/rustwide/target" "-e" "CARGO_INCREMENTAL=0" "-e" "RUST_BACKTRACE=full" "-e" "RUSTFLAGS=--cap-lints=forbid -Zrandomize-layout" "-e" "RUSTDOCFLAGS=--cap-lints=forbid" "-e" "CARGO_HOME=/opt/rustwide/cargo-home" "-e" "RUSTUP_HOME=/opt/rustwide/rustup-home" "-w" "/opt/rustwide/workdir" "-m" "1610612736" "--user" "0:0" "--network" "none" "ghcr.io/rust-lang/crates-build-env/linux@sha256:819108c5571ea2e421544af4d832f968d213c87fbe3707a016657f43d2f853bc" "/opt/rustwide/cargo-home/bin/cargo" "+nightly-2025-01-18" "build" "--frozen" "--message-format=json", kill_on_drop: false }`
[INFO] [stdout] a0375a8ecc5d7d48e584da1f829b46163775bf38943c682081895bc5eb3682ea
[INFO] running `Command { std: "docker" "start" "-a" "a0375a8ecc5d7d48e584da1f829b46163775bf38943c682081895bc5eb3682ea", kill_on_drop: false }`
[INFO] [stderr]    Compiling adler2 v2.0.0
[INFO] [stderr]    Compiling cfg-if v1.0.0
[INFO] [stderr]    Compiling arrayvec v0.7.6
[INFO] [stderr]    Compiling float-cmp v0.9.0
[INFO] [stderr]    Compiling smallvec v1.13.2
[INFO] [stderr]    Compiling log v0.4.22
[INFO] [stderr]    Compiling siphasher v1.0.1
[INFO] [stderr]    Compiling arrayref v0.3.9
[INFO] [stderr]    Compiling bytemuck v1.19.0
[INFO] [stderr]    Compiling roxmltree v0.20.0
[INFO] [stderr]    Compiling imagesize v0.13.0
[INFO] [stderr]    Compiling base64 v0.22.1
[INFO] [stderr]    Compiling pico-args v0.5.0
[INFO] [stderr]    Compiling data-url v0.3.1
[INFO] [stderr]    Compiling xmlwriter v0.1.0
[INFO] [stderr]    Compiling crc32fast v1.4.2
[INFO] [stderr]    Compiling strict-num v0.1.1
[INFO] [stderr]    Compiling miniz_oxide v0.8.0
[INFO] [stderr]    Compiling simplecss v0.2.1
[INFO] [stderr]    Compiling tiny-skia-path v0.11.4
[INFO] [stderr]    Compiling kurbo v0.11.1
[INFO] [stderr]    Compiling flate2 v1.0.34
[INFO] [stderr]    Compiling svgtypes v0.15.2
[INFO] [stderr]    Compiling usvg v0.44.0
[INFO] [stderr]    Compiling is-svg v0.1.4 (/opt/rustwide/workdir)
[INFO] [stderr]     Finished `dev` profile [unoptimized + debuginfo] target(s) in 5.46s
[INFO] running `Command { std: "docker" "inspect" "a0375a8ecc5d7d48e584da1f829b46163775bf38943c682081895bc5eb3682ea", kill_on_drop: false }`
[INFO] running `Command { std: "docker" "rm" "-f" "a0375a8ecc5d7d48e584da1f829b46163775bf38943c682081895bc5eb3682ea", kill_on_drop: false }`
[INFO] [stdout] a0375a8ecc5d7d48e584da1f829b46163775bf38943c682081895bc5eb3682ea
[INFO] running `Command { std: "docker" "create" "-v" "/var/lib/crater-agent-workspace/builds/worker-1-tc2/target:/opt/rustwide/target:rw,Z" "-v" "/var/lib/crater-agent-workspace/builds/worker-1-tc2/source:/opt/rustwide/workdir:ro,Z" "-v" "/var/lib/crater-agent-workspace/cargo-home:/opt/rustwide/cargo-home:ro,Z" "-v" "/var/lib/crater-agent-workspace/rustup-home:/opt/rustwide/rustup-home:ro,Z" "-e" "SOURCE_DIR=/opt/rustwide/workdir" "-e" "CARGO_TARGET_DIR=/opt/rustwide/target" "-e" "CARGO_INCREMENTAL=0" "-e" "RUST_BACKTRACE=full" "-e" "RUSTFLAGS=--cap-lints=forbid -Zrandomize-layout" "-e" "RUSTDOCFLAGS=--cap-lints=forbid" "-e" "CARGO_HOME=/opt/rustwide/cargo-home" "-e" "RUSTUP_HOME=/opt/rustwide/rustup-home" "-w" "/opt/rustwide/workdir" "-m" "1610612736" "--user" "0:0" "--network" "none" "ghcr.io/rust-lang/crates-build-env/linux@sha256:819108c5571ea2e421544af4d832f968d213c87fbe3707a016657f43d2f853bc" "/opt/rustwide/cargo-home/bin/cargo" "+nightly-2025-01-18" "test" "--frozen" "--no-run" "--message-format=json", kill_on_drop: false }`
[INFO] [stdout] 8675bbe863575bef6f406dd3aad8db5b675dfc4d22661f3e144ff363c364dcb9
[INFO] running `Command { std: "docker" "start" "-a" "8675bbe863575bef6f406dd3aad8db5b675dfc4d22661f3e144ff363c364dcb9", kill_on_drop: false }`
[INFO] [stderr]    Compiling proc-macro2 v1.0.89
[INFO] [stderr]    Compiling unicode-ident v1.0.13
[INFO] [stderr]    Compiling utf8parse v0.2.2
[INFO] [stderr]    Compiling colorchoice v1.0.3
[INFO] [stderr]    Compiling anstyle-query v1.1.2
[INFO] [stderr]    Compiling anstyle v1.0.10
[INFO] [stderr]    Compiling is_terminal_polyfill v1.70.1
[INFO] [stderr]    Compiling strsim v0.11.1
[INFO] [stderr]    Compiling anyhow v1.0.93
[INFO] [stderr]    Compiling heck v0.5.0
[INFO] [stderr]    Compiling clap_lex v0.7.2
[INFO] [stderr]    Compiling anstyle-parse v0.2.6
[INFO] [stderr]    Compiling anstream v0.6.18
[INFO] [stderr]    Compiling clap_builder v4.5.20
[INFO] [stderr]    Compiling quote v1.0.37
[INFO] [stderr]    Compiling syn v2.0.87
[INFO] [stderr]    Compiling clap_derive v4.5.18
[INFO] [stderr]    Compiling clap v4.5.20
[INFO] [stderr]    Compiling is-svg v0.1.4 (/opt/rustwide/workdir)
[INFO] [stderr]     Finished `test` profile [unoptimized + debuginfo] target(s) in 4.47s
[INFO] running `Command { std: "docker" "inspect" "8675bbe863575bef6f406dd3aad8db5b675dfc4d22661f3e144ff363c364dcb9", kill_on_drop: false }`
[INFO] running `Command { std: "docker" "rm" "-f" "8675bbe863575bef6f406dd3aad8db5b675dfc4d22661f3e144ff363c364dcb9", kill_on_drop: false }`
[INFO] [stdout] 8675bbe863575bef6f406dd3aad8db5b675dfc4d22661f3e144ff363c364dcb9
[INFO] running `Command { std: "docker" "create" "-v" "/var/lib/crater-agent-workspace/builds/worker-1-tc2/target:/opt/rustwide/target:rw,Z" "-v" "/var/lib/crater-agent-workspace/builds/worker-1-tc2/source:/opt/rustwide/workdir:ro,Z" "-v" "/var/lib/crater-agent-workspace/cargo-home:/opt/rustwide/cargo-home:ro,Z" "-v" "/var/lib/crater-agent-workspace/rustup-home:/opt/rustwide/rustup-home:ro,Z" "-e" "SOURCE_DIR=/opt/rustwide/workdir" "-e" "CARGO_TARGET_DIR=/opt/rustwide/target" "-e" "CARGO_INCREMENTAL=0" "-e" "RUST_BACKTRACE=full" "-e" "RUSTFLAGS=--cap-lints=forbid -Zrandomize-layout" "-e" "RUSTDOCFLAGS=--cap-lints=forbid" "-e" "CARGO_HOME=/opt/rustwide/cargo-home" "-e" "RUSTUP_HOME=/opt/rustwide/rustup-home" "-w" "/opt/rustwide/workdir" "-m" "1610612736" "--user" "0:0" "--network" "none" "ghcr.io/rust-lang/crates-build-env/linux@sha256:819108c5571ea2e421544af4d832f968d213c87fbe3707a016657f43d2f853bc" "/opt/rustwide/cargo-home/bin/cargo" "+nightly-2025-01-18" "test" "--frozen", kill_on_drop: false }`
[INFO] [stdout] 3d828009270edc6f41d0751f1111ae859319c96475194f0dcdb3bbec2ef9130f
[INFO] running `Command { std: "docker" "start" "-a" "3d828009270edc6f41d0751f1111ae859319c96475194f0dcdb3bbec2ef9130f", kill_on_drop: false }`
[INFO] [stderr]     Finished `test` profile [unoptimized + debuginfo] target(s) in 0.05s
[INFO] [stderr]      Running unittests src/lib.rs (/opt/rustwide/target/debug/deps/is_svg-6de4004738e848fc)
[INFO] [stdout] 
[INFO] [stderr]    Doc-tests is_svg
[INFO] [stdout] running 0 tests
[INFO] [stdout] 
[INFO] [stdout] test result: ok. 0 passed; 0 failed; 0 ignored; 0 measured; 0 filtered out; finished in 0.00s
[INFO] [stdout] 
[INFO] [stdout] 
[INFO] [stdout] running 4 tests
[INFO] [stdout] test src/lib.rs - is_svg_string (line 81) ... FAILED
[INFO] [stdout] test src/lib.rs - is_svgz (line 110) ... FAILED
[INFO] [stdout] test src/lib.rs - (line 15) ... FAILED
[INFO] [stdout] test src/lib.rs - is_svg (line 49) ... FAILED
[INFO] [stdout] 
[INFO] [stdout] failures:
[INFO] [stdout] 
[INFO] [stdout] ---- src/lib.rs - is_svg_string (line 81) stdout ----
[INFO] [stdout] error: couldn't read `src/../tests/data/w3/svg-logo-v.svg`: No such file or directory (os error 2)
[INFO] [stdout]  --> src/lib.rs:83:31
[INFO] [stdout]   |
[INFO] [stdout] 5 |   assert!(is_svg::is_svg_string(include_str!(
[INFO] [stdout]   |  _______________________________^
[INFO] [stdout] 6 | |     "../tests/data/w3/svg-logo-v.svg"
[INFO] [stdout] 7 | | )));
[INFO] [stdout]   | |_^
[INFO] [stdout]   |
[INFO] [stdout]   = note: this error originates in the macro `include_str` (in Nightly builds, run with -Z macro-backtrace for more info)
[INFO] [stdout] 
[INFO] [stdout] error: couldn't read `src/../tests/data/w3/svg-logo-v.png`: No such file or directory (os error 2)
[INFO] [stdout]   --> src/lib.rs:86:32
[INFO] [stdout]    |
[INFO] [stdout] 8  |   assert!(!is_svg::is_svg_string(include_bytes!(
[INFO] [stdout]    |  ________________________________^
[INFO] [stdout] 9  | |     "../tests/data/w3/svg-logo-v.png"
[INFO] [stdout] 10 | | )));
[INFO] [stdout]    | |_^
[INFO] [stdout]    |
[INFO] [stdout]    = note: this error originates in the macro `include_bytes` (in Nightly builds, run with -Z macro-backtrace for more info)
[INFO] [stdout] 
[INFO] [stdout] error: couldn't read `src/../tests/data/w3/svg-logo-v.svgz`: No such file or directory (os error 2)
[INFO] [stdout]   --> src/lib.rs:90:32
[INFO] [stdout]    |
[INFO] [stdout] 12 |   assert!(!is_svg::is_svg_string(include_bytes!(
[INFO] [stdout]    |  ________________________________^
[INFO] [stdout] 13 | |     "../tests/data/w3/svg-logo-v.svgz"
[INFO] [stdout] 14 | | )));
[INFO] [stdout]    | |_^
[INFO] [stdout]    |
[INFO] [stdout]    = note: this error originates in the macro `include_bytes` (in Nightly builds, run with -Z macro-backtrace for more info)
[INFO] [stdout] 
[INFO] [stdout] error: aborting due to 3 previous errors
[INFO] [stdout] 
[INFO] [stdout] Couldn't compile the test.
[INFO] [stdout] ---- src/lib.rs - is_svgz (line 110) stdout ----
[INFO] [stdout] error: couldn't read `src/../tests/data/w3/svg-logo-v.svgz`: No such file or directory (os error 2)
[INFO] [stdout]  --> src/lib.rs:112:25
[INFO] [stdout]   |
[INFO] [stdout] 5 |   assert!(is_svg::is_svgz(include_bytes!(
[INFO] [stdout]   |  _________________________^
[INFO] [stdout] 6 | |     "../tests/data/w3/svg-logo-v.svgz"
[INFO] [stdout] 7 | | )));
[INFO] [stdout]   | |_^
[INFO] [stdout]   |
[INFO] [stdout]   = note: this error originates in the macro `include_bytes` (in Nightly builds, run with -Z macro-backtrace for more info)
[INFO] [stdout] 
[INFO] [stdout] error: couldn't read `src/../tests/data/w3/svg-logo-v.png`: No such file or directory (os error 2)
[INFO] [stdout]   --> src/lib.rs:115:26
[INFO] [stdout]    |
[INFO] [stdout] 8  |   assert!(!is_svg::is_svgz(include_bytes!(
[INFO] [stdout]    |  __________________________^
[INFO] [stdout] 9  | |     "../tests/data/w3/svg-logo-v.png"
[INFO] [stdout] 10 | | )));
[INFO] [stdout]    | |_^
[INFO] [stdout]    |
[INFO] [stdout]    = note: this error originates in the macro `include_bytes` (in Nightly builds, run with -Z macro-backtrace for more info)
[INFO] [stdout] 
[INFO] [stdout] error: couldn't read `src/../tests/data/w3/svg-logo-v.svg`: No such file or directory (os error 2)
[INFO] [stdout]   --> src/lib.rs:119:26
[INFO] [stdout]    |
[INFO] [stdout] 12 |   assert!(!is_svg::is_svgz(include_str!(
[INFO] [stdout]    |  __________________________^
[INFO] [stdout] 13 | |     "../tests/data/w3/svg-logo-v.svg"
[INFO] [stdout] 14 | | )));
[INFO] [stdout]    | |_^
[INFO] [stdout]    |
[INFO] [stdout]    = note: this error originates in the macro `include_str` (in Nightly builds, run with -Z macro-backtrace for more info)
[INFO] [stdout] 
[INFO] [stdout] error: aborting due to 3 previous errors
[INFO] [stdout] 
[INFO] [stdout] Couldn't compile the test.
[INFO] [stdout] ---- src/lib.rs - (line 15) stdout ----
[INFO] [stdout] error: couldn't read `src/../tests/data/w3/svg-logo-v.svg`: No such file or directory (os error 2)
[INFO] [stdout]  --> src/lib.rs:17:24
[INFO] [stdout]   |
[INFO] [stdout] 5 |   assert!(is_svg::is_svg(include_str!(
[INFO] [stdout]   |  ________________________^
[INFO] [stdout] 6 | |     "../tests/data/w3/svg-logo-v.svg"
[INFO] [stdout] 7 | | )));
[INFO] [stdout]   | |_^
[INFO] [stdout]   |
[INFO] [stdout]   = note: this error originates in the macro `include_str` (in Nightly builds, run with -Z macro-backtrace for more info)
[INFO] [stdout] 
[INFO] [stdout] error: couldn't read `src/../tests/data/w3/svg-logo-v.png`: No such file or directory (os error 2)
[INFO] [stdout]   --> src/lib.rs:20:25
[INFO] [stdout]    |
[INFO] [stdout] 8  |   assert!(!is_svg::is_svg(include_bytes!(
[INFO] [stdout]    |  _________________________^
[INFO] [stdout] 9  | |     "../tests/data/w3/svg-logo-v.png"
[INFO] [stdout] 10 | | )));
[INFO] [stdout]    | |_^
[INFO] [stdout]    |
[INFO] [stdout]    = note: this error originates in the macro `include_bytes` (in Nightly builds, run with -Z macro-backtrace for more info)
[INFO] [stdout] 
[INFO] [stdout] error: couldn't read `src/../tests/data/w3/svg-logo-v.svgz`: No such file or directory (os error 2)
[INFO] [stdout]   --> src/lib.rs:25:24
[INFO] [stdout]    |
[INFO] [stdout] 13 |   assert!(is_svg::is_svg(include_bytes!(
[INFO] [stdout]    |  ________________________^
[INFO] [stdout] 14 | |     "../tests/data/w3/svg-logo-v.svgz"
[INFO] [stdout] 15 | | )));
[INFO] [stdout]    | |_^
[INFO] [stdout]    |
[INFO] [stdout]    = note: this error originates in the macro `include_bytes` (in Nightly builds, run with -Z macro-backtrace for more info)
[INFO] [stdout] 
[INFO] [stdout] error: aborting due to 3 previous errors
[INFO] [stdout] 
[INFO] [stdout] Couldn't compile the test.
[INFO] [stdout] ---- src/lib.rs - is_svg (line 49) stdout ----
[INFO] [stdout] error: couldn't read `src/../tests/data/w3/svg-logo-v.svg`: No such file or directory (os error 2)
[INFO] [stdout]  --> src/lib.rs:51:24
[INFO] [stdout]   |
[INFO] [stdout] 5 |   assert!(is_svg::is_svg(include_str!(
[INFO] [stdout]   |  ________________________^
[INFO] [stdout] 6 | |     "../tests/data/w3/svg-logo-v.svg"
[INFO] [stdout] 7 | | )));
[INFO] [stdout]   | |_^
[INFO] [stdout]   |
[INFO] [stdout]   = note: this error originates in the macro `include_str` (in Nightly builds, run with -Z macro-backtrace for more info)
[INFO] [stdout] 
[INFO] [stdout] error: couldn't read `src/../tests/data/w3/svg-logo-v.png`: No such file or directory (os error 2)
[INFO] [stdout]   --> src/lib.rs:54:25
[INFO] [stdout]    |
[INFO] [stdout] 8  |   assert!(!is_svg::is_svg(include_bytes!(
[INFO] [stdout]    |  _________________________^
[INFO] [stdout] 9  | |     "../tests/data/w3/svg-logo-v.png"
[INFO] [stdout] 10 | | )));
[INFO] [stdout]    | |_^
[INFO] [stdout]    |
[INFO] [stdout]    = note: this error originates in the macro `include_bytes` (in Nightly builds, run with -Z macro-backtrace for more info)
[INFO] [stdout] 
[INFO] [stdout] error: couldn't read `src/../tests/data/w3/svg-logo-v.svgz`: No such file or directory (os error 2)
[INFO] [stdout]   --> src/lib.rs:58:24
[INFO] [stdout]    |
[INFO] [stdout] 12 |   assert!(is_svg::is_svg(include_bytes!(
[INFO] [stdout]    |  ________________________^
[INFO] [stdout] 13 | |     "../tests/data/w3/svg-logo-v.svgz"
[INFO] [stdout] 14 | | )));
[INFO] [stdout]    | |_^
[INFO] [stdout]    |
[INFO] [stdout]    = note: this error originates in the macro `include_bytes` (in Nightly builds, run with -Z macro-backtrace for more info)
[INFO] [stdout] 
[INFO] [stdout] error: aborting due to 3 previous errors
[INFO] [stdout] 
[INFO] [stdout] Couldn't compile the test.
[INFO] [stdout] 
[INFO] [stdout] failures:
[INFO] [stdout]     src/lib.rs - (line 15)
[INFO] [stdout]     src/lib.rs - is_svg (line 49)
[INFO] [stdout]     src/lib.rs - is_svg_string (line 81)
[INFO] [stdout]     src/lib.rs - is_svgz (line 110)
[INFO] [stdout] 
[INFO] [stdout] test result: FAILED. 0 passed; 4 failed; 0 ignored; 0 measured; 0 filtered out; finished in 0.05s
[INFO] [stdout] 
[INFO] [stderr] error: doctest failed, to rerun pass `--doc`
[INFO] running `Command { std: "docker" "inspect" "3d828009270edc6f41d0751f1111ae859319c96475194f0dcdb3bbec2ef9130f", kill_on_drop: false }`
[INFO] running `Command { std: "docker" "rm" "-f" "3d828009270edc6f41d0751f1111ae859319c96475194f0dcdb3bbec2ef9130f", kill_on_drop: false }`
[INFO] [stdout] 3d828009270edc6f41d0751f1111ae859319c96475194f0dcdb3bbec2ef9130f
