[INFO] fetching crate io_deser 0.5.1...
[INFO] testing io_deser-0.5.1 against nightly-2025-01-18 for randomize-layout-2
[INFO] extracting crate io_deser 0.5.1 into /workspace/builds/worker-7-tc1/source
[INFO] validating manifest of crates.io crate io_deser 0.5.1 on toolchain nightly-2025-01-18
[INFO] running `Command { std: CARGO_HOME="/workspace/cargo-home" RUSTUP_HOME="/workspace/rustup-home" "/workspace/cargo-home/bin/cargo" "+nightly-2025-01-18" "metadata" "--manifest-path" "Cargo.toml" "--no-deps", kill_on_drop: false }`
[INFO] started tweaking crates.io crate io_deser 0.5.1
[INFO] finished tweaking crates.io crate io_deser 0.5.1
[INFO] tweaked toml for crates.io crate io_deser 0.5.1 written to /workspace/builds/worker-7-tc1/source/Cargo.toml
[INFO] running `Command { std: CARGO_HOME="/workspace/cargo-home" RUSTUP_HOME="/workspace/rustup-home" "/workspace/cargo-home/bin/cargo" "+nightly-2025-01-18" "generate-lockfile" "--manifest-path" "Cargo.toml", kill_on_drop: false }`
[INFO] [stderr]     Updating crates.io index
[INFO] [stderr]      Locking 4 packages to latest compatible versions
[INFO] [stderr]       Adding syn v1.0.109 (available: v2.0.96)
[INFO] running `Command { std: CARGO_HOME="/workspace/cargo-home" RUSTUP_HOME="/workspace/rustup-home" "/workspace/cargo-home/bin/cargo" "+nightly-2025-01-18" "fetch" "--manifest-path" "Cargo.toml", kill_on_drop: false }`
[INFO] running `Command { std: "docker" "create" "-v" "/var/lib/crater-agent-workspace/builds/worker-7-tc1/target:/opt/rustwide/target:rw,Z" "-v" "/var/lib/crater-agent-workspace/builds/worker-7-tc1/source:/opt/rustwide/workdir:ro,Z" "-v" "/var/lib/crater-agent-workspace/cargo-home:/opt/rustwide/cargo-home:ro,Z" "-v" "/var/lib/crater-agent-workspace/rustup-home:/opt/rustwide/rustup-home:ro,Z" "-e" "SOURCE_DIR=/opt/rustwide/workdir" "-e" "CARGO_TARGET_DIR=/opt/rustwide/target" "-e" "CARGO_HOME=/opt/rustwide/cargo-home" "-e" "RUSTUP_HOME=/opt/rustwide/rustup-home" "-w" "/opt/rustwide/workdir" "-m" "1610612736" "--user" "0:0" "--network" "none" "ghcr.io/rust-lang/crates-build-env/linux@sha256:819108c5571ea2e421544af4d832f968d213c87fbe3707a016657f43d2f853bc" "/opt/rustwide/cargo-home/bin/cargo" "+nightly-2025-01-18" "metadata" "--no-deps" "--format-version=1", kill_on_drop: false }`
[INFO] [stdout] 97e50e03cc8d0347a3912981b8bf994fc017fedeedaa4bfb7353b7271a6e2b9f
[INFO] running `Command { std: "docker" "start" "-a" "97e50e03cc8d0347a3912981b8bf994fc017fedeedaa4bfb7353b7271a6e2b9f", kill_on_drop: false }`
[INFO] running `Command { std: "docker" "inspect" "97e50e03cc8d0347a3912981b8bf994fc017fedeedaa4bfb7353b7271a6e2b9f", kill_on_drop: false }`
[INFO] running `Command { std: "docker" "rm" "-f" "97e50e03cc8d0347a3912981b8bf994fc017fedeedaa4bfb7353b7271a6e2b9f", kill_on_drop: false }`
[INFO] [stdout] 97e50e03cc8d0347a3912981b8bf994fc017fedeedaa4bfb7353b7271a6e2b9f
[INFO] running `Command { std: "docker" "create" "-v" "/var/lib/crater-agent-workspace/builds/worker-7-tc1/target:/opt/rustwide/target:rw,Z" "-v" "/var/lib/crater-agent-workspace/builds/worker-7-tc1/source:/opt/rustwide/workdir:ro,Z" "-v" "/var/lib/crater-agent-workspace/cargo-home:/opt/rustwide/cargo-home:ro,Z" "-v" "/var/lib/crater-agent-workspace/rustup-home:/opt/rustwide/rustup-home:ro,Z" "-e" "SOURCE_DIR=/opt/rustwide/workdir" "-e" "CARGO_TARGET_DIR=/opt/rustwide/target" "-e" "CARGO_INCREMENTAL=0" "-e" "RUST_BACKTRACE=full" "-e" "RUSTFLAGS=--cap-lints=forbid" "-e" "RUSTDOCFLAGS=--cap-lints=forbid" "-e" "CARGO_HOME=/opt/rustwide/cargo-home" "-e" "RUSTUP_HOME=/opt/rustwide/rustup-home" "-w" "/opt/rustwide/workdir" "-m" "1610612736" "--user" "0:0" "--network" "none" "ghcr.io/rust-lang/crates-build-env/linux@sha256:819108c5571ea2e421544af4d832f968d213c87fbe3707a016657f43d2f853bc" "/opt/rustwide/cargo-home/bin/cargo" "+nightly-2025-01-18" "build" "--frozen" "--message-format=json", kill_on_drop: false }`
[INFO] [stdout] 35df89c64f239beffb68912770ae11ab6a6131d7dc6395c705188942f61b1e07
[INFO] running `Command { std: "docker" "start" "-a" "35df89c64f239beffb68912770ae11ab6a6131d7dc6395c705188942f61b1e07", kill_on_drop: false }`
[INFO] [stderr]    Compiling proc-macro2 v1.0.93
[INFO] [stderr]    Compiling unicode-ident v1.0.14
[INFO] [stderr]    Compiling syn v1.0.109
[INFO] [stderr]    Compiling quote v1.0.38
[INFO] [stderr]    Compiling io_deser v0.5.1 (/opt/rustwide/workdir)
[INFO] [stderr]     Finished `dev` profile [unoptimized + debuginfo] target(s) in 4.60s
[INFO] running `Command { std: "docker" "inspect" "35df89c64f239beffb68912770ae11ab6a6131d7dc6395c705188942f61b1e07", kill_on_drop: false }`
[INFO] running `Command { std: "docker" "rm" "-f" "35df89c64f239beffb68912770ae11ab6a6131d7dc6395c705188942f61b1e07", kill_on_drop: false }`
[INFO] [stdout] 35df89c64f239beffb68912770ae11ab6a6131d7dc6395c705188942f61b1e07
[INFO] running `Command { std: "docker" "create" "-v" "/var/lib/crater-agent-workspace/builds/worker-7-tc1/target:/opt/rustwide/target:rw,Z" "-v" "/var/lib/crater-agent-workspace/builds/worker-7-tc1/source:/opt/rustwide/workdir:ro,Z" "-v" "/var/lib/crater-agent-workspace/cargo-home:/opt/rustwide/cargo-home:ro,Z" "-v" "/var/lib/crater-agent-workspace/rustup-home:/opt/rustwide/rustup-home:ro,Z" "-e" "SOURCE_DIR=/opt/rustwide/workdir" "-e" "CARGO_TARGET_DIR=/opt/rustwide/target" "-e" "CARGO_INCREMENTAL=0" "-e" "RUST_BACKTRACE=full" "-e" "RUSTFLAGS=--cap-lints=forbid" "-e" "RUSTDOCFLAGS=--cap-lints=forbid" "-e" "CARGO_HOME=/opt/rustwide/cargo-home" "-e" "RUSTUP_HOME=/opt/rustwide/rustup-home" "-w" "/opt/rustwide/workdir" "-m" "1610612736" "--user" "0:0" "--network" "none" "ghcr.io/rust-lang/crates-build-env/linux@sha256:819108c5571ea2e421544af4d832f968d213c87fbe3707a016657f43d2f853bc" "/opt/rustwide/cargo-home/bin/cargo" "+nightly-2025-01-18" "test" "--frozen" "--no-run" "--message-format=json", kill_on_drop: false }`
[INFO] [stdout] 514c759e0ecc21608a3379e4f6eae0e04d5dd49162343543fe49e43d7669fc2a
[INFO] running `Command { std: "docker" "start" "-a" "514c759e0ecc21608a3379e4f6eae0e04d5dd49162343543fe49e43d7669fc2a", kill_on_drop: false }`
[INFO] [stderr]    Compiling io_deser v0.5.1 (/opt/rustwide/workdir)
[INFO] [stderr]     Finished `test` profile [unoptimized + debuginfo] target(s) in 0.95s
[INFO] running `Command { std: "docker" "inspect" "514c759e0ecc21608a3379e4f6eae0e04d5dd49162343543fe49e43d7669fc2a", kill_on_drop: false }`
[INFO] running `Command { std: "docker" "rm" "-f" "514c759e0ecc21608a3379e4f6eae0e04d5dd49162343543fe49e43d7669fc2a", kill_on_drop: false }`
[INFO] [stdout] 514c759e0ecc21608a3379e4f6eae0e04d5dd49162343543fe49e43d7669fc2a
[INFO] running `Command { std: "docker" "create" "-v" "/var/lib/crater-agent-workspace/builds/worker-7-tc1/target:/opt/rustwide/target:rw,Z" "-v" "/var/lib/crater-agent-workspace/builds/worker-7-tc1/source:/opt/rustwide/workdir:ro,Z" "-v" "/var/lib/crater-agent-workspace/cargo-home:/opt/rustwide/cargo-home:ro,Z" "-v" "/var/lib/crater-agent-workspace/rustup-home:/opt/rustwide/rustup-home:ro,Z" "-e" "SOURCE_DIR=/opt/rustwide/workdir" "-e" "CARGO_TARGET_DIR=/opt/rustwide/target" "-e" "CARGO_INCREMENTAL=0" "-e" "RUST_BACKTRACE=full" "-e" "RUSTFLAGS=--cap-lints=forbid" "-e" "RUSTDOCFLAGS=--cap-lints=forbid" "-e" "CARGO_HOME=/opt/rustwide/cargo-home" "-e" "RUSTUP_HOME=/opt/rustwide/rustup-home" "-w" "/opt/rustwide/workdir" "-m" "1610612736" "--user" "0:0" "--network" "none" "ghcr.io/rust-lang/crates-build-env/linux@sha256:819108c5571ea2e421544af4d832f968d213c87fbe3707a016657f43d2f853bc" "/opt/rustwide/cargo-home/bin/cargo" "+nightly-2025-01-18" "test" "--frozen", kill_on_drop: false }`
[INFO] [stdout] c68f0a7233aa2fd1168826bd070a8f918e0ce315c4a5528b9e2a439b8ae7d653
[INFO] running `Command { std: "docker" "start" "-a" "c68f0a7233aa2fd1168826bd070a8f918e0ce315c4a5528b9e2a439b8ae7d653", kill_on_drop: false }`
[INFO] [stderr]     Finished `test` profile [unoptimized + debuginfo] target(s) in 0.02s
[INFO] [stderr]      Running unittests src/lib.rs (/opt/rustwide/target/debug/deps/io_deser-f38646c946b56fa0)
[INFO] [stdout] 
[INFO] [stdout] running 0 tests
[INFO] [stdout] 
[INFO] [stdout] test result: ok. 0 passed; 0 failed; 0 ignored; 0 measured; 0 filtered out; finished in 0.00s
[INFO] [stdout] 
[INFO] [stderr]    Doc-tests io_deser
[INFO] [stdout] 
[INFO] [stdout] running 1 test
[INFO] [stdout] test src/lib.rs - opis_derive_macro (line 71) ... FAILED
[INFO] [stdout] 
[INFO] [stdout] failures:
[INFO] [stdout] 
[INFO] [stdout] ---- src/lib.rs - opis_derive_macro (line 71) stdout ----
[INFO] [stdout] error[E0432]: unresolved import `iodeser`
[INFO] [stdout]  --> src/lib.rs:72:5
[INFO] [stdout]   |
[INFO] [stdout] 3 | use iodeser::*;
[INFO] [stdout]   |     ^^^^^^^ use of undeclared crate or module `iodeser`
[INFO] [stdout]   |
[INFO] [stdout] help: there is a crate or module with a similar name
[INFO] [stdout]   |
[INFO] [stdout] 3 | use io_deser::*;
[INFO] [stdout]   |     ~~~~~~~~
[INFO] [stdout] 
[INFO] [stdout] error: cannot find derive macro `IoDeSer` in this scope
[INFO] [stdout]  --> src/lib.rs:73:10
[INFO] [stdout]   |
[INFO] [stdout] 4 | #[derive(IoDeSer)]
[INFO] [stdout]   |          ^^^^^^^
[INFO] [stdout]   |
[INFO] [stdout] help: consider importing this derive macro
[INFO] [stdout]   |
[INFO] [stdout] 2 + use io_deser::IoDeSer;
[INFO] [stdout]   |
[INFO] [stdout] 
[INFO] [stdout] error: aborting due to 2 previous errors
[INFO] [stdout] 
[INFO] [stdout] For more information about this error, try `rustc --explain E0432`.
[INFO] [stdout] Couldn't compile the test.
[INFO] [stdout] 
[INFO] [stdout] failures:
[INFO] [stdout]     src/lib.rs - opis_derive_macro (line 71)
[INFO] [stdout] 
[INFO] [stdout] test result: FAILED. 0 passed; 1 failed; 0 ignored; 0 measured; 0 filtered out; finished in 0.08s
[INFO] [stdout] 
[INFO] [stderr] error: doctest failed, to rerun pass `--doc`
[INFO] running `Command { std: "docker" "inspect" "c68f0a7233aa2fd1168826bd070a8f918e0ce315c4a5528b9e2a439b8ae7d653", kill_on_drop: false }`
[INFO] running `Command { std: "docker" "rm" "-f" "c68f0a7233aa2fd1168826bd070a8f918e0ce315c4a5528b9e2a439b8ae7d653", kill_on_drop: false }`
[INFO] [stdout] c68f0a7233aa2fd1168826bd070a8f918e0ce315c4a5528b9e2a439b8ae7d653
