[INFO] fetching crate iis2mdc 0.2.0...
[INFO] testing iis2mdc-0.2.0 against nightly-2025-01-18 for randomize-layout-2
[INFO] extracting crate iis2mdc 0.2.0 into /workspace/builds/worker-7-tc1/source
[INFO] validating manifest of crates.io crate iis2mdc 0.2.0 on toolchain nightly-2025-01-18
[INFO] running `Command { std: CARGO_HOME="/workspace/cargo-home" RUSTUP_HOME="/workspace/rustup-home" "/workspace/cargo-home/bin/cargo" "+nightly-2025-01-18" "metadata" "--manifest-path" "Cargo.toml" "--no-deps", kill_on_drop: false }`
[INFO] started tweaking crates.io crate iis2mdc 0.2.0
[INFO] finished tweaking crates.io crate iis2mdc 0.2.0
[INFO] tweaked toml for crates.io crate iis2mdc 0.2.0 written to /workspace/builds/worker-7-tc1/source/Cargo.toml
[INFO] running `Command { std: CARGO_HOME="/workspace/cargo-home" RUSTUP_HOME="/workspace/rustup-home" "/workspace/cargo-home/bin/cargo" "+nightly-2025-01-18" "generate-lockfile" "--manifest-path" "Cargo.toml", kill_on_drop: false }`
[INFO] [stderr]     Updating crates.io index
[INFO] [stderr]      Locking 16 packages to latest compatible versions
[INFO] running `Command { std: CARGO_HOME="/workspace/cargo-home" RUSTUP_HOME="/workspace/rustup-home" "/workspace/cargo-home/bin/cargo" "+nightly-2025-01-18" "fetch" "--manifest-path" "Cargo.toml", kill_on_drop: false }`
[INFO] [stderr]  Downloading crates ...
[INFO] [stderr]   Downloaded embedded-hal-mock v0.11.1
[INFO] running `Command { std: "docker" "create" "-v" "/var/lib/crater-agent-workspace/builds/worker-7-tc1/target:/opt/rustwide/target:rw,Z" "-v" "/var/lib/crater-agent-workspace/builds/worker-7-tc1/source:/opt/rustwide/workdir:ro,Z" "-v" "/var/lib/crater-agent-workspace/cargo-home:/opt/rustwide/cargo-home:ro,Z" "-v" "/var/lib/crater-agent-workspace/rustup-home:/opt/rustwide/rustup-home:ro,Z" "-e" "SOURCE_DIR=/opt/rustwide/workdir" "-e" "CARGO_TARGET_DIR=/opt/rustwide/target" "-e" "CARGO_HOME=/opt/rustwide/cargo-home" "-e" "RUSTUP_HOME=/opt/rustwide/rustup-home" "-w" "/opt/rustwide/workdir" "-m" "1610612736" "--user" "0:0" "--network" "none" "ghcr.io/rust-lang/crates-build-env/linux@sha256:819108c5571ea2e421544af4d832f968d213c87fbe3707a016657f43d2f853bc" "/opt/rustwide/cargo-home/bin/cargo" "+nightly-2025-01-18" "metadata" "--no-deps" "--format-version=1", kill_on_drop: false }`
[INFO] [stdout] 963cfb4e0ae7f41c5b02bdb4b7b58b25303ec02740cc77ca6421905e5e417279
[INFO] running `Command { std: "docker" "start" "-a" "963cfb4e0ae7f41c5b02bdb4b7b58b25303ec02740cc77ca6421905e5e417279", kill_on_drop: false }`
[INFO] running `Command { std: "docker" "inspect" "963cfb4e0ae7f41c5b02bdb4b7b58b25303ec02740cc77ca6421905e5e417279", kill_on_drop: false }`
[INFO] running `Command { std: "docker" "rm" "-f" "963cfb4e0ae7f41c5b02bdb4b7b58b25303ec02740cc77ca6421905e5e417279", kill_on_drop: false }`
[INFO] [stdout] 963cfb4e0ae7f41c5b02bdb4b7b58b25303ec02740cc77ca6421905e5e417279
[INFO] running `Command { std: "docker" "create" "-v" "/var/lib/crater-agent-workspace/builds/worker-7-tc1/target:/opt/rustwide/target:rw,Z" "-v" "/var/lib/crater-agent-workspace/builds/worker-7-tc1/source:/opt/rustwide/workdir:ro,Z" "-v" "/var/lib/crater-agent-workspace/cargo-home:/opt/rustwide/cargo-home:ro,Z" "-v" "/var/lib/crater-agent-workspace/rustup-home:/opt/rustwide/rustup-home:ro,Z" "-e" "SOURCE_DIR=/opt/rustwide/workdir" "-e" "CARGO_TARGET_DIR=/opt/rustwide/target" "-e" "CARGO_INCREMENTAL=0" "-e" "RUST_BACKTRACE=full" "-e" "RUSTFLAGS=--cap-lints=forbid" "-e" "RUSTDOCFLAGS=--cap-lints=forbid" "-e" "CARGO_HOME=/opt/rustwide/cargo-home" "-e" "RUSTUP_HOME=/opt/rustwide/rustup-home" "-w" "/opt/rustwide/workdir" "-m" "1610612736" "--user" "0:0" "--network" "none" "ghcr.io/rust-lang/crates-build-env/linux@sha256:819108c5571ea2e421544af4d832f968d213c87fbe3707a016657f43d2f853bc" "/opt/rustwide/cargo-home/bin/cargo" "+nightly-2025-01-18" "build" "--frozen" "--message-format=json", kill_on_drop: false }`
[INFO] [stdout] f4c5470f3a28869dd6e7db83e44d60a773fc8064a77629b383f7c8dd1e3f0d4a
[INFO] running `Command { std: "docker" "start" "-a" "f4c5470f3a28869dd6e7db83e44d60a773fc8064a77629b383f7c8dd1e3f0d4a", kill_on_drop: false }`
[INFO] [stderr]    Compiling embedded-hal v1.0.0
[INFO] [stderr]    Compiling iis2mdc v0.2.0 (/opt/rustwide/workdir)
[INFO] [stderr]     Finished `dev` profile [unoptimized + debuginfo] target(s) in 0.47s
[INFO] running `Command { std: "docker" "inspect" "f4c5470f3a28869dd6e7db83e44d60a773fc8064a77629b383f7c8dd1e3f0d4a", kill_on_drop: false }`
[INFO] running `Command { std: "docker" "rm" "-f" "f4c5470f3a28869dd6e7db83e44d60a773fc8064a77629b383f7c8dd1e3f0d4a", kill_on_drop: false }`
[INFO] [stdout] f4c5470f3a28869dd6e7db83e44d60a773fc8064a77629b383f7c8dd1e3f0d4a
[INFO] running `Command { std: "docker" "create" "-v" "/var/lib/crater-agent-workspace/builds/worker-7-tc1/target:/opt/rustwide/target:rw,Z" "-v" "/var/lib/crater-agent-workspace/builds/worker-7-tc1/source:/opt/rustwide/workdir:ro,Z" "-v" "/var/lib/crater-agent-workspace/cargo-home:/opt/rustwide/cargo-home:ro,Z" "-v" "/var/lib/crater-agent-workspace/rustup-home:/opt/rustwide/rustup-home:ro,Z" "-e" "SOURCE_DIR=/opt/rustwide/workdir" "-e" "CARGO_TARGET_DIR=/opt/rustwide/target" "-e" "CARGO_INCREMENTAL=0" "-e" "RUST_BACKTRACE=full" "-e" "RUSTFLAGS=--cap-lints=forbid" "-e" "RUSTDOCFLAGS=--cap-lints=forbid" "-e" "CARGO_HOME=/opt/rustwide/cargo-home" "-e" "RUSTUP_HOME=/opt/rustwide/rustup-home" "-w" "/opt/rustwide/workdir" "-m" "1610612736" "--user" "0:0" "--network" "none" "ghcr.io/rust-lang/crates-build-env/linux@sha256:819108c5571ea2e421544af4d832f968d213c87fbe3707a016657f43d2f853bc" "/opt/rustwide/cargo-home/bin/cargo" "+nightly-2025-01-18" "test" "--frozen" "--no-run" "--message-format=json", kill_on_drop: false }`
[INFO] [stdout] 93a7fb43be1f2cdff54fb314cf47f7c7d20316f668c23ab9120ffbf9f9ca4aa6
[INFO] running `Command { std: "docker" "start" "-a" "93a7fb43be1f2cdff54fb314cf47f7c7d20316f668c23ab9120ffbf9f9ca4aa6", kill_on_drop: false }`
[INFO] [stderr]    Compiling autocfg v1.4.0
[INFO] [stderr]    Compiling nb v1.1.0
[INFO] [stderr]    Compiling void v1.0.2
[INFO] [stderr]    Compiling nb v0.1.3
[INFO] [stderr]    Compiling embedded-hal-nb v1.0.0
[INFO] [stderr]    Compiling embedded-hal v0.2.7
[INFO] [stderr]    Compiling num-traits v0.2.19
[INFO] [stderr]    Compiling num-rational v0.3.2
[INFO] [stderr]    Compiling num-integer v0.1.46
[INFO] [stderr]    Compiling num-complex v0.3.1
[INFO] [stderr]    Compiling approx v0.5.1
[INFO] [stderr]    Compiling num-iter v0.1.45
[INFO] [stderr]    Compiling num v0.3.1
[INFO] [stderr]    Compiling embedded-time v0.12.1
[INFO] [stderr]    Compiling embedded-hal-mock v0.11.1
[INFO] [stderr]    Compiling iis2mdc v0.2.0 (/opt/rustwide/workdir)
[INFO] [stderr]     Finished `test` profile [unoptimized + debuginfo] target(s) in 7.23s
[INFO] running `Command { std: "docker" "inspect" "93a7fb43be1f2cdff54fb314cf47f7c7d20316f668c23ab9120ffbf9f9ca4aa6", kill_on_drop: false }`
[INFO] running `Command { std: "docker" "rm" "-f" "93a7fb43be1f2cdff54fb314cf47f7c7d20316f668c23ab9120ffbf9f9ca4aa6", kill_on_drop: false }`
[INFO] [stdout] 93a7fb43be1f2cdff54fb314cf47f7c7d20316f668c23ab9120ffbf9f9ca4aa6
[INFO] running `Command { std: "docker" "create" "-v" "/var/lib/crater-agent-workspace/builds/worker-7-tc1/target:/opt/rustwide/target:rw,Z" "-v" "/var/lib/crater-agent-workspace/builds/worker-7-tc1/source:/opt/rustwide/workdir:ro,Z" "-v" "/var/lib/crater-agent-workspace/cargo-home:/opt/rustwide/cargo-home:ro,Z" "-v" "/var/lib/crater-agent-workspace/rustup-home:/opt/rustwide/rustup-home:ro,Z" "-e" "SOURCE_DIR=/opt/rustwide/workdir" "-e" "CARGO_TARGET_DIR=/opt/rustwide/target" "-e" "CARGO_INCREMENTAL=0" "-e" "RUST_BACKTRACE=full" "-e" "RUSTFLAGS=--cap-lints=forbid" "-e" "RUSTDOCFLAGS=--cap-lints=forbid" "-e" "CARGO_HOME=/opt/rustwide/cargo-home" "-e" "RUSTUP_HOME=/opt/rustwide/rustup-home" "-w" "/opt/rustwide/workdir" "-m" "1610612736" "--user" "0:0" "--network" "none" "ghcr.io/rust-lang/crates-build-env/linux@sha256:819108c5571ea2e421544af4d832f968d213c87fbe3707a016657f43d2f853bc" "/opt/rustwide/cargo-home/bin/cargo" "+nightly-2025-01-18" "test" "--frozen", kill_on_drop: false }`
[INFO] [stdout] 9b2ecf8ab78ec0cfa53d732758facf1c7fd4bf6144b05e0bbfd7c4c6dce4db59
[INFO] running `Command { std: "docker" "start" "-a" "9b2ecf8ab78ec0cfa53d732758facf1c7fd4bf6144b05e0bbfd7c4c6dce4db59", kill_on_drop: false }`
[INFO] [stderr]     Finished `test` profile [unoptimized + debuginfo] target(s) in 0.04s
[INFO] [stderr]      Running unittests src/lib.rs (/opt/rustwide/target/debug/deps/iis2mdc-b9f89cf8381e6a65)
[INFO] [stdout] 
[INFO] [stdout] running 0 tests
[INFO] [stdout] 
[INFO] [stdout] test result: ok. 0 passed; 0 failed; 0 ignored; 0 measured; 0 filtered out; finished in 0.00s
[INFO] [stdout] 
[INFO] [stderr]    Doc-tests iis2mdc
[INFO] [stdout] 
[INFO] [stdout] running 3 tests
[INFO] [stdout] test src/lib.rs - (line 12) ... FAILED
[INFO] [stdout] test src/lib.rs - (line 6) ... FAILED
[INFO] [stdout] test src/lib.rs - (line 18) ... FAILED
[INFO] [stdout] 
[INFO] [stdout] failures:
[INFO] [stdout] 
[INFO] [stdout] ---- src/lib.rs - (line 12) stdout ----
[INFO] [stdout] error[E0425]: cannot find value `sensor` in this scope
[INFO] [stdout]  --> src/lib.rs:13:1
[INFO] [stdout]   |
[INFO] [stdout] 3 | sensor.cfg_reg_a.set_reboot(i2c, true).unwrap();
[INFO] [stdout]   | ^^^^^^ not found in this scope
[INFO] [stdout] 
[INFO] [stdout] error[E0425]: cannot find value `i2c` in this scope
[INFO] [stdout]  --> src/lib.rs:13:29
[INFO] [stdout]   |
[INFO] [stdout] 3 | sensor.cfg_reg_a.set_reboot(i2c, true).unwrap();
[INFO] [stdout]   |                             ^^^ not found in this scope
[INFO] [stdout] 
[INFO] [stdout] error: aborting due to 2 previous errors
[INFO] [stdout] 
[INFO] [stdout] For more information about this error, try `rustc --explain E0425`.
[INFO] [stdout] Couldn't compile the test.
[INFO] [stdout] ---- src/lib.rs - (line 6) stdout ----
[INFO] [stdout] error: expected `;`, found `}`
[INFO] [stdout]  --> src/lib.rs:7:45
[INFO] [stdout]   |
[INFO] [stdout] 3 | let sensor = Iis2mdc::new(&mut i2c).unwrap()
[INFO] [stdout]   |                                             ^ help: add `;` here
[INFO] [stdout] 4 | } _doctest_main_src_lib_rs_6_0() }
[INFO] [stdout]   | - unexpected token
[INFO] [stdout] 
[INFO] [stdout] error[E0433]: failed to resolve: use of undeclared type `Iis2mdc`
[INFO] [stdout]  --> src/lib.rs:7:14
[INFO] [stdout]   |
[INFO] [stdout] 3 | let sensor = Iis2mdc::new(&mut i2c).unwrap()
[INFO] [stdout]   |              ^^^^^^^ use of undeclared type `Iis2mdc`
[INFO] [stdout]   |
[INFO] [stdout] help: consider importing this struct
[INFO] [stdout]   |
[INFO] [stdout] 2 + use iis2mdc::Iis2mdc;
[INFO] [stdout]   |
[INFO] [stdout] 
[INFO] [stdout] error[E0425]: cannot find value `i2c` in this scope
[INFO] [stdout]  --> src/lib.rs:7:32
[INFO] [stdout]   |
[INFO] [stdout] 3 | let sensor = Iis2mdc::new(&mut i2c).unwrap()
[INFO] [stdout]   |                                ^^^ not found in this scope
[INFO] [stdout] 
[INFO] [stdout] error: aborting due to 3 previous errors
[INFO] [stdout] 
[INFO] [stdout] Some errors have detailed explanations: E0425, E0433.
[INFO] [stdout] For more information about an error, try `rustc --explain E0425`.
[INFO] [stdout] Couldn't compile the test.
[INFO] [stdout] ---- src/lib.rs - (line 18) stdout ----
[INFO] [stdout] error[E0425]: cannot find value `sensor` in this scope
[INFO] [stdout]  --> src/lib.rs:24:1
[INFO] [stdout]   |
[INFO] [stdout] 9 | sensor
[INFO] [stdout]   | ^^^^^^ not found in this scope
[INFO] [stdout] 
[INFO] [stdout] error[E0425]: cannot find value `i2c` in this scope
[INFO] [stdout]   --> src/lib.rs:26:20
[INFO] [stdout]    |
[INFO] [stdout] 11 |     .set_data_rate(i2c, iis2mdc::cfg_reg_a::Odr::Hz50)
[INFO] [stdout]    |                    ^^^ not found in this scope
[INFO] [stdout] 
[INFO] [stdout] error: aborting due to 2 previous errors
[INFO] [stdout] 
[INFO] [stdout] For more information about this error, try `rustc --explain E0425`.
[INFO] [stdout] Couldn't compile the test.
[INFO] [stdout] 
[INFO] [stdout] failures:
[INFO] [stdout]     src/lib.rs - (line 12)
[INFO] [stdout]     src/lib.rs - (line 18)
[INFO] [stdout]     src/lib.rs - (line 6)
[INFO] [stdout] 
[INFO] [stdout] test result: FAILED. 0 passed; 3 failed; 0 ignored; 0 measured; 0 filtered out; finished in 0.19s
[INFO] [stdout] 
[INFO] [stderr] error: doctest failed, to rerun pass `--doc`
[INFO] running `Command { std: "docker" "inspect" "9b2ecf8ab78ec0cfa53d732758facf1c7fd4bf6144b05e0bbfd7c4c6dce4db59", kill_on_drop: false }`
[INFO] running `Command { std: "docker" "rm" "-f" "9b2ecf8ab78ec0cfa53d732758facf1c7fd4bf6144b05e0bbfd7c4c6dce4db59", kill_on_drop: false }`
[INFO] [stdout] 9b2ecf8ab78ec0cfa53d732758facf1c7fd4bf6144b05e0bbfd7c4c6dce4db59
