[INFO] fetching crate igrepper 1.3.5...
[INFO] testing igrepper-1.3.5 against nightly-2025-01-18 for randomize-layout-2
[INFO] extracting crate igrepper 1.3.5 into /workspace/builds/worker-0-tc1/source
[INFO] validating manifest of crates.io crate igrepper 1.3.5 on toolchain nightly-2025-01-18
[INFO] running `Command { std: CARGO_HOME="/workspace/cargo-home" RUSTUP_HOME="/workspace/rustup-home" "/workspace/cargo-home/bin/cargo" "+nightly-2025-01-18" "metadata" "--manifest-path" "Cargo.toml" "--no-deps", kill_on_drop: false }`
[INFO] started tweaking crates.io crate igrepper 1.3.5
[INFO] finished tweaking crates.io crate igrepper 1.3.5
[INFO] tweaked toml for crates.io crate igrepper 1.3.5 written to /workspace/builds/worker-0-tc1/source/Cargo.toml
[INFO] crate crates.io crate igrepper 1.3.5 already has a lockfile, it will not be regenerated
[INFO] running `Command { std: CARGO_HOME="/workspace/cargo-home" RUSTUP_HOME="/workspace/rustup-home" "/workspace/cargo-home/bin/cargo" "+nightly-2025-01-18" "fetch" "--manifest-path" "Cargo.toml", kill_on_drop: false }`
[INFO] running `Command { std: "docker" "create" "-v" "/var/lib/crater-agent-workspace/builds/worker-0-tc1/target:/opt/rustwide/target:rw,Z" "-v" "/var/lib/crater-agent-workspace/builds/worker-0-tc1/source:/opt/rustwide/workdir:ro,Z" "-v" "/var/lib/crater-agent-workspace/cargo-home:/opt/rustwide/cargo-home:ro,Z" "-v" "/var/lib/crater-agent-workspace/rustup-home:/opt/rustwide/rustup-home:ro,Z" "-e" "SOURCE_DIR=/opt/rustwide/workdir" "-e" "CARGO_TARGET_DIR=/opt/rustwide/target" "-e" "CARGO_HOME=/opt/rustwide/cargo-home" "-e" "RUSTUP_HOME=/opt/rustwide/rustup-home" "-w" "/opt/rustwide/workdir" "-m" "1610612736" "--user" "0:0" "--network" "none" "ghcr.io/rust-lang/crates-build-env/linux@sha256:819108c5571ea2e421544af4d832f968d213c87fbe3707a016657f43d2f853bc" "/opt/rustwide/cargo-home/bin/cargo" "+nightly-2025-01-18" "metadata" "--no-deps" "--format-version=1", kill_on_drop: false }`
[INFO] [stdout] 7a4ffd31fa82c0c24aa1e2b8f026ce0a360d885b5aa2d96e5d527c3fa700493a
[INFO] running `Command { std: "docker" "start" "-a" "7a4ffd31fa82c0c24aa1e2b8f026ce0a360d885b5aa2d96e5d527c3fa700493a", kill_on_drop: false }`
[INFO] running `Command { std: "docker" "inspect" "7a4ffd31fa82c0c24aa1e2b8f026ce0a360d885b5aa2d96e5d527c3fa700493a", kill_on_drop: false }`
[INFO] running `Command { std: "docker" "rm" "-f" "7a4ffd31fa82c0c24aa1e2b8f026ce0a360d885b5aa2d96e5d527c3fa700493a", kill_on_drop: false }`
[INFO] [stdout] 7a4ffd31fa82c0c24aa1e2b8f026ce0a360d885b5aa2d96e5d527c3fa700493a
[INFO] running `Command { std: "docker" "create" "-v" "/var/lib/crater-agent-workspace/builds/worker-0-tc1/target:/opt/rustwide/target:rw,Z" "-v" "/var/lib/crater-agent-workspace/builds/worker-0-tc1/source:/opt/rustwide/workdir:ro,Z" "-v" "/var/lib/crater-agent-workspace/cargo-home:/opt/rustwide/cargo-home:ro,Z" "-v" "/var/lib/crater-agent-workspace/rustup-home:/opt/rustwide/rustup-home:ro,Z" "-e" "SOURCE_DIR=/opt/rustwide/workdir" "-e" "CARGO_TARGET_DIR=/opt/rustwide/target" "-e" "CARGO_INCREMENTAL=0" "-e" "RUST_BACKTRACE=full" "-e" "RUSTFLAGS=--cap-lints=forbid" "-e" "RUSTDOCFLAGS=--cap-lints=forbid" "-e" "CARGO_HOME=/opt/rustwide/cargo-home" "-e" "RUSTUP_HOME=/opt/rustwide/rustup-home" "-w" "/opt/rustwide/workdir" "-m" "1610612736" "--user" "0:0" "--network" "none" "ghcr.io/rust-lang/crates-build-env/linux@sha256:819108c5571ea2e421544af4d832f968d213c87fbe3707a016657f43d2f853bc" "/opt/rustwide/cargo-home/bin/cargo" "+nightly-2025-01-18" "build" "--frozen" "--message-format=json", kill_on_drop: false }`
[INFO] [stdout] c3f7579cbf0fab418e0d96000ad2510ff65c8d38125bd1d27cc5230864291b05
[INFO] running `Command { std: "docker" "start" "-a" "c3f7579cbf0fab418e0d96000ad2510ff65c8d38125bd1d27cc5230864291b05", kill_on_drop: false }`
[INFO] [stderr]    Compiling libc v0.2.153
[INFO] [stderr]    Compiling pkg-config v0.3.30
[INFO] [stderr]    Compiling cc v1.0.90
[INFO] [stderr]    Compiling memchr v2.7.2
[INFO] [stderr]    Compiling unicode-width v0.1.11
[INFO] [stderr]    Compiling pin-project-lite v0.2.14
[INFO] [stderr]    Compiling regex-syntax v0.8.3
[INFO] [stderr]    Compiling bitflags v1.3.2
[INFO] [stderr]    Compiling anyhow v1.0.81
[INFO] [stderr]    Compiling futures-core v0.3.30
[INFO] [stderr]    Compiling textwrap v0.11.0
[INFO] [stderr]    Compiling strsim v0.8.0
[INFO] [stderr]    Compiling vec_map v0.8.2
[INFO] [stderr]    Compiling ansi_term v0.12.1
[INFO] [stderr]    Compiling aho-corasick v1.1.3
[INFO] [stderr]    Compiling ncurses v5.101.0
[INFO] [stderr]    Compiling mio v0.8.11
[INFO] [stderr]    Compiling socket2 v0.5.6
[INFO] [stderr]    Compiling atty v0.2.14
[INFO] [stderr]    Compiling inotify-sys v0.1.5
[INFO] [stderr]    Compiling clap v2.34.0
[INFO] [stderr]    Compiling tokio v1.37.0
[INFO] [stderr]    Compiling regex-automata v0.4.6
[INFO] [stderr]    Compiling inotify v0.10.2
[INFO] [stderr]    Compiling regex v1.10.4
[INFO] [stderr]    Compiling igrepper v1.3.5 (/opt/rustwide/workdir)
[INFO] [stdout] warning: enum `BreakLine` is never used
[INFO] [stdout]   --> src/igrepper/types.rs:34:10
[INFO] [stdout]    |
[INFO] [stdout] 34 | pub enum BreakLine {} // A line separator
[INFO] [stdout]    |          ^^^^^^^^^
[INFO] [stdout]    |
[INFO] [stdout]    = note: `BreakLine` has a derived impl for the trait `Debug`, but this is intentionally ignored during dead code analysis
[INFO] [stdout]    = note: `#[warn(dead_code)]` on by default
[INFO] [stdout] 
[INFO] [stdout] 
[INFO] [stderr]     Finished `dev` profile [unoptimized + debuginfo] target(s) in 25.94s
[INFO] running `Command { std: "docker" "inspect" "c3f7579cbf0fab418e0d96000ad2510ff65c8d38125bd1d27cc5230864291b05", kill_on_drop: false }`
[INFO] running `Command { std: "docker" "rm" "-f" "c3f7579cbf0fab418e0d96000ad2510ff65c8d38125bd1d27cc5230864291b05", kill_on_drop: false }`
[INFO] [stdout] c3f7579cbf0fab418e0d96000ad2510ff65c8d38125bd1d27cc5230864291b05
[INFO] running `Command { std: "docker" "create" "-v" "/var/lib/crater-agent-workspace/builds/worker-0-tc1/target:/opt/rustwide/target:rw,Z" "-v" "/var/lib/crater-agent-workspace/builds/worker-0-tc1/source:/opt/rustwide/workdir:ro,Z" "-v" "/var/lib/crater-agent-workspace/cargo-home:/opt/rustwide/cargo-home:ro,Z" "-v" "/var/lib/crater-agent-workspace/rustup-home:/opt/rustwide/rustup-home:ro,Z" "-e" "SOURCE_DIR=/opt/rustwide/workdir" "-e" "CARGO_TARGET_DIR=/opt/rustwide/target" "-e" "CARGO_INCREMENTAL=0" "-e" "RUST_BACKTRACE=full" "-e" "RUSTFLAGS=--cap-lints=forbid" "-e" "RUSTDOCFLAGS=--cap-lints=forbid" "-e" "CARGO_HOME=/opt/rustwide/cargo-home" "-e" "RUSTUP_HOME=/opt/rustwide/rustup-home" "-w" "/opt/rustwide/workdir" "-m" "1610612736" "--user" "0:0" "--network" "none" "ghcr.io/rust-lang/crates-build-env/linux@sha256:819108c5571ea2e421544af4d832f968d213c87fbe3707a016657f43d2f853bc" "/opt/rustwide/cargo-home/bin/cargo" "+nightly-2025-01-18" "test" "--frozen" "--no-run" "--message-format=json", kill_on_drop: false }`
[INFO] [stdout] ec8398b661dd70471a128c5ed59375f3efabf78e0c3b608068fb8f6bb49c3444
[INFO] running `Command { std: "docker" "start" "-a" "ec8398b661dd70471a128c5ed59375f3efabf78e0c3b608068fb8f6bb49c3444", kill_on_drop: false }`
[INFO] [stderr]    Compiling serde v1.0.197
[INFO] [stderr]    Compiling serde_json v1.0.115
[INFO] [stderr]    Compiling ryu v1.0.17
[INFO] [stderr]    Compiling difference v2.0.0
[INFO] [stderr]    Compiling ansi_term v0.11.0
[INFO] [stderr]    Compiling itoa v1.0.11
[INFO] [stderr]    Compiling pretty_assertions v0.6.1
[INFO] [stderr]    Compiling igrepper v1.3.5 (/opt/rustwide/workdir)
[INFO] [stdout] warning: enum `BreakLine` is never used
[INFO] [stdout]   --> src/igrepper/types.rs:34:10
[INFO] [stdout]    |
[INFO] [stdout] 34 | pub enum BreakLine {} // A line separator
[INFO] [stdout]    |          ^^^^^^^^^
[INFO] [stdout]    |
[INFO] [stdout]    = note: `BreakLine` has a derived impl for the trait `Debug`, but this is intentionally ignored during dead code analysis
[INFO] [stdout]    = note: `#[warn(dead_code)]` on by default
[INFO] [stdout] 
[INFO] [stdout] 
[INFO] [stderr]     Finished `test` profile [unoptimized + debuginfo] target(s) in 7.73s
[INFO] running `Command { std: "docker" "inspect" "ec8398b661dd70471a128c5ed59375f3efabf78e0c3b608068fb8f6bb49c3444", kill_on_drop: false }`
[INFO] running `Command { std: "docker" "rm" "-f" "ec8398b661dd70471a128c5ed59375f3efabf78e0c3b608068fb8f6bb49c3444", kill_on_drop: false }`
[INFO] [stdout] ec8398b661dd70471a128c5ed59375f3efabf78e0c3b608068fb8f6bb49c3444
[INFO] running `Command { std: "docker" "create" "-v" "/var/lib/crater-agent-workspace/builds/worker-0-tc1/target:/opt/rustwide/target:rw,Z" "-v" "/var/lib/crater-agent-workspace/builds/worker-0-tc1/source:/opt/rustwide/workdir:ro,Z" "-v" "/var/lib/crater-agent-workspace/cargo-home:/opt/rustwide/cargo-home:ro,Z" "-v" "/var/lib/crater-agent-workspace/rustup-home:/opt/rustwide/rustup-home:ro,Z" "-e" "SOURCE_DIR=/opt/rustwide/workdir" "-e" "CARGO_TARGET_DIR=/opt/rustwide/target" "-e" "CARGO_INCREMENTAL=0" "-e" "RUST_BACKTRACE=full" "-e" "RUSTFLAGS=--cap-lints=forbid" "-e" "RUSTDOCFLAGS=--cap-lints=forbid" "-e" "CARGO_HOME=/opt/rustwide/cargo-home" "-e" "RUSTUP_HOME=/opt/rustwide/rustup-home" "-w" "/opt/rustwide/workdir" "-m" "1610612736" "--user" "0:0" "--network" "none" "ghcr.io/rust-lang/crates-build-env/linux@sha256:819108c5571ea2e421544af4d832f968d213c87fbe3707a016657f43d2f853bc" "/opt/rustwide/cargo-home/bin/cargo" "+nightly-2025-01-18" "test" "--frozen", kill_on_drop: false }`
[INFO] [stdout] bbb819d49394211a0a7624f1c3bcac2fd809243036959a5d28af599278384ea2
[INFO] running `Command { std: "docker" "start" "-a" "bbb819d49394211a0a7624f1c3bcac2fd809243036959a5d28af599278384ea2", kill_on_drop: false }`
[INFO] [stderr] warning: enum `BreakLine` is never used
[INFO] [stderr]   --> src/igrepper/types.rs:34:10
[INFO] [stderr]    |
[INFO] [stderr] 34 | pub enum BreakLine {} // A line separator
[INFO] [stderr]    |          ^^^^^^^^^
[INFO] [stderr]    |
[INFO] [stderr]    = note: `BreakLine` has a derived impl for the trait `Debug`, but this is intentionally ignored during dead code analysis
[INFO] [stderr]    = note: `#[warn(dead_code)]` on by default
[INFO] [stderr] 
[INFO] [stderr] warning: `igrepper` (bin "igrepper" test) generated 1 warning
[INFO] [stderr]     Finished `test` profile [unoptimized + debuginfo] target(s) in 0.08s
[INFO] [stderr]      Running unittests src/main.rs (/opt/rustwide/target/debug/deps/igrepper-839b473030a5aecf)
[INFO] [stdout] 
[INFO] [stdout] running 29 tests
[INFO] [stdout] test igrepper::core::tests::test_context ... ok
[INFO] [stdout] test igrepper::state::tests::empty_search_lines ... ok
[INFO] [stdout] test igrepper::core::tests::test_case_sensitivity ... ok
[INFO] [stdout] test igrepper::core::tests::test_inverse_searching ... ok
[INFO] [stdout] test igrepper::core::tests::test_one ... ok
[INFO] [stdout] test igrepper::state::tests::accepting_match_should_reject_invalid_regex ... ok
[INFO] [stdout] test igrepper::state::tests::decrementing_context ... ok
[INFO] [stdout] test igrepper::state::tests::incrementing_context ... ok
[INFO] [stdout] test igrepper::state::tests::accepting_match ... ok
[INFO] [stdout] test igrepper::state::tests::pop_char ... ok
[INFO] [stdout] test igrepper::state::tests::page_y ... ok
[INFO] [stdout] test igrepper::state::tests::push_char ... ok
[INFO] [stdout] test igrepper::state::tests::push_char_create_invalid_regex ... ok
[INFO] [stdout] test igrepper::state::tests::reverting_match ... ok
[INFO] [stdout] test igrepper::tests::construct_grep_context_is_ignored_when_inverted ... ok
[INFO] [stdout] test igrepper::state::tests::toggle_inverted_match ... ok
[INFO] [stdout] test igrepper::tests::construct_grep_case_sensitive ... ok
[INFO] [stdout] test igrepper::tests::construct_grep_multiple_lines ... ok
[INFO] [stdout] test igrepper::tests::construct_grep_context ... ok
[INFO] [stdout] test igrepper::tests::construct_grep_with_single_quote ... ok
[INFO] [stdout] test igrepper::trimming::tests::replace_tabs_with_spaces_different_current_steps ... ok
[INFO] [stdout] test igrepper::tests::construct_grep_one_line ... ok
[INFO] [stdout] test igrepper::tests::construct_grep_sensitive_and_inverted ... ok
[INFO] [stdout] test igrepper::trimming::tests::replace_tabs_with_spaces_zero_current_steps ... ok
[INFO] [stdout] test igrepper::state::tests::page_x ... ok
[INFO] [stdout] test igrepper::tests::construct_grep_inverted ... ok
[INFO] [stdout] test igrepper::core::tests::snapshot_tests ... FAILED
[INFO] [stdout] test igrepper::state::tests::panic_on_invalid_initial_regex - should panic ... ok
[INFO] [stdout] test igrepper::state::tests::panic_on_empty_search_lines - should panic ... ok
[INFO] [stdout] 
[INFO] [stdout] failures:
[INFO] [stdout] 
[INFO] [stdout] ---- igrepper::core::tests::snapshot_tests stdout ----
[INFO] [stdout] 
[INFO] [stdout] thread 'igrepper::core::tests::snapshot_tests' panicked at src/igrepper/core.rs:240:53:
[INFO] [stdout] called `Result::unwrap()` on an `Err` value: Os { code: 30, kind: ReadOnlyFilesystem, message: "Read-only file system" }
[INFO] [stdout] stack backtrace:
[INFO] [stdout]    0:     0x5728d30aa67a - std::backtrace_rs::backtrace::libunwind::trace::hb059275cfc8d6126
[INFO] [stdout]                                at /rustc/6067b36314ab5eb2eb47cecc464545ba58e1ad24/library/std/src/../../backtrace/src/backtrace/libunwind.rs:116:5
[INFO] [stdout]    1:     0x5728d30aa67a - std::backtrace_rs::backtrace::trace_unsynchronized::h2da071e4327ce3ee
[INFO] [stdout]                                at /rustc/6067b36314ab5eb2eb47cecc464545ba58e1ad24/library/std/src/../../backtrace/src/backtrace/mod.rs:66:5
[INFO] [stdout]    2:     0x5728d30aa67a - std::sys::backtrace::_print_fmt::h842a1474e6f8d23f
[INFO] [stdout]                                at /rustc/6067b36314ab5eb2eb47cecc464545ba58e1ad24/library/std/src/sys/backtrace.rs:66:9
[INFO] [stdout]    3:     0x5728d30aa67a - <std::sys::backtrace::BacktraceLock::print::DisplayBacktrace as core::fmt::Display>::fmt::h71a62eb3b9696b12
[INFO] [stdout]                                at /rustc/6067b36314ab5eb2eb47cecc464545ba58e1ad24/library/std/src/sys/backtrace.rs:39:26
[INFO] [stdout]    4:     0x5728d30d2f23 - core::fmt::rt::Argument::fmt::hdb6b616786b41dc1
[INFO] [stdout]                                at /rustc/6067b36314ab5eb2eb47cecc464545ba58e1ad24/library/core/src/fmt/rt.rs:177:76
[INFO] [stdout]    5:     0x5728d30d2f23 - core::fmt::write::h2cc1698af7e2d686
[INFO] [stdout]                                at /rustc/6067b36314ab5eb2eb47cecc464545ba58e1ad24/library/core/src/fmt/mod.rs:1440:21
[INFO] [stdout]    6:     0x5728d30a6ef3 - std::io::Write::write_fmt::hab1b4cd059a79022
[INFO] [stdout]                                at /rustc/6067b36314ab5eb2eb47cecc464545ba58e1ad24/library/std/src/io/mod.rs:1887:15
[INFO] [stdout]    7:     0x5728d30aa4c2 - std::sys::backtrace::BacktraceLock::print::h147fe35b4ea13b08
[INFO] [stdout]                                at /rustc/6067b36314ab5eb2eb47cecc464545ba58e1ad24/library/std/src/sys/backtrace.rs:42:9
[INFO] [stdout]    8:     0x5728d30aba9f - std::panicking::default_hook::{{closure}}::hbd44223dbdc0d208
[INFO] [stdout]                                at /rustc/6067b36314ab5eb2eb47cecc464545ba58e1ad24/library/std/src/panicking.rs:298:22
[INFO] [stdout]    9:     0x5728d30ab8b8 - std::panicking::default_hook::h20f81eb0576efcec
[INFO] [stdout]                                at /rustc/6067b36314ab5eb2eb47cecc464545ba58e1ad24/library/std/src/panicking.rs:322:9
[INFO] [stdout]   10:     0x5728d2dc9093 - <alloc::boxed::Box<F,A> as core::ops::function::Fn<Args>>::call::hdb53814c496a4d34
[INFO] [stdout]                                at /rustc/6067b36314ab5eb2eb47cecc464545ba58e1ad24/library/alloc/src/boxed.rs:2027:9
[INFO] [stdout]   11:     0x5728d2dc9093 - test::test_main::{{closure}}::hc0a4963c59427c24
[INFO] [stdout]                                at /rustc/6067b36314ab5eb2eb47cecc464545ba58e1ad24/library/test/src/lib.rs:134:21
[INFO] [stdout]   12:     0x5728d30ac593 - <alloc::boxed::Box<F,A> as core::ops::function::Fn<Args>>::call::h591b2225413a77e9
[INFO] [stdout]                                at /rustc/6067b36314ab5eb2eb47cecc464545ba58e1ad24/library/alloc/src/boxed.rs:2027:9
[INFO] [stdout]   13:     0x5728d30ac593 - std::panicking::rust_panic_with_hook::h625eea43051b2edc
[INFO] [stdout]                                at /rustc/6067b36314ab5eb2eb47cecc464545ba58e1ad24/library/std/src/panicking.rs:839:13
[INFO] [stdout]   14:     0x5728d30ac24a - std::panicking::begin_panic_handler::{{closure}}::h4f9159cfbc3f6bd3
[INFO] [stdout]                                at /rustc/6067b36314ab5eb2eb47cecc464545ba58e1ad24/library/std/src/panicking.rs:704:13
[INFO] [stdout]   15:     0x5728d30aab79 - std::sys::backtrace::__rust_end_short_backtrace::h0390abce48353151
[INFO] [stdout]                                at /rustc/6067b36314ab5eb2eb47cecc464545ba58e1ad24/library/std/src/sys/backtrace.rs:168:18
[INFO] [stdout]   16:     0x5728d30abedd - rust_begin_unwind
[INFO] [stdout]                                at /rustc/6067b36314ab5eb2eb47cecc464545ba58e1ad24/library/std/src/panicking.rs:695:5
[INFO] [stdout]   17:     0x5728d30d15b0 - core::panicking::panic_fmt::h9e7c637e9e5f29c9
[INFO] [stdout]                                at /rustc/6067b36314ab5eb2eb47cecc464545ba58e1ad24/library/core/src/panicking.rs:75:14
[INFO] [stdout]   18:     0x5728d30d1a26 - core::result::unwrap_failed::h7979f09313fe1849
[INFO] [stdout]                                at /rustc/6067b36314ab5eb2eb47cecc464545ba58e1ad24/library/core/src/result.rs:1704:5
[INFO] [stdout]   19:     0x5728d2d83326 - core::result::Result<T,E>::unwrap::h87db683364a14038
[INFO] [stdout]                                at /rustc/6067b36314ab5eb2eb47cecc464545ba58e1ad24/library/core/src/result.rs:1109:23
[INFO] [stdout]   20:     0x5728d2d83326 - igrepper::igrepper::core::tests::snapshot_tests::h220ff64d062d874c
[INFO] [stdout]                                at /opt/rustwide/workdir/src/igrepper/core.rs:240:9
[INFO] [stdout]   21:     0x5728d2d831e7 - igrepper::igrepper::core::tests::snapshot_tests::{{closure}}::h451323646ea11035
[INFO] [stdout]                                at /opt/rustwide/workdir/src/igrepper/core.rs:238:24
[INFO] [stdout]   22:     0x5728d2d64f06 - core::ops::function::FnOnce::call_once::h082f279232f07c98
[INFO] [stdout]                                at /rustc/6067b36314ab5eb2eb47cecc464545ba58e1ad24/library/core/src/ops/function.rs:250:5
[INFO] [stdout]   23:     0x5728d2dce7eb - core::ops::function::FnOnce::call_once::he27718dfdd183f43
[INFO] [stdout]                                at /rustc/6067b36314ab5eb2eb47cecc464545ba58e1ad24/library/core/src/ops/function.rs:250:5
[INFO] [stdout]   24:     0x5728d2dce7eb - test::__rust_begin_short_backtrace::h4e84902998457a5d
[INFO] [stdout]                                at /rustc/6067b36314ab5eb2eb47cecc464545ba58e1ad24/library/test/src/lib.rs:632:18
[INFO] [stdout]   25:     0x5728d2dcd723 - test::run_test_in_process::{{closure}}::h7176fd18fc1feca0
[INFO] [stdout]                                at /rustc/6067b36314ab5eb2eb47cecc464545ba58e1ad24/library/test/src/lib.rs:655:60
[INFO] [stdout]   26:     0x5728d2dcd723 - <core::panic::unwind_safe::AssertUnwindSafe<F> as core::ops::function::FnOnce<()>>::call_once::hf79cff2a624d8cf7
[INFO] [stdout]                                at /rustc/6067b36314ab5eb2eb47cecc464545ba58e1ad24/library/core/src/panic/unwind_safe.rs:272:9
[INFO] [stdout]   27:     0x5728d2dcd723 - std::panicking::try::do_call::h3da0561d9ab99c25
[INFO] [stdout]                                at /rustc/6067b36314ab5eb2eb47cecc464545ba58e1ad24/library/std/src/panicking.rs:587:40
[INFO] [stdout]   28:     0x5728d2dcd723 - std::panicking::try::h41c9fa508bc61df6
[INFO] [stdout]                                at /rustc/6067b36314ab5eb2eb47cecc464545ba58e1ad24/library/std/src/panicking.rs:550:19
[INFO] [stdout]   29:     0x5728d2dcd723 - std::panic::catch_unwind::h6b3ff07bb5afad93
[INFO] [stdout]                                at /rustc/6067b36314ab5eb2eb47cecc464545ba58e1ad24/library/std/src/panic.rs:358:14
[INFO] [stdout]   30:     0x5728d2dcd723 - test::run_test_in_process::hc7253dd11b39b9f4
[INFO] [stdout]                                at /rustc/6067b36314ab5eb2eb47cecc464545ba58e1ad24/library/test/src/lib.rs:655:27
[INFO] [stdout]   31:     0x5728d2dcd723 - test::run_test::{{closure}}::hfb2007f8649c30bb
[INFO] [stdout]                                at /rustc/6067b36314ab5eb2eb47cecc464545ba58e1ad24/library/test/src/lib.rs:576:43
[INFO] [stdout]   32:     0x5728d2d90805 - test::run_test::{{closure}}::h56a17aa7a282a9f4
[INFO] [stdout]                                at /rustc/6067b36314ab5eb2eb47cecc464545ba58e1ad24/library/test/src/lib.rs:606:41
[INFO] [stdout]   33:     0x5728d2d90805 - std::sys::backtrace::__rust_begin_short_backtrace::hd2d2d2fb8e8c6aac
[INFO] [stdout]                                at /rustc/6067b36314ab5eb2eb47cecc464545ba58e1ad24/library/std/src/sys/backtrace.rs:152:18
[INFO] [stdout]   34:     0x5728d2d940ea - std::thread::Builder::spawn_unchecked_::{{closure}}::{{closure}}::h4faa3f9db6133423
[INFO] [stdout]                                at /rustc/6067b36314ab5eb2eb47cecc464545ba58e1ad24/library/std/src/thread/mod.rs:559:17
[INFO] [stdout]   35:     0x5728d2d940ea - <core::panic::unwind_safe::AssertUnwindSafe<F> as core::ops::function::FnOnce<()>>::call_once::hf2e855a36a4ea846
[INFO] [stdout]                                at /rustc/6067b36314ab5eb2eb47cecc464545ba58e1ad24/library/core/src/panic/unwind_safe.rs:272:9
[INFO] [stdout]   36:     0x5728d2d940ea - std::panicking::try::do_call::h2f73af3616c35465
[INFO] [stdout]                                at /rustc/6067b36314ab5eb2eb47cecc464545ba58e1ad24/library/std/src/panicking.rs:587:40
[INFO] [stdout]   37:     0x5728d2d940ea - std::panicking::try::hd1660ce9efadef5a
[INFO] [stdout]                                at /rustc/6067b36314ab5eb2eb47cecc464545ba58e1ad24/library/std/src/panicking.rs:550:19
[INFO] [stdout]   38:     0x5728d2d940ea - std::panic::catch_unwind::h5ee8d7823b8ca744
[INFO] [stdout]                                at /rustc/6067b36314ab5eb2eb47cecc464545ba58e1ad24/library/std/src/panic.rs:358:14
[INFO] [stdout]   39:     0x5728d2d940ea - std::thread::Builder::spawn_unchecked_::{{closure}}::h53c3a1894dce8407
[INFO] [stdout]                                at /rustc/6067b36314ab5eb2eb47cecc464545ba58e1ad24/library/std/src/thread/mod.rs:557:30
[INFO] [stdout]   40:     0x5728d2d940ea - core::ops::function::FnOnce::call_once{{vtable.shim}}::h048ce291ad4f62bf
[INFO] [stdout]                                at /rustc/6067b36314ab5eb2eb47cecc464545ba58e1ad24/library/core/src/ops/function.rs:250:5
[INFO] [stdout]   41:     0x5728d30b0a3b - <alloc::boxed::Box<F,A> as core::ops::function::FnOnce<Args>>::call_once::ha52bedf99a3b4981
[INFO] [stdout]                                at /rustc/6067b36314ab5eb2eb47cecc464545ba58e1ad24/library/alloc/src/boxed.rs:2013:9
[INFO] [stdout]   42:     0x5728d30b0a3b - <alloc::boxed::Box<F,A> as core::ops::function::FnOnce<Args>>::call_once::h567748934d80ccf8
[INFO] [stdout]                                at /rustc/6067b36314ab5eb2eb47cecc464545ba58e1ad24/library/alloc/src/boxed.rs:2013:9
[INFO] [stdout]   43:     0x5728d30b0a3b - std::sys::pal::unix::thread::Thread::new::thread_start::h2d970728ae887adc
[INFO] [stdout]                                at /rustc/6067b36314ab5eb2eb47cecc464545ba58e1ad24/library/std/src/sys/pal/unix/thread.rs:106:17
[INFO] [stdout]   44:     0x7d34ea9a0ac3 - <unknown>
[INFO] [stdout]   45:     0x7d34eaa31a04 - clone
[INFO] [stdout]   46:                0x0 - <unknown>
[INFO] [stdout] 
[INFO] [stdout] 
[INFO] [stdout] failures:
[INFO] [stdout]     igrepper::core::tests::snapshot_tests
[INFO] [stdout] 
[INFO] [stdout] test result: FAILED. 28 passed; 1 failed; 0 ignored; 0 measured; 0 filtered out; finished in 0.11s
[INFO] [stdout] 
[INFO] [stderr] error: test failed, to rerun pass `--bin igrepper`
[INFO] running `Command { std: "docker" "inspect" "bbb819d49394211a0a7624f1c3bcac2fd809243036959a5d28af599278384ea2", kill_on_drop: false }`
[INFO] running `Command { std: "docker" "rm" "-f" "bbb819d49394211a0a7624f1c3bcac2fd809243036959a5d28af599278384ea2", kill_on_drop: false }`
[INFO] [stdout] bbb819d49394211a0a7624f1c3bcac2fd809243036959a5d28af599278384ea2
