[INFO] fetching crate ics-watcher 0.1.1...
[INFO] testing ics-watcher-0.1.1 against nightly-2025-01-18+rustflags=-Zrandomize-layout for randomize-layout-2
[INFO] extracting crate ics-watcher 0.1.1 into /workspace/builds/worker-2-tc2/source
[INFO] validating manifest of crates.io crate ics-watcher 0.1.1 on toolchain nightly-2025-01-18
[INFO] running `Command { std: CARGO_HOME="/workspace/cargo-home" RUSTUP_HOME="/workspace/rustup-home" "/workspace/cargo-home/bin/cargo" "+nightly-2025-01-18" "metadata" "--manifest-path" "Cargo.toml" "--no-deps", kill_on_drop: false }`
[INFO] started tweaking crates.io crate ics-watcher 0.1.1
[INFO] finished tweaking crates.io crate ics-watcher 0.1.1
[INFO] tweaked toml for crates.io crate ics-watcher 0.1.1 written to /workspace/builds/worker-2-tc2/source/Cargo.toml
[INFO] crate crates.io crate ics-watcher 0.1.1 already has a lockfile, it will not be regenerated
[INFO] running `Command { std: CARGO_HOME="/workspace/cargo-home" RUSTUP_HOME="/workspace/rustup-home" "/workspace/cargo-home/bin/cargo" "+nightly-2025-01-18" "fetch" "--manifest-path" "Cargo.toml", kill_on_drop: false }`
[INFO] running `Command { std: "docker" "create" "-v" "/var/lib/crater-agent-workspace/builds/worker-2-tc2/target:/opt/rustwide/target:rw,Z" "-v" "/var/lib/crater-agent-workspace/builds/worker-2-tc2/source:/opt/rustwide/workdir:ro,Z" "-v" "/var/lib/crater-agent-workspace/cargo-home:/opt/rustwide/cargo-home:ro,Z" "-v" "/var/lib/crater-agent-workspace/rustup-home:/opt/rustwide/rustup-home:ro,Z" "-e" "SOURCE_DIR=/opt/rustwide/workdir" "-e" "CARGO_TARGET_DIR=/opt/rustwide/target" "-e" "CARGO_HOME=/opt/rustwide/cargo-home" "-e" "RUSTUP_HOME=/opt/rustwide/rustup-home" "-w" "/opt/rustwide/workdir" "-m" "1610612736" "--user" "0:0" "--network" "none" "ghcr.io/rust-lang/crates-build-env/linux@sha256:819108c5571ea2e421544af4d832f968d213c87fbe3707a016657f43d2f853bc" "/opt/rustwide/cargo-home/bin/cargo" "+nightly-2025-01-18" "metadata" "--no-deps" "--format-version=1", kill_on_drop: false }`
[INFO] [stdout] 2c8b149c692e1453cedf2702e81ac9d492acd6e6d5314a66e0c1ff55bf0e4e8b
[INFO] running `Command { std: "docker" "start" "-a" "2c8b149c692e1453cedf2702e81ac9d492acd6e6d5314a66e0c1ff55bf0e4e8b", kill_on_drop: false }`
[INFO] running `Command { std: "docker" "inspect" "2c8b149c692e1453cedf2702e81ac9d492acd6e6d5314a66e0c1ff55bf0e4e8b", kill_on_drop: false }`
[INFO] running `Command { std: "docker" "rm" "-f" "2c8b149c692e1453cedf2702e81ac9d492acd6e6d5314a66e0c1ff55bf0e4e8b", kill_on_drop: false }`
[INFO] [stdout] 2c8b149c692e1453cedf2702e81ac9d492acd6e6d5314a66e0c1ff55bf0e4e8b
[INFO] running `Command { std: "docker" "create" "-v" "/var/lib/crater-agent-workspace/builds/worker-2-tc2/target:/opt/rustwide/target:rw,Z" "-v" "/var/lib/crater-agent-workspace/builds/worker-2-tc2/source:/opt/rustwide/workdir:ro,Z" "-v" "/var/lib/crater-agent-workspace/cargo-home:/opt/rustwide/cargo-home:ro,Z" "-v" "/var/lib/crater-agent-workspace/rustup-home:/opt/rustwide/rustup-home:ro,Z" "-e" "SOURCE_DIR=/opt/rustwide/workdir" "-e" "CARGO_TARGET_DIR=/opt/rustwide/target" "-e" "CARGO_INCREMENTAL=0" "-e" "RUST_BACKTRACE=full" "-e" "RUSTFLAGS=--cap-lints=forbid -Zrandomize-layout" "-e" "RUSTDOCFLAGS=--cap-lints=forbid" "-e" "CARGO_HOME=/opt/rustwide/cargo-home" "-e" "RUSTUP_HOME=/opt/rustwide/rustup-home" "-w" "/opt/rustwide/workdir" "-m" "1610612736" "--user" "0:0" "--network" "none" "ghcr.io/rust-lang/crates-build-env/linux@sha256:819108c5571ea2e421544af4d832f968d213c87fbe3707a016657f43d2f853bc" "/opt/rustwide/cargo-home/bin/cargo" "+nightly-2025-01-18" "build" "--frozen" "--message-format=json", kill_on_drop: false }`
[INFO] [stdout] e61ba400b5ba12e904eb3eba2c1c14fe2f0ac877331d0244242179aa79d6205c
[INFO] running `Command { std: "docker" "start" "-a" "e61ba400b5ba12e904eb3eba2c1c14fe2f0ac877331d0244242179aa79d6205c", kill_on_drop: false }`
[INFO] [stderr]    Compiling proc-macro2 v1.0.92
[INFO] [stderr]    Compiling shlex v1.3.0
[INFO] [stderr]    Compiling smallvec v1.13.2
[INFO] [stderr]    Compiling memchr v2.7.4
[INFO] [stderr]    Compiling fnv v1.0.7
[INFO] [stderr]    Compiling bytes v1.9.0
[INFO] [stderr]    Compiling futures-sink v0.3.31
[INFO] [stderr]    Compiling stable_deref_trait v1.2.0
[INFO] [stderr]    Compiling serde v1.0.217
[INFO] [stderr]    Compiling futures-io v0.3.31
[INFO] [stderr]    Compiling litemap v0.7.4
[INFO] [stderr]    Compiling writeable v0.5.5
[INFO] [stderr]    Compiling mio v1.0.3
[INFO] [stderr]    Compiling socket2 v0.5.8
[INFO] [stderr]    Compiling icu_locid_transform_data v1.5.0
[INFO] [stderr]    Compiling httparse v1.9.5
[INFO] [stderr]    Compiling hashbrown v0.15.2
[INFO] [stderr]    Compiling rustls-pki-types v1.10.1
[INFO] [stderr]    Compiling futures-channel v0.3.31
[INFO] [stderr]    Compiling vcpkg v0.2.15
[INFO] [stderr]    Compiling tracing v0.1.41
[INFO] [stderr]    Compiling atomic-waker v1.1.2
[INFO] [stderr]    Compiling cc v1.2.7
[INFO] [stderr]    Compiling try-lock v0.2.5
[INFO] [stderr]    Compiling siphasher v1.0.1
[INFO] [stderr]    Compiling icu_properties_data v1.5.0
[INFO] [stderr]    Compiling parking_lot_core v0.9.10
[INFO] [stderr]    Compiling openssl-probe v0.1.5
[INFO] [stderr]    Compiling want v0.3.1
[INFO] [stderr]    Compiling getrandom v0.2.15
[INFO] [stderr]    Compiling write16 v1.0.0
[INFO] [stderr]    Compiling httpdate v1.0.3
[INFO] [stderr]    Compiling icu_normalizer_data v1.5.0
[INFO] [stderr]    Compiling utf8_iter v1.0.4
[INFO] [stderr]    Compiling parking_lot v0.12.3
[INFO] [stderr]    Compiling spin v0.9.8
[INFO] [stderr]    Compiling tower-service v0.3.3
[INFO] [stderr]    Compiling utf16_iter v1.0.5
[INFO] [stderr]    Compiling untrusted v0.9.0
[INFO] [stderr]    Compiling indexmap v2.7.0
[INFO] [stderr]    Compiling rustls v0.23.21
[INFO] [stderr]    Compiling strsim v0.11.1
[INFO] [stderr]    Compiling percent-encoding v2.3.1
[INFO] [stderr]    Compiling log v0.4.22
[INFO] [stderr]    Compiling http v1.2.0
[INFO] [stderr]    Compiling rand_core v0.6.4
[INFO] [stderr]    Compiling ident_case v1.0.1
[INFO] [stderr]    Compiling regex-syntax v0.8.5
[INFO] [stderr]    Compiling phf_shared v0.11.3
[INFO] [stderr]    Compiling num-traits v0.2.19
[INFO] [stderr]    Compiling openssl v0.10.68
[INFO] [stderr]    Compiling form_urlencoded v1.2.1
[INFO] [stderr]    Compiling quote v1.0.38
[INFO] [stderr]    Compiling foreign-types-shared v0.1.1
[INFO] [stderr]    Compiling rand v0.8.5
[INFO] [stderr]    Compiling zeroize v1.8.1
[INFO] [stderr]    Compiling subtle v2.6.1
[INFO] [stderr]    Compiling foreign-types v0.3.2
[INFO] [stderr]    Compiling serde_json v1.0.135
[INFO] [stderr]    Compiling native-tls v0.2.12
[INFO] [stderr]    Compiling bitflags v2.7.0
[INFO] [stderr]    Compiling rustls-native-certs v0.8.1
[INFO] [stderr]    Compiling syn v2.0.96
[INFO] [stderr]    Compiling rustls-pemfile v2.2.0
[INFO] [stderr]    Compiling base64 v0.22.1
[INFO] [stderr]    Compiling iana-time-zone v0.1.61
[INFO] [stderr]    Compiling aho-corasick v1.1.3
[INFO] [stderr]    Compiling seahash v4.1.0
[INFO] [stderr]    Compiling mime v0.3.17
[INFO] [stderr]    Compiling itertools v0.13.0
[INFO] [stderr]    Compiling thiserror v1.0.69
[INFO] [stderr]    Compiling sync_wrapper v1.0.2
[INFO] [stderr]    Compiling half v2.4.1
[INFO] [stderr]    Compiling ciborium-io v0.2.2
[INFO] [stderr]    Compiling tower-layer v0.3.3
[INFO] [stderr]    Compiling encoding_rs v0.8.35
[INFO] [stderr]    Compiling ipnet v2.10.1
[INFO] [stderr]    Compiling phf v0.11.3
[INFO] [stderr]    Compiling http-body v1.0.1
[INFO] [stderr]    Compiling dotenv v0.15.0
[INFO] [stderr]    Compiling phf_generator v0.11.3
[INFO] [stderr]    Compiling phf_codegen v0.11.3
[INFO] [stderr]    Compiling ciborium-ll v0.2.2
[INFO] [stderr]    Compiling ring v0.17.8
[INFO] [stderr]    Compiling openssl-sys v0.9.104
[INFO] [stderr]    Compiling regex-automata v0.4.9
[INFO] [stderr]    Compiling regex v1.11.1
[INFO] [stderr]    Compiling parse-zoneinfo v0.3.1
[INFO] [stderr]    Compiling chrono-tz-build v0.4.0
[INFO] [stderr]    Compiling synstructure v0.13.1
[INFO] [stderr]    Compiling darling_core v0.20.10
[INFO] [stderr]    Compiling chrono-tz v0.10.0
[INFO] [stderr]    Compiling zerovec-derive v0.10.3
[INFO] [stderr]    Compiling displaydoc v0.2.5
[INFO] [stderr]    Compiling serde_derive v1.0.217
[INFO] [stderr]    Compiling tokio-macros v2.5.0
[INFO] [stderr]    Compiling futures-macro v0.3.31
[INFO] [stderr]    Compiling icu_provider_macros v1.5.0
[INFO] [stderr]    Compiling openssl-macros v0.1.1
[INFO] [stderr]    Compiling async-trait v0.1.85
[INFO] [stderr]    Compiling thiserror-impl v1.0.69
[INFO] [stderr]    Compiling zerofrom-derive v0.1.5
[INFO] [stderr]    Compiling yoke-derive v0.7.5
[INFO] [stderr]    Compiling tokio v1.43.0
[INFO] [stderr]    Compiling sanitize-filename v0.6.0
[INFO] [stderr]    Compiling futures-util v0.3.31
[INFO] [stderr]    Compiling rustls-webpki v0.102.8
[INFO] [stderr]    Compiling zerofrom v0.1.5
[INFO] [stderr]    Compiling yoke v0.7.5
[INFO] [stderr]    Compiling darling_macro v0.20.10
[INFO] [stderr]    Compiling zerovec v0.10.4
[INFO] [stderr]    Compiling darling v0.20.10
[INFO] [stderr]    Compiling serde_with_macros v3.12.0
[INFO] [stderr]    Compiling tinystr v0.7.6
[INFO] [stderr]    Compiling icu_collections v1.5.0
[INFO] [stderr]    Compiling icu_locid v1.5.0
[INFO] [stderr]    Compiling icu_provider v1.5.0
[INFO] [stderr]    Compiling icu_locid_transform v1.5.0
[INFO] [stderr]    Compiling http-body-util v0.1.2
[INFO] [stderr]    Compiling futures-executor v0.3.31
[INFO] [stderr]    Compiling futures v0.3.31
[INFO] [stderr]    Compiling icu_properties v1.5.1
[INFO] [stderr]    Compiling tokio-util v0.7.13
[INFO] [stderr]    Compiling tokio-rustls v0.26.1
[INFO] [stderr]    Compiling tokio-native-tls v0.3.1
[INFO] [stderr]    Compiling tower v0.5.2
[INFO] [stderr]    Compiling deranged v0.3.11
[INFO] [stderr]    Compiling chrono v0.4.39
[INFO] [stderr]    Compiling serde_with v3.12.0
[INFO] [stderr]    Compiling serde_urlencoded v0.7.1
[INFO] [stderr]    Compiling ical v0.11.0
[INFO] [stderr]    Compiling ciborium v0.2.2
[INFO] [stderr]    Compiling h2 v0.4.7
[INFO] [stderr]    Compiling icu_normalizer v1.5.0
[INFO] [stderr]    Compiling time v0.3.37
[INFO] [stderr]    Compiling idna_adapter v1.2.0
[INFO] [stderr]    Compiling idna v1.0.3
[INFO] [stderr]    Compiling url v2.5.4
[INFO] [stderr]    Compiling hyper v1.5.2
[INFO] [stderr]    Compiling hyper-util v0.1.10
[INFO] [stderr]    Compiling hyper-rustls v0.27.5
[INFO] [stderr]    Compiling hyper-tls v0.6.0
[INFO] [stderr]    Compiling reqwest v0.12.12
[INFO] [stderr]    Compiling yup-oauth2 v11.0.0
[INFO] [stderr]    Compiling google-apis-common v7.0.0
[INFO] [stderr]    Compiling google-calendar3 v6.0.0+20240523
[INFO] [stderr]    Compiling ics-watcher v0.1.1 (/opt/rustwide/workdir)
[INFO] [stderr]     Finished `dev` profile [unoptimized + debuginfo] target(s) in 44.06s
[INFO] running `Command { std: "docker" "inspect" "e61ba400b5ba12e904eb3eba2c1c14fe2f0ac877331d0244242179aa79d6205c", kill_on_drop: false }`
[INFO] running `Command { std: "docker" "rm" "-f" "e61ba400b5ba12e904eb3eba2c1c14fe2f0ac877331d0244242179aa79d6205c", kill_on_drop: false }`
[INFO] [stdout] e61ba400b5ba12e904eb3eba2c1c14fe2f0ac877331d0244242179aa79d6205c
[INFO] running `Command { std: "docker" "create" "-v" "/var/lib/crater-agent-workspace/builds/worker-2-tc2/target:/opt/rustwide/target:rw,Z" "-v" "/var/lib/crater-agent-workspace/builds/worker-2-tc2/source:/opt/rustwide/workdir:ro,Z" "-v" "/var/lib/crater-agent-workspace/cargo-home:/opt/rustwide/cargo-home:ro,Z" "-v" "/var/lib/crater-agent-workspace/rustup-home:/opt/rustwide/rustup-home:ro,Z" "-e" "SOURCE_DIR=/opt/rustwide/workdir" "-e" "CARGO_TARGET_DIR=/opt/rustwide/target" "-e" "CARGO_INCREMENTAL=0" "-e" "RUST_BACKTRACE=full" "-e" "RUSTFLAGS=--cap-lints=forbid -Zrandomize-layout" "-e" "RUSTDOCFLAGS=--cap-lints=forbid" "-e" "CARGO_HOME=/opt/rustwide/cargo-home" "-e" "RUSTUP_HOME=/opt/rustwide/rustup-home" "-w" "/opt/rustwide/workdir" "-m" "1610612736" "--user" "0:0" "--network" "none" "ghcr.io/rust-lang/crates-build-env/linux@sha256:819108c5571ea2e421544af4d832f968d213c87fbe3707a016657f43d2f853bc" "/opt/rustwide/cargo-home/bin/cargo" "+nightly-2025-01-18" "test" "--frozen" "--no-run" "--message-format=json", kill_on_drop: false }`
[INFO] [stdout] 21891f91ee5cb2e4a0b43f153570eb6cd93d1b3693c894bf4e6878e494c2db6b
[INFO] running `Command { std: "docker" "start" "-a" "21891f91ee5cb2e4a0b43f153570eb6cd93d1b3693c894bf4e6878e494c2db6b", kill_on_drop: false }`
[INFO] [stderr]    Compiling ics-watcher v0.1.1 (/opt/rustwide/workdir)
[INFO] [stderr]     Finished `test` profile [unoptimized + debuginfo] target(s) in 1.52s
[INFO] running `Command { std: "docker" "inspect" "21891f91ee5cb2e4a0b43f153570eb6cd93d1b3693c894bf4e6878e494c2db6b", kill_on_drop: false }`
[INFO] running `Command { std: "docker" "rm" "-f" "21891f91ee5cb2e4a0b43f153570eb6cd93d1b3693c894bf4e6878e494c2db6b", kill_on_drop: false }`
[INFO] [stdout] 21891f91ee5cb2e4a0b43f153570eb6cd93d1b3693c894bf4e6878e494c2db6b
[INFO] running `Command { std: "docker" "create" "-v" "/var/lib/crater-agent-workspace/builds/worker-2-tc2/target:/opt/rustwide/target:rw,Z" "-v" "/var/lib/crater-agent-workspace/builds/worker-2-tc2/source:/opt/rustwide/workdir:ro,Z" "-v" "/var/lib/crater-agent-workspace/cargo-home:/opt/rustwide/cargo-home:ro,Z" "-v" "/var/lib/crater-agent-workspace/rustup-home:/opt/rustwide/rustup-home:ro,Z" "-e" "SOURCE_DIR=/opt/rustwide/workdir" "-e" "CARGO_TARGET_DIR=/opt/rustwide/target" "-e" "CARGO_INCREMENTAL=0" "-e" "RUST_BACKTRACE=full" "-e" "RUSTFLAGS=--cap-lints=forbid -Zrandomize-layout" "-e" "RUSTDOCFLAGS=--cap-lints=forbid" "-e" "CARGO_HOME=/opt/rustwide/cargo-home" "-e" "RUSTUP_HOME=/opt/rustwide/rustup-home" "-w" "/opt/rustwide/workdir" "-m" "1610612736" "--user" "0:0" "--network" "none" "ghcr.io/rust-lang/crates-build-env/linux@sha256:819108c5571ea2e421544af4d832f968d213c87fbe3707a016657f43d2f853bc" "/opt/rustwide/cargo-home/bin/cargo" "+nightly-2025-01-18" "test" "--frozen", kill_on_drop: false }`
[INFO] [stdout] 21ee24bdae5827ab17f28aa11c915b3b7c1d4240b7f53bd75b1b010c9ac5e74d
[INFO] running `Command { std: "docker" "start" "-a" "21ee24bdae5827ab17f28aa11c915b3b7c1d4240b7f53bd75b1b010c9ac5e74d", kill_on_drop: false }`
[INFO] [stderr]     Finished `test` profile [unoptimized + debuginfo] target(s) in 0.20s
[INFO] [stderr]      Running unittests src/lib.rs (/opt/rustwide/target/debug/deps/ics_watcher-3fc5e7ef8f3e8f7b)
[INFO] [stdout] 
[INFO] [stdout] running 12 tests
[INFO] [stdout] test tests::cmp_added_param ... ok
[INFO] [stdout] test tests::cmp_added_property ... ok
[INFO] [stdout] test tests::cmp_different_param_keys ... ok
[INFO] [stdout] test tests::cmp_different_properties ... ok
[INFO] [stdout] test tests::cmp_different_param_values ... ok
[INFO] [stdout] test tests::cmp_different_params ... ok
[INFO] [stdout] test tests::cmp_different_properties_no_value ... ok
[INFO] [stdout] test tests::cmp_no_properties ... ok
[INFO] [stdout] test tests::cmp_removed_param ... ok
[INFO] [stdout] test tests::cmp_removed_property ... ok
[INFO] [stdout] test tests::cmp_same_params ... ok
[INFO] [stdout] test tests::cmp_same_properties ... ok
[INFO] [stdout] 
[INFO] [stdout] test result: ok. 12 passed; 0 failed; 0 ignored; 0 measured; 0 filtered out; finished in 0.00s
[INFO] [stdout] 
[INFO] [stderr]      Running unittests src/main.rs (/opt/rustwide/target/debug/deps/ics_watcher-ff897a4a8839cd13)
[INFO] [stdout] 
[INFO] [stdout] running 0 tests
[INFO] [stdout] 
[INFO] [stdout] test result: ok. 0 passed; 0 failed; 0 ignored; 0 measured; 0 filtered out; finished in 0.00s
[INFO] [stdout] 
[INFO] [stderr]    Doc-tests ics_watcher
[INFO] [stdout] 
[INFO] [stdout] running 4 tests
[INFO] [stdout] test src/lib.rs - PropertyChange (line 143) ... FAILED
[INFO] [stdout] test src/lib.rs - log_events (line 437) ... FAILED
[INFO] [stdout] test src/lib.rs - ICSWatcher (line 322) ... FAILED
[INFO] [stdout] test src/lib.rs - tum_google_sync (line 881) ... FAILED
[INFO] [stdout] 
[INFO] [stdout] failures:
[INFO] [stdout] 
[INFO] [stdout] ---- src/lib.rs - PropertyChange (line 143) stdout ----
[INFO] [stdout] error[E0422]: cannot find struct, variant or union type `PropertyChange` in this scope
[INFO] [stdout]  --> src/lib.rs:145:1
[INFO] [stdout]   |
[INFO] [stdout] 4 | PropertyChange {
[INFO] [stdout]   | ^^^^^^^^^^^^^^ not found in this scope
[INFO] [stdout]   |
[INFO] [stdout] help: consider importing this struct
[INFO] [stdout]   |
[INFO] [stdout] 3 + use ics_watcher::PropertyChange;
[INFO] [stdout]   |
[INFO] [stdout] 
[INFO] [stdout] error[E0422]: cannot find struct, variant or union type `Property` in this scope
[INFO] [stdout]  --> src/lib.rs:148:14
[INFO] [stdout]   |
[INFO] [stdout] 7 |     to: Some(Property {
[INFO] [stdout]   |              ^^^^^^^^ not found in this scope
[INFO] [stdout]   |
[INFO] [stdout] help: consider importing this struct
[INFO] [stdout]   |
[INFO] [stdout] 3 + use ical::property::Property;
[INFO] [stdout]   |
[INFO] [stdout] 
[INFO] [stdout] error: aborting due to 2 previous errors
[INFO] [stdout] 
[INFO] [stdout] For more information about this error, try `rustc --explain E0422`.
[INFO] [stdout] Couldn't compile the test.
[INFO] [stdout] ---- src/lib.rs - log_events (line 437) stdout ----
[INFO] [stdout] error[E0433]: failed to resolve: use of undeclared type `ICSWatcher`
[INFO] [stdout]  --> src/lib.rs:439:23
[INFO] [stdout]   |
[INFO] [stdout] 5 | let mut ics_watcher = ICSWatcher::new(
[INFO] [stdout]   |                       ^^^^^^^^^^ use of undeclared type `ICSWatcher`
[INFO] [stdout]   |
[INFO] [stdout] help: consider importing this struct
[INFO] [stdout]   |
[INFO] [stdout] 2 + use ics_watcher::ICSWatcher;
[INFO] [stdout]   |
[INFO] [stdout] 
[INFO] [stdout] error[E0425]: cannot find function `log_events` in this scope
[INFO] [stdout]  --> src/lib.rs:442:50
[INFO] [stdout]   |
[INFO] [stdout] 8 |         Box::new(|a, b, e| Box::pin(async move { log_events(a, b, e).await })),
[INFO] [stdout]   |                                                  ^^^^^^^^^^ not found in this scope
[INFO] [stdout]   |
[INFO] [stdout] help: consider importing this function
[INFO] [stdout]   |
[INFO] [stdout] 2 + use ics_watcher::log_events;
[INFO] [stdout]   |
[INFO] [stdout] 
[INFO] [stdout] error[E0728]: `await` is only allowed inside `async` functions and blocks
[INFO] [stdout]   --> src/lib.rs:450:6
[INFO] [stdout]    |
[INFO] [stdout] 4  | fn main() { #[allow(non_snake_case)] fn _doctest_main_src_lib_rs_437_0() {
[INFO] [stdout]    |                                      ----------------------------------- this is not `async`
[INFO] [stdout] ...
[INFO] [stdout] 16 |     .await
[INFO] [stdout]    |      ^^^^^ only allowed inside `async` functions and blocks
[INFO] [stdout] 
[INFO] [stdout] error: aborting due to 3 previous errors
[INFO] [stdout] 
[INFO] [stdout] Some errors have detailed explanations: E0425, E0433, E0728.
[INFO] [stdout] For more information about an error, try `rustc --explain E0425`.
[INFO] [stdout] Couldn't compile the test.
[INFO] [stdout] ---- src/lib.rs - ICSWatcher (line 322) stdout ----
[INFO] [stdout] error[E0433]: failed to resolve: use of undeclared type `ICSWatcher`
[INFO] [stdout]  --> src/lib.rs:324:23
[INFO] [stdout]   |
[INFO] [stdout] 5 | let mut ics_watcher = ICSWatcher::new(
[INFO] [stdout]   |                       ^^^^^^^^^^ use of undeclared type `ICSWatcher`
[INFO] [stdout]   |
[INFO] [stdout] help: consider importing this struct
[INFO] [stdout]   |
[INFO] [stdout] 2 + use ics_watcher::ICSWatcher;
[INFO] [stdout]   |
[INFO] [stdout] 
[INFO] [stdout] error[E0425]: cannot find function `log_events` in this scope
[INFO] [stdout]  --> src/lib.rs:327:50
[INFO] [stdout]   |
[INFO] [stdout] 8 |         Box::new(|a, b, e| Box::pin(async move { log_events(a, b, e).await })),
[INFO] [stdout]   |                                                  ^^^^^^^^^^ not found in this scope
[INFO] [stdout]   |
[INFO] [stdout] help: consider importing this function
[INFO] [stdout]   |
[INFO] [stdout] 2 + use ics_watcher::log_events;
[INFO] [stdout]   |
[INFO] [stdout] 
[INFO] [stdout] error[E0728]: `await` is only allowed inside `async` functions and blocks
[INFO] [stdout]   --> src/lib.rs:335:6
[INFO] [stdout]    |
[INFO] [stdout] 4  | fn main() { #[allow(non_snake_case)] fn _doctest_main_src_lib_rs_322_0() {
[INFO] [stdout]    |                                      ----------------------------------- this is not `async`
[INFO] [stdout] ...
[INFO] [stdout] 16 |     .await
[INFO] [stdout]    |      ^^^^^ only allowed inside `async` functions and blocks
[INFO] [stdout] 
[INFO] [stdout] error: aborting due to 3 previous errors
[INFO] [stdout] 
[INFO] [stdout] Some errors have detailed explanations: E0425, E0433, E0728.
[INFO] [stdout] For more information about an error, try `rustc --explain E0425`.
[INFO] [stdout] Couldn't compile the test.
[INFO] [stdout] ---- src/lib.rs - tum_google_sync (line 881) stdout ----
[INFO] [stdout] error[E0433]: failed to resolve: use of undeclared type `ICSWatcher`
[INFO] [stdout]  --> src/lib.rs:883:23
[INFO] [stdout]   |
[INFO] [stdout] 5 | let mut ics_watcher = ICSWatcher::new(
[INFO] [stdout]   |                       ^^^^^^^^^^ use of undeclared type `ICSWatcher`
[INFO] [stdout]   |
[INFO] [stdout] help: consider importing this struct
[INFO] [stdout]   |
[INFO] [stdout] 2 + use ics_watcher::ICSWatcher;
[INFO] [stdout]   |
[INFO] [stdout] 
[INFO] [stdout] error[E0425]: cannot find value `tum_url` in this scope
[INFO] [stdout]  --> src/lib.rs:884:5
[INFO] [stdout]   |
[INFO] [stdout] 6 |     tum_url.as_str(),
[INFO] [stdout]   |     ^^^^^^^ not found in this scope
[INFO] [stdout] 
[INFO] [stdout] error[E0425]: cannot find value `google_calendar_id` in this scope
[INFO] [stdout]  --> src/lib.rs:887:31
[INFO] [stdout]   |
[INFO] [stdout] 9 |             let calendar_id = google_calendar_id.clone();
[INFO] [stdout]   |                               ^^^^^^^^^^^^^^^^^^ not found in this scope
[INFO] [stdout] 
[INFO] [stdout] error[E0425]: cannot find function `tum_google_sync` in this scope
[INFO] [stdout]   --> src/lib.rs:888:35
[INFO] [stdout]    |
[INFO] [stdout] 10 |             Box::pin(async move { tum_google_sync(&calendar_id, a, b, e).await })
[INFO] [stdout]    |                                   ^^^^^^^^^^^^^^^ not found in this scope
[INFO] [stdout]    |
[INFO] [stdout] help: consider importing this function
[INFO] [stdout]    |
[INFO] [stdout] 2  + use ics_watcher::tum_google_sync;
[INFO] [stdout]    |
[INFO] [stdout] 
[INFO] [stdout] error[E0728]: `await` is only allowed inside `async` functions and blocks
[INFO] [stdout]   --> src/lib.rs:896:6
[INFO] [stdout]    |
[INFO] [stdout] 4  | fn main() { #[allow(non_snake_case)] fn _doctest_main_src_lib_rs_881_0() {
[INFO] [stdout]    |                                      ----------------------------------- this is not `async`
[INFO] [stdout] ...
[INFO] [stdout] 18 |     .await
[INFO] [stdout]    |      ^^^^^ only allowed inside `async` functions and blocks
[INFO] [stdout] 
[INFO] [stdout] error: aborting due to 5 previous errors
[INFO] [stdout] 
[INFO] [stdout] Some errors have detailed explanations: E0425, E0433, E0728.
[INFO] [stdout] For more information about an error, try `rustc --explain E0425`.
[INFO] [stdout] Couldn't compile the test.
[INFO] [stdout] 
[INFO] [stdout] failures:
[INFO] [stdout]     src/lib.rs - ICSWatcher (line 322)
[INFO] [stdout]     src/lib.rs - PropertyChange (line 143)
[INFO] [stdout]     src/lib.rs - log_events (line 437)
[INFO] [stdout]     src/lib.rs - tum_google_sync (line 881)
[INFO] [stdout] 
[INFO] [stdout] test result: FAILED. 0 passed; 4 failed; 0 ignored; 0 measured; 0 filtered out; finished in 0.12s
[INFO] [stdout] 
[INFO] [stderr] error: doctest failed, to rerun pass `--doc`
[INFO] running `Command { std: "docker" "inspect" "21ee24bdae5827ab17f28aa11c915b3b7c1d4240b7f53bd75b1b010c9ac5e74d", kill_on_drop: false }`
[INFO] running `Command { std: "docker" "rm" "-f" "21ee24bdae5827ab17f28aa11c915b3b7c1d4240b7f53bd75b1b010c9ac5e74d", kill_on_drop: false }`
[INFO] [stdout] 21ee24bdae5827ab17f28aa11c915b3b7c1d4240b7f53bd75b1b010c9ac5e74d
