[INFO] fetching crate icon_utils 0.1.1...
[INFO] testing icon_utils-0.1.1 against nightly-2025-01-18+rustflags=-Zrandomize-layout for randomize-layout-2
[INFO] extracting crate icon_utils 0.1.1 into /workspace/builds/worker-4-tc2/source
[INFO] validating manifest of crates.io crate icon_utils 0.1.1 on toolchain nightly-2025-01-18
[INFO] running `Command { std: CARGO_HOME="/workspace/cargo-home" RUSTUP_HOME="/workspace/rustup-home" "/workspace/cargo-home/bin/cargo" "+nightly-2025-01-18" "metadata" "--manifest-path" "Cargo.toml" "--no-deps", kill_on_drop: false }`
[INFO] started tweaking crates.io crate icon_utils 0.1.1
[INFO] finished tweaking crates.io crate icon_utils 0.1.1
[INFO] tweaked toml for crates.io crate icon_utils 0.1.1 written to /workspace/builds/worker-4-tc2/source/Cargo.toml
[INFO] running `Command { std: CARGO_HOME="/workspace/cargo-home" RUSTUP_HOME="/workspace/rustup-home" "/workspace/cargo-home/bin/cargo" "+nightly-2025-01-18" "generate-lockfile" "--manifest-path" "Cargo.toml", kill_on_drop: false }`
[INFO] [stderr]     Updating crates.io index
[INFO] [stderr]      Locking 64 packages to latest compatible versions
[INFO] [stderr]       Adding base64 v0.21.7 (available: v0.22.1)
[INFO] [stderr]       Adding k256 v0.11.6 (available: v0.13.4)
[INFO] [stderr]       Adding thiserror v1.0.69 (available: v2.0.11)
[INFO] running `Command { std: CARGO_HOME="/workspace/cargo-home" RUSTUP_HOME="/workspace/rustup-home" "/workspace/cargo-home/bin/cargo" "+nightly-2025-01-18" "fetch" "--manifest-path" "Cargo.toml", kill_on_drop: false }`
[INFO] running `Command { std: "docker" "create" "-v" "/var/lib/crater-agent-workspace/builds/worker-4-tc2/target:/opt/rustwide/target:rw,Z" "-v" "/var/lib/crater-agent-workspace/builds/worker-4-tc2/source:/opt/rustwide/workdir:ro,Z" "-v" "/var/lib/crater-agent-workspace/cargo-home:/opt/rustwide/cargo-home:ro,Z" "-v" "/var/lib/crater-agent-workspace/rustup-home:/opt/rustwide/rustup-home:ro,Z" "-e" "SOURCE_DIR=/opt/rustwide/workdir" "-e" "CARGO_TARGET_DIR=/opt/rustwide/target" "-e" "CARGO_HOME=/opt/rustwide/cargo-home" "-e" "RUSTUP_HOME=/opt/rustwide/rustup-home" "-w" "/opt/rustwide/workdir" "-m" "1610612736" "--user" "0:0" "--network" "none" "ghcr.io/rust-lang/crates-build-env/linux@sha256:819108c5571ea2e421544af4d832f968d213c87fbe3707a016657f43d2f853bc" "/opt/rustwide/cargo-home/bin/cargo" "+nightly-2025-01-18" "metadata" "--no-deps" "--format-version=1", kill_on_drop: false }`
[INFO] [stdout] 3b8277253ac9d2dffd0884065c51a5d59cb616d5e53c478956ac9cf8df018435
[INFO] running `Command { std: "docker" "start" "-a" "3b8277253ac9d2dffd0884065c51a5d59cb616d5e53c478956ac9cf8df018435", kill_on_drop: false }`
[INFO] running `Command { std: "docker" "inspect" "3b8277253ac9d2dffd0884065c51a5d59cb616d5e53c478956ac9cf8df018435", kill_on_drop: false }`
[INFO] running `Command { std: "docker" "rm" "-f" "3b8277253ac9d2dffd0884065c51a5d59cb616d5e53c478956ac9cf8df018435", kill_on_drop: false }`
[INFO] [stdout] 3b8277253ac9d2dffd0884065c51a5d59cb616d5e53c478956ac9cf8df018435
[INFO] running `Command { std: "docker" "create" "-v" "/var/lib/crater-agent-workspace/builds/worker-4-tc2/target:/opt/rustwide/target:rw,Z" "-v" "/var/lib/crater-agent-workspace/builds/worker-4-tc2/source:/opt/rustwide/workdir:ro,Z" "-v" "/var/lib/crater-agent-workspace/cargo-home:/opt/rustwide/cargo-home:ro,Z" "-v" "/var/lib/crater-agent-workspace/rustup-home:/opt/rustwide/rustup-home:ro,Z" "-e" "SOURCE_DIR=/opt/rustwide/workdir" "-e" "CARGO_TARGET_DIR=/opt/rustwide/target" "-e" "CARGO_INCREMENTAL=0" "-e" "RUST_BACKTRACE=full" "-e" "RUSTFLAGS=--cap-lints=forbid -Zrandomize-layout" "-e" "RUSTDOCFLAGS=--cap-lints=forbid" "-e" "CARGO_HOME=/opt/rustwide/cargo-home" "-e" "RUSTUP_HOME=/opt/rustwide/rustup-home" "-w" "/opt/rustwide/workdir" "-m" "1610612736" "--user" "0:0" "--network" "none" "ghcr.io/rust-lang/crates-build-env/linux@sha256:819108c5571ea2e421544af4d832f968d213c87fbe3707a016657f43d2f853bc" "/opt/rustwide/cargo-home/bin/cargo" "+nightly-2025-01-18" "build" "--frozen" "--message-format=json", kill_on_drop: false }`
[INFO] [stdout] b6b19d57790a99107804b2fdad8985b0003d66bf5e925bf347b0b326a04d4651
[INFO] running `Command { std: "docker" "start" "-a" "b6b19d57790a99107804b2fdad8985b0003d66bf5e925bf347b0b326a04d4651", kill_on_drop: false }`
[INFO] [stderr]    Compiling subtle v2.6.1
[INFO] [stderr]    Compiling zeroize v1.8.1
[INFO] [stderr]    Compiling const-oid v0.9.6
[INFO] [stderr]    Compiling base16ct v0.1.1
[INFO] [stderr]    Compiling keccak v0.1.5
[INFO] [stderr]    Compiling rand_core v0.6.4
[INFO] [stderr]    Compiling cipher v0.4.4
[INFO] [stderr]    Compiling thiserror-impl v1.0.69
[INFO] [stderr]    Compiling icon_derive v0.1.0
[INFO] [stderr]    Compiling uuid v0.8.2
[INFO] [stderr]    Compiling rand_chacha v0.3.1
[INFO] [stderr]    Compiling der v0.6.1
[INFO] [stderr]    Compiling digest v0.10.7
[INFO] [stderr]    Compiling ff v0.12.1
[INFO] [stderr]    Compiling crypto-bigint v0.4.9
[INFO] [stderr]    Compiling group v0.12.1
[INFO] [stderr]    Compiling salsa20 v0.10.2
[INFO] [stderr]    Compiling ctr v0.9.2
[INFO] [stderr]    Compiling aes v0.8.4
[INFO] [stderr]    Compiling rand v0.8.5
[INFO] [stderr]    Compiling hmac v0.12.1
[INFO] [stderr]    Compiling sha2 v0.10.8
[INFO] [stderr]    Compiling signature v1.6.4
[INFO] [stderr]    Compiling pbkdf2 v0.11.0
[INFO] [stderr]    Compiling sha3 v0.10.8
[INFO] [stderr]    Compiling thiserror v1.0.69
[INFO] [stderr]    Compiling scrypt v0.10.0
[INFO] [stderr]    Compiling rfc6979 v0.3.1
[INFO] [stderr]    Compiling spki v0.6.0
[INFO] [stderr]    Compiling eth-keystore v0.5.0
[INFO] [stderr]    Compiling pkcs8 v0.9.0
[INFO] [stderr]    Compiling sec1 v0.3.0
[INFO] [stderr]    Compiling elliptic-curve v0.12.3
[INFO] [stderr]    Compiling ecdsa v0.14.8
[INFO] [stderr]    Compiling k256 v0.11.6
[INFO] [stderr]    Compiling icon_utils v0.1.1 (/opt/rustwide/workdir)
[INFO] [stdout] warning: unused import: `icon_derive::Transaction`
[INFO] [stdout]  --> src/lib.rs:8:9
[INFO] [stdout]   |
[INFO] [stdout] 8 |     use icon_derive::Transaction;
[INFO] [stdout]   |         ^^^^^^^^^^^^^^^^^^^^^^^^
[INFO] [stdout]   |
[INFO] [stdout]   = note: `#[warn(unused_imports)]` on by default
[INFO] [stdout] 
[INFO] [stdout] 
[INFO] [stdout] warning: unused imports: `EncodedPoint` and `signature::Signer`
[INFO] [stdout]    --> src/lib.rs:417:59
[INFO] [stdout]     |
[INFO] [stdout] 417 | use k256::{ecdsa::{SigningKey, recoverable, VerifyingKey, signature::Signer}, EncodedPoint, schnorr::signature::{hazmat::PrehashSigner, S...
[INFO] [stdout]     |                                                           ^^^^^^^^^^^^^^^^^   ^^^^^^^^^^^^
[INFO] [stdout] 
[INFO] [stdout] 
[INFO] [stdout] warning: unused imports: `encrypt_key` and `new`
[INFO] [stdout]    --> src/lib.rs:420:32
[INFO] [stdout]     |
[INFO] [stdout] 420 | use eth_keystore::{decrypt_key,encrypt_key,new};
[INFO] [stdout]     |                                ^^^^^^^^^^^ ^^^
[INFO] [stdout] 
[INFO] [stdout] 
[INFO] [stdout] warning: use of deprecated function `base64::encode`: Use Engine::encode
[INFO] [stdout]    --> src/lib.rs:454:24
[INFO] [stdout]     |
[INFO] [stdout] 454 |         return base64::encode(signature.as_ref());
[INFO] [stdout]     |                        ^^^^^^
[INFO] [stdout]     |
[INFO] [stdout]     = note: `#[warn(deprecated)]` on by default
[INFO] [stdout] 
[INFO] [stdout] 
[INFO] [stdout] warning: unused import: `Signature`
[INFO] [stdout]    --> src/lib.rs:417:137
[INFO] [stdout]     |
[INFO] [stdout] 417 | ...r}, EncodedPoint, schnorr::signature::{hazmat::PrehashSigner, Signature}};
[INFO] [stdout]     |                                                                  ^^^^^^^^^
[INFO] [stdout] 
[INFO] [stdout] 
[INFO] [stdout] warning: unused variable: `name`
[INFO] [stdout]    --> src/lib.rs:164:36
[INFO] [stdout]     |
[INFO] [stdout] 164 |     fn serialize_unit_struct(self, name: &'static str) -> Result<Self::Ok, Self::Error> {
[INFO] [stdout]     |                                    ^^^^ help: if this is intentional, prefix it with an underscore: `_name`
[INFO] [stdout]     |
[INFO] [stdout]     = note: `#[warn(unused_variables)]` on by default
[INFO] [stdout] 
[INFO] [stdout] 
[INFO] [stdout] warning: unused variable: `name`
[INFO] [stdout]    --> src/lib.rs:170:9
[INFO] [stdout]     |
[INFO] [stdout] 170 |         name: &'static str,
[INFO] [stdout]     |         ^^^^ help: if this is intentional, prefix it with an underscore: `_name`
[INFO] [stdout] 
[INFO] [stdout] 
[INFO] [stdout] warning: unused variable: `variant_index`
[INFO] [stdout]    --> src/lib.rs:171:9
[INFO] [stdout]     |
[INFO] [stdout] 171 |         variant_index: u32,
[INFO] [stdout]     |         ^^^^^^^^^^^^^ help: if this is intentional, prefix it with an underscore: `_variant_index`
[INFO] [stdout] 
[INFO] [stdout] 
[INFO] [stdout] warning: unused variable: `name`
[INFO] [stdout]    --> src/lib.rs:179:9
[INFO] [stdout]     |
[INFO] [stdout] 179 |         name: &'static str,
[INFO] [stdout]     |         ^^^^ help: if this is intentional, prefix it with an underscore: `_name`
[INFO] [stdout] 
[INFO] [stdout] 
[INFO] [stdout] warning: unused variable: `name`
[INFO] [stdout]    --> src/lib.rs:189:9
[INFO] [stdout]     |
[INFO] [stdout] 189 |         name: &'static str,
[INFO] [stdout]     |         ^^^^ help: if this is intentional, prefix it with an underscore: `_name`
[INFO] [stdout] 
[INFO] [stdout] 
[INFO] [stdout] warning: unused variable: `variant_index`
[INFO] [stdout]    --> src/lib.rs:190:9
[INFO] [stdout]     |
[INFO] [stdout] 190 |         variant_index: u32,
[INFO] [stdout]     |         ^^^^^^^^^^^^^ help: if this is intentional, prefix it with an underscore: `_variant_index`
[INFO] [stdout] 
[INFO] [stdout] 
[INFO] [stdout] warning: unused variable: `len`
[INFO] [stdout]    --> src/lib.rs:204:28
[INFO] [stdout]     |
[INFO] [stdout] 204 |     fn serialize_seq(self, len: Option<usize>) -> Result<Self::SerializeSeq, Self::Error> {
[INFO] [stdout]     |                            ^^^ help: if this is intentional, prefix it with an underscore: `_len`
[INFO] [stdout] 
[INFO] [stdout] 
[INFO] [stdout] warning: unused variable: `name`
[INFO] [stdout]    --> src/lib.rs:215:9
[INFO] [stdout]     |
[INFO] [stdout] 215 |         name: &'static str,
[INFO] [stdout]     |         ^^^^ help: if this is intentional, prefix it with an underscore: `_name`
[INFO] [stdout] 
[INFO] [stdout] 
[INFO] [stdout] warning: unused variable: `name`
[INFO] [stdout]    --> src/lib.rs:223:9
[INFO] [stdout]     |
[INFO] [stdout] 223 |         name: &'static str,
[INFO] [stdout]     |         ^^^^ help: if this is intentional, prefix it with an underscore: `_name`
[INFO] [stdout] 
[INFO] [stdout] 
[INFO] [stdout] warning: unused variable: `variant_index`
[INFO] [stdout]    --> src/lib.rs:224:9
[INFO] [stdout]     |
[INFO] [stdout] 224 |         variant_index: u32,
[INFO] [stdout]     |         ^^^^^^^^^^^^^ help: if this is intentional, prefix it with an underscore: `_variant_index`
[INFO] [stdout] 
[INFO] [stdout] 
[INFO] [stdout] warning: unused variable: `len`
[INFO] [stdout]    --> src/lib.rs:226:9
[INFO] [stdout]     |
[INFO] [stdout] 226 |         len: usize,
[INFO] [stdout]     |         ^^^ help: if this is intentional, prefix it with an underscore: `_len`
[INFO] [stdout] 
[INFO] [stdout] 
[INFO] [stdout] warning: unused variable: `len`
[INFO] [stdout]    --> src/lib.rs:234:28
[INFO] [stdout]     |
[INFO] [stdout] 234 |     fn serialize_map(self, len: Option<usize>) -> Result<Self::SerializeMap, Self::Error> {
[INFO] [stdout]     |                            ^^^ help: if this is intentional, prefix it with an underscore: `_len`
[INFO] [stdout] 
[INFO] [stdout] 
[INFO] [stdout] warning: unused variable: `name`
[INFO] [stdout]    --> src/lib.rs:241:9
[INFO] [stdout]     |
[INFO] [stdout] 241 |         name: &'static str,
[INFO] [stdout]     |         ^^^^ help: if this is intentional, prefix it with an underscore: `_name`
[INFO] [stdout] 
[INFO] [stdout] 
[INFO] [stdout] warning: unused variable: `name`
[INFO] [stdout]    --> src/lib.rs:249:9
[INFO] [stdout]     |
[INFO] [stdout] 249 |         name: &'static str,
[INFO] [stdout]     |         ^^^^ help: if this is intentional, prefix it with an underscore: `_name`
[INFO] [stdout] 
[INFO] [stdout] 
[INFO] [stdout] warning: unused variable: `variant_index`
[INFO] [stdout]    --> src/lib.rs:250:9
[INFO] [stdout]     |
[INFO] [stdout] 250 |         variant_index: u32,
[INFO] [stdout]     |         ^^^^^^^^^^^^^ help: if this is intentional, prefix it with an underscore: `_variant_index`
[INFO] [stdout] 
[INFO] [stdout] 
[INFO] [stdout] warning: unused variable: `len`
[INFO] [stdout]    --> src/lib.rs:252:9
[INFO] [stdout]     |
[INFO] [stdout] 252 |         len: usize,
[INFO] [stdout]     |         ^^^ help: if this is intentional, prefix it with an underscore: `_len`
[INFO] [stdout] 
[INFO] [stdout] 
[INFO] [stderr]     Finished `dev` profile [unoptimized + debuginfo] target(s) in 7.24s
[INFO] running `Command { std: "docker" "inspect" "b6b19d57790a99107804b2fdad8985b0003d66bf5e925bf347b0b326a04d4651", kill_on_drop: false }`
[INFO] running `Command { std: "docker" "rm" "-f" "b6b19d57790a99107804b2fdad8985b0003d66bf5e925bf347b0b326a04d4651", kill_on_drop: false }`
[INFO] [stdout] b6b19d57790a99107804b2fdad8985b0003d66bf5e925bf347b0b326a04d4651
[INFO] running `Command { std: "docker" "create" "-v" "/var/lib/crater-agent-workspace/builds/worker-4-tc2/target:/opt/rustwide/target:rw,Z" "-v" "/var/lib/crater-agent-workspace/builds/worker-4-tc2/source:/opt/rustwide/workdir:ro,Z" "-v" "/var/lib/crater-agent-workspace/cargo-home:/opt/rustwide/cargo-home:ro,Z" "-v" "/var/lib/crater-agent-workspace/rustup-home:/opt/rustwide/rustup-home:ro,Z" "-e" "SOURCE_DIR=/opt/rustwide/workdir" "-e" "CARGO_TARGET_DIR=/opt/rustwide/target" "-e" "CARGO_INCREMENTAL=0" "-e" "RUST_BACKTRACE=full" "-e" "RUSTFLAGS=--cap-lints=forbid -Zrandomize-layout" "-e" "RUSTDOCFLAGS=--cap-lints=forbid" "-e" "CARGO_HOME=/opt/rustwide/cargo-home" "-e" "RUSTUP_HOME=/opt/rustwide/rustup-home" "-w" "/opt/rustwide/workdir" "-m" "1610612736" "--user" "0:0" "--network" "none" "ghcr.io/rust-lang/crates-build-env/linux@sha256:819108c5571ea2e421544af4d832f968d213c87fbe3707a016657f43d2f853bc" "/opt/rustwide/cargo-home/bin/cargo" "+nightly-2025-01-18" "test" "--frozen" "--no-run" "--message-format=json", kill_on_drop: false }`
[INFO] [stdout] 0599900020d783dbd50e5c3d784b273e200fde13adf6ee0fed496dec595ecafc
[INFO] running `Command { std: "docker" "start" "-a" "0599900020d783dbd50e5c3d784b273e200fde13adf6ee0fed496dec595ecafc", kill_on_drop: false }`
[INFO] [stdout] warning: unused import: `icon_derive::Transaction`
[INFO] [stdout]  --> src/lib.rs:8:9
[INFO] [stdout]   |
[INFO] [stdout] 8 |     use icon_derive::Transaction;
[INFO] [stdout]   |         ^^^^^^^^^^^^^^^^^^^^^^^^
[INFO] [stdout]   |
[INFO] [stdout]   = note: `#[warn(unused_imports)]` on by default
[INFO] [stdout] 
[INFO] [stdout] 
[INFO] [stdout] warning: unused imports: `EncodedPoint` and `signature::Signer`
[INFO] [stdout]    --> src/lib.rs:417:59
[INFO] [stdout]     |
[INFO] [stdout] 417 | use k256::{ecdsa::{SigningKey, recoverable, VerifyingKey, signature::Signer}, EncodedPoint, schnorr::signature::{hazmat::PrehashSigner, S...
[INFO] [stdout]     |                                                           ^^^^^^^^^^^^^^^^^   ^^^^^^^^^^^^
[INFO] [stdout] 
[INFO] [stdout] 
[INFO] [stdout] warning: unused imports: `encrypt_key` and `new`
[INFO] [stdout]    --> src/lib.rs:420:32
[INFO] [stdout]     |
[INFO] [stdout] 420 | use eth_keystore::{decrypt_key,encrypt_key,new};
[INFO] [stdout]     |                                ^^^^^^^^^^^ ^^^
[INFO] [stdout] 
[INFO] [stdout] 
[INFO] [stdout] warning: use of deprecated function `base64::encode`: Use Engine::encode
[INFO] [stdout]    --> src/lib.rs:454:24
[INFO] [stdout]     |
[INFO] [stdout] 454 |         return base64::encode(signature.as_ref());
[INFO] [stdout]     |                        ^^^^^^
[INFO] [stdout]     |
[INFO] [stdout]     = note: `#[warn(deprecated)]` on by default
[INFO] [stdout] 
[INFO] [stdout] 
[INFO] [stdout] warning: unused import: `Signature`
[INFO] [stdout]    --> src/lib.rs:417:137
[INFO] [stdout]     |
[INFO] [stdout] 417 | ...r}, EncodedPoint, schnorr::signature::{hazmat::PrehashSigner, Signature}};
[INFO] [stdout]     |                                                                  ^^^^^^^^^
[INFO] [stdout] 
[INFO] [stdout] 
[INFO] [stdout] warning: unused variable: `name`
[INFO] [stdout]    --> src/lib.rs:164:36
[INFO] [stdout]     |
[INFO] [stdout] 164 |     fn serialize_unit_struct(self, name: &'static str) -> Result<Self::Ok, Self::Error> {
[INFO] [stdout]     |                                    ^^^^ help: if this is intentional, prefix it with an underscore: `_name`
[INFO] [stdout]     |
[INFO] [stdout]     = note: `#[warn(unused_variables)]` on by default
[INFO] [stdout] 
[INFO] [stdout] 
[INFO] [stdout] warning: unused variable: `name`
[INFO] [stdout]    --> src/lib.rs:170:9
[INFO] [stdout]     |
[INFO] [stdout] 170 |         name: &'static str,
[INFO] [stdout]     |         ^^^^ help: if this is intentional, prefix it with an underscore: `_name`
[INFO] [stdout] 
[INFO] [stdout] 
[INFO] [stdout] warning: unused variable: `variant_index`
[INFO] [stdout]    --> src/lib.rs:171:9
[INFO] [stdout]     |
[INFO] [stdout] 171 |         variant_index: u32,
[INFO] [stdout]     |         ^^^^^^^^^^^^^ help: if this is intentional, prefix it with an underscore: `_variant_index`
[INFO] [stdout] 
[INFO] [stdout] 
[INFO] [stdout] warning: unused variable: `name`
[INFO] [stdout]    --> src/lib.rs:179:9
[INFO] [stdout]     |
[INFO] [stdout] 179 |         name: &'static str,
[INFO] [stdout]     |         ^^^^ help: if this is intentional, prefix it with an underscore: `_name`
[INFO] [stdout] 
[INFO] [stdout] 
[INFO] [stdout] warning: unused variable: `name`
[INFO] [stdout]    --> src/lib.rs:189:9
[INFO] [stdout]     |
[INFO] [stdout] 189 |         name: &'static str,
[INFO] [stdout]     |         ^^^^ help: if this is intentional, prefix it with an underscore: `_name`
[INFO] [stdout] 
[INFO] [stdout] 
[INFO] [stdout] warning: unused variable: `variant_index`
[INFO] [stdout]    --> src/lib.rs:190:9
[INFO] [stdout]     |
[INFO] [stdout] 190 |         variant_index: u32,
[INFO] [stdout]     |         ^^^^^^^^^^^^^ help: if this is intentional, prefix it with an underscore: `_variant_index`
[INFO] [stdout] 
[INFO] [stdout] 
[INFO] [stdout] warning: unused variable: `len`
[INFO] [stdout]    --> src/lib.rs:204:28
[INFO] [stdout]     |
[INFO] [stdout] 204 |     fn serialize_seq(self, len: Option<usize>) -> Result<Self::SerializeSeq, Self::Error> {
[INFO] [stdout]     |                            ^^^ help: if this is intentional, prefix it with an underscore: `_len`
[INFO] [stdout] 
[INFO] [stdout] 
[INFO] [stdout] warning: unused variable: `name`
[INFO] [stdout]    --> src/lib.rs:215:9
[INFO] [stdout]     |
[INFO] [stdout] 215 |         name: &'static str,
[INFO] [stdout]     |         ^^^^ help: if this is intentional, prefix it with an underscore: `_name`
[INFO] [stdout] 
[INFO] [stdout] 
[INFO] [stderr]    Compiling icon_utils v0.1.1 (/opt/rustwide/workdir)
[INFO] [stdout] warning: unused variable: `name`
[INFO] [stdout]    --> src/lib.rs:223:9
[INFO] [stdout]     |
[INFO] [stdout] 223 |         name: &'static str,
[INFO] [stdout]     |         ^^^^ help: if this is intentional, prefix it with an underscore: `_name`
[INFO] [stdout] 
[INFO] [stdout] 
[INFO] [stdout] warning: unused variable: `variant_index`
[INFO] [stdout]    --> src/lib.rs:224:9
[INFO] [stdout]     |
[INFO] [stdout] 224 |         variant_index: u32,
[INFO] [stdout]     |         ^^^^^^^^^^^^^ help: if this is intentional, prefix it with an underscore: `_variant_index`
[INFO] [stdout] 
[INFO] [stdout] 
[INFO] [stdout] warning: unused variable: `len`
[INFO] [stdout]    --> src/lib.rs:226:9
[INFO] [stdout]     |
[INFO] [stdout] 226 |         len: usize,
[INFO] [stdout]     |         ^^^ help: if this is intentional, prefix it with an underscore: `_len`
[INFO] [stdout] 
[INFO] [stdout] 
[INFO] [stdout] warning: unused variable: `len`
[INFO] [stdout]    --> src/lib.rs:234:28
[INFO] [stdout]     |
[INFO] [stdout] 234 |     fn serialize_map(self, len: Option<usize>) -> Result<Self::SerializeMap, Self::Error> {
[INFO] [stdout]     |                            ^^^ help: if this is intentional, prefix it with an underscore: `_len`
[INFO] [stdout] 
[INFO] [stdout] 
[INFO] [stdout] warning: unused variable: `name`
[INFO] [stdout]    --> src/lib.rs:241:9
[INFO] [stdout]     |
[INFO] [stdout] 241 |         name: &'static str,
[INFO] [stdout]     |         ^^^^ help: if this is intentional, prefix it with an underscore: `_name`
[INFO] [stdout] 
[INFO] [stdout] 
[INFO] [stdout] warning: unused variable: `name`
[INFO] [stdout]    --> src/lib.rs:249:9
[INFO] [stdout]     |
[INFO] [stdout] 249 |         name: &'static str,
[INFO] [stdout]     |         ^^^^ help: if this is intentional, prefix it with an underscore: `_name`
[INFO] [stdout] 
[INFO] [stdout] 
[INFO] [stdout] warning: unused variable: `variant_index`
[INFO] [stdout]    --> src/lib.rs:250:9
[INFO] [stdout]     |
[INFO] [stdout] 250 |         variant_index: u32,
[INFO] [stdout]     |         ^^^^^^^^^^^^^ help: if this is intentional, prefix it with an underscore: `_variant_index`
[INFO] [stdout] 
[INFO] [stdout] 
[INFO] [stdout] warning: unused variable: `len`
[INFO] [stdout]    --> src/lib.rs:252:9
[INFO] [stdout]     |
[INFO] [stdout] 252 |         len: usize,
[INFO] [stdout]     |         ^^^ help: if this is intentional, prefix it with an underscore: `_len`
[INFO] [stdout] 
[INFO] [stdout] 
[INFO] [stdout] warning: unused import: `icon_derive::Transaction`
[INFO] [stdout]  --> src/lib.rs:8:9
[INFO] [stdout]   |
[INFO] [stdout] 8 |     use icon_derive::Transaction;
[INFO] [stdout]   |         ^^^^^^^^^^^^^^^^^^^^^^^^
[INFO] [stdout]   |
[INFO] [stdout]   = note: `#[warn(unused_imports)]` on by default
[INFO] [stdout] 
[INFO] [stdout] 
[INFO] [stdout] warning: unused imports: `EncodedPoint` and `signature::Signer`
[INFO] [stdout]    --> src/lib.rs:417:59
[INFO] [stdout]     |
[INFO] [stdout] 417 | use k256::{ecdsa::{SigningKey, recoverable, VerifyingKey, signature::Signer}, EncodedPoint, schnorr::signature::{hazmat::PrehashSigner, S...
[INFO] [stdout]     |                                                           ^^^^^^^^^^^^^^^^^   ^^^^^^^^^^^^
[INFO] [stdout] 
[INFO] [stdout] 
[INFO] [stdout] warning: unused imports: `encrypt_key` and `new`
[INFO] [stdout]    --> src/lib.rs:420:32
[INFO] [stdout]     |
[INFO] [stdout] 420 | use eth_keystore::{decrypt_key,encrypt_key,new};
[INFO] [stdout]     |                                ^^^^^^^^^^^ ^^^
[INFO] [stdout] 
[INFO] [stdout] 
[INFO] [stdout] warning: use of deprecated function `base64::encode`: Use Engine::encode
[INFO] [stdout]    --> src/lib.rs:454:24
[INFO] [stdout]     |
[INFO] [stdout] 454 |         return base64::encode(signature.as_ref());
[INFO] [stdout]     |                        ^^^^^^
[INFO] [stdout]     |
[INFO] [stdout]     = note: `#[warn(deprecated)]` on by default
[INFO] [stdout] 
[INFO] [stdout] 
[INFO] [stdout] warning: unused import: `Signature`
[INFO] [stdout]    --> src/lib.rs:417:137
[INFO] [stdout]     |
[INFO] [stdout] 417 | ...r}, EncodedPoint, schnorr::signature::{hazmat::PrehashSigner, Signature}};
[INFO] [stdout]     |                                                                  ^^^^^^^^^
[INFO] [stdout] 
[INFO] [stdout] 
[INFO] [stdout] warning: unused variable: `name`
[INFO] [stdout]    --> src/lib.rs:164:36
[INFO] [stdout]     |
[INFO] [stdout] 164 |     fn serialize_unit_struct(self, name: &'static str) -> Result<Self::Ok, Self::Error> {
[INFO] [stdout]     |                                    ^^^^ help: if this is intentional, prefix it with an underscore: `_name`
[INFO] [stdout]     |
[INFO] [stdout]     = note: `#[warn(unused_variables)]` on by default
[INFO] [stdout] 
[INFO] [stdout] 
[INFO] [stdout] warning: unused variable: `name`
[INFO] [stdout]    --> src/lib.rs:170:9
[INFO] [stdout]     |
[INFO] [stdout] 170 |         name: &'static str,
[INFO] [stdout]     |         ^^^^ help: if this is intentional, prefix it with an underscore: `_name`
[INFO] [stdout] 
[INFO] [stdout] 
[INFO] [stdout] warning: unused variable: `variant_index`
[INFO] [stdout]    --> src/lib.rs:171:9
[INFO] [stdout]     |
[INFO] [stdout] 171 |         variant_index: u32,
[INFO] [stdout]     |         ^^^^^^^^^^^^^ help: if this is intentional, prefix it with an underscore: `_variant_index`
[INFO] [stdout] 
[INFO] [stdout] 
[INFO] [stdout] warning: unused variable: `name`
[INFO] [stdout]    --> src/lib.rs:179:9
[INFO] [stdout]     |
[INFO] [stdout] 179 |         name: &'static str,
[INFO] [stdout]     |         ^^^^ help: if this is intentional, prefix it with an underscore: `_name`
[INFO] [stdout] 
[INFO] [stdout] 
[INFO] [stdout] warning: unused variable: `name`
[INFO] [stdout]    --> src/lib.rs:189:9
[INFO] [stdout]     |
[INFO] [stdout] 189 |         name: &'static str,
[INFO] [stdout]     |         ^^^^ help: if this is intentional, prefix it with an underscore: `_name`
[INFO] [stdout] 
[INFO] [stdout] 
[INFO] [stdout] warning: unused variable: `variant_index`
[INFO] [stdout]    --> src/lib.rs:190:9
[INFO] [stdout]     |
[INFO] [stdout] 190 |         variant_index: u32,
[INFO] [stdout]     |         ^^^^^^^^^^^^^ help: if this is intentional, prefix it with an underscore: `_variant_index`
[INFO] [stdout] 
[INFO] [stdout] 
[INFO] [stdout] warning: unused variable: `len`
[INFO] [stdout]    --> src/lib.rs:204:28
[INFO] [stdout]     |
[INFO] [stdout] 204 |     fn serialize_seq(self, len: Option<usize>) -> Result<Self::SerializeSeq, Self::Error> {
[INFO] [stdout]     |                            ^^^ help: if this is intentional, prefix it with an underscore: `_len`
[INFO] [stdout] 
[INFO] [stdout] 
[INFO] [stdout] warning: unused variable: `name`
[INFO] [stdout]    --> src/lib.rs:215:9
[INFO] [stdout]     |
[INFO] [stdout] 215 |         name: &'static str,
[INFO] [stdout]     |         ^^^^ help: if this is intentional, prefix it with an underscore: `_name`
[INFO] [stdout] 
[INFO] [stdout] 
[INFO] [stdout] warning: unused variable: `name`
[INFO] [stdout]    --> src/lib.rs:223:9
[INFO] [stdout]     |
[INFO] [stdout] 223 |         name: &'static str,
[INFO] [stdout]     |         ^^^^ help: if this is intentional, prefix it with an underscore: `_name`
[INFO] [stdout] 
[INFO] [stdout] 
[INFO] [stdout] warning: unused variable: `variant_index`
[INFO] [stdout]    --> src/lib.rs:224:9
[INFO] [stdout]     |
[INFO] [stdout] 224 |         variant_index: u32,
[INFO] [stdout]     |         ^^^^^^^^^^^^^ help: if this is intentional, prefix it with an underscore: `_variant_index`
[INFO] [stdout] 
[INFO] [stdout] 
[INFO] [stdout] warning: unused variable: `len`
[INFO] [stdout]    --> src/lib.rs:226:9
[INFO] [stdout]     |
[INFO] [stdout] 226 |         len: usize,
[INFO] [stdout]     |         ^^^ help: if this is intentional, prefix it with an underscore: `_len`
[INFO] [stdout] 
[INFO] [stdout] 
[INFO] [stdout] warning: unused variable: `len`
[INFO] [stdout]    --> src/lib.rs:234:28
[INFO] [stdout]     |
[INFO] [stdout] 234 |     fn serialize_map(self, len: Option<usize>) -> Result<Self::SerializeMap, Self::Error> {
[INFO] [stdout]     |                            ^^^ help: if this is intentional, prefix it with an underscore: `_len`
[INFO] [stdout] 
[INFO] [stdout] 
[INFO] [stdout] warning: unused variable: `name`
[INFO] [stdout]    --> src/lib.rs:241:9
[INFO] [stdout]     |
[INFO] [stdout] 241 |         name: &'static str,
[INFO] [stdout]     |         ^^^^ help: if this is intentional, prefix it with an underscore: `_name`
[INFO] [stdout] 
[INFO] [stdout] 
[INFO] [stdout] warning: unused variable: `name`
[INFO] [stdout]    --> src/lib.rs:249:9
[INFO] [stdout]     |
[INFO] [stdout] 249 |         name: &'static str,
[INFO] [stdout]     |         ^^^^ help: if this is intentional, prefix it with an underscore: `_name`
[INFO] [stdout] 
[INFO] [stdout] 
[INFO] [stdout] warning: unused variable: `variant_index`
[INFO] [stdout]    --> src/lib.rs:250:9
[INFO] [stdout]     |
[INFO] [stdout] 250 |         variant_index: u32,
[INFO] [stdout]     |         ^^^^^^^^^^^^^ help: if this is intentional, prefix it with an underscore: `_variant_index`
[INFO] [stdout] 
[INFO] [stdout] 
[INFO] [stdout] warning: unused variable: `len`
[INFO] [stdout]    --> src/lib.rs:252:9
[INFO] [stdout]     |
[INFO] [stdout] 252 |         len: usize,
[INFO] [stdout]     |         ^^^ help: if this is intentional, prefix it with an underscore: `_len`
[INFO] [stdout] 
[INFO] [stdout] 
[INFO] [stderr]     Finished `test` profile [unoptimized + debuginfo] target(s) in 0.81s
[INFO] running `Command { std: "docker" "inspect" "0599900020d783dbd50e5c3d784b273e200fde13adf6ee0fed496dec595ecafc", kill_on_drop: false }`
[INFO] running `Command { std: "docker" "rm" "-f" "0599900020d783dbd50e5c3d784b273e200fde13adf6ee0fed496dec595ecafc", kill_on_drop: false }`
[INFO] [stdout] 0599900020d783dbd50e5c3d784b273e200fde13adf6ee0fed496dec595ecafc
[INFO] running `Command { std: "docker" "create" "-v" "/var/lib/crater-agent-workspace/builds/worker-4-tc2/target:/opt/rustwide/target:rw,Z" "-v" "/var/lib/crater-agent-workspace/builds/worker-4-tc2/source:/opt/rustwide/workdir:ro,Z" "-v" "/var/lib/crater-agent-workspace/cargo-home:/opt/rustwide/cargo-home:ro,Z" "-v" "/var/lib/crater-agent-workspace/rustup-home:/opt/rustwide/rustup-home:ro,Z" "-e" "SOURCE_DIR=/opt/rustwide/workdir" "-e" "CARGO_TARGET_DIR=/opt/rustwide/target" "-e" "CARGO_INCREMENTAL=0" "-e" "RUST_BACKTRACE=full" "-e" "RUSTFLAGS=--cap-lints=forbid -Zrandomize-layout" "-e" "RUSTDOCFLAGS=--cap-lints=forbid" "-e" "CARGO_HOME=/opt/rustwide/cargo-home" "-e" "RUSTUP_HOME=/opt/rustwide/rustup-home" "-w" "/opt/rustwide/workdir" "-m" "1610612736" "--user" "0:0" "--network" "none" "ghcr.io/rust-lang/crates-build-env/linux@sha256:819108c5571ea2e421544af4d832f968d213c87fbe3707a016657f43d2f853bc" "/opt/rustwide/cargo-home/bin/cargo" "+nightly-2025-01-18" "test" "--frozen", kill_on_drop: false }`
[INFO] [stdout] 237e75880298c0c215ee6c35df19de56bab35e9dad1c1cb59f2a25533d9f6f8c
[INFO] running `Command { std: "docker" "start" "-a" "237e75880298c0c215ee6c35df19de56bab35e9dad1c1cb59f2a25533d9f6f8c", kill_on_drop: false }`
[INFO] [stderr] warning: unused import: `icon_derive::Transaction`
[INFO] [stderr]  --> src/lib.rs:8:9
[INFO] [stderr]   |
[INFO] [stderr] 8 |     use icon_derive::Transaction;
[INFO] [stderr]   |         ^^^^^^^^^^^^^^^^^^^^^^^^
[INFO] [stderr]   |
[INFO] [stderr]   = note: `#[warn(unused_imports)]` on by default
[INFO] [stderr] 
[INFO] [stderr] warning: unused imports: `EncodedPoint` and `signature::Signer`
[INFO] [stderr]    --> src/lib.rs:417:59
[INFO] [stderr]     |
[INFO] [stderr] 417 | use k256::{ecdsa::{SigningKey, recoverable, VerifyingKey, signature::Signer}, EncodedPoint, schnorr::signature::{hazmat::PrehashSigner, S...
[INFO] [stderr]     |                                                           ^^^^^^^^^^^^^^^^^   ^^^^^^^^^^^^
[INFO] [stderr] 
[INFO] [stderr] warning: unused imports: `encrypt_key` and `new`
[INFO] [stderr]    --> src/lib.rs:420:32
[INFO] [stderr]     |
[INFO] [stderr] 420 | use eth_keystore::{decrypt_key,encrypt_key,new};
[INFO] [stderr]     |                                ^^^^^^^^^^^ ^^^
[INFO] [stderr] 
[INFO] [stderr] warning: use of deprecated function `base64::encode`: Use Engine::encode
[INFO] [stderr]    --> src/lib.rs:454:24
[INFO] [stderr]     |
[INFO] [stderr] 454 |         return base64::encode(signature.as_ref());
[INFO] [stderr]     |                        ^^^^^^
[INFO] [stderr]     |
[INFO] [stderr]     = note: `#[warn(deprecated)]` on by default
[INFO] [stderr] 
[INFO] [stderr] warning: unused import: `Signature`
[INFO] [stderr]    --> src/lib.rs:417:137
[INFO] [stderr]     |
[INFO] [stderr] 417 | ...r}, EncodedPoint, schnorr::signature::{hazmat::PrehashSigner, Signature}};
[INFO] [stderr]     |                                                                  ^^^^^^^^^
[INFO] [stderr] 
[INFO] [stderr] warning: unused variable: `name`
[INFO] [stderr]    --> src/lib.rs:164:36
[INFO] [stderr]     |
[INFO] [stderr] 164 |     fn serialize_unit_struct(self, name: &'static str) -> Result<Self::Ok, Self::Error> {
[INFO] [stderr]     |                                    ^^^^ help: if this is intentional, prefix it with an underscore: `_name`
[INFO] [stderr]     |
[INFO] [stderr]     = note: `#[warn(unused_variables)]` on by default
[INFO] [stderr] 
[INFO] [stderr] warning: unused variable: `name`
[INFO] [stderr]    --> src/lib.rs:170:9
[INFO] [stderr]     |
[INFO] [stderr] 170 |         name: &'static str,
[INFO] [stderr]     |         ^^^^ help: if this is intentional, prefix it with an underscore: `_name`
[INFO] [stderr] 
[INFO] [stderr] warning: unused variable: `variant_index`
[INFO] [stderr]    --> src/lib.rs:171:9
[INFO] [stderr]     |
[INFO] [stderr] 171 |         variant_index: u32,
[INFO] [stderr]     |         ^^^^^^^^^^^^^ help: if this is intentional, prefix it with an underscore: `_variant_index`
[INFO] [stderr] 
[INFO] [stderr] warning: unused variable: `name`
[INFO] [stderr]    --> src/lib.rs:179:9
[INFO] [stderr]     |
[INFO] [stderr] 179 |         name: &'static str,
[INFO] [stderr]     |         ^^^^ help: if this is intentional, prefix it with an underscore: `_name`
[INFO] [stderr] 
[INFO] [stderr] warning: unused variable: `name`
[INFO] [stderr]    --> src/lib.rs:189:9
[INFO] [stderr]     |
[INFO] [stderr] 189 |         name: &'static str,
[INFO] [stderr]     |         ^^^^ help: if this is intentional, prefix it with an underscore: `_name`
[INFO] [stderr] 
[INFO] [stderr] warning: unused variable: `variant_index`
[INFO] [stderr]    --> src/lib.rs:190:9
[INFO] [stderr]     |
[INFO] [stderr] 190 |         variant_index: u32,
[INFO] [stderr]     |         ^^^^^^^^^^^^^ help: if this is intentional, prefix it with an underscore: `_variant_index`
[INFO] [stderr] 
[INFO] [stderr] warning: unused variable: `len`
[INFO] [stderr]    --> src/lib.rs:204:28
[INFO] [stderr]     |
[INFO] [stderr] 204 |     fn serialize_seq(self, len: Option<usize>) -> Result<Self::SerializeSeq, Self::Error> {
[INFO] [stderr]     |                            ^^^ help: if this is intentional, prefix it with an underscore: `_len`
[INFO] [stderr] 
[INFO] [stderr] warning: unused variable: `name`
[INFO] [stderr]    --> src/lib.rs:215:9
[INFO] [stderr]     |
[INFO] [stderr] 215 |         name: &'static str,
[INFO] [stderr]     |         ^^^^ help: if this is intentional, prefix it with an underscore: `_name`
[INFO] [stderr] 
[INFO] [stderr] warning: unused variable: `name`
[INFO] [stderr]    --> src/lib.rs:223:9
[INFO] [stderr]     |
[INFO] [stderr] 223 |         name: &'static str,
[INFO] [stderr]     |         ^^^^ help: if this is intentional, prefix it with an underscore: `_name`
[INFO] [stderr] 
[INFO] [stderr] warning: unused variable: `variant_index`
[INFO] [stderr]    --> src/lib.rs:224:9
[INFO] [stderr]     |
[INFO] [stderr] 224 |         variant_index: u32,
[INFO] [stderr]     |         ^^^^^^^^^^^^^ help: if this is intentional, prefix it with an underscore: `_variant_index`
[INFO] [stderr] 
[INFO] [stderr] warning: unused variable: `len`
[INFO] [stderr]    --> src/lib.rs:226:9
[INFO] [stderr]     |
[INFO] [stderr] 226 |         len: usize,
[INFO] [stderr]     |         ^^^ help: if this is intentional, prefix it with an underscore: `_len`
[INFO] [stderr] 
[INFO] [stderr] warning: unused variable: `len`
[INFO] [stderr]    --> src/lib.rs:234:28
[INFO] [stderr]     |
[INFO] [stderr] 234 |     fn serialize_map(self, len: Option<usize>) -> Result<Self::SerializeMap, Self::Error> {
[INFO] [stderr]     |                            ^^^ help: if this is intentional, prefix it with an underscore: `_len`
[INFO] [stderr] 
[INFO] [stderr] warning: unused variable: `name`
[INFO] [stderr]    --> src/lib.rs:241:9
[INFO] [stderr]     |
[INFO] [stderr] 241 |         name: &'static str,
[INFO] [stderr]     |         ^^^^ help: if this is intentional, prefix it with an underscore: `_name`
[INFO] [stderr] 
[INFO] [stderr] warning: unused variable: `name`
[INFO] [stderr]    --> src/lib.rs:249:9
[INFO] [stderr]     |
[INFO] [stderr] 249 |         name: &'static str,
[INFO] [stderr]     |         ^^^^ help: if this is intentional, prefix it with an underscore: `_name`
[INFO] [stderr] 
[INFO] [stderr] warning: unused variable: `variant_index`
[INFO] [stderr]    --> src/lib.rs:250:9
[INFO] [stderr]     |
[INFO] [stderr] 250 |         variant_index: u32,
[INFO] [stderr]     |         ^^^^^^^^^^^^^ help: if this is intentional, prefix it with an underscore: `_variant_index`
[INFO] [stderr] 
[INFO] [stderr] warning: unused variable: `len`
[INFO] [stderr]    --> src/lib.rs:252:9
[INFO] [stderr]     |
[INFO] [stderr] 252 |         len: usize,
[INFO] [stderr]     |         ^^^ help: if this is intentional, prefix it with an underscore: `_len`
[INFO] [stderr] 
[INFO] [stderr] warning: `icon_utils` (lib) generated 21 warnings (run `cargo fix --lib -p icon_utils` to apply 3 suggestions)
[INFO] [stderr] warning: `icon_utils` (lib test) generated 21 warnings (21 duplicates)
[INFO] [stderr]     Finished `test` profile [unoptimized + debuginfo] target(s) in 0.15s
[INFO] [stderr]      Running unittests src/lib.rs (/opt/rustwide/target/debug/deps/icon_utils-384b917b5ce61dcc)
[INFO] [stdout] 
[INFO] [stdout] running 0 tests
[INFO] [stdout] 
[INFO] [stderr]    Doc-tests icon_utils
[INFO] [stdout] test result: ok. 0 passed; 0 failed; 0 ignored; 0 measured; 0 filtered out; finished in 0.00s
[INFO] [stdout] 
[INFO] [stdout] 
[INFO] [stdout] running 5 tests
[INFO] [stdout] test src/lib.rs - serializer::serialize_to_string (line 49) ... FAILED
[INFO] [stdout] test src/lib.rs - wallet::Wallet::sign (line 447) ... FAILED
[INFO] [stdout] test src/lib.rs - wallet::Wallet::wallet_from_store (line 460) ... FAILED
[INFO] [stdout] test src/lib.rs - wallet::Wallet::new (line 430) ... FAILED
[INFO] [stdout] test src/lib.rs - serializer::Transaction (line 26) ... FAILED
[INFO] [stdout] 
[INFO] [stdout] failures:
[INFO] [stdout] 
[INFO] [stdout] ---- src/lib.rs - serializer::serialize_to_string (line 49) stdout ----
[INFO] [stdout] error: this file contains an unclosed delimiter
[INFO] [stdout]  --> src/lib.rs:56:118
[INFO] [stdout]   |
[INFO] [stdout] 7 | println!("{}", serialize_to_string(&ExampleTransaction {method: "yo".to_string(), params: ExampleParams{}}).unwrap();
[INFO] [stdout]   |         - unclosed delimiter                                                                                         ^
[INFO] [stdout] 
[INFO] [stdout] error: aborting due to 1 previous error
[INFO] [stdout] 
[INFO] [stdout] Couldn't compile the test.
[INFO] [stdout] ---- src/lib.rs - wallet::Wallet::sign (line 447) stdout ----
[INFO] [stdout] error[E0425]: cannot find value `wallet` in this scope
[INFO] [stdout]  --> src/lib.rs:448:11
[INFO] [stdout]   |
[INFO] [stdout] 3 | let sig = wallet.sign("example.example");
[INFO] [stdout]   |           ^^^^^^ not found in this scope
[INFO] [stdout] 
[INFO] [stdout] error: aborting due to 1 previous error
[INFO] [stdout] 
[INFO] [stdout] For more information about this error, try `rustc --explain E0425`.
[INFO] [stdout] Couldn't compile the test.
[INFO] [stdout] ---- src/lib.rs - wallet::Wallet::wallet_from_store (line 460) stdout ----
[INFO] [stdout] error[E0433]: failed to resolve: use of undeclared crate or module `wallet`
[INFO] [stdout]  --> src/lib.rs:461:14
[INFO] [stdout]   |
[INFO] [stdout] 3 | let wallet = wallet::Wallet::wallet_from_store(PathBuf::from("keystore.json"), "password");
[INFO] [stdout]   |              ^^^^^^ use of undeclared crate or module `wallet`
[INFO] [stdout]   |
[INFO] [stdout] help: consider importing this struct
[INFO] [stdout]   |
[INFO] [stdout] 2 + use icon_utils::wallet::Wallet;
[INFO] [stdout]   |
[INFO] [stdout] help: if you import `Wallet`, refer to it directly
[INFO] [stdout]   |
[INFO] [stdout] 3 - let wallet = wallet::Wallet::wallet_from_store(PathBuf::from("keystore.json"), "password");
[INFO] [stdout] 3 + let wallet = Wallet::wallet_from_store(PathBuf::from("keystore.json"), "password");
[INFO] [stdout]   |
[INFO] [stdout] 
[INFO] [stdout] error[E0433]: failed to resolve: use of undeclared type `PathBuf`
[INFO] [stdout]  --> src/lib.rs:461:48
[INFO] [stdout]   |
[INFO] [stdout] 3 | let wallet = wallet::Wallet::wallet_from_store(PathBuf::from("keystore.json"), "password");
[INFO] [stdout]   |                                                ^^^^^^^ use of undeclared type `PathBuf`
[INFO] [stdout]   |
[INFO] [stdout] help: consider importing this struct
[INFO] [stdout]   |
[INFO] [stdout] 2 + use std::path::PathBuf;
[INFO] [stdout]   |
[INFO] [stdout] 
[INFO] [stdout] error: aborting due to 2 previous errors
[INFO] [stdout] 
[INFO] [stdout] For more information about this error, try `rustc --explain E0433`.
[INFO] [stdout] Couldn't compile the test.
[INFO] [stdout] ---- src/lib.rs - wallet::Wallet::new (line 430) stdout ----
[INFO] [stdout] error[E0433]: failed to resolve: use of undeclared crate or module `wallet`
[INFO] [stdout]  --> src/lib.rs:431:14
[INFO] [stdout]   |
[INFO] [stdout] 3 | let wallet = wallet::Wallet::new("68ee9ca94b71c42ba79375b8677e29a717fb8072bcb17cd5ee288f9b77bc2894");
[INFO] [stdout]   |              ^^^^^^ use of undeclared crate or module `wallet`
[INFO] [stdout]   |
[INFO] [stdout] help: consider importing this struct
[INFO] [stdout]   |
[INFO] [stdout] 2 + use icon_utils::wallet::Wallet;
[INFO] [stdout]   |
[INFO] [stdout] help: if you import `Wallet`, refer to it directly
[INFO] [stdout]   |
[INFO] [stdout] 3 - let wallet = wallet::Wallet::new("68ee9ca94b71c42ba79375b8677e29a717fb8072bcb17cd5ee288f9b77bc2894");
[INFO] [stdout] 3 + let wallet = Wallet::new("68ee9ca94b71c42ba79375b8677e29a717fb8072bcb17cd5ee288f9b77bc2894");
[INFO] [stdout]   |
[INFO] [stdout] 
[INFO] [stdout] error: aborting due to 1 previous error
[INFO] [stdout] 
[INFO] [stdout] For more information about this error, try `rustc --explain E0433`.
[INFO] [stdout] Couldn't compile the test.
[INFO] [stdout] ---- src/lib.rs - serializer::Transaction (line 26) stdout ----
[INFO] [stdout] error: cannot find derive macro `Transaction` in this scope
[INFO] [stdout]  --> src/lib.rs:27:10
[INFO] [stdout]   |
[INFO] [stdout] 3 | #[derive(Transaction)]
[INFO] [stdout]   |          ^^^^^^^^^^^
[INFO] [stdout]   |
[INFO] [stdout] help: consider importing this derive macro
[INFO] [stdout]   |
[INFO] [stdout] 2 + use icon_derive::Transaction;
[INFO] [stdout]   |
[INFO] [stdout] 
[INFO] [stdout] error: cannot find attribute `sort` in this scope
[INFO] [stdout]  --> src/lib.rs:28:3
[INFO] [stdout]   |
[INFO] [stdout] 4 | #[sort]
[INFO] [stdout]   |   ^^^^
[INFO] [stdout]   |
[INFO] [stdout] help: consider importing this attribute macro
[INFO] [stdout]   |
[INFO] [stdout] 2 + use icon_derive::sort;
[INFO] [stdout]   |
[INFO] [stdout] 
[INFO] [stdout] error[E0412]: cannot find type `ExampleParams` in this scope
[INFO] [stdout]  --> src/lib.rs:31:13
[INFO] [stdout]   |
[INFO] [stdout] 7 |     params: ExampleParams
[INFO] [stdout]   |             ^^^^^^^^^^^^^ not found in this scope
[INFO] [stdout] 
[INFO] [stdout] error: aborting due to 3 previous errors
[INFO] [stdout] 
[INFO] [stdout] For more information about this error, try `rustc --explain E0412`.
[INFO] [stdout] Couldn't compile the test.
[INFO] [stdout] 
[INFO] [stdout] failures:
[INFO] [stdout]     src/lib.rs - serializer::Transaction (line 26)
[INFO] [stdout]     src/lib.rs - serializer::serialize_to_string (line 49)
[INFO] [stdout]     src/lib.rs - wallet::Wallet::new (line 430)
[INFO] [stdout]     src/lib.rs - wallet::Wallet::sign (line 447)
[INFO] [stdout]     src/lib.rs - wallet::Wallet::wallet_from_store (line 460)
[INFO] [stdout] 
[INFO] [stdout] test result: FAILED. 0 passed; 5 failed; 0 ignored; 0 measured; 0 filtered out; finished in 0.27s
[INFO] [stdout] 
[INFO] [stderr] error: doctest failed, to rerun pass `--doc`
[INFO] running `Command { std: "docker" "inspect" "237e75880298c0c215ee6c35df19de56bab35e9dad1c1cb59f2a25533d9f6f8c", kill_on_drop: false }`
[INFO] running `Command { std: "docker" "rm" "-f" "237e75880298c0c215ee6c35df19de56bab35e9dad1c1cb59f2a25533d9f6f8c", kill_on_drop: false }`
[INFO] [stdout] 237e75880298c0c215ee6c35df19de56bab35e9dad1c1cb59f2a25533d9f6f8c
