[INFO] fetching crate hotg-rune-wasmer-runtime 0.9.4...
[INFO] testing hotg-rune-wasmer-runtime-0.9.4 against nightly-2025-01-18+rustflags=-Zrandomize-layout for randomize-layout-2
[INFO] extracting crate hotg-rune-wasmer-runtime 0.9.4 into /workspace/builds/worker-1-tc2/source
[INFO] validating manifest of crates.io crate hotg-rune-wasmer-runtime 0.9.4 on toolchain nightly-2025-01-18
[INFO] running `Command { std: CARGO_HOME="/workspace/cargo-home" RUSTUP_HOME="/workspace/rustup-home" "/workspace/cargo-home/bin/cargo" "+nightly-2025-01-18" "metadata" "--manifest-path" "Cargo.toml" "--no-deps", kill_on_drop: false }`
[INFO] started tweaking crates.io crate hotg-rune-wasmer-runtime 0.9.4
[INFO] finished tweaking crates.io crate hotg-rune-wasmer-runtime 0.9.4
[INFO] tweaked toml for crates.io crate hotg-rune-wasmer-runtime 0.9.4 written to /workspace/builds/worker-1-tc2/source/Cargo.toml
[INFO] running `Command { std: CARGO_HOME="/workspace/cargo-home" RUSTUP_HOME="/workspace/rustup-home" "/workspace/cargo-home/bin/cargo" "+nightly-2025-01-18" "generate-lockfile" "--manifest-path" "Cargo.toml", kill_on_drop: false }`
[INFO] [stderr]     Blocking waiting for file lock on package cache
[INFO] [stderr]     Updating crates.io index
[INFO] [stderr]     Blocking waiting for file lock on package cache
[INFO] [stderr]      Locking 188 packages to latest compatible versions
[INFO] [stderr]       Adding hotg-rune-core v0.9.4 (available: v0.11.3)
[INFO] [stderr]       Adding hotg-rune-runtime v0.9.4 (available: v0.11.3)
[INFO] [stderr]       Adding wasmer v2.3.0 (available: v5.0.4)
[INFO] [stderr]       Adding wasmer-types v2.3.0 (available: v5.0.4)
[INFO] [stderr]       Adding wasmer-vm v2.3.0 (available: v5.0.4)
[INFO] running `Command { std: CARGO_HOME="/workspace/cargo-home" RUSTUP_HOME="/workspace/rustup-home" "/workspace/cargo-home/bin/cargo" "+nightly-2025-01-18" "fetch" "--manifest-path" "Cargo.toml", kill_on_drop: false }`
[INFO] [stderr]     Blocking waiting for file lock on package cache
[INFO] [stderr]     Blocking waiting for file lock on package cache
[INFO] running `Command { std: "docker" "create" "-v" "/var/lib/crater-agent-workspace/builds/worker-1-tc2/target:/opt/rustwide/target:rw,Z" "-v" "/var/lib/crater-agent-workspace/builds/worker-1-tc2/source:/opt/rustwide/workdir:ro,Z" "-v" "/var/lib/crater-agent-workspace/cargo-home:/opt/rustwide/cargo-home:ro,Z" "-v" "/var/lib/crater-agent-workspace/rustup-home:/opt/rustwide/rustup-home:ro,Z" "-e" "SOURCE_DIR=/opt/rustwide/workdir" "-e" "CARGO_TARGET_DIR=/opt/rustwide/target" "-e" "CARGO_HOME=/opt/rustwide/cargo-home" "-e" "RUSTUP_HOME=/opt/rustwide/rustup-home" "-w" "/opt/rustwide/workdir" "-m" "1610612736" "--user" "0:0" "--network" "none" "ghcr.io/rust-lang/crates-build-env/linux@sha256:819108c5571ea2e421544af4d832f968d213c87fbe3707a016657f43d2f853bc" "/opt/rustwide/cargo-home/bin/cargo" "+nightly-2025-01-18" "metadata" "--no-deps" "--format-version=1", kill_on_drop: false }`
[INFO] [stdout] 86257fad951aef7646b88b497bcf4313a92708a5e16e352e5a83942bf0b07e15
[INFO] running `Command { std: "docker" "start" "-a" "86257fad951aef7646b88b497bcf4313a92708a5e16e352e5a83942bf0b07e15", kill_on_drop: false }`
[INFO] running `Command { std: "docker" "inspect" "86257fad951aef7646b88b497bcf4313a92708a5e16e352e5a83942bf0b07e15", kill_on_drop: false }`
[INFO] running `Command { std: "docker" "rm" "-f" "86257fad951aef7646b88b497bcf4313a92708a5e16e352e5a83942bf0b07e15", kill_on_drop: false }`
[INFO] [stdout] 86257fad951aef7646b88b497bcf4313a92708a5e16e352e5a83942bf0b07e15
[INFO] running `Command { std: "docker" "create" "-v" "/var/lib/crater-agent-workspace/builds/worker-1-tc2/target:/opt/rustwide/target:rw,Z" "-v" "/var/lib/crater-agent-workspace/builds/worker-1-tc2/source:/opt/rustwide/workdir:ro,Z" "-v" "/var/lib/crater-agent-workspace/cargo-home:/opt/rustwide/cargo-home:ro,Z" "-v" "/var/lib/crater-agent-workspace/rustup-home:/opt/rustwide/rustup-home:ro,Z" "-e" "SOURCE_DIR=/opt/rustwide/workdir" "-e" "CARGO_TARGET_DIR=/opt/rustwide/target" "-e" "CARGO_INCREMENTAL=0" "-e" "RUST_BACKTRACE=full" "-e" "RUSTFLAGS=--cap-lints=forbid -Zrandomize-layout" "-e" "RUSTDOCFLAGS=--cap-lints=forbid" "-e" "CARGO_HOME=/opt/rustwide/cargo-home" "-e" "RUSTUP_HOME=/opt/rustwide/rustup-home" "-w" "/opt/rustwide/workdir" "-m" "1610612736" "--user" "0:0" "--network" "none" "ghcr.io/rust-lang/crates-build-env/linux@sha256:819108c5571ea2e421544af4d832f968d213c87fbe3707a016657f43d2f853bc" "/opt/rustwide/cargo-home/bin/cargo" "+nightly-2025-01-18" "build" "--frozen" "--message-format=json", kill_on_drop: false }`
[INFO] [stdout] c5755673e452f05e3b0206f53ba46ff0d9ef27060723bca8b7ccaa1c351b287b
[INFO] running `Command { std: "docker" "start" "-a" "c5755673e452f05e3b0206f53ba46ff0d9ef27060723bca8b7ccaa1c351b287b", kill_on_drop: false }`
[INFO] [stderr]    Compiling proc-macro2 v1.0.93
[INFO] [stderr]    Compiling unicode-ident v1.0.14
[INFO] [stderr]    Compiling autocfg v1.4.0
[INFO] [stderr]    Compiling libc v0.2.169
[INFO] [stderr]    Compiling cfg-if v1.0.0
[INFO] [stderr]    Compiling version_check v0.9.5
[INFO] [stderr]    Compiling serde v1.0.217
[INFO] [stderr]    Compiling once_cell v1.20.2
[INFO] [stderr]    Compiling syn v1.0.109
[INFO] [stderr]    Compiling memchr v2.7.4
[INFO] [stderr]    Compiling fnv v1.0.7
[INFO] [stderr]    Compiling ident_case v1.0.1
[INFO] [stderr]    Compiling target-lexicon v0.12.16
[INFO] [stderr]    Compiling object v0.36.7
[INFO] [stderr]    Compiling rustversion v1.0.19
[INFO] [stderr]    Compiling thiserror v1.0.69
[INFO] [stderr]    Compiling smallvec v1.13.2
[INFO] [stderr]    Compiling rkyv v0.7.45
[INFO] [stderr]    Compiling adler2 v2.0.0
[INFO] [stderr]    Compiling gimli v0.31.1
[INFO] [stderr]    Compiling seahash v4.1.0
[INFO] [stderr]    Compiling miniz_oxide v0.8.3
[INFO] [stderr]    Compiling rustc-demangle v0.1.24
[INFO] [stderr]    Compiling crossbeam-utils v0.8.21
[INFO] [stderr]    Compiling more-asserts v0.2.2
[INFO] [stderr]    Compiling wasmparser v0.83.0
[INFO] [stderr]    Compiling bitflags v1.3.2
[INFO] [stderr]    Compiling rayon-core v1.12.1
[INFO] [stderr]    Compiling either v1.13.0
[INFO] [stderr]    Compiling byteorder v1.5.0
[INFO] [stderr]    Compiling ahash v0.7.8
[INFO] [stderr]    Compiling crc32fast v1.4.2
[INFO] [stderr]    Compiling cranelift-codegen-shared v0.82.3
[INFO] [stderr]    Compiling cranelift-codegen-meta v0.82.3
[INFO] [stderr]    Compiling leb128 v0.2.5
[INFO] [stderr]    Compiling indexmap v1.9.3
[INFO] [stderr]    Compiling num-traits v0.2.19
[INFO] [stderr]    Compiling corosensei v0.1.4
[INFO] [stderr]    Compiling memoffset v0.6.5
[INFO] [stderr]    Compiling rustix v0.38.43
[INFO] [stderr]    Compiling scopeguard v1.2.0
[INFO] [stderr]    Compiling miniz_oxide v0.4.4
[INFO] [stderr]    Compiling proc-macro-error-attr v1.0.4
[INFO] [stderr]    Compiling fallible-iterator v0.2.0
[INFO] [stderr]    Compiling quote v1.0.38
[INFO] [stderr]    Compiling stable_deref_trait v1.2.0
[INFO] [stderr]    Compiling rustc-hash v1.1.0
[INFO] [stderr]    Compiling adler32 v1.2.0
[INFO] [stderr]    Compiling crossbeam-epoch v0.9.18
[INFO] [stderr]    Compiling linux-raw-sys v0.4.15
[INFO] [stderr]    Compiling syn v2.0.96
[INFO] [stderr]    Compiling lazy_static v1.5.0
[INFO] [stderr]    Compiling wasm-encoder v0.223.0
[INFO] [stderr]    Compiling cranelift-entity v0.82.3
[INFO] [stderr]    Compiling bitflags v2.8.0
[INFO] [stderr]    Compiling crossbeam-deque v0.8.6
[INFO] [stderr]    Compiling num-rational v0.3.2
[INFO] [stderr]    Compiling proc-macro-error v1.0.4
[INFO] [stderr]    Compiling tracing-core v0.1.33
[INFO] [stderr]    Compiling weezl v0.1.8
[INFO] [stderr]    Compiling pin-project-lite v0.2.16
[INFO] [stderr]    Compiling adler v1.0.2
[INFO] [stderr]    Compiling getrandom v0.2.15
[INFO] [stderr]    Compiling region v3.0.2
[INFO] [stderr]    Compiling num-integer v0.1.46
[INFO] [stderr]    Compiling cranelift-bforest v0.82.3
[INFO] [stderr]    Compiling memmap2 v0.5.10
[INFO] [stderr]    Compiling rayon v1.10.0
[INFO] [stderr]    Compiling rand_core v0.6.4
[INFO] [stderr]    Compiling hashbrown v0.12.3
[INFO] [stderr]    Compiling hashbrown v0.11.2
[INFO] [stderr]    Compiling deflate v0.8.6
[INFO] [stderr]    Compiling miniz_oxide v0.3.7
[INFO] [stderr]    Compiling color_quant v1.1.0
[INFO] [stderr]    Compiling wasmer-compiler-cranelift v2.3.0
[INFO] [stderr]    Compiling bumpalo v3.16.0
[INFO] [stderr]    Compiling anyhow v1.0.95
[INFO] [stderr]    Compiling home v0.5.11
[INFO] [stderr]    Compiling fastrand v2.3.0
[INFO] [stderr]    Compiling unicode-width v0.2.0
[INFO] [stderr]    Compiling gif v0.11.4
[INFO] [stderr]    Compiling png v0.16.8
[INFO] [stderr]    Compiling tempfile v3.15.0
[INFO] [stderr]    Compiling which v4.4.2
[INFO] [stderr]    Compiling num-iter v0.1.45
[INFO] [stderr]    Compiling libloading v0.7.4
[INFO] [stderr]    Compiling bytemuck v1.21.0
[INFO] [stderr]    Compiling scoped_threadpool v0.1.9
[INFO] [stderr]    Compiling wast v223.0.0
[INFO] [stderr]    Compiling cranelift-codegen v0.82.3
[INFO] [stderr]    Compiling hound v3.5.1
[INFO] [stderr]    Compiling addr2line v0.24.2
[INFO] [stderr]    Compiling jpeg-decoder v0.1.22
[INFO] [stderr]    Compiling tiff v0.6.1
[INFO] [stderr]    Compiling backtrace v0.3.74
[INFO] [stderr]    Compiling darling_core v0.20.10
[INFO] [stderr]    Compiling ptr_meta_derive v0.1.4
[INFO] [stderr]    Compiling rkyv_derive v0.7.45
[INFO] [stderr]    Compiling enum-iterator-derive v0.7.0
[INFO] [stderr]    Compiling loupe-derive v0.1.3
[INFO] [stderr]    Compiling wasmer-derive v2.3.0
[INFO] [stderr]    Compiling image v0.23.14
[INFO] [stderr]    Compiling enum-iterator v0.7.0
[INFO] [stderr]    Compiling ptr_meta v0.1.4
[INFO] [stderr]    Compiling serde_derive v1.0.217
[INFO] [stderr]    Compiling thiserror-impl v1.0.69
[INFO] [stderr]    Compiling zerocopy-derive v0.7.35
[INFO] [stderr]    Compiling tracing-attributes v0.1.28
[INFO] [stderr]    Compiling zerocopy v0.7.35
[INFO] [stderr]    Compiling darling_macro v0.20.10
[INFO] [stderr]    Compiling darling v0.20.10
[INFO] [stderr]    Compiling enumset_derive v0.10.0
[INFO] [stderr]    Compiling ppv-lite86 v0.2.20
[INFO] [stderr]    Compiling rand_chacha v0.3.1
[INFO] [stderr]    Compiling rand v0.8.5
[INFO] [stderr]    Compiling enumset v1.1.5
[INFO] [stderr]    Compiling wat v1.223.0
[INFO] [stderr]    Compiling serde_bytes v0.11.15
[INFO] [stderr]    Compiling log v0.4.25
[INFO] [stderr]    Compiling regalloc v0.0.34
[INFO] [stderr]    Compiling tracing v0.1.41
[INFO] [stderr]    Compiling hotg-rune-core v0.10.0
[INFO] [stderr]    Compiling loupe v0.1.3
[INFO] [stderr]    Compiling gimli v0.26.2
[INFO] [stderr]    Compiling object v0.28.4
[INFO] [stderr]    Compiling wasmer-types v2.3.0
[INFO] [stderr]    Compiling hotg-rune-core v0.9.4
[INFO] [stderr]    Compiling hotg-rune-runtime v0.9.4
[INFO] [stderr]    Compiling wasmer-compiler v2.3.0
[INFO] [stderr]    Compiling wasmer-artifact v2.3.0
[INFO] [stderr]    Compiling wasmer-object v2.3.0
[INFO] [stderr]    Compiling wasmer-vm v2.3.0
[INFO] [stderr]    Compiling wasmer-engine-universal-artifact v2.3.0
[INFO] [stderr]    Compiling wasmer-engine v2.3.0
[INFO] [stderr]    Compiling wasmer-engine-universal v2.3.0
[INFO] [stderr]    Compiling wasmer-engine-dylib v2.3.0
[INFO] [stderr]    Compiling cranelift-frontend v0.82.3
[INFO] [stderr]    Compiling wasmer v2.3.0
[INFO] [stderr]    Compiling hotg-rune-wasmer-runtime v0.9.4 (/opt/rustwide/workdir)
[INFO] [stderr]     Finished `dev` profile [unoptimized + debuginfo] target(s) in 1m 02s
[INFO] running `Command { std: "docker" "inspect" "c5755673e452f05e3b0206f53ba46ff0d9ef27060723bca8b7ccaa1c351b287b", kill_on_drop: false }`
[INFO] running `Command { std: "docker" "rm" "-f" "c5755673e452f05e3b0206f53ba46ff0d9ef27060723bca8b7ccaa1c351b287b", kill_on_drop: false }`
[INFO] [stdout] c5755673e452f05e3b0206f53ba46ff0d9ef27060723bca8b7ccaa1c351b287b
[INFO] running `Command { std: "docker" "create" "-v" "/var/lib/crater-agent-workspace/builds/worker-1-tc2/target:/opt/rustwide/target:rw,Z" "-v" "/var/lib/crater-agent-workspace/builds/worker-1-tc2/source:/opt/rustwide/workdir:ro,Z" "-v" "/var/lib/crater-agent-workspace/cargo-home:/opt/rustwide/cargo-home:ro,Z" "-v" "/var/lib/crater-agent-workspace/rustup-home:/opt/rustwide/rustup-home:ro,Z" "-e" "SOURCE_DIR=/opt/rustwide/workdir" "-e" "CARGO_TARGET_DIR=/opt/rustwide/target" "-e" "CARGO_INCREMENTAL=0" "-e" "RUST_BACKTRACE=full" "-e" "RUSTFLAGS=--cap-lints=forbid -Zrandomize-layout" "-e" "RUSTDOCFLAGS=--cap-lints=forbid" "-e" "CARGO_HOME=/opt/rustwide/cargo-home" "-e" "RUSTUP_HOME=/opt/rustwide/rustup-home" "-w" "/opt/rustwide/workdir" "-m" "1610612736" "--user" "0:0" "--network" "none" "ghcr.io/rust-lang/crates-build-env/linux@sha256:819108c5571ea2e421544af4d832f968d213c87fbe3707a016657f43d2f853bc" "/opt/rustwide/cargo-home/bin/cargo" "+nightly-2025-01-18" "test" "--frozen" "--no-run" "--message-format=json", kill_on_drop: false }`
[INFO] [stdout] 2482b9cd1ce9891ca81d1f6e322fbcf0a26a3db04a6fc18258472f32231dd7af
[INFO] running `Command { std: "docker" "start" "-a" "2482b9cd1ce9891ca81d1f6e322fbcf0a26a3db04a6fc18258472f32231dd7af", kill_on_drop: false }`
[INFO] [stderr]    Compiling hotg-rune-wasmer-runtime v0.9.4 (/opt/rustwide/workdir)
[INFO] [stderr]     Finished `test` profile [unoptimized + debuginfo] target(s) in 1.47s
[INFO] running `Command { std: "docker" "inspect" "2482b9cd1ce9891ca81d1f6e322fbcf0a26a3db04a6fc18258472f32231dd7af", kill_on_drop: false }`
[INFO] running `Command { std: "docker" "rm" "-f" "2482b9cd1ce9891ca81d1f6e322fbcf0a26a3db04a6fc18258472f32231dd7af", kill_on_drop: false }`
[INFO] [stdout] 2482b9cd1ce9891ca81d1f6e322fbcf0a26a3db04a6fc18258472f32231dd7af
[INFO] running `Command { std: "docker" "create" "-v" "/var/lib/crater-agent-workspace/builds/worker-1-tc2/target:/opt/rustwide/target:rw,Z" "-v" "/var/lib/crater-agent-workspace/builds/worker-1-tc2/source:/opt/rustwide/workdir:ro,Z" "-v" "/var/lib/crater-agent-workspace/cargo-home:/opt/rustwide/cargo-home:ro,Z" "-v" "/var/lib/crater-agent-workspace/rustup-home:/opt/rustwide/rustup-home:ro,Z" "-e" "SOURCE_DIR=/opt/rustwide/workdir" "-e" "CARGO_TARGET_DIR=/opt/rustwide/target" "-e" "CARGO_INCREMENTAL=0" "-e" "RUST_BACKTRACE=full" "-e" "RUSTFLAGS=--cap-lints=forbid -Zrandomize-layout" "-e" "RUSTDOCFLAGS=--cap-lints=forbid" "-e" "CARGO_HOME=/opt/rustwide/cargo-home" "-e" "RUSTUP_HOME=/opt/rustwide/rustup-home" "-w" "/opt/rustwide/workdir" "-m" "1610612736" "--user" "0:0" "--network" "none" "ghcr.io/rust-lang/crates-build-env/linux@sha256:819108c5571ea2e421544af4d832f968d213c87fbe3707a016657f43d2f853bc" "/opt/rustwide/cargo-home/bin/cargo" "+nightly-2025-01-18" "test" "--frozen", kill_on_drop: false }`
[INFO] [stdout] 7caee30ac012cc5331518d4b9031ae20715cf5a252349c2440c7613e8c35118a
[INFO] running `Command { std: "docker" "start" "-a" "7caee30ac012cc5331518d4b9031ae20715cf5a252349c2440c7613e8c35118a", kill_on_drop: false }`
[INFO] [stderr]     Finished `test` profile [unoptimized + debuginfo] target(s) in 0.16s
[INFO] [stderr]      Running unittests src/lib.rs (/opt/rustwide/target/debug/deps/hotg_rune_wasmer_runtime-d607125af557f67a)
[INFO] [stdout] 
[INFO] [stdout] running 0 tests
[INFO] [stdout] 
[INFO] [stdout] test result: ok. 0 passed; 0 failed; 0 ignored; 0 measured; 0 filtered out; finished in 0.00s
[INFO] [stdout] 
[INFO] [stderr]      Running tests/integration.rs (/opt/rustwide/target/debug/deps/integration-701e9e66fd0ba9a7)
[INFO] [stdout] 
[INFO] [stdout] running 2 tests
[INFO] [stderr] error[E0463]: can't find crate for `std`
[INFO] [stderr]   |
[INFO] [stderr]   = note: the `wasm32-unknown-unknown` target may not be installed
[INFO] [stderr]   = help: consider downloading the target with `rustup target add wasm32-unknown-unknown`
[INFO] [stderr]   = help: consider building the standard library from source with `cargo build -Zbuild-std`
[INFO] [stderr] 
[INFO] [stderr] error: aborting due to 1 previous error
[INFO] [stderr] 
[INFO] [stderr] For more information about this error, try `rustc --explain E0463`.
[INFO] [stderr] error[E0463]: can't find crate for `std`
[INFO] [stderr]   |
[INFO] [stderr]   = note: the `wasm32-unknown-unknown` target may not be installed
[INFO] [stderr]   = help: consider downloading the target with `rustup target add wasm32-unknown-unknown`
[INFO] [stderr]   = help: consider building the standard library from source with `cargo build -Zbuild-std`
[INFO] [stderr] 
[INFO] [stderr] error: aborting due to 1 previous error
[INFO] [stderr] 
[INFO] [stderr] For more information about this error, try `rustc --explain E0463`.
[INFO] [stdout] test call_host_function_from_manifest ... FAILED
[INFO] [stdout] test load_and_call_a_rune_that_does_nothing ... FAILED
[INFO] [stdout] 
[INFO] [stdout] failures:
[INFO] [stdout] 
[INFO] [stdout] ---- call_host_function_from_manifest stdout ----
[INFO] [stdout] 
[INFO] [stdout] thread 'call_host_function_from_manifest' panicked at tests/integration.rs:36:55:
[INFO] [stdout] called `Result::unwrap()` on an `Err` value: Condition failed: `status.success()`
[INFO] [stdout] 
[INFO] [stdout] Stack backtrace:
[INFO] [stdout]    0: anyhow::error::<impl anyhow::Error>::msg
[INFO] [stdout]              at /opt/rustwide/cargo-home/registry/src/index.crates.io-1949cf8c6b5b557f/anyhow-1.0.95/src/backtrace.rs:27:14
[INFO] [stdout]    1: integration::compile_standalone_wasm
[INFO] [stdout]              at ./tests/integration.rs:82:5
[INFO] [stdout]    2: integration::call_host_function_from_manifest
[INFO] [stdout]              at ./tests/integration.rs:36:18
[INFO] [stdout]    3: integration::call_host_function_from_manifest::{{closure}}
[INFO] [stdout]              at ./tests/integration.rs:32:38
[INFO] [stdout]    4: core::ops::function::FnOnce::call_once
[INFO] [stdout]              at /rustc/6067b36314ab5eb2eb47cecc464545ba58e1ad24/library/core/src/ops/function.rs:250:5
[INFO] [stdout]    5: core::ops::function::FnOnce::call_once
[INFO] [stdout]              at /rustc/6067b36314ab5eb2eb47cecc464545ba58e1ad24/library/core/src/ops/function.rs:250:5
[INFO] [stdout]    6: test::__rust_begin_short_backtrace
[INFO] [stdout]              at /rustc/6067b36314ab5eb2eb47cecc464545ba58e1ad24/library/test/src/lib.rs:632:18
[INFO] [stdout]    7: test::run_test_in_process::{{closure}}
[INFO] [stdout]              at /rustc/6067b36314ab5eb2eb47cecc464545ba58e1ad24/library/test/src/lib.rs:655:60
[INFO] [stdout]    8: <core::panic::unwind_safe::AssertUnwindSafe<F> as core::ops::function::FnOnce<()>>::call_once
[INFO] [stdout]              at /rustc/6067b36314ab5eb2eb47cecc464545ba58e1ad24/library/core/src/panic/unwind_safe.rs:272:9
[INFO] [stdout]    9: std::panicking::try::do_call
[INFO] [stdout]              at /rustc/6067b36314ab5eb2eb47cecc464545ba58e1ad24/library/std/src/panicking.rs:587:40
[INFO] [stdout]   10: std::panicking::try
[INFO] [stdout]              at /rustc/6067b36314ab5eb2eb47cecc464545ba58e1ad24/library/std/src/panicking.rs:550:19
[INFO] [stdout]   11: std::panic::catch_unwind
[INFO] [stdout]              at /rustc/6067b36314ab5eb2eb47cecc464545ba58e1ad24/library/std/src/panic.rs:358:14
[INFO] [stdout]   12: test::run_test_in_process
[INFO] [stdout]              at /rustc/6067b36314ab5eb2eb47cecc464545ba58e1ad24/library/test/src/lib.rs:655:27
[INFO] [stdout]   13: test::run_test::{{closure}}
[INFO] [stdout]              at /rustc/6067b36314ab5eb2eb47cecc464545ba58e1ad24/library/test/src/lib.rs:576:43
[INFO] [stdout]   14: test::run_test::{{closure}}
[INFO] [stdout]              at /rustc/6067b36314ab5eb2eb47cecc464545ba58e1ad24/library/test/src/lib.rs:606:41
[INFO] [stdout]   15: std::sys::backtrace::__rust_begin_short_backtrace
[INFO] [stdout]              at /rustc/6067b36314ab5eb2eb47cecc464545ba58e1ad24/library/std/src/sys/backtrace.rs:152:18
[INFO] [stdout]   16: std::thread::Builder::spawn_unchecked_::{{closure}}::{{closure}}
[INFO] [stdout]              at /rustc/6067b36314ab5eb2eb47cecc464545ba58e1ad24/library/std/src/thread/mod.rs:559:17
[INFO] [stdout]   17: <core::panic::unwind_safe::AssertUnwindSafe<F> as core::ops::function::FnOnce<()>>::call_once
[INFO] [stdout]              at /rustc/6067b36314ab5eb2eb47cecc464545ba58e1ad24/library/core/src/panic/unwind_safe.rs:272:9
[INFO] [stdout]   18: std::panicking::try::do_call
[INFO] [stdout]              at /rustc/6067b36314ab5eb2eb47cecc464545ba58e1ad24/library/std/src/panicking.rs:587:40
[INFO] [stdout]   19: std::panicking::try
[INFO] [stdout]              at /rustc/6067b36314ab5eb2eb47cecc464545ba58e1ad24/library/std/src/panicking.rs:550:19
[INFO] [stdout]   20: std::panic::catch_unwind
[INFO] [stdout]              at /rustc/6067b36314ab5eb2eb47cecc464545ba58e1ad24/library/std/src/panic.rs:358:14
[INFO] [stdout]   21: std::thread::Builder::spawn_unchecked_::{{closure}}
[INFO] [stdout]              at /rustc/6067b36314ab5eb2eb47cecc464545ba58e1ad24/library/std/src/thread/mod.rs:557:30
[INFO] [stdout]   22: core::ops::function::FnOnce::call_once{{vtable.shim}}
[INFO] [stdout]              at /rustc/6067b36314ab5eb2eb47cecc464545ba58e1ad24/library/core/src/ops/function.rs:250:5
[INFO] [stdout]   23: <alloc::boxed::Box<F,A> as core::ops::function::FnOnce<Args>>::call_once
[INFO] [stdout]              at /rustc/6067b36314ab5eb2eb47cecc464545ba58e1ad24/library/alloc/src/boxed.rs:2013:9
[INFO] [stdout]   24: <alloc::boxed::Box<F,A> as core::ops::function::FnOnce<Args>>::call_once
[INFO] [stdout]              at /rustc/6067b36314ab5eb2eb47cecc464545ba58e1ad24/library/alloc/src/boxed.rs:2013:9
[INFO] [stdout]   25: std::sys::pal::unix::thread::Thread::new::thread_start
[INFO] [stdout]              at /rustc/6067b36314ab5eb2eb47cecc464545ba58e1ad24/library/std/src/sys/pal/unix/thread.rs:106:17
[INFO] [stdout]   26: <unknown>
[INFO] [stdout]   27: clone
[INFO] [stdout] stack backtrace:
[INFO] [stdout]    0:     0x618f41296aba - std::backtrace_rs::backtrace::libunwind::trace::hb059275cfc8d6126
[INFO] [stdout]                                at /rustc/6067b36314ab5eb2eb47cecc464545ba58e1ad24/library/std/src/../../backtrace/src/backtrace/libunwind.rs:116:5
[INFO] [stdout]    1:     0x618f41296aba - std::backtrace_rs::backtrace::trace_unsynchronized::h2da071e4327ce3ee
[INFO] [stdout]                                at /rustc/6067b36314ab5eb2eb47cecc464545ba58e1ad24/library/std/src/../../backtrace/src/backtrace/mod.rs:66:5
[INFO] [stdout]    2:     0x618f41296aba - std::sys::backtrace::_print_fmt::h842a1474e6f8d23f
[INFO] [stdout]                                at /rustc/6067b36314ab5eb2eb47cecc464545ba58e1ad24/library/std/src/sys/backtrace.rs:66:9
[INFO] [stdout]    3:     0x618f41296aba - <std::sys::backtrace::BacktraceLock::print::DisplayBacktrace as core::fmt::Display>::fmt::h71a62eb3b9696b12
[INFO] [stdout]                                at /rustc/6067b36314ab5eb2eb47cecc464545ba58e1ad24/library/std/src/sys/backtrace.rs:39:26
[INFO] [stdout]    4:     0x618f412c21a3 - core::fmt::rt::Argument::fmt::hdb6b616786b41dc1
[INFO] [stdout]                                at /rustc/6067b36314ab5eb2eb47cecc464545ba58e1ad24/library/core/src/fmt/rt.rs:177:76
[INFO] [stdout]    5:     0x618f412c21a3 - core::fmt::write::h2cc1698af7e2d686
[INFO] [stdout]                                at /rustc/6067b36314ab5eb2eb47cecc464545ba58e1ad24/library/core/src/fmt/mod.rs:1440:21
[INFO] [stdout]    6:     0x618f41293023 - std::io::Write::write_fmt::hab1b4cd059a79022
[INFO] [stdout]                                at /rustc/6067b36314ab5eb2eb47cecc464545ba58e1ad24/library/std/src/io/mod.rs:1887:15
[INFO] [stdout]    7:     0x618f41296902 - std::sys::backtrace::BacktraceLock::print::h147fe35b4ea13b08
[INFO] [stdout]                                at /rustc/6067b36314ab5eb2eb47cecc464545ba58e1ad24/library/std/src/sys/backtrace.rs:42:9
[INFO] [stdout]    8:     0x618f41297edf - std::panicking::default_hook::{{closure}}::hbd44223dbdc0d208
[INFO] [stdout]                                at /rustc/6067b36314ab5eb2eb47cecc464545ba58e1ad24/library/std/src/panicking.rs:298:22
[INFO] [stdout]    9:     0x618f41297cf8 - std::panicking::default_hook::h20f81eb0576efcec
[INFO] [stdout]                                at /rustc/6067b36314ab5eb2eb47cecc464545ba58e1ad24/library/std/src/panicking.rs:322:9
[INFO] [stdout]   10:     0x618f406e1973 - <alloc::boxed::Box<F,A> as core::ops::function::Fn<Args>>::call::hdb53814c496a4d34
[INFO] [stdout]                                at /rustc/6067b36314ab5eb2eb47cecc464545ba58e1ad24/library/alloc/src/boxed.rs:2027:9
[INFO] [stdout]   11:     0x618f406e1973 - test::test_main::{{closure}}::hc0a4963c59427c24
[INFO] [stdout]                                at /rustc/6067b36314ab5eb2eb47cecc464545ba58e1ad24/library/test/src/lib.rs:134:21
[INFO] [stdout]   12:     0x618f412989d3 - <alloc::boxed::Box<F,A> as core::ops::function::Fn<Args>>::call::h591b2225413a77e9
[INFO] [stdout]                                at /rustc/6067b36314ab5eb2eb47cecc464545ba58e1ad24/library/alloc/src/boxed.rs:2027:9
[INFO] [stdout]   13:     0x618f412989d3 - std::panicking::rust_panic_with_hook::h625eea43051b2edc
[INFO] [stdout]                                at /rustc/6067b36314ab5eb2eb47cecc464545ba58e1ad24/library/std/src/panicking.rs:839:13
[INFO] [stdout]   14:     0x618f4129868a - std::panicking::begin_panic_handler::{{closure}}::h4f9159cfbc3f6bd3
[INFO] [stdout]                                at /rustc/6067b36314ab5eb2eb47cecc464545ba58e1ad24/library/std/src/panicking.rs:704:13
[INFO] [stdout]   15:     0x618f41296fb9 - std::sys::backtrace::__rust_end_short_backtrace::h0390abce48353151
[INFO] [stdout]                                at /rustc/6067b36314ab5eb2eb47cecc464545ba58e1ad24/library/std/src/sys/backtrace.rs:168:18
[INFO] [stdout]   16:     0x618f4129831d - rust_begin_unwind
[INFO] [stdout]                                at /rustc/6067b36314ab5eb2eb47cecc464545ba58e1ad24/library/std/src/panicking.rs:695:5
[INFO] [stdout]   17:     0x618f412bf490 - core::panicking::panic_fmt::h9e7c637e9e5f29c9
[INFO] [stdout]                                at /rustc/6067b36314ab5eb2eb47cecc464545ba58e1ad24/library/core/src/panicking.rs:75:14
[INFO] [stdout]   18:     0x618f412bf906 - core::result::unwrap_failed::h7979f09313fe1849
[INFO] [stdout]                                at /rustc/6067b36314ab5eb2eb47cecc464545ba58e1ad24/library/core/src/result.rs:1704:5
[INFO] [stdout]   19:     0x618f406a157a - core::result::Result<T,E>::unwrap::h9b9593390386c17e
[INFO] [stdout]                                at /rustc/6067b36314ab5eb2eb47cecc464545ba58e1ad24/library/core/src/result.rs:1109:23
[INFO] [stdout]   20:     0x618f406a157a - integration::call_host_function_from_manifest::h17e1a8f9d1b6a92c
[INFO] [stdout]                                at /opt/rustwide/workdir/tests/integration.rs:36:18
[INFO] [stdout]   21:     0x618f406a1417 - integration::call_host_function_from_manifest::{{closure}}::h85f671abdca65fc1
[INFO] [stdout]                                at /opt/rustwide/workdir/tests/integration.rs:32:38
[INFO] [stdout]   22:     0x618f4069bc36 - core::ops::function::FnOnce::call_once::hb94f3c4b78186c72
[INFO] [stdout]                                at /rustc/6067b36314ab5eb2eb47cecc464545ba58e1ad24/library/core/src/ops/function.rs:250:5
[INFO] [stdout]   23:     0x618f406e70cb - core::ops::function::FnOnce::call_once::he27718dfdd183f43
[INFO] [stdout]                                at /rustc/6067b36314ab5eb2eb47cecc464545ba58e1ad24/library/core/src/ops/function.rs:250:5
[INFO] [stdout]   24:     0x618f406e70cb - test::__rust_begin_short_backtrace::h4e84902998457a5d
[INFO] [stdout]                                at /rustc/6067b36314ab5eb2eb47cecc464545ba58e1ad24/library/test/src/lib.rs:632:18
[INFO] [stdout]   25:     0x618f406e6003 - test::run_test_in_process::{{closure}}::h7176fd18fc1feca0
[INFO] [stdout]                                at /rustc/6067b36314ab5eb2eb47cecc464545ba58e1ad24/library/test/src/lib.rs:655:60
[INFO] [stdout]   26:     0x618f406e6003 - <core::panic::unwind_safe::AssertUnwindSafe<F> as core::ops::function::FnOnce<()>>::call_once::hf79cff2a624d8cf7
[INFO] [stdout]                                at /rustc/6067b36314ab5eb2eb47cecc464545ba58e1ad24/library/core/src/panic/unwind_safe.rs:272:9
[INFO] [stdout]   27:     0x618f406e6003 - std::panicking::try::do_call::h3da0561d9ab99c25
[INFO] [stdout]                                at /rustc/6067b36314ab5eb2eb47cecc464545ba58e1ad24/library/std/src/panicking.rs:587:40
[INFO] [stdout]   28:     0x618f406e6003 - std::panicking::try::h41c9fa508bc61df6
[INFO] [stdout]                                at /rustc/6067b36314ab5eb2eb47cecc464545ba58e1ad24/library/std/src/panicking.rs:550:19
[INFO] [stdout]   29:     0x618f406e6003 - std::panic::catch_unwind::h6b3ff07bb5afad93
[INFO] [stdout]                                at /rustc/6067b36314ab5eb2eb47cecc464545ba58e1ad24/library/std/src/panic.rs:358:14
[INFO] [stdout]   30:     0x618f406e6003 - test::run_test_in_process::hc7253dd11b39b9f4
[INFO] [stdout]                                at /rustc/6067b36314ab5eb2eb47cecc464545ba58e1ad24/library/test/src/lib.rs:655:27
[INFO] [stdout]   31:     0x618f406e6003 - test::run_test::{{closure}}::hfb2007f8649c30bb
[INFO] [stdout]                                at /rustc/6067b36314ab5eb2eb47cecc464545ba58e1ad24/library/test/src/lib.rs:576:43
[INFO] [stdout]   32:     0x618f406a90e5 - test::run_test::{{closure}}::h56a17aa7a282a9f4
[INFO] [stdout]                                at /rustc/6067b36314ab5eb2eb47cecc464545ba58e1ad24/library/test/src/lib.rs:606:41
[INFO] [stdout]   33:     0x618f406a90e5 - std::sys::backtrace::__rust_begin_short_backtrace::hd2d2d2fb8e8c6aac
[INFO] [stdout]                                at /rustc/6067b36314ab5eb2eb47cecc464545ba58e1ad24/library/std/src/sys/backtrace.rs:152:18
[INFO] [stdout]   34:     0x618f406ac9ca - std::thread::Builder::spawn_unchecked_::{{closure}}::{{closure}}::h4faa3f9db6133423
[INFO] [stdout]                                at /rustc/6067b36314ab5eb2eb47cecc464545ba58e1ad24/library/std/src/thread/mod.rs:559:17
[INFO] [stdout]   35:     0x618f406ac9ca - <core::panic::unwind_safe::AssertUnwindSafe<F> as core::ops::function::FnOnce<()>>::call_once::hf2e855a36a4ea846
[INFO] [stdout]                                at /rustc/6067b36314ab5eb2eb47cecc464545ba58e1ad24/library/core/src/panic/unwind_safe.rs:272:9
[INFO] [stdout]   36:     0x618f406ac9ca - std::panicking::try::do_call::h2f73af3616c35465
[INFO] [stdout]                                at /rustc/6067b36314ab5eb2eb47cecc464545ba58e1ad24/library/std/src/panicking.rs:587:40
[INFO] [stdout]   37:     0x618f406ac9ca - std::panicking::try::hd1660ce9efadef5a
[INFO] [stdout]                                at /rustc/6067b36314ab5eb2eb47cecc464545ba58e1ad24/library/std/src/panicking.rs:550:19
[INFO] [stdout]   38:     0x618f406ac9ca - std::panic::catch_unwind::h5ee8d7823b8ca744
[INFO] [stdout]                                at /rustc/6067b36314ab5eb2eb47cecc464545ba58e1ad24/library/std/src/panic.rs:358:14
[INFO] [stdout]   39:     0x618f406ac9ca - std::thread::Builder::spawn_unchecked_::{{closure}}::h53c3a1894dce8407
[INFO] [stdout]                                at /rustc/6067b36314ab5eb2eb47cecc464545ba58e1ad24/library/std/src/thread/mod.rs:557:30
[INFO] [stdout]   40:     0x618f406ac9ca - core::ops::function::FnOnce::call_once{{vtable.shim}}::h048ce291ad4f62bf
[INFO] [stdout]                                at /rustc/6067b36314ab5eb2eb47cecc464545ba58e1ad24/library/core/src/ops/function.rs:250:5
[INFO] [stdout]   41:     0x618f4129d5fb - <alloc::boxed::Box<F,A> as core::ops::function::FnOnce<Args>>::call_once::ha52bedf99a3b4981
[INFO] [stdout]                                at /rustc/6067b36314ab5eb2eb47cecc464545ba58e1ad24/library/alloc/src/boxed.rs:2013:9
[INFO] [stdout]   42:     0x618f4129d5fb - <alloc::boxed::Box<F,A> as core::ops::function::FnOnce<Args>>::call_once::h567748934d80ccf8
[INFO] [stdout]                                at /rustc/6067b36314ab5eb2eb47cecc464545ba58e1ad24/library/alloc/src/boxed.rs:2013:9
[INFO] [stdout]   43:     0x618f4129d5fb - std::sys::pal::unix::thread::Thread::new::thread_start::h2d970728ae887adc
[INFO] [stdout]                                at /rustc/6067b36314ab5eb2eb47cecc464545ba58e1ad24/library/std/src/sys/pal/unix/thread.rs:106:17
[INFO] [stdout]   44:     0x74bef9da5ac3 - <unknown>
[INFO] [stdout]   45:     0x74bef9e36a04 - clone
[INFO] [stdout]   46:                0x0 - <unknown>
[INFO] [stdout] 
[INFO] [stdout] ---- load_and_call_a_rune_that_does_nothing stdout ----
[INFO] [stdout] 
[INFO] [stdout] thread 'load_and_call_a_rune_that_does_nothing' panicked at tests/integration.rs:18:55:
[INFO] [stdout] called `Result::unwrap()` on an `Err` value: Condition failed: `status.success()`
[INFO] [stdout] 
[INFO] [stdout] Stack backtrace:
[INFO] [stdout]    0: anyhow::error::<impl anyhow::Error>::msg
[INFO] [stdout]              at /opt/rustwide/cargo-home/registry/src/index.crates.io-1949cf8c6b5b557f/anyhow-1.0.95/src/backtrace.rs:27:14
[INFO] [stdout]    1: integration::compile_standalone_wasm
[INFO] [stdout]              at ./tests/integration.rs:82:5
[INFO] [stdout]    2: integration::load_and_call_a_rune_that_does_nothing
[INFO] [stdout]              at ./tests/integration.rs:18:18
[INFO] [stdout]    3: integration::load_and_call_a_rune_that_does_nothing::{{closure}}
[INFO] [stdout]              at ./tests/integration.rs:15:44
[INFO] [stdout]    4: core::ops::function::FnOnce::call_once
[INFO] [stdout]              at /rustc/6067b36314ab5eb2eb47cecc464545ba58e1ad24/library/core/src/ops/function.rs:250:5
[INFO] [stdout]    5: core::ops::function::FnOnce::call_once
[INFO] [stdout]              at /rustc/6067b36314ab5eb2eb47cecc464545ba58e1ad24/library/core/src/ops/function.rs:250:5
[INFO] [stdout]    6: test::__rust_begin_short_backtrace
[INFO] [stdout]              at /rustc/6067b36314ab5eb2eb47cecc464545ba58e1ad24/library/test/src/lib.rs:632:18
[INFO] [stdout]    7: test::run_test_in_process::{{closure}}
[INFO] [stdout]              at /rustc/6067b36314ab5eb2eb47cecc464545ba58e1ad24/library/test/src/lib.rs:655:60
[INFO] [stdout]    8: <core::panic::unwind_safe::AssertUnwindSafe<F> as core::ops::function::FnOnce<()>>::call_once
[INFO] [stdout]              at /rustc/6067b36314ab5eb2eb47cecc464545ba58e1ad24/library/core/src/panic/unwind_safe.rs:272:9
[INFO] [stdout]    9: std::panicking::try::do_call
[INFO] [stdout]              at /rustc/6067b36314ab5eb2eb47cecc464545ba58e1ad24/library/std/src/panicking.rs:587:40
[INFO] [stdout]   10: std::panicking::try
[INFO] [stdout]              at /rustc/6067b36314ab5eb2eb47cecc464545ba58e1ad24/library/std/src/panicking.rs:550:19
[INFO] [stdout]   11: std::panic::catch_unwind
[INFO] [stdout]              at /rustc/6067b36314ab5eb2eb47cecc464545ba58e1ad24/library/std/src/panic.rs:358:14
[INFO] [stdout]   12: test::run_test_in_process
[INFO] [stdout]              at /rustc/6067b36314ab5eb2eb47cecc464545ba58e1ad24/library/test/src/lib.rs:655:27
[INFO] [stdout]   13: test::run_test::{{closure}}
[INFO] [stdout]              at /rustc/6067b36314ab5eb2eb47cecc464545ba58e1ad24/library/test/src/lib.rs:576:43
[INFO] [stdout]   14: test::run_test::{{closure}}
[INFO] [stdout]              at /rustc/6067b36314ab5eb2eb47cecc464545ba58e1ad24/library/test/src/lib.rs:606:41
[INFO] [stdout]   15: std::sys::backtrace::__rust_begin_short_backtrace
[INFO] [stdout]              at /rustc/6067b36314ab5eb2eb47cecc464545ba58e1ad24/library/std/src/sys/backtrace.rs:152:18
[INFO] [stdout]   16: std::thread::Builder::spawn_unchecked_::{{closure}}::{{closure}}
[INFO] [stdout]              at /rustc/6067b36314ab5eb2eb47cecc464545ba58e1ad24/library/std/src/thread/mod.rs:559:17
[INFO] [stdout]   17: <core::panic::unwind_safe::AssertUnwindSafe<F> as core::ops::function::FnOnce<()>>::call_once
[INFO] [stdout]              at /rustc/6067b36314ab5eb2eb47cecc464545ba58e1ad24/library/core/src/panic/unwind_safe.rs:272:9
[INFO] [stdout]   18: std::panicking::try::do_call
[INFO] [stdout]              at /rustc/6067b36314ab5eb2eb47cecc464545ba58e1ad24/library/std/src/panicking.rs:587:40
[INFO] [stdout]   19: std::panicking::try
[INFO] [stdout]              at /rustc/6067b36314ab5eb2eb47cecc464545ba58e1ad24/library/std/src/panicking.rs:550:19
[INFO] [stdout]   20: std::panic::catch_unwind
[INFO] [stdout]              at /rustc/6067b36314ab5eb2eb47cecc464545ba58e1ad24/library/std/src/panic.rs:358:14
[INFO] [stdout]   21: std::thread::Builder::spawn_unchecked_::{{closure}}
[INFO] [stdout]              at /rustc/6067b36314ab5eb2eb47cecc464545ba58e1ad24/library/std/src/thread/mod.rs:557:30
[INFO] [stdout]   22: core::ops::function::FnOnce::call_once{{vtable.shim}}
[INFO] [stdout]              at /rustc/6067b36314ab5eb2eb47cecc464545ba58e1ad24/library/core/src/ops/function.rs:250:5
[INFO] [stdout]   23: <alloc::boxed::Box<F,A> as core::ops::function::FnOnce<Args>>::call_once
[INFO] [stdout]              at /rustc/6067b36314ab5eb2eb47cecc464545ba58e1ad24/library/alloc/src/boxed.rs:2013:9
[INFO] [stdout]   24: <alloc::boxed::Box<F,A> as core::ops::function::FnOnce<Args>>::call_once
[INFO] [stdout]              at /rustc/6067b36314ab5eb2eb47cecc464545ba58e1ad24/library/alloc/src/boxed.rs:2013:9
[INFO] [stdout]   25: std::sys::pal::unix::thread::Thread::new::thread_start
[INFO] [stdout]              at /rustc/6067b36314ab5eb2eb47cecc464545ba58e1ad24/library/std/src/sys/pal/unix/thread.rs:106:17
[INFO] [stdout]   26: <unknown>
[INFO] [stdout]   27: clone
[INFO] [stdout] stack backtrace:
[INFO] [stdout]    0:     0x618f41296aba - std::backtrace_rs::backtrace::libunwind::trace::hb059275cfc8d6126
[INFO] [stdout]                                at /rustc/6067b36314ab5eb2eb47cecc464545ba58e1ad24/library/std/src/../../backtrace/src/backtrace/libunwind.rs:116:5
[INFO] [stdout]    1:     0x618f41296aba - std::backtrace_rs::backtrace::trace_unsynchronized::h2da071e4327ce3ee
[INFO] [stdout]                                at /rustc/6067b36314ab5eb2eb47cecc464545ba58e1ad24/library/std/src/../../backtrace/src/backtrace/mod.rs:66:5
[INFO] [stdout]    2:     0x618f41296aba - std::sys::backtrace::_print_fmt::h842a1474e6f8d23f
[INFO] [stdout]                                at /rustc/6067b36314ab5eb2eb47cecc464545ba58e1ad24/library/std/src/sys/backtrace.rs:66:9
[INFO] [stdout]    3:     0x618f41296aba - <std::sys::backtrace::BacktraceLock::print::DisplayBacktrace as core::fmt::Display>::fmt::h71a62eb3b9696b12
[INFO] [stdout]                                at /rustc/6067b36314ab5eb2eb47cecc464545ba58e1ad24/library/std/src/sys/backtrace.rs:39:26
[INFO] [stdout]    4:     0x618f412c21a3 - core::fmt::rt::Argument::fmt::hdb6b616786b41dc1
[INFO] [stdout]                                at /rustc/6067b36314ab5eb2eb47cecc464545ba58e1ad24/library/core/src/fmt/rt.rs:177:76
[INFO] [stdout]    5:     0x618f412c21a3 - core::fmt::write::h2cc1698af7e2d686
[INFO] [stdout]                                at /rustc/6067b36314ab5eb2eb47cecc464545ba58e1ad24/library/core/src/fmt/mod.rs:1440:21
[INFO] [stdout]    6:     0x618f41293023 - std::io::Write::write_fmt::hab1b4cd059a79022
[INFO] [stdout]                                at /rustc/6067b36314ab5eb2eb47cecc464545ba58e1ad24/library/std/src/io/mod.rs:1887:15
[INFO] [stdout]    7:     0x618f41296902 - std::sys::backtrace::BacktraceLock::print::h147fe35b4ea13b08
[INFO] [stdout]                                at /rustc/6067b36314ab5eb2eb47cecc464545ba58e1ad24/library/std/src/sys/backtrace.rs:42:9
[INFO] [stdout]    8:     0x618f41297edf - std::panicking::default_hook::{{closure}}::hbd44223dbdc0d208
[INFO] [stdout]                                at /rustc/6067b36314ab5eb2eb47cecc464545ba58e1ad24/library/std/src/panicking.rs:298:22
[INFO] [stdout]    9:     0x618f41297cf8 - std::panicking::default_hook::h20f81eb0576efcec
[INFO] [stdout]                                at /rustc/6067b36314ab5eb2eb47cecc464545ba58e1ad24/library/std/src/panicking.rs:322:9
[INFO] [stdout]   10:     0x618f406e1973 - <alloc::boxed::Box<F,A> as core::ops::function::Fn<Args>>::call::hdb53814c496a4d34
[INFO] [stdout]                                at /rustc/6067b36314ab5eb2eb47cecc464545ba58e1ad24/library/alloc/src/boxed.rs:2027:9
[INFO] [stdout]   11:     0x618f406e1973 - test::test_main::{{closure}}::hc0a4963c59427c24
[INFO] [stdout]                                at /rustc/6067b36314ab5eb2eb47cecc464545ba58e1ad24/library/test/src/lib.rs:134:21
[INFO] [stdout]   12:     0x618f412989d3 - <alloc::boxed::Box<F,A> as core::ops::function::Fn<Args>>::call::h591b2225413a77e9
[INFO] [stdout]                                at /rustc/6067b36314ab5eb2eb47cecc464545ba58e1ad24/library/alloc/src/boxed.rs:2027:9
[INFO] [stdout]   13:     0x618f412989d3 - std::panicking::rust_panic_with_hook::h625eea43051b2edc
[INFO] [stdout]                                at /rustc/6067b36314ab5eb2eb47cecc464545ba58e1ad24/library/std/src/panicking.rs:839:13
[INFO] [stdout]   14:     0x618f4129868a - std::panicking::begin_panic_handler::{{closure}}::h4f9159cfbc3f6bd3
[INFO] [stdout]                                at /rustc/6067b36314ab5eb2eb47cecc464545ba58e1ad24/library/std/src/panicking.rs:704:13
[INFO] [stdout]   15:     0x618f41296fb9 - std::sys::backtrace::__rust_end_short_backtrace::h0390abce48353151
[INFO] [stdout]                                at /rustc/6067b36314ab5eb2eb47cecc464545ba58e1ad24/library/std/src/sys/backtrace.rs:168:18
[INFO] [stdout]   16:     0x618f4129831d - rust_begin_unwind
[INFO] [stdout]                                at /rustc/6067b36314ab5eb2eb47cecc464545ba58e1ad24/library/std/src/panicking.rs:695:5
[INFO] [stdout]   17:     0x618f412bf490 - core::panicking::panic_fmt::h9e7c637e9e5f29c9
[INFO] [stdout]                                at /rustc/6067b36314ab5eb2eb47cecc464545ba58e1ad24/library/core/src/panicking.rs:75:14
[INFO] [stdout]   18:     0x618f412bf906 - core::result::unwrap_failed::h7979f09313fe1849
[INFO] [stdout]                                at /rustc/6067b36314ab5eb2eb47cecc464545ba58e1ad24/library/core/src/result.rs:1704:5
[INFO] [stdout]   19:     0x618f406a1131 - core::result::Result<T,E>::unwrap::h9b9593390386c17e
[INFO] [stdout]                                at /rustc/6067b36314ab5eb2eb47cecc464545ba58e1ad24/library/core/src/result.rs:1109:23
[INFO] [stdout]   20:     0x618f406a1131 - integration::load_and_call_a_rune_that_does_nothing::h7070a5bd6f62db97
[INFO] [stdout]                                at /opt/rustwide/workdir/tests/integration.rs:18:18
[INFO] [stdout]   21:     0x618f406a1027 - integration::load_and_call_a_rune_that_does_nothing::{{closure}}::hd726253a5bb2eb13
[INFO] [stdout]                                at /opt/rustwide/workdir/tests/integration.rs:15:44
[INFO] [stdout]   22:     0x618f4069ba26 - core::ops::function::FnOnce::call_once::h2fe180ddbf91580b
[INFO] [stdout]                                at /rustc/6067b36314ab5eb2eb47cecc464545ba58e1ad24/library/core/src/ops/function.rs:250:5
[INFO] [stdout]   23:     0x618f406e70cb - core::ops::function::FnOnce::call_once::he27718dfdd183f43
[INFO] [stdout]                                at /rustc/6067b36314ab5eb2eb47cecc464545ba58e1ad24/library/core/src/ops/function.rs:250:5
[INFO] [stdout]   24:     0x618f406e70cb - test::__rust_begin_short_backtrace::h4e84902998457a5d
[INFO] [stdout]                                at /rustc/6067b36314ab5eb2eb47cecc464545ba58e1ad24/library/test/src/lib.rs:632:18
[INFO] [stdout]   25:     0x618f406e6003 - test::run_test_in_process::{{closure}}::h7176fd18fc1feca0
[INFO] [stdout]                                at /rustc/6067b36314ab5eb2eb47cecc464545ba58e1ad24/library/test/src/lib.rs:655:60
[INFO] [stdout]   26:     0x618f406e6003 - <core::panic::unwind_safe::AssertUnwindSafe<F> as core::ops::function::FnOnce<()>>::call_once::hf79cff2a624d8cf7
[INFO] [stdout]                                at /rustc/6067b36314ab5eb2eb47cecc464545ba58e1ad24/library/core/src/panic/unwind_safe.rs:272:9
[INFO] [stdout]   27:     0x618f406e6003 - std::panicking::try::do_call::h3da0561d9ab99c25
[INFO] [stdout]                                at /rustc/6067b36314ab5eb2eb47cecc464545ba58e1ad24/library/std/src/panicking.rs:587:40
[INFO] [stdout]   28:     0x618f406e6003 - std::panicking::try::h41c9fa508bc61df6
[INFO] [stdout]                                at /rustc/6067b36314ab5eb2eb47cecc464545ba58e1ad24/library/std/src/panicking.rs:550:19
[INFO] [stdout]   29:     0x618f406e6003 - std::panic::catch_unwind::h6b3ff07bb5afad93
[INFO] [stdout]                                at /rustc/6067b36314ab5eb2eb47cecc464545ba58e1ad24/library/std/src/panic.rs:358:14
[INFO] [stdout]   30:     0x618f406e6003 - test::run_test_in_process::hc7253dd11b39b9f4
[INFO] [stdout]                                at /rustc/6067b36314ab5eb2eb47cecc464545ba58e1ad24/library/test/src/lib.rs:655:27
[INFO] [stdout]   31:     0x618f406e6003 - test::run_test::{{closure}}::hfb2007f8649c30bb
[INFO] [stdout]                                at /rustc/6067b36314ab5eb2eb47cecc464545ba58e1ad24/library/test/src/lib.rs:576:43
[INFO] [stdout]   32:     0x618f406a90e5 - test::run_test::{{closure}}::h56a17aa7a282a9f4
[INFO] [stdout]                                at /rustc/6067b36314ab5eb2eb47cecc464545ba58e1ad24/library/test/src/lib.rs:606:41
[INFO] [stdout]   33:     0x618f406a90e5 - std::sys::backtrace::__rust_begin_short_backtrace::hd2d2d2fb8e8c6aac
[INFO] [stdout]                                at /rustc/6067b36314ab5eb2eb47cecc464545ba58e1ad24/library/std/src/sys/backtrace.rs:152:18
[INFO] [stdout]   34:     0x618f406ac9ca - std::thread::Builder::spawn_unchecked_::{{closure}}::{{closure}}::h4faa3f9db6133423
[INFO] [stdout]                                at /rustc/6067b36314ab5eb2eb47cecc464545ba58e1ad24/library/std/src/thread/mod.rs:559:17
[INFO] [stdout]   35:     0x618f406ac9ca - <core::panic::unwind_safe::AssertUnwindSafe<F> as core::ops::function::FnOnce<()>>::call_once::hf2e855a36a4ea846
[INFO] [stdout]                                at /rustc/6067b36314ab5eb2eb47cecc464545ba58e1ad24/library/core/src/panic/unwind_safe.rs:272:9
[INFO] [stdout]   36:     0x618f406ac9ca - std::panicking::try::do_call::h2f73af3616c35465
[INFO] [stdout]                                at /rustc/6067b36314ab5eb2eb47cecc464545ba58e1ad24/library/std/src/panicking.rs:587:40
[INFO] [stdout]   37:     0x618f406ac9ca - std::panicking::try::hd1660ce9efadef5a
[INFO] [stdout]                                at /rustc/6067b36314ab5eb2eb47cecc464545ba58e1ad24/library/std/src/panicking.rs:550:19
[INFO] [stdout]   38:     0x618f406ac9ca - std::panic::catch_unwind::h5ee8d7823b8ca744
[INFO] [stdout]                                at /rustc/6067b36314ab5eb2eb47cecc464545ba58e1ad24/library/std/src/panic.rs:358:14
[INFO] [stdout]   39:     0x618f406ac9ca - std::thread::Builder::spawn_unchecked_::{{closure}}::h53c3a1894dce8407
[INFO] [stdout]                                at /rustc/6067b36314ab5eb2eb47cecc464545ba58e1ad24/library/std/src/thread/mod.rs:557:30
[INFO] [stdout]   40:     0x618f406ac9ca - core::ops::function::FnOnce::call_once{{vtable.shim}}::h048ce291ad4f62bf
[INFO] [stdout]                                at /rustc/6067b36314ab5eb2eb47cecc464545ba58e1ad24/library/core/src/ops/function.rs:250:5
[INFO] [stdout]   41:     0x618f4129d5fb - <alloc::boxed::Box<F,A> as core::ops::function::FnOnce<Args>>::call_once::ha52bedf99a3b4981
[INFO] [stdout]                                at /rustc/6067b36314ab5eb2eb47cecc464545ba58e1ad24/library/alloc/src/boxed.rs:2013:9
[INFO] [stdout]   42:     0x618f4129d5fb - <alloc::boxed::Box<F,A> as core::ops::function::FnOnce<Args>>::call_once::h567748934d80ccf8
[INFO] [stdout]                                at /rustc/6067b36314ab5eb2eb47cecc464545ba58e1ad24/library/alloc/src/boxed.rs:2013:9
[INFO] [stdout]   43:     0x618f4129d5fb - std::sys::pal::unix::thread::Thread::new::thread_start::h2d970728ae887adc
[INFO] [stdout]                                at /rustc/6067b36314ab5eb2eb47cecc464545ba58e1ad24/library/std/src/sys/pal/unix/thread.rs:106:17
[INFO] [stdout]   44:     0x74bef9da5ac3 - <unknown>
[INFO] [stdout]   45:     0x74bef9e36a04 - clone
[INFO] [stdout]   46:                0x0 - <unknown>
[INFO] [stdout] 
[INFO] [stdout] 
[INFO] [stdout] failures:
[INFO] [stdout]     call_host_function_from_manifest
[INFO] [stdout]     load_and_call_a_rune_that_does_nothing
[INFO] [stdout] 
[INFO] [stdout] test result: FAILED. 0 passed; 2 failed; 0 ignored; 0 measured; 0 filtered out; finished in 0.22s
[INFO] [stdout] 
[INFO] [stderr] error: test failed, to rerun pass `--test integration`
[INFO] running `Command { std: "docker" "inspect" "7caee30ac012cc5331518d4b9031ae20715cf5a252349c2440c7613e8c35118a", kill_on_drop: false }`
[INFO] running `Command { std: "docker" "rm" "-f" "7caee30ac012cc5331518d4b9031ae20715cf5a252349c2440c7613e8c35118a", kill_on_drop: false }`
[INFO] [stdout] 7caee30ac012cc5331518d4b9031ae20715cf5a252349c2440c7613e8c35118a
