[INFO] fetching crate hko 1.12.0...
[INFO] testing hko-1.12.0 against nightly-2025-01-18 for randomize-layout-2
[INFO] extracting crate hko 1.12.0 into /workspace/builds/worker-1-tc1/source
[INFO] validating manifest of crates.io crate hko 1.12.0 on toolchain nightly-2025-01-18
[INFO] running `Command { std: CARGO_HOME="/workspace/cargo-home" RUSTUP_HOME="/workspace/rustup-home" "/workspace/cargo-home/bin/cargo" "+nightly-2025-01-18" "metadata" "--manifest-path" "Cargo.toml" "--no-deps", kill_on_drop: false }`
[INFO] started tweaking crates.io crate hko 1.12.0
[INFO] finished tweaking crates.io crate hko 1.12.0
[INFO] tweaked toml for crates.io crate hko 1.12.0 written to /workspace/builds/worker-1-tc1/source/Cargo.toml
[INFO] running `Command { std: CARGO_HOME="/workspace/cargo-home" RUSTUP_HOME="/workspace/rustup-home" "/workspace/cargo-home/bin/cargo" "+nightly-2025-01-18" "generate-lockfile" "--manifest-path" "Cargo.toml", kill_on_drop: false }`
[INFO] [stderr]     Updating crates.io index
[INFO] [stderr]      Locking 197 packages to latest compatible versions
[INFO] running `Command { std: CARGO_HOME="/workspace/cargo-home" RUSTUP_HOME="/workspace/rustup-home" "/workspace/cargo-home/bin/cargo" "+nightly-2025-01-18" "fetch" "--manifest-path" "Cargo.toml", kill_on_drop: false }`
[INFO] [stderr]     Blocking waiting for file lock on package cache
[INFO] [stderr]     Blocking waiting for file lock on package cache
[INFO] [stderr]  Downloading crates ...
[INFO] [stderr]   Downloaded chrono-tz v0.10.1
[INFO] running `Command { std: "docker" "create" "-v" "/var/lib/crater-agent-workspace/builds/worker-1-tc1/target:/opt/rustwide/target:rw,Z" "-v" "/var/lib/crater-agent-workspace/builds/worker-1-tc1/source:/opt/rustwide/workdir:ro,Z" "-v" "/var/lib/crater-agent-workspace/cargo-home:/opt/rustwide/cargo-home:ro,Z" "-v" "/var/lib/crater-agent-workspace/rustup-home:/opt/rustwide/rustup-home:ro,Z" "-e" "SOURCE_DIR=/opt/rustwide/workdir" "-e" "CARGO_TARGET_DIR=/opt/rustwide/target" "-e" "CARGO_HOME=/opt/rustwide/cargo-home" "-e" "RUSTUP_HOME=/opt/rustwide/rustup-home" "-w" "/opt/rustwide/workdir" "-m" "1610612736" "--user" "0:0" "--network" "none" "ghcr.io/rust-lang/crates-build-env/linux@sha256:819108c5571ea2e421544af4d832f968d213c87fbe3707a016657f43d2f853bc" "/opt/rustwide/cargo-home/bin/cargo" "+nightly-2025-01-18" "metadata" "--no-deps" "--format-version=1", kill_on_drop: false }`
[INFO] [stdout] 0f519f30e145c925717eebe8e385ebca5f0eb727567749f9638d2d39a032bb30
[INFO] running `Command { std: "docker" "start" "-a" "0f519f30e145c925717eebe8e385ebca5f0eb727567749f9638d2d39a032bb30", kill_on_drop: false }`
[INFO] running `Command { std: "docker" "inspect" "0f519f30e145c925717eebe8e385ebca5f0eb727567749f9638d2d39a032bb30", kill_on_drop: false }`
[INFO] running `Command { std: "docker" "rm" "-f" "0f519f30e145c925717eebe8e385ebca5f0eb727567749f9638d2d39a032bb30", kill_on_drop: false }`
[INFO] [stdout] 0f519f30e145c925717eebe8e385ebca5f0eb727567749f9638d2d39a032bb30
[INFO] running `Command { std: "docker" "create" "-v" "/var/lib/crater-agent-workspace/builds/worker-1-tc1/target:/opt/rustwide/target:rw,Z" "-v" "/var/lib/crater-agent-workspace/builds/worker-1-tc1/source:/opt/rustwide/workdir:ro,Z" "-v" "/var/lib/crater-agent-workspace/cargo-home:/opt/rustwide/cargo-home:ro,Z" "-v" "/var/lib/crater-agent-workspace/rustup-home:/opt/rustwide/rustup-home:ro,Z" "-e" "SOURCE_DIR=/opt/rustwide/workdir" "-e" "CARGO_TARGET_DIR=/opt/rustwide/target" "-e" "CARGO_INCREMENTAL=0" "-e" "RUST_BACKTRACE=full" "-e" "RUSTFLAGS=--cap-lints=forbid" "-e" "RUSTDOCFLAGS=--cap-lints=forbid" "-e" "CARGO_HOME=/opt/rustwide/cargo-home" "-e" "RUSTUP_HOME=/opt/rustwide/rustup-home" "-w" "/opt/rustwide/workdir" "-m" "1610612736" "--user" "0:0" "--network" "none" "ghcr.io/rust-lang/crates-build-env/linux@sha256:819108c5571ea2e421544af4d832f968d213c87fbe3707a016657f43d2f853bc" "/opt/rustwide/cargo-home/bin/cargo" "+nightly-2025-01-18" "build" "--frozen" "--message-format=json", kill_on_drop: false }`
[INFO] [stdout] 0564c3fd5202b7fc8ba5b292d5ace063e0f4a1ccce5c3d55b7ace9c0c1531754
[INFO] running `Command { std: "docker" "start" "-a" "0564c3fd5202b7fc8ba5b292d5ace063e0f4a1ccce5c3d55b7ace9c0c1531754", kill_on_drop: false }`
[INFO] [stderr]    Compiling proc-macro2 v1.0.93
[INFO] [stderr]    Compiling unicode-ident v1.0.14
[INFO] [stderr]    Compiling siphasher v1.0.1
[INFO] [stderr]    Compiling rand_core v0.6.4
[INFO] [stderr]    Compiling regex-syntax v0.8.5
[INFO] [stderr]    Compiling serde v1.0.217
[INFO] [stderr]    Compiling rustversion v1.0.19
[INFO] [stderr]    Compiling num-traits v0.2.19
[INFO] [stderr]    Compiling memchr v2.7.4
[INFO] [stderr]    Compiling rand v0.8.5
[INFO] [stderr]    Compiling serde_json v1.0.137
[INFO] [stderr]    Compiling phf_shared v0.11.3
[INFO] [stderr]    Compiling itoa v1.0.14
[INFO] [stderr]    Compiling phf v0.11.3
[INFO] [stderr]    Compiling minimal-lexical v0.2.1
[INFO] [stderr]    Compiling csv-core v0.1.11
[INFO] [stderr]    Compiling nom v7.1.3
[INFO] [stderr]    Compiling quote v1.0.38
[INFO] [stderr]    Compiling phf_generator v0.11.3
[INFO] [stderr]    Compiling phf_codegen v0.11.3
[INFO] [stderr]    Compiling syn v2.0.96
[INFO] [stderr]    Compiling regex-automata v0.4.9
[INFO] [stderr]    Compiling regex v1.11.1
[INFO] [stderr]    Compiling serde_derive v1.0.217
[INFO] [stderr]    Compiling strum_macros v0.26.4
[INFO] [stderr]    Compiling serde_repr v0.1.19
[INFO] [stderr]    Compiling parse-zoneinfo v0.3.1
[INFO] [stderr]    Compiling chrono-tz-build v0.4.0
[INFO] [stderr]    Compiling chrono-tz v0.10.1
[INFO] [stderr]    Compiling strum v0.26.3
[INFO] [stderr]    Compiling chrono v0.4.39
[INFO] [stderr]    Compiling csv v1.3.1
[INFO] [stderr]    Compiling hko v1.12.0 (/opt/rustwide/workdir)
[INFO] [stderr]     Finished `dev` profile [unoptimized + debuginfo] target(s) in 43.09s
[INFO] running `Command { std: "docker" "inspect" "0564c3fd5202b7fc8ba5b292d5ace063e0f4a1ccce5c3d55b7ace9c0c1531754", kill_on_drop: false }`
[INFO] running `Command { std: "docker" "rm" "-f" "0564c3fd5202b7fc8ba5b292d5ace063e0f4a1ccce5c3d55b7ace9c0c1531754", kill_on_drop: false }`
[INFO] [stdout] 0564c3fd5202b7fc8ba5b292d5ace063e0f4a1ccce5c3d55b7ace9c0c1531754
[INFO] running `Command { std: "docker" "create" "-v" "/var/lib/crater-agent-workspace/builds/worker-1-tc1/target:/opt/rustwide/target:rw,Z" "-v" "/var/lib/crater-agent-workspace/builds/worker-1-tc1/source:/opt/rustwide/workdir:ro,Z" "-v" "/var/lib/crater-agent-workspace/cargo-home:/opt/rustwide/cargo-home:ro,Z" "-v" "/var/lib/crater-agent-workspace/rustup-home:/opt/rustwide/rustup-home:ro,Z" "-e" "SOURCE_DIR=/opt/rustwide/workdir" "-e" "CARGO_TARGET_DIR=/opt/rustwide/target" "-e" "CARGO_INCREMENTAL=0" "-e" "RUST_BACKTRACE=full" "-e" "RUSTFLAGS=--cap-lints=forbid" "-e" "RUSTDOCFLAGS=--cap-lints=forbid" "-e" "CARGO_HOME=/opt/rustwide/cargo-home" "-e" "RUSTUP_HOME=/opt/rustwide/rustup-home" "-w" "/opt/rustwide/workdir" "-m" "1610612736" "--user" "0:0" "--network" "none" "ghcr.io/rust-lang/crates-build-env/linux@sha256:819108c5571ea2e421544af4d832f968d213c87fbe3707a016657f43d2f853bc" "/opt/rustwide/cargo-home/bin/cargo" "+nightly-2025-01-18" "test" "--frozen" "--no-run" "--message-format=json", kill_on_drop: false }`
[INFO] [stdout] e1459399d40bca51f9bff52d227655d2992dde33c8d01160708f1f310e9e993b
[INFO] running `Command { std: "docker" "start" "-a" "e1459399d40bca51f9bff52d227655d2992dde33c8d01160708f1f310e9e993b", kill_on_drop: false }`
[INFO] [stderr]    Compiling libc v0.2.169
[INFO] [stderr]    Compiling bytes v1.9.0
[INFO] [stderr]    Compiling pin-project-lite v0.2.16
[INFO] [stderr]    Compiling once_cell v1.20.2
[INFO] [stderr]    Compiling cc v1.2.10
[INFO] [stderr]    Compiling stable_deref_trait v1.2.0
[INFO] [stderr]    Compiling futures-core v0.3.31
[INFO] [stderr]    Compiling syn v2.0.96
[INFO] [stderr]    Compiling smallvec v1.13.2
[INFO] [stderr]    Compiling writeable v0.5.5
[INFO] [stderr]    Compiling litemap v0.7.4
[INFO] [stderr]    Compiling futures-task v0.3.31
[INFO] [stderr]    Compiling tracing-core v0.1.33
[INFO] [stderr]    Compiling futures-util v0.3.31
[INFO] [stderr]    Compiling rustls-pki-types v1.10.1
[INFO] [stderr]    Compiling futures-sink v0.3.31
[INFO] [stderr]    Compiling icu_locid_transform_data v1.5.0
[INFO] [stderr]    Compiling hashbrown v0.15.2
[INFO] [stderr]    Compiling http v1.2.0
[INFO] [stderr]    Compiling tracing v0.1.41
[INFO] [stderr]    Compiling openssl v0.10.68
[INFO] [stderr]    Compiling indexmap v2.7.1
[INFO] [stderr]    Compiling icu_properties_data v1.5.0
[INFO] [stderr]    Compiling spin v0.9.8
[INFO] [stderr]    Compiling mio v1.0.3
[INFO] [stderr]    Compiling socket2 v0.5.8
[INFO] [stderr]    Compiling getrandom v0.2.15
[INFO] [stderr]    Compiling atomic-waker v1.1.2
[INFO] [stderr]    Compiling untrusted v0.9.0
[INFO] [stderr]    Compiling futures-channel v0.3.31
[INFO] [stderr]    Compiling openssl-sys v0.9.104
[INFO] [stderr]    Compiling ring v0.17.8
[INFO] [stderr]    Compiling http-body v1.0.1
[INFO] [stderr]    Compiling bitflags v2.8.0
[INFO] [stderr]    Compiling utf8_iter v1.0.4
[INFO] [stderr]    Compiling utf16_iter v1.0.5
[INFO] [stderr]    Compiling write16 v1.0.0
[INFO] [stderr]    Compiling icu_normalizer_data v1.5.0
[INFO] [stderr]    Compiling rustls v0.23.21
[INFO] [stderr]    Compiling zeroize v1.8.1
[INFO] [stderr]    Compiling log v0.4.25
[INFO] [stderr]    Compiling subtle v2.6.1
[INFO] [stderr]    Compiling native-tls v0.2.12
[INFO] [stderr]    Compiling webpki-roots v0.26.7
[INFO] [stderr]    Compiling sync_wrapper v1.0.2
[INFO] [stderr]    Compiling tower-layer v0.3.3
[INFO] [stderr]    Compiling rustls-pemfile v2.2.0
[INFO] [stderr]    Compiling encoding_rs v0.8.35
[INFO] [stderr]    Compiling ipnet v2.11.0
[INFO] [stderr]    Compiling base64 v0.22.1
[INFO] [stderr]    Compiling http-body-util v0.1.2
[INFO] [stderr]    Compiling synstructure v0.13.1
[INFO] [stderr]    Compiling zerofrom-derive v0.1.5
[INFO] [stderr]    Compiling yoke-derive v0.7.5
[INFO] [stderr]    Compiling zerovec-derive v0.10.3
[INFO] [stderr]    Compiling tokio-macros v2.5.0
[INFO] [stderr]    Compiling displaydoc v0.2.5
[INFO] [stderr]    Compiling serde_derive v1.0.217
[INFO] [stderr]    Compiling icu_provider_macros v1.5.0
[INFO] [stderr]    Compiling openssl-macros v0.1.1
[INFO] [stderr]    Compiling strum_macros v0.26.4
[INFO] [stderr]    Compiling tokio v1.43.0
[INFO] [stderr]    Compiling serde_repr v0.1.19
[INFO] [stderr]    Compiling zerofrom v0.1.5
[INFO] [stderr]    Compiling yoke v0.7.5
[INFO] [stderr]    Compiling rustls-webpki v0.102.8
[INFO] [stderr]    Compiling zerovec v0.10.4
[INFO] [stderr]    Compiling strum v0.26.3
[INFO] [stderr]    Compiling tinystr v0.7.6
[INFO] [stderr]    Compiling icu_locid v1.5.0
[INFO] [stderr]    Compiling icu_collections v1.5.0
[INFO] [stderr]    Compiling serde v1.0.217
[INFO] [stderr]    Compiling icu_provider v1.5.0
[INFO] [stderr]    Compiling icu_locid_transform v1.5.0
[INFO] [stderr]    Compiling tokio-util v0.7.13
[INFO] [stderr]    Compiling tokio-native-tls v0.3.1
[INFO] [stderr]    Compiling tower v0.5.2
[INFO] [stderr]    Compiling icu_properties v1.5.1
[INFO] [stderr]    Compiling h2 v0.4.7
[INFO] [stderr]    Compiling tokio-rustls v0.26.1
[INFO] [stderr]    Compiling chrono v0.4.39
[INFO] [stderr]    Compiling serde_json v1.0.137
[INFO] [stderr]    Compiling csv v1.3.1
[INFO] [stderr]    Compiling serde_urlencoded v0.7.1
[INFO] [stderr]    Compiling icu_normalizer v1.5.0
[INFO] [stderr]    Compiling chrono-tz v0.10.1
[INFO] [stderr]    Compiling idna_adapter v1.2.0
[INFO] [stderr]    Compiling idna v1.0.3
[INFO] [stderr]    Compiling hyper v1.5.2
[INFO] [stderr]    Compiling url v2.5.4
[INFO] [stderr]    Compiling hyper-util v0.1.10
[INFO] [stderr]    Compiling hyper-rustls v0.27.5
[INFO] [stderr]    Compiling hyper-tls v0.6.0
[INFO] [stderr]    Compiling reqwest v0.12.12
[INFO] [stderr]    Compiling hko v1.12.0 (/opt/rustwide/workdir)
[INFO] [stderr]     Finished `test` profile [unoptimized + debuginfo] target(s) in 1m 33s
[INFO] running `Command { std: "docker" "inspect" "e1459399d40bca51f9bff52d227655d2992dde33c8d01160708f1f310e9e993b", kill_on_drop: false }`
[INFO] running `Command { std: "docker" "rm" "-f" "e1459399d40bca51f9bff52d227655d2992dde33c8d01160708f1f310e9e993b", kill_on_drop: false }`
[INFO] [stdout] e1459399d40bca51f9bff52d227655d2992dde33c8d01160708f1f310e9e993b
[INFO] running `Command { std: "docker" "create" "-v" "/var/lib/crater-agent-workspace/builds/worker-1-tc1/target:/opt/rustwide/target:rw,Z" "-v" "/var/lib/crater-agent-workspace/builds/worker-1-tc1/source:/opt/rustwide/workdir:ro,Z" "-v" "/var/lib/crater-agent-workspace/cargo-home:/opt/rustwide/cargo-home:ro,Z" "-v" "/var/lib/crater-agent-workspace/rustup-home:/opt/rustwide/rustup-home:ro,Z" "-e" "SOURCE_DIR=/opt/rustwide/workdir" "-e" "CARGO_TARGET_DIR=/opt/rustwide/target" "-e" "CARGO_INCREMENTAL=0" "-e" "RUST_BACKTRACE=full" "-e" "RUSTFLAGS=--cap-lints=forbid" "-e" "RUSTDOCFLAGS=--cap-lints=forbid" "-e" "CARGO_HOME=/opt/rustwide/cargo-home" "-e" "RUSTUP_HOME=/opt/rustwide/rustup-home" "-w" "/opt/rustwide/workdir" "-m" "1610612736" "--user" "0:0" "--network" "none" "ghcr.io/rust-lang/crates-build-env/linux@sha256:819108c5571ea2e421544af4d832f968d213c87fbe3707a016657f43d2f853bc" "/opt/rustwide/cargo-home/bin/cargo" "+nightly-2025-01-18" "test" "--frozen", kill_on_drop: false }`
[INFO] [stdout] 350cf196f7da2aa9c073a221be0d45539226aebe02ea5e6b12707c3eb8845bb3
[INFO] running `Command { std: "docker" "start" "-a" "350cf196f7da2aa9c073a221be0d45539226aebe02ea5e6b12707c3eb8845bb3", kill_on_drop: false }`
[INFO] [stderr]     Finished `test` profile [unoptimized + debuginfo] target(s) in 0.32s
[INFO] [stderr]      Running unittests src/lib.rs (/opt/rustwide/target/debug/deps/hko-ad4301b3ba87364b)
[INFO] [stderr]    Doc-tests hko
[INFO] [stdout] 
[INFO] [stdout] running 0 tests
[INFO] [stdout] 
[INFO] [stdout] test result: ok. 0 passed; 0 failed; 0 ignored; 0 measured; 0 filtered out; finished in 0.00s
[INFO] [stdout] 
[INFO] [stdout] 
[INFO] [stdout] running 34 tests
[INFO] [stdout] test src/weather/name/mod.rs - weather::name::Name::fmt (line 54) ... ignored
[INFO] [stdout] test src/weather/name/mod.rs - weather::name::Name::fmt (line 54) ... ignored
[INFO] [stdout] test src/weather/name/mod.rs - weather::name::Name::fmt (line 54) ... ignored
[INFO] [stdout] test src/weather/name/mod.rs - weather::name::Name::fmt (line 54) ... ignored
[INFO] [stdout] test src/weather/name/mod.rs - weather::name::Name::fmt (line 54) ... ignored
[INFO] [stdout] test src/weather/name/mod.rs - weather::name::Name::fmt (line 54) ... ignored
[INFO] [stdout] test src/weather/psr/mod.rs - weather::psr::PSR::fmt (line 44) ... ignored
[INFO] [stdout] test src/weather/psr/mod.rs - weather::psr::PSR::fmt (line 44) ... ignored
[INFO] [stdout] test src/weather/psr/mod.rs - weather::psr::PSR::fmt (line 44) ... ignored
[INFO] [stdout] test src/weather/psr/mod.rs - weather::psr::PSR::fmt (line 44) ... ignored
[INFO] [stdout] test src/weather/psr/mod.rs - weather::psr::PSR::fmt (line 44) ... ignored
[INFO] [stdout] test src/weather/psr/mod.rs - weather::psr::PSR::fmt (line 44) ... ignored
[INFO] [stdout] test src/weather/warning/code/mod.rs - weather::warning::code::Code::fmt (line 74) ... ignored
[INFO] [stdout] test src/weather/warning/code/mod.rs - weather::warning::code::Code::fmt (line 74) ... ignored
[INFO] [stdout] test src/weather/warning/code/mod.rs - weather::warning::code::Code::fmt (line 74) ... ignored
[INFO] [stdout] test src/weather/warning/code/mod.rs - weather::warning::code::Code::fmt (line 74) ... ignored
[INFO] [stdout] test src/weather/warning/code/mod.rs - weather::warning::code::Code::fmt (line 74) ... ignored
[INFO] [stdout] test src/weather/warning/code/mod.rs - weather::warning::code::Code::fmt (line 74) ... ignored
[INFO] [stdout] test src/weather/warning/code/mod.rs - weather::warning::code::WarningStatementCode::fmt (line 72) ... ignored
[INFO] [stdout] test src/weather/warning/code/mod.rs - weather::warning::code::WarningStatementCode::fmt (line 72) ... ignored
[INFO] [stdout] test src/weather/warning/code/mod.rs - weather::warning::code::WarningStatementCode::fmt (line 72) ... ignored
[INFO] [stdout] test src/weather/warning/code/mod.rs - weather::warning::code::WarningStatementCode::fmt (line 72) ... ignored
[INFO] [stdout] test src/weather/warning/code/mod.rs - weather::warning::code::WarningStatementCode::fmt (line 72) ... ignored
[INFO] [stdout] test src/weather/warning/code/mod.rs - weather::warning::code::WarningStatementCode::fmt (line 72) ... ignored
[INFO] [stdout] test src/weather/warning/code/mod.rs - weather::warning::code::WarningSubtypeCode::fmt (line 73) ... ignored
[INFO] [stdout] test src/weather/warning/code/mod.rs - weather::warning::code::WarningSubtypeCode::fmt (line 73) ... ignored
[INFO] [stdout] test src/weather/warning/code/mod.rs - weather::warning::code::WarningSubtypeCode::fmt (line 73) ... ignored
[INFO] [stdout] test src/weather/warning/code/mod.rs - weather::warning::code::WarningSubtypeCode::fmt (line 73) ... ignored
[INFO] [stdout] test src/weather/warning/code/mod.rs - weather::warning::code::WarningSubtypeCode::fmt (line 73) ... ignored
[INFO] [stdout] test src/weather/warning/code/mod.rs - weather::warning::code::WarningSubtypeCode::fmt (line 73) ... ignored
[INFO] [stdout] test src/weather/mod.rs - weather (line 41) - compile ... FAILED
[INFO] [stdout] test src/earthquake/mod.rs - earthquake (line 37) ... FAILED
[INFO] [stdout] test src/earthquake/mod.rs - earthquake (line 26) ... FAILED
[INFO] [stdout] test src/weather/mod.rs - weather (line 30) - compile ... FAILED
[INFO] [stdout] 
[INFO] [stdout] failures:
[INFO] [stdout] 
[INFO] [stdout] ---- src/weather/mod.rs - weather (line 41) stdout ----
[INFO] [stdout] error[E0603]: module `fetch` is private
[INFO] [stdout]   --> src/weather/mod.rs:45:10
[INFO] [stdout]    |
[INFO] [stdout] 7  | use hko::fetch;
[INFO] [stdout]    |          ^^^^^ private module
[INFO] [stdout]    |
[INFO] [stdout] note: the module `fetch` is defined here
[INFO] [stdout]   --> /opt/rustwide/workdir/src/lib.rs:26:1
[INFO] [stdout]    |
[INFO] [stdout] 26 | mod fetch;
[INFO] [stdout]    | ^^^^^^^^^
[INFO] [stdout] 
[INFO] [stdout] error[E0433]: failed to resolve: use of undeclared crate or module `anyhow`
[INFO] [stdout]  --> src/weather/mod.rs:47:17
[INFO] [stdout]   |
[INFO] [stdout] 9 | async fn f() -> anyhow::Result<Current> {
[INFO] [stdout]   |                 ^^^^^^ use of undeclared crate or module `anyhow`
[INFO] [stdout] 
[INFO] [stdout] error: aborting due to 2 previous errors
[INFO] [stdout] 
[INFO] [stdout] Some errors have detailed explanations: E0433, E0603.
[INFO] [stdout] For more information about an error, try `rustc --explain E0433`.
[INFO] [stdout] Couldn't compile the test.
[INFO] [stdout] ---- src/earthquake/mod.rs - earthquake (line 37) stdout ----
[INFO] [stdout] error[E0603]: module `fetch` is private
[INFO] [stdout]   --> src/earthquake/mod.rs:41:10
[INFO] [stdout]    |
[INFO] [stdout] 7  | use hko::fetch;
[INFO] [stdout]    |          ^^^^^ private module
[INFO] [stdout]    |
[INFO] [stdout] note: the module `fetch` is defined here
[INFO] [stdout]   --> /opt/rustwide/workdir/src/lib.rs:26:1
[INFO] [stdout]    |
[INFO] [stdout] 26 | mod fetch;
[INFO] [stdout]    | ^^^^^^^^^
[INFO] [stdout] 
[INFO] [stdout] error[E0433]: failed to resolve: use of undeclared crate or module `anyhow`
[INFO] [stdout]  --> src/earthquake/mod.rs:43:17
[INFO] [stdout]   |
[INFO] [stdout] 9 | async fn f() -> anyhow::Result<Message> {
[INFO] [stdout]   |                 ^^^^^^ use of undeclared crate or module `anyhow`
[INFO] [stdout] 
[INFO] [stdout] error: aborting due to 2 previous errors
[INFO] [stdout] 
[INFO] [stdout] Some errors have detailed explanations: E0433, E0603.
[INFO] [stdout] For more information about an error, try `rustc --explain E0433`.
[INFO] [stdout] Couldn't compile the test.
[INFO] [stdout] ---- src/earthquake/mod.rs - earthquake (line 26) stdout ----
[INFO] [stdout] error[E0433]: failed to resolve: use of undeclared crate or module `anyhow`
[INFO] [stdout]  --> src/earthquake/mod.rs:30:18
[INFO] [stdout]   |
[INFO] [stdout] 7 | fn f(s: &str) -> anyhow::Result<FeltReport> {
[INFO] [stdout]   |                  ^^^^^^ use of undeclared crate or module `anyhow`
[INFO] [stdout] 
[INFO] [stdout] error: aborting due to 1 previous error
[INFO] [stdout] 
[INFO] [stdout] For more information about this error, try `rustc --explain E0433`.
[INFO] [stdout] Couldn't compile the test.
[INFO] [stdout] ---- src/weather/mod.rs - weather (line 30) stdout ----
[INFO] [stdout] error[E0433]: failed to resolve: use of undeclared crate or module `anyhow`
[INFO] [stdout]  --> src/weather/mod.rs:34:18
[INFO] [stdout]   |
[INFO] [stdout] 7 | fn f(s: &str) -> anyhow::Result<Local> {
[INFO] [stdout]   |                  ^^^^^^ use of undeclared crate or module `anyhow`
[INFO] [stdout] 
[INFO] [stdout] error: aborting due to 1 previous error
[INFO] [stdout] 
[INFO] [stdout] For more information about this error, try `rustc --explain E0433`.
[INFO] [stdout] Couldn't compile the test.
[INFO] [stdout] 
[INFO] [stdout] failures:
[INFO] [stdout]     src/earthquake/mod.rs - earthquake (line 26)
[INFO] [stdout]     src/earthquake/mod.rs - earthquake (line 37)
[INFO] [stdout]     src/weather/mod.rs - weather (line 30)
[INFO] [stdout]     src/weather/mod.rs - weather (line 41)
[INFO] [stdout] 
[INFO] [stdout] test result: FAILED. 0 passed; 4 failed; 30 ignored; 0 measured; 0 filtered out; finished in 0.39s
[INFO] [stdout] 
[INFO] [stderr] error: doctest failed, to rerun pass `--doc`
[INFO] running `Command { std: "docker" "inspect" "350cf196f7da2aa9c073a221be0d45539226aebe02ea5e6b12707c3eb8845bb3", kill_on_drop: false }`
[INFO] running `Command { std: "docker" "rm" "-f" "350cf196f7da2aa9c073a221be0d45539226aebe02ea5e6b12707c3eb8845bb3", kill_on_drop: false }`
[INFO] [stdout] 350cf196f7da2aa9c073a221be0d45539226aebe02ea5e6b12707c3eb8845bb3
