[INFO] fetching crate hikaru 0.1.2...
[INFO] testing hikaru-0.1.2 against nightly-2025-01-18+rustflags=-Zrandomize-layout for randomize-layout-2
[INFO] extracting crate hikaru 0.1.2 into /workspace/builds/worker-2-tc2/source
[INFO] validating manifest of crates.io crate hikaru 0.1.2 on toolchain nightly-2025-01-18
[INFO] running `Command { std: CARGO_HOME="/workspace/cargo-home" RUSTUP_HOME="/workspace/rustup-home" "/workspace/cargo-home/bin/cargo" "+nightly-2025-01-18" "metadata" "--manifest-path" "Cargo.toml" "--no-deps", kill_on_drop: false }`
[INFO] started tweaking crates.io crate hikaru 0.1.2
[INFO] finished tweaking crates.io crate hikaru 0.1.2
[INFO] tweaked toml for crates.io crate hikaru 0.1.2 written to /workspace/builds/worker-2-tc2/source/Cargo.toml
[INFO] running `Command { std: CARGO_HOME="/workspace/cargo-home" RUSTUP_HOME="/workspace/rustup-home" "/workspace/cargo-home/bin/cargo" "+nightly-2025-01-18" "generate-lockfile" "--manifest-path" "Cargo.toml", kill_on_drop: false }`
[INFO] [stderr]     Updating crates.io index
[INFO] [stderr]      Locking 159 packages to latest compatible versions
[INFO] [stderr]       Adding reqwest v0.11.27 (available: v0.12.12)
[INFO] running `Command { std: CARGO_HOME="/workspace/cargo-home" RUSTUP_HOME="/workspace/rustup-home" "/workspace/cargo-home/bin/cargo" "+nightly-2025-01-18" "fetch" "--manifest-path" "Cargo.toml", kill_on_drop: false }`
[INFO] running `Command { std: "docker" "create" "-v" "/var/lib/crater-agent-workspace/builds/worker-2-tc2/target:/opt/rustwide/target:rw,Z" "-v" "/var/lib/crater-agent-workspace/builds/worker-2-tc2/source:/opt/rustwide/workdir:ro,Z" "-v" "/var/lib/crater-agent-workspace/cargo-home:/opt/rustwide/cargo-home:ro,Z" "-v" "/var/lib/crater-agent-workspace/rustup-home:/opt/rustwide/rustup-home:ro,Z" "-e" "SOURCE_DIR=/opt/rustwide/workdir" "-e" "CARGO_TARGET_DIR=/opt/rustwide/target" "-e" "CARGO_HOME=/opt/rustwide/cargo-home" "-e" "RUSTUP_HOME=/opt/rustwide/rustup-home" "-w" "/opt/rustwide/workdir" "-m" "1610612736" "--user" "0:0" "--network" "none" "ghcr.io/rust-lang/crates-build-env/linux@sha256:819108c5571ea2e421544af4d832f968d213c87fbe3707a016657f43d2f853bc" "/opt/rustwide/cargo-home/bin/cargo" "+nightly-2025-01-18" "metadata" "--no-deps" "--format-version=1", kill_on_drop: false }`
[INFO] [stdout] 3a7dd762965941960387b0e1d948c7cafc99e32057a14eafb8599204f0301107
[INFO] running `Command { std: "docker" "start" "-a" "3a7dd762965941960387b0e1d948c7cafc99e32057a14eafb8599204f0301107", kill_on_drop: false }`
[INFO] running `Command { std: "docker" "inspect" "3a7dd762965941960387b0e1d948c7cafc99e32057a14eafb8599204f0301107", kill_on_drop: false }`
[INFO] running `Command { std: "docker" "rm" "-f" "3a7dd762965941960387b0e1d948c7cafc99e32057a14eafb8599204f0301107", kill_on_drop: false }`
[INFO] [stdout] 3a7dd762965941960387b0e1d948c7cafc99e32057a14eafb8599204f0301107
[INFO] running `Command { std: "docker" "create" "-v" "/var/lib/crater-agent-workspace/builds/worker-2-tc2/target:/opt/rustwide/target:rw,Z" "-v" "/var/lib/crater-agent-workspace/builds/worker-2-tc2/source:/opt/rustwide/workdir:ro,Z" "-v" "/var/lib/crater-agent-workspace/cargo-home:/opt/rustwide/cargo-home:ro,Z" "-v" "/var/lib/crater-agent-workspace/rustup-home:/opt/rustwide/rustup-home:ro,Z" "-e" "SOURCE_DIR=/opt/rustwide/workdir" "-e" "CARGO_TARGET_DIR=/opt/rustwide/target" "-e" "CARGO_INCREMENTAL=0" "-e" "RUST_BACKTRACE=full" "-e" "RUSTFLAGS=--cap-lints=forbid -Zrandomize-layout" "-e" "RUSTDOCFLAGS=--cap-lints=forbid" "-e" "CARGO_HOME=/opt/rustwide/cargo-home" "-e" "RUSTUP_HOME=/opt/rustwide/rustup-home" "-w" "/opt/rustwide/workdir" "-m" "1610612736" "--user" "0:0" "--network" "none" "ghcr.io/rust-lang/crates-build-env/linux@sha256:819108c5571ea2e421544af4d832f968d213c87fbe3707a016657f43d2f853bc" "/opt/rustwide/cargo-home/bin/cargo" "+nightly-2025-01-18" "build" "--frozen" "--message-format=json", kill_on_drop: false }`
[INFO] [stdout] ac9660f4bb51f0c3f429c2203e7dd87dad2cd1d6bb1ed3409e32c481fb023825
[INFO] running `Command { std: "docker" "start" "-a" "ac9660f4bb51f0c3f429c2203e7dd87dad2cd1d6bb1ed3409e32c481fb023825", kill_on_drop: false }`
[INFO] [stderr]    Compiling proc-macro2 v1.0.93
[INFO] [stderr]    Compiling unicode-ident v1.0.14
[INFO] [stderr]    Compiling libc v0.2.169
[INFO] [stderr]    Compiling shlex v1.3.0
[INFO] [stderr]    Compiling cfg-if v1.0.0
[INFO] [stderr]    Compiling stable_deref_trait v1.2.0
[INFO] [stderr]    Compiling pin-project-lite v0.2.16
[INFO] [stderr]    Compiling bytes v1.9.0
[INFO] [stderr]    Compiling pkg-config v0.3.31
[INFO] [stderr]    Compiling vcpkg v0.2.15
[INFO] [stderr]    Compiling once_cell v1.20.2
[INFO] [stderr]    Compiling litemap v0.7.4
[INFO] [stderr]    Compiling writeable v0.5.5
[INFO] [stderr]    Compiling itoa v1.0.14
[INFO] [stderr]    Compiling autocfg v1.4.0
[INFO] [stderr]    Compiling futures-core v0.3.31
[INFO] [stderr]    Compiling icu_locid_transform_data v1.5.0
[INFO] [stderr]    Compiling fnv v1.0.7
[INFO] [stderr]    Compiling untrusted v0.9.0
[INFO] [stderr]    Compiling cc v1.2.10
[INFO] [stderr]    Compiling memchr v2.7.4
[INFO] [stderr]    Compiling log v0.4.25
[INFO] [stderr]    Compiling spin v0.9.8
[INFO] [stderr]    Compiling tracing-core v0.1.33
[INFO] [stderr]    Compiling equivalent v1.0.1
[INFO] [stderr]    Compiling foreign-types-shared v0.1.1
[INFO] [stderr]    Compiling icu_properties_data v1.5.0
[INFO] [stderr]    Compiling futures-sink v0.3.31
[INFO] [stderr]    Compiling hashbrown v0.15.2
[INFO] [stderr]    Compiling futures-io v0.3.31
[INFO] [stderr]    Compiling pin-utils v0.1.0
[INFO] [stderr]    Compiling http v0.2.12
[INFO] [stderr]    Compiling futures-task v0.3.31
[INFO] [stderr]    Compiling httparse v1.9.5
[INFO] [stderr]    Compiling openssl v0.10.68
[INFO] [stderr]    Compiling foreign-types v0.3.2
[INFO] [stderr]    Compiling rustls v0.21.12
[INFO] [stderr]    Compiling smallvec v1.13.2
[INFO] [stderr]    Compiling icu_normalizer_data v1.5.0
[INFO] [stderr]    Compiling utf16_iter v1.0.5
[INFO] [stderr]    Compiling native-tls v0.2.12
[INFO] [stderr]    Compiling slab v0.4.9
[INFO] [stderr]    Compiling tracing v0.1.41
[INFO] [stderr]    Compiling write16 v1.0.0
[INFO] [stderr]    Compiling bitflags v2.8.0
[INFO] [stderr]    Compiling try-lock v0.2.5
[INFO] [stderr]    Compiling utf8_iter v1.0.4
[INFO] [stderr]    Compiling quote v1.0.38
[INFO] [stderr]    Compiling serde v1.0.217
[INFO] [stderr]    Compiling want v0.3.1
[INFO] [stderr]    Compiling futures-channel v0.3.31
[INFO] [stderr]    Compiling httpdate v1.0.3
[INFO] [stderr]    Compiling openssl-probe v0.1.5
[INFO] [stderr]    Compiling percent-encoding v2.3.1
[INFO] [stderr]    Compiling futures-util v0.3.31
[INFO] [stderr]    Compiling tower-service v0.3.3
[INFO] [stderr]    Compiling form_urlencoded v1.2.1
[INFO] [stderr]    Compiling ryu v1.0.18
[INFO] [stderr]    Compiling syn v2.0.96
[INFO] [stderr]    Compiling http-body v0.4.6
[INFO] [stderr]    Compiling serde_json v1.0.137
[INFO] [stderr]    Compiling base64 v0.21.7
[INFO] [stderr]    Compiling encoding_rs v0.8.35
[INFO] [stderr]    Compiling webpki-roots v0.25.4
[INFO] [stderr]    Compiling mime v0.3.17
[INFO] [stderr]    Compiling ipnet v2.11.0
[INFO] [stderr]    Compiling sync_wrapper v0.1.2
[INFO] [stderr]    Compiling indexmap v2.7.1
[INFO] [stderr]    Compiling rustls-pemfile v1.0.4
[INFO] [stderr]    Compiling openssl-sys v0.9.104
[INFO] [stderr]    Compiling ring v0.17.8
[INFO] [stderr]    Compiling mio v1.0.3
[INFO] [stderr]    Compiling socket2 v0.5.8
[INFO] [stderr]    Compiling getrandom v0.2.15
[INFO] [stderr]    Compiling tokio v1.43.0
[INFO] [stderr]    Compiling synstructure v0.13.1
[INFO] [stderr]    Compiling zerofrom-derive v0.1.5
[INFO] [stderr]    Compiling yoke-derive v0.7.5
[INFO] [stderr]    Compiling zerovec-derive v0.10.3
[INFO] [stderr]    Compiling displaydoc v0.2.5
[INFO] [stderr]    Compiling icu_provider_macros v1.5.0
[INFO] [stderr]    Compiling openssl-macros v0.1.1
[INFO] [stderr]    Compiling serde_derive v1.0.217
[INFO] [stderr]    Compiling tokio-util v0.7.13
[INFO] [stderr]    Compiling zerofrom v0.1.5
[INFO] [stderr]    Compiling sct v0.7.1
[INFO] [stderr]    Compiling rustls-webpki v0.101.7
[INFO] [stderr]    Compiling yoke v0.7.5
[INFO] [stderr]    Compiling h2 v0.3.26
[INFO] [stderr]    Compiling zerovec v0.10.4
[INFO] [stderr]    Compiling tinystr v0.7.6
[INFO] [stderr]    Compiling icu_collections v1.5.0
[INFO] [stderr]    Compiling icu_locid v1.5.0
[INFO] [stderr]    Compiling icu_provider v1.5.0
[INFO] [stderr]    Compiling icu_locid_transform v1.5.0
[INFO] [stderr]    Compiling icu_properties v1.5.1
[INFO] [stderr]    Compiling tokio-native-tls v0.3.1
[INFO] [stderr]    Compiling hyper v0.14.32
[INFO] [stderr]    Compiling tokio-rustls v0.24.1
[INFO] [stderr]    Compiling serde_urlencoded v0.7.1
[INFO] [stderr]    Compiling icu_normalizer v1.5.0
[INFO] [stderr]    Compiling hyper-tls v0.5.0
[INFO] [stderr]    Compiling hyper-rustls v0.24.2
[INFO] [stderr]    Compiling idna_adapter v1.2.0
[INFO] [stderr]    Compiling idna v1.0.3
[INFO] [stderr]    Compiling url v2.5.4
[INFO] [stderr]    Compiling reqwest v0.11.27
[INFO] [stderr]    Compiling hikaru v0.1.2 (/opt/rustwide/workdir)
[INFO] [stdout] warning: fields `UTC_time`, `start_date`, and `start_time` are never read
[INFO] [stdout]    --> src/lib.rs:219:5
[INFO] [stdout]     |
[INFO] [stdout] 215 | struct PGN {
[INFO] [stdout]     |        --- fields in this struct
[INFO] [stdout] ...
[INFO] [stdout] 219 |     UTC_time: String,
[INFO] [stdout]     |     ^^^^^^^^
[INFO] [stdout] 220 |     start_date: String,
[INFO] [stdout]     |     ^^^^^^^^^^
[INFO] [stdout] 221 |     start_time: String,
[INFO] [stdout]     |     ^^^^^^^^^^
[INFO] [stdout]     |
[INFO] [stdout]     = note: `PGN` has a derived impl for the trait `Debug`, but this is intentionally ignored during dead code analysis
[INFO] [stdout]     = note: `#[warn(dead_code)]` on by default
[INFO] [stdout] 
[INFO] [stdout] 
[INFO] [stderr]     Finished `dev` profile [unoptimized + debuginfo] target(s) in 19.85s
[INFO] running `Command { std: "docker" "inspect" "ac9660f4bb51f0c3f429c2203e7dd87dad2cd1d6bb1ed3409e32c481fb023825", kill_on_drop: false }`
[INFO] running `Command { std: "docker" "rm" "-f" "ac9660f4bb51f0c3f429c2203e7dd87dad2cd1d6bb1ed3409e32c481fb023825", kill_on_drop: false }`
[INFO] [stdout] ac9660f4bb51f0c3f429c2203e7dd87dad2cd1d6bb1ed3409e32c481fb023825
[INFO] running `Command { std: "docker" "create" "-v" "/var/lib/crater-agent-workspace/builds/worker-2-tc2/target:/opt/rustwide/target:rw,Z" "-v" "/var/lib/crater-agent-workspace/builds/worker-2-tc2/source:/opt/rustwide/workdir:ro,Z" "-v" "/var/lib/crater-agent-workspace/cargo-home:/opt/rustwide/cargo-home:ro,Z" "-v" "/var/lib/crater-agent-workspace/rustup-home:/opt/rustwide/rustup-home:ro,Z" "-e" "SOURCE_DIR=/opt/rustwide/workdir" "-e" "CARGO_TARGET_DIR=/opt/rustwide/target" "-e" "CARGO_INCREMENTAL=0" "-e" "RUST_BACKTRACE=full" "-e" "RUSTFLAGS=--cap-lints=forbid -Zrandomize-layout" "-e" "RUSTDOCFLAGS=--cap-lints=forbid" "-e" "CARGO_HOME=/opt/rustwide/cargo-home" "-e" "RUSTUP_HOME=/opt/rustwide/rustup-home" "-w" "/opt/rustwide/workdir" "-m" "1610612736" "--user" "0:0" "--network" "none" "ghcr.io/rust-lang/crates-build-env/linux@sha256:819108c5571ea2e421544af4d832f968d213c87fbe3707a016657f43d2f853bc" "/opt/rustwide/cargo-home/bin/cargo" "+nightly-2025-01-18" "test" "--frozen" "--no-run" "--message-format=json", kill_on_drop: false }`
[INFO] [stdout] a2111303244caa75de0686d41c2c81025e4cd8da3426b1a77b295c035914102d
[INFO] running `Command { std: "docker" "start" "-a" "a2111303244caa75de0686d41c2c81025e4cd8da3426b1a77b295c035914102d", kill_on_drop: false }`
[INFO] [stderr]    Compiling hikaru v0.1.2 (/opt/rustwide/workdir)
[INFO] [stdout] warning: fields `UTC_time`, `start_date`, and `start_time` are never read
[INFO] [stdout]    --> src/lib.rs:219:5
[INFO] [stdout]     |
[INFO] [stdout] 215 | struct PGN {
[INFO] [stdout]     |        --- fields in this struct
[INFO] [stdout] ...
[INFO] [stdout] 219 |     UTC_time: String,
[INFO] [stdout]     |     ^^^^^^^^
[INFO] [stdout] 220 |     start_date: String,
[INFO] [stdout]     |     ^^^^^^^^^^
[INFO] [stdout] 221 |     start_time: String,
[INFO] [stdout]     |     ^^^^^^^^^^
[INFO] [stdout]     |
[INFO] [stdout]     = note: `PGN` has a derived impl for the trait `Debug`, but this is intentionally ignored during dead code analysis
[INFO] [stdout]     = note: `#[warn(dead_code)]` on by default
[INFO] [stdout] 
[INFO] [stdout] 
[INFO] [stdout] warning: fields `UTC_time`, `start_date`, and `start_time` are never read
[INFO] [stdout]    --> src/lib.rs:219:5
[INFO] [stdout]     |
[INFO] [stdout] 215 | struct PGN {
[INFO] [stdout]     |        --- fields in this struct
[INFO] [stdout] ...
[INFO] [stdout] 219 |     UTC_time: String,
[INFO] [stdout]     |     ^^^^^^^^
[INFO] [stdout] 220 |     start_date: String,
[INFO] [stdout]     |     ^^^^^^^^^^
[INFO] [stdout] 221 |     start_time: String,
[INFO] [stdout]     |     ^^^^^^^^^^
[INFO] [stdout]     |
[INFO] [stdout]     = note: `PGN` has a derived impl for the trait `Debug`, but this is intentionally ignored during dead code analysis
[INFO] [stdout]     = note: `#[warn(dead_code)]` on by default
[INFO] [stdout] 
[INFO] [stdout] 
[INFO] [stderr]     Finished `test` profile [unoptimized + debuginfo] target(s) in 0.65s
[INFO] running `Command { std: "docker" "inspect" "a2111303244caa75de0686d41c2c81025e4cd8da3426b1a77b295c035914102d", kill_on_drop: false }`
[INFO] running `Command { std: "docker" "rm" "-f" "a2111303244caa75de0686d41c2c81025e4cd8da3426b1a77b295c035914102d", kill_on_drop: false }`
[INFO] [stdout] a2111303244caa75de0686d41c2c81025e4cd8da3426b1a77b295c035914102d
[INFO] running `Command { std: "docker" "create" "-v" "/var/lib/crater-agent-workspace/builds/worker-2-tc2/target:/opt/rustwide/target:rw,Z" "-v" "/var/lib/crater-agent-workspace/builds/worker-2-tc2/source:/opt/rustwide/workdir:ro,Z" "-v" "/var/lib/crater-agent-workspace/cargo-home:/opt/rustwide/cargo-home:ro,Z" "-v" "/var/lib/crater-agent-workspace/rustup-home:/opt/rustwide/rustup-home:ro,Z" "-e" "SOURCE_DIR=/opt/rustwide/workdir" "-e" "CARGO_TARGET_DIR=/opt/rustwide/target" "-e" "CARGO_INCREMENTAL=0" "-e" "RUST_BACKTRACE=full" "-e" "RUSTFLAGS=--cap-lints=forbid -Zrandomize-layout" "-e" "RUSTDOCFLAGS=--cap-lints=forbid" "-e" "CARGO_HOME=/opt/rustwide/cargo-home" "-e" "RUSTUP_HOME=/opt/rustwide/rustup-home" "-w" "/opt/rustwide/workdir" "-m" "1610612736" "--user" "0:0" "--network" "none" "ghcr.io/rust-lang/crates-build-env/linux@sha256:819108c5571ea2e421544af4d832f968d213c87fbe3707a016657f43d2f853bc" "/opt/rustwide/cargo-home/bin/cargo" "+nightly-2025-01-18" "test" "--frozen", kill_on_drop: false }`
[INFO] [stdout] 2727dbb9f50bf0e339eb931686862e08c25e2e1d189f9500bf6b21a8b9de153d
[INFO] running `Command { std: "docker" "start" "-a" "2727dbb9f50bf0e339eb931686862e08c25e2e1d189f9500bf6b21a8b9de153d", kill_on_drop: false }`
[INFO] [stderr] warning: fields `UTC_time`, `start_date`, and `start_time` are never read
[INFO] [stderr]    --> src/lib.rs:219:5
[INFO] [stderr]     |
[INFO] [stderr] 215 | struct PGN {
[INFO] [stderr]     |        --- fields in this struct
[INFO] [stderr] ...
[INFO] [stderr] 219 |     UTC_time: String,
[INFO] [stderr]     |     ^^^^^^^^
[INFO] [stderr] 220 |     start_date: String,
[INFO] [stderr]     |     ^^^^^^^^^^
[INFO] [stderr] 221 |     start_time: String,
[INFO] [stderr]     |     ^^^^^^^^^^
[INFO] [stderr]     |
[INFO] [stderr]     = note: `PGN` has a derived impl for the trait `Debug`, but this is intentionally ignored during dead code analysis
[INFO] [stderr]     = note: `#[warn(dead_code)]` on by default
[INFO] [stderr] 
[INFO] [stderr] warning: `hikaru` (lib) generated 1 warning
[INFO] [stderr] warning: `hikaru` (lib test) generated 1 warning (1 duplicate)
[INFO] [stderr]     Finished `test` profile [unoptimized + debuginfo] target(s) in 0.24s
[INFO] [stderr]      Running unittests src/lib.rs (/opt/rustwide/target/debug/deps/hikaru-893e4571eb4d6af1)
[INFO] [stdout] 
[INFO] [stdout] running 0 tests
[INFO] [stdout] 
[INFO] [stdout] test result: ok. 0 passed; 0 failed; 0 ignored; 0 measured; 0 filtered out; finished in 0.00s
[INFO] [stdout] 
[INFO] [stderr]    Doc-tests hikaru
[INFO] [stdout] 
[INFO] [stdout] running 1 test
[INFO] [stdout] test src/lib.rs - (line 10) ... FAILED
[INFO] [stdout] 
[INFO] [stdout] failures:
[INFO] [stdout] 
[INFO] [stdout] ---- src/lib.rs - (line 10) stdout ----
[INFO] [stdout] Test executable failed (exit status: 101).
[INFO] [stdout] 
[INFO] [stdout] stderr:
[INFO] [stdout] 
[INFO] [stdout] thread 'main' panicked at src/lib.rs:267:10:
[INFO] [stdout] Didn't get a response: reqwest::Error { kind: Request, url: Url { scheme: "https", cannot_be_a_base: false, username: "", password: None, host: Some(Domain("api.chess.com")), port: None, path: "/pub/player/hikaru/games/archives", query: None, fragment: None }, source: hyper::Error(Connect, ConnectError("dns error", Custom { kind: Uncategorized, error: "failed to lookup address information: Temporary failure in name resolution" })) }
[INFO] [stdout] stack backtrace:
[INFO] [stdout]    0:     0x62658f5f5baa - std::backtrace_rs::backtrace::libunwind::trace::hb059275cfc8d6126
[INFO] [stdout]                                at /rustc/6067b36314ab5eb2eb47cecc464545ba58e1ad24/library/std/src/../../backtrace/src/backtrace/libunwind.rs:116:5
[INFO] [stdout]    1:     0x62658f5f5baa - std::backtrace_rs::backtrace::trace_unsynchronized::h2da071e4327ce3ee
[INFO] [stdout]                                at /rustc/6067b36314ab5eb2eb47cecc464545ba58e1ad24/library/std/src/../../backtrace/src/backtrace/mod.rs:66:5
[INFO] [stdout]    2:     0x62658f5f5baa - std::sys::backtrace::_print_fmt::h842a1474e6f8d23f
[INFO] [stdout]                                at /rustc/6067b36314ab5eb2eb47cecc464545ba58e1ad24/library/std/src/sys/backtrace.rs:66:9
[INFO] [stdout]    3:     0x62658f5f5baa - <std::sys::backtrace::BacktraceLock::print::DisplayBacktrace as core::fmt::Display>::fmt::h71a62eb3b9696b12
[INFO] [stdout]                                at /rustc/6067b36314ab5eb2eb47cecc464545ba58e1ad24/library/std/src/sys/backtrace.rs:39:26
[INFO] [stdout]    4:     0x62658f61c383 - core::fmt::rt::Argument::fmt::hdb6b616786b41dc1
[INFO] [stdout]                                at /rustc/6067b36314ab5eb2eb47cecc464545ba58e1ad24/library/core/src/fmt/rt.rs:177:76
[INFO] [stdout]    5:     0x62658f61c383 - core::fmt::write::h2cc1698af7e2d686
[INFO] [stdout]                                at /rustc/6067b36314ab5eb2eb47cecc464545ba58e1ad24/library/core/src/fmt/mod.rs:1440:21
[INFO] [stdout]    6:     0x62658f5f22e3 - std::io::Write::write_fmt::h00c8700df393f328
[INFO] [stdout]                                at /rustc/6067b36314ab5eb2eb47cecc464545ba58e1ad24/library/std/src/io/mod.rs:1887:15
[INFO] [stdout]    7:     0x62658f5f59f2 - std::sys::backtrace::BacktraceLock::print::h147fe35b4ea13b08
[INFO] [stdout]                                at /rustc/6067b36314ab5eb2eb47cecc464545ba58e1ad24/library/std/src/sys/backtrace.rs:42:9
[INFO] [stdout]    8:     0x62658f5f694f - std::panicking::default_hook::{{closure}}::hbd44223dbdc0d208
[INFO] [stdout]                                at /rustc/6067b36314ab5eb2eb47cecc464545ba58e1ad24/library/std/src/panicking.rs:298:22
[INFO] [stdout]    9:     0x62658f5f67ba - std::panicking::default_hook::h20f81eb0576efcec
[INFO] [stdout]                                at /rustc/6067b36314ab5eb2eb47cecc464545ba58e1ad24/library/std/src/panicking.rs:325:9
[INFO] [stdout]   10:     0x62658f5f7372 - std::panicking::rust_panic_with_hook::h625eea43051b2edc
[INFO] [stdout]                                at /rustc/6067b36314ab5eb2eb47cecc464545ba58e1ad24/library/std/src/panicking.rs:831:13
[INFO] [stdout]   11:     0x62658f5f70fa - std::panicking::begin_panic_handler::{{closure}}::h4f9159cfbc3f6bd3
[INFO] [stdout]                                at /rustc/6067b36314ab5eb2eb47cecc464545ba58e1ad24/library/std/src/panicking.rs:704:13
[INFO] [stdout]   12:     0x62658f5f60a9 - std::sys::backtrace::__rust_end_short_backtrace::h0390abce48353151
[INFO] [stdout]                                at /rustc/6067b36314ab5eb2eb47cecc464545ba58e1ad24/library/std/src/sys/backtrace.rs:168:18
[INFO] [stdout]   13:     0x62658f5f6d8d - rust_begin_unwind
[INFO] [stdout]                                at /rustc/6067b36314ab5eb2eb47cecc464545ba58e1ad24/library/std/src/panicking.rs:695:5
[INFO] [stdout]   14:     0x62658f619ea0 - core::panicking::panic_fmt::h9e7c637e9e5f29c9
[INFO] [stdout]                                at /rustc/6067b36314ab5eb2eb47cecc464545ba58e1ad24/library/core/src/panicking.rs:75:14
[INFO] [stdout]   15:     0x62658f61a316 - core::result::unwrap_failed::h7979f09313fe1849
[INFO] [stdout]                                at /rustc/6067b36314ab5eb2eb47cecc464545ba58e1ad24/library/core/src/result.rs:1704:5
[INFO] [stdout]   16:     0x62658f03930f - core::result::Result<T,E>::expect::h987a92e9a8ce470f
[INFO] [stdout]                                at /rustc/6067b36314ab5eb2eb47cecc464545ba58e1ad24/library/core/src/result.rs:1061:23
[INFO] [stdout]   17:     0x62658f02bdf3 - hikaru::get_game_month_urls::h06c35e913d620339
[INFO] [stdout]                                at /opt/rustwide/workdir/src/lib.rs:266:16
[INFO] [stdout]   18:     0x62658f02c46a - hikaru::GameData::download::he35d7a62125a994a
[INFO] [stdout]                                at /opt/rustwide/workdir/src/lib.rs:300:24
[INFO] [stdout]   19:     0x62658f029dcb - rust_out::main::_doctest_main_src_lib_rs_10_0::h282ff6d044c8f390
[INFO] [stdout]   20:     0x62658f029d46 - rust_out::main::he88f0b9b281d54e0
[INFO] [stdout]   21:     0x62658f028e13 - core::ops::function::FnOnce::call_once::hcf3829d8b58d0254
[INFO] [stdout]   22:     0x62658f028c86 - std::sys::backtrace::__rust_begin_short_backtrace::h5e1527399e8d5bd4
[INFO] [stdout]   23:     0x62658f028c69 - std::rt::lang_start::{{closure}}::h2c234101ed7b1b74
[INFO] [stdout]   24:     0x62658f5ee6b0 - core::ops::function::impls::<impl core::ops::function::FnOnce<A> for &F>::call_once::h1b085b6c1d2518b2
[INFO] [stdout]                                at /rustc/6067b36314ab5eb2eb47cecc464545ba58e1ad24/library/core/src/ops/function.rs:284:13
[INFO] [stdout]   25:     0x62658f5ee6b0 - std::panicking::try::do_call::h382f964a5a23b565
[INFO] [stdout]                                at /rustc/6067b36314ab5eb2eb47cecc464545ba58e1ad24/library/std/src/panicking.rs:587:40
[INFO] [stdout]   26:     0x62658f5ee6b0 - std::panicking::try::h57f991055eb622f9
[INFO] [stdout]                                at /rustc/6067b36314ab5eb2eb47cecc464545ba58e1ad24/library/std/src/panicking.rs:550:19
[INFO] [stdout]   27:     0x62658f5ee6b0 - std::panic::catch_unwind::h4d9a74ef04456343
[INFO] [stdout]                                at /rustc/6067b36314ab5eb2eb47cecc464545ba58e1ad24/library/std/src/panic.rs:358:14
[INFO] [stdout]   28:     0x62658f5ee6b0 - std::rt::lang_start_internal::{{closure}}::h2faa8ae84a93f314
[INFO] [stdout]                                at /rustc/6067b36314ab5eb2eb47cecc464545ba58e1ad24/library/std/src/rt.rs:163:24
[INFO] [stdout]   29:     0x62658f5ee6b0 - std::panicking::try::do_call::h0f8932bf638a9bf5
[INFO] [stdout]                                at /rustc/6067b36314ab5eb2eb47cecc464545ba58e1ad24/library/std/src/panicking.rs:587:40
[INFO] [stdout]   30:     0x62658f5ee6b0 - std::panicking::try::h683416ea756b175d
[INFO] [stdout]                                at /rustc/6067b36314ab5eb2eb47cecc464545ba58e1ad24/library/std/src/panicking.rs:550:19
[INFO] [stdout]   31:     0x62658f5ee6b0 - std::panic::catch_unwind::h56189fac8994979f
[INFO] [stdout]                                at /rustc/6067b36314ab5eb2eb47cecc464545ba58e1ad24/library/std/src/panic.rs:358:14
[INFO] [stdout]   32:     0x62658f5ee6b0 - std::rt::lang_start_internal::h8bbc1061691274fe
[INFO] [stdout]                                at /rustc/6067b36314ab5eb2eb47cecc464545ba58e1ad24/library/std/src/rt.rs:159:5
[INFO] [stdout]   33:     0x62658f028c51 - std::rt::lang_start::h601b10a269c70ef7
[INFO] [stdout]   34:     0x62658f029fb5 - main
[INFO] [stdout]   35:     0x7ed277272d90 - <unknown>
[INFO] [stdout]   36:     0x7ed277272e40 - __libc_start_main
[INFO] [stdout]   37:     0x62658f028b65 - _start
[INFO] [stdout]   38:                0x0 - <unknown>
[INFO] [stdout] 
[INFO] [stdout] 
[INFO] [stdout] 
[INFO] [stdout] failures:
[INFO] [stdout]     src/lib.rs - (line 10)
[INFO] [stdout] 
[INFO] [stdout] test result: FAILED. 0 passed; 1 failed; 0 ignored; 0 measured; 0 filtered out; finished in 0.97s
[INFO] [stdout] 
[INFO] [stderr] error: doctest failed, to rerun pass `--doc`
[INFO] running `Command { std: "docker" "inspect" "2727dbb9f50bf0e339eb931686862e08c25e2e1d189f9500bf6b21a8b9de153d", kill_on_drop: false }`
[INFO] running `Command { std: "docker" "rm" "-f" "2727dbb9f50bf0e339eb931686862e08c25e2e1d189f9500bf6b21a8b9de153d", kill_on_drop: false }`
[INFO] [stdout] 2727dbb9f50bf0e339eb931686862e08c25e2e1d189f9500bf6b21a8b9de153d
