[INFO] fetching crate hexchat-unsafe-plugin 2.4.0-pre1...
[INFO] testing hexchat-unsafe-plugin-2.4.0-pre1 against nightly-2025-01-18 for randomize-layout-2
[INFO] extracting crate hexchat-unsafe-plugin 2.4.0-pre1 into /workspace/builds/worker-4-tc1/source
[INFO] validating manifest of crates.io crate hexchat-unsafe-plugin 2.4.0-pre1 on toolchain nightly-2025-01-18
[INFO] running `Command { std: CARGO_HOME="/workspace/cargo-home" RUSTUP_HOME="/workspace/rustup-home" "/workspace/cargo-home/bin/cargo" "+nightly-2025-01-18" "metadata" "--manifest-path" "Cargo.toml" "--no-deps", kill_on_drop: false }`
[INFO] started tweaking crates.io crate hexchat-unsafe-plugin 2.4.0-pre1
[INFO] finished tweaking crates.io crate hexchat-unsafe-plugin 2.4.0-pre1
[INFO] tweaked toml for crates.io crate hexchat-unsafe-plugin 2.4.0-pre1 written to /workspace/builds/worker-4-tc1/source/Cargo.toml
[INFO] running `Command { std: CARGO_HOME="/workspace/cargo-home" RUSTUP_HOME="/workspace/rustup-home" "/workspace/cargo-home/bin/cargo" "+nightly-2025-01-18" "generate-lockfile" "--manifest-path" "Cargo.toml", kill_on_drop: false }`
[INFO] [stderr]     Updating crates.io index
[INFO] [stderr]      Locking 8 packages to latest compatible versions
[INFO] running `Command { std: CARGO_HOME="/workspace/cargo-home" RUSTUP_HOME="/workspace/rustup-home" "/workspace/cargo-home/bin/cargo" "+nightly-2025-01-18" "fetch" "--manifest-path" "Cargo.toml", kill_on_drop: false }`
[INFO] [stderr]  Downloading crates ...
[INFO] [stderr]   Downloaded selfref v0.4.3
[INFO] [stderr]   Downloaded ltptr v0.1.5
[INFO] [stderr]   Downloaded impl_trait v0.1.7
[INFO] running `Command { std: "docker" "create" "-v" "/var/lib/crater-agent-workspace/builds/worker-4-tc1/target:/opt/rustwide/target:rw,Z" "-v" "/var/lib/crater-agent-workspace/builds/worker-4-tc1/source:/opt/rustwide/workdir:ro,Z" "-v" "/var/lib/crater-agent-workspace/cargo-home:/opt/rustwide/cargo-home:ro,Z" "-v" "/var/lib/crater-agent-workspace/rustup-home:/opt/rustwide/rustup-home:ro,Z" "-e" "SOURCE_DIR=/opt/rustwide/workdir" "-e" "CARGO_TARGET_DIR=/opt/rustwide/target" "-e" "CARGO_HOME=/opt/rustwide/cargo-home" "-e" "RUSTUP_HOME=/opt/rustwide/rustup-home" "-w" "/opt/rustwide/workdir" "-m" "1610612736" "--user" "0:0" "--network" "none" "ghcr.io/rust-lang/crates-build-env/linux@sha256:819108c5571ea2e421544af4d832f968d213c87fbe3707a016657f43d2f853bc" "/opt/rustwide/cargo-home/bin/cargo" "+nightly-2025-01-18" "metadata" "--no-deps" "--format-version=1", kill_on_drop: false }`
[INFO] [stdout] 50cb730ee3d28fba69242d3c9adc0842a30db275e71a8ca1ecdd5098c27adb63
[INFO] running `Command { std: "docker" "start" "-a" "50cb730ee3d28fba69242d3c9adc0842a30db275e71a8ca1ecdd5098c27adb63", kill_on_drop: false }`
[INFO] running `Command { std: "docker" "inspect" "50cb730ee3d28fba69242d3c9adc0842a30db275e71a8ca1ecdd5098c27adb63", kill_on_drop: false }`
[INFO] running `Command { std: "docker" "rm" "-f" "50cb730ee3d28fba69242d3c9adc0842a30db275e71a8ca1ecdd5098c27adb63", kill_on_drop: false }`
[INFO] [stdout] 50cb730ee3d28fba69242d3c9adc0842a30db275e71a8ca1ecdd5098c27adb63
[INFO] running `Command { std: "docker" "create" "-v" "/var/lib/crater-agent-workspace/builds/worker-4-tc1/target:/opt/rustwide/target:rw,Z" "-v" "/var/lib/crater-agent-workspace/builds/worker-4-tc1/source:/opt/rustwide/workdir:ro,Z" "-v" "/var/lib/crater-agent-workspace/cargo-home:/opt/rustwide/cargo-home:ro,Z" "-v" "/var/lib/crater-agent-workspace/rustup-home:/opt/rustwide/rustup-home:ro,Z" "-e" "SOURCE_DIR=/opt/rustwide/workdir" "-e" "CARGO_TARGET_DIR=/opt/rustwide/target" "-e" "CARGO_INCREMENTAL=0" "-e" "RUST_BACKTRACE=full" "-e" "RUSTFLAGS=--cap-lints=forbid" "-e" "RUSTDOCFLAGS=--cap-lints=forbid" "-e" "CARGO_HOME=/opt/rustwide/cargo-home" "-e" "RUSTUP_HOME=/opt/rustwide/rustup-home" "-w" "/opt/rustwide/workdir" "-m" "1610612736" "--user" "0:0" "--network" "none" "ghcr.io/rust-lang/crates-build-env/linux@sha256:819108c5571ea2e421544af4d832f968d213c87fbe3707a016657f43d2f853bc" "/opt/rustwide/cargo-home/bin/cargo" "+nightly-2025-01-18" "build" "--frozen" "--message-format=json", kill_on_drop: false }`
[INFO] [stdout] 388f981046a9899bc243d2e682857011724f8fe9ca82d89b9e1e5a5666dcb752
[INFO] running `Command { std: "docker" "start" "-a" "388f981046a9899bc243d2e682857011724f8fe9ca82d89b9e1e5a5666dcb752", kill_on_drop: false }`
[INFO] [stderr]    Compiling proc-macro2 v1.0.93
[INFO] [stderr]    Compiling unicode-ident v1.0.14
[INFO] [stderr]    Compiling syn v1.0.109
[INFO] [stderr]    Compiling libc v0.2.169
[INFO] [stderr]    Compiling ltptr v0.1.5
[INFO] [stderr]    Compiling quote v1.0.38
[INFO] [stderr]    Compiling impl_trait v0.1.7
[INFO] [stderr]    Compiling hexchat-unsafe-plugin v2.4.0-pre1 (/opt/rustwide/workdir)
[INFO] [stderr]     Finished `dev` profile [unoptimized + debuginfo] target(s) in 4.65s
[INFO] running `Command { std: "docker" "inspect" "388f981046a9899bc243d2e682857011724f8fe9ca82d89b9e1e5a5666dcb752", kill_on_drop: false }`
[INFO] running `Command { std: "docker" "rm" "-f" "388f981046a9899bc243d2e682857011724f8fe9ca82d89b9e1e5a5666dcb752", kill_on_drop: false }`
[INFO] [stdout] 388f981046a9899bc243d2e682857011724f8fe9ca82d89b9e1e5a5666dcb752
[INFO] running `Command { std: "docker" "create" "-v" "/var/lib/crater-agent-workspace/builds/worker-4-tc1/target:/opt/rustwide/target:rw,Z" "-v" "/var/lib/crater-agent-workspace/builds/worker-4-tc1/source:/opt/rustwide/workdir:ro,Z" "-v" "/var/lib/crater-agent-workspace/cargo-home:/opt/rustwide/cargo-home:ro,Z" "-v" "/var/lib/crater-agent-workspace/rustup-home:/opt/rustwide/rustup-home:ro,Z" "-e" "SOURCE_DIR=/opt/rustwide/workdir" "-e" "CARGO_TARGET_DIR=/opt/rustwide/target" "-e" "CARGO_INCREMENTAL=0" "-e" "RUST_BACKTRACE=full" "-e" "RUSTFLAGS=--cap-lints=forbid" "-e" "RUSTDOCFLAGS=--cap-lints=forbid" "-e" "CARGO_HOME=/opt/rustwide/cargo-home" "-e" "RUSTUP_HOME=/opt/rustwide/rustup-home" "-w" "/opt/rustwide/workdir" "-m" "1610612736" "--user" "0:0" "--network" "none" "ghcr.io/rust-lang/crates-build-env/linux@sha256:819108c5571ea2e421544af4d832f968d213c87fbe3707a016657f43d2f853bc" "/opt/rustwide/cargo-home/bin/cargo" "+nightly-2025-01-18" "test" "--frozen" "--no-run" "--message-format=json", kill_on_drop: false }`
[INFO] [stdout] 808b087496b620566b208a0d73058fd1c8475ba81a306a10deb0060fe27fc24d
[INFO] running `Command { std: "docker" "start" "-a" "808b087496b620566b208a0d73058fd1c8475ba81a306a10deb0060fe27fc24d", kill_on_drop: false }`
[INFO] [stderr]    Compiling hexchat-unsafe-plugin v2.4.0-pre1 (/opt/rustwide/workdir)
[INFO] [stderr]     Finished `test` profile [unoptimized + debuginfo] target(s) in 0.57s
[INFO] running `Command { std: "docker" "inspect" "808b087496b620566b208a0d73058fd1c8475ba81a306a10deb0060fe27fc24d", kill_on_drop: false }`
[INFO] running `Command { std: "docker" "rm" "-f" "808b087496b620566b208a0d73058fd1c8475ba81a306a10deb0060fe27fc24d", kill_on_drop: false }`
[INFO] [stdout] 808b087496b620566b208a0d73058fd1c8475ba81a306a10deb0060fe27fc24d
[INFO] running `Command { std: "docker" "create" "-v" "/var/lib/crater-agent-workspace/builds/worker-4-tc1/target:/opt/rustwide/target:rw,Z" "-v" "/var/lib/crater-agent-workspace/builds/worker-4-tc1/source:/opt/rustwide/workdir:ro,Z" "-v" "/var/lib/crater-agent-workspace/cargo-home:/opt/rustwide/cargo-home:ro,Z" "-v" "/var/lib/crater-agent-workspace/rustup-home:/opt/rustwide/rustup-home:ro,Z" "-e" "SOURCE_DIR=/opt/rustwide/workdir" "-e" "CARGO_TARGET_DIR=/opt/rustwide/target" "-e" "CARGO_INCREMENTAL=0" "-e" "RUST_BACKTRACE=full" "-e" "RUSTFLAGS=--cap-lints=forbid" "-e" "RUSTDOCFLAGS=--cap-lints=forbid" "-e" "CARGO_HOME=/opt/rustwide/cargo-home" "-e" "RUSTUP_HOME=/opt/rustwide/rustup-home" "-w" "/opt/rustwide/workdir" "-m" "1610612736" "--user" "0:0" "--network" "none" "ghcr.io/rust-lang/crates-build-env/linux@sha256:819108c5571ea2e421544af4d832f968d213c87fbe3707a016657f43d2f853bc" "/opt/rustwide/cargo-home/bin/cargo" "+nightly-2025-01-18" "test" "--frozen", kill_on_drop: false }`
[INFO] [stdout] 6f1338a658765ee854313b551ee176c6b154818f1e8727e9c679002db915e767
[INFO] running `Command { std: "docker" "start" "-a" "6f1338a658765ee854313b551ee176c6b154818f1e8727e9c679002db915e767", kill_on_drop: false }`
[INFO] [stderr]     Finished `test` profile [unoptimized + debuginfo] target(s) in 0.02s
[INFO] [stderr]      Running unittests src/lib.rs (/opt/rustwide/target/debug/deps/hexchat_unsafe_plugin-92dde76376aebf6b)
[INFO] [stdout] 
[INFO] [stdout] running 0 tests
[INFO] [stdout] 
[INFO] [stdout] test result: ok. 0 passed; 0 failed; 0 ignored; 0 measured; 0 filtered out; finished in 0.00s
[INFO] [stdout] 
[INFO] [stderr]    Doc-tests hexchat_unsafe_plugin
[INFO] [stdout] 
[INFO] [stdout] running 35 tests
[INFO] [stdout] test src/extra_tests.rs - extra_tests (line 34) - compile fail ... ok
[INFO] [stdout] test src/lib.rs - PluginHandle<'ph>::get_libdirfs (line 1281) - compile ... ok
[INFO] [stdout] test src/lib.rs - PluginHandle<'ph>::get_info (line 1251) - compile ... ok
[INFO] [stdout] test src/lib.rs - PluginHandle<'ph>::hook_print_attrs (line 1086) - compile ... ok
[INFO] [stdout] test src/lib.rs - HookHandle<'ph,'f>::expired (line 588) - compile ... ok
[INFO] [stdout] test src/lib.rs - PluginHandle<'ph>::hook_command (line 917) - compile ... ok
[INFO] [stdout] test src/extra_tests.rs - extra_tests (line 49) - compile ... ok
[INFO] [stdout] test src/lib.rs - PluginHandle<'ph>::hook_server (line 966) - compile ... ok
[INFO] [stdout] test src/lib.rs - PluginHandle (line 321) - compile ... ok
[INFO] [stdout] test src/lib.rs - PluginHandle<'ph>::pluginpref_get (line 1465) - compile ... ok
[INFO] [stdout] test src/lib.rs - PluginHandle<'ph>::pluginpref_delete (line 1514) - compile ... ok
[INFO] [stdout] test src/lib.rs - PluginHandle<'ph>::hook_print (line 1022) - compile ... ok
[INFO] [stdout] test src/extra_tests.rs - extra_tests (line 3) - compile fail ... ok
[INFO] [stdout] test src/extra_tests.rs - extra_tests (line 16) - compile fail ... ok
[INFO] [stdout] test src/lib.rs - PluginHandle<'ph>::hook_timer (line 1138) - compile ... ok
[INFO] [stdout] test src/lib.rs - PluginHandle<'ph>::for_entry_mut (line 827) - compile ... ok
[INFO] [stdout] test src/lib.rs - PluginHandle<'ph>::pluginpref_set (line 1397) - compile ... ok
[INFO] [stdout] test src/lib.rs - PluginHandle<'ph>::strip (line 1358) - compile ... ok
[INFO] [stdout] test src/lib.rs - PluginHandle<'ph>::write_fmt (line 1226) - compile ... ok
[INFO] [stdout] test src/lib.rs - PluginHandle<'ph>::register (line 731) - compile ... ok
[INFO] [stdout] test src/strip.rs - strip::Strip::hidden (line 92) - compile ... ok
[INFO] [stdout] test src/lib.rs - (line 42) - compile ... FAILED
[INFO] [stdout] test src/lib.rs - PluginHandle<'ph>::pluginpref_list (line 1546) - compile ... ok
[INFO] [stdout] test src/lib.rs - ValidContext<'a,'ph>::command (line 1769) - compile ... ok
[INFO] [stdout] test src/lib.rs - ValidContext<'a,'ph>::nickcmp (line 1688) - compile ... ok
[INFO] [stdout] test src/lib.rs - ValidContext<'a,'ph>::emit_print (line 1790) - compile ... ok
[INFO] [stdout] test src/strip.rs - strip::Strip::formatting (line 70) - compile ... ok
[INFO] [stdout] test src/strip.rs - strip::Strip::colors (line 53) - compile ... ok
[INFO] [stdout] test src/strip.rs - strip::Strip::all (line 109) - compile ... ok
[INFO] [stdout] test src/lib.rs - ValidContext<'a,'ph>::get_prefs (line 1739) - compile ... ok
[INFO] [stdout] test src/lib.rs - ValidContext<'a,'ph>::emit_print_attrs (line 1830) - compile ... ok
[INFO] [stdout] test src/lib.rs - ValidContext<'a,'ph>::list (line 1871) - compile ... ok
[INFO] [stdout] test src/word.rs - word::Word (line 24) - compile ... ok
[INFO] [stdout] test src/strip.rs - strip::Strip::new (line 33) - compile ... ok
[INFO] [stdout] test src/word.rs - word::WordEol (line 51) - compile ... ok
[INFO] [stdout] 
[INFO] [stdout] failures:
[INFO] [stdout] 
[INFO] [stdout] ---- src/lib.rs - (line 42) stdout ----
[INFO] [stdout] warning: cannot specify lifetime arguments explicitly if late bound lifetime parameters are present
[INFO] [stdout]     --> src/lib.rs:66:17
[INFO] [stdout]      |
[INFO] [stdout] 25   | hexchat_plugin!('ph, MyPlugin<'ph>);
[INFO] [stdout]      |                 ^^^
[INFO] [stdout]      |
[INFO] [stdout]     ::: /opt/rustwide/workdir/src/lib.rs:2223:21
[INFO] [stdout]      |
[INFO] [stdout] 2223 |     arg: ConstLtPtr<'_, c_char>,
[INFO] [stdout]      |                     -- the late bound lifetime parameter is introduced here
[INFO] [stdout]      |
[INFO] [stdout]      = warning: this was previously accepted by the compiler but is being phased out; it will become a hard error in a future release!
[INFO] [stdout]      = note: for more information, see issue #42868 <https://github.com/rust-lang/rust/issues/42868>
[INFO] [stdout]      = note: `#[warn(late_bound_lifetime_arguments)]` on by default
[INFO] [stdout] 
[INFO] [stdout] error[E0308]: mismatched types
[INFO] [stdout]     --> src/lib.rs:66:1
[INFO] [stdout]      |
[INFO] [stdout] 25   | hexchat_plugin!('ph, MyPlugin<'ph>);
[INFO] [stdout]      | ^^^^^^^^^^^^^^^^^^^^^^^^^^^^^^^^^^^
[INFO] [stdout]      | |
[INFO] [stdout]      | expected `ConstLtPtr<'_, i8>`, found `*const i8`
[INFO] [stdout]      | arguments to this function are incorrect
[INFO] [stdout]      |
[INFO] [stdout]      = note:   expected struct `ltptr::ConstLtPtr<'_, i8>`
[INFO] [stdout]              found raw pointer `*const i8`
[INFO] [stdout] note: function defined here
[INFO] [stdout]     --> /opt/rustwide/workdir/src/lib.rs:2218:15
[INFO] [stdout]      |
[INFO] [stdout] 2218 | pub unsafe fn hexchat_plugin_init<'ph, T>(
[INFO] [stdout]      |               ^^^^^^^^^^^^^^^^^^^
[INFO] [stdout]      = note: this error originates in the macro `hexchat_plugin` (in Nightly builds, run with -Z macro-backtrace for more info)
[INFO] [stdout] 
[INFO] [stdout] error: aborting due to 1 previous error; 1 warning emitted
[INFO] [stdout] 
[INFO] [stdout] For more information about this error, try `rustc --explain E0308`.
[INFO] [stdout] Couldn't compile the test.
[INFO] [stdout] 
[INFO] [stdout] failures:
[INFO] [stdout]     src/lib.rs - (line 42)
[INFO] [stdout] 
[INFO] [stdout] test result: FAILED. 34 passed; 1 failed; 0 ignored; 0 measured; 0 filtered out; finished in 0.53s
[INFO] [stdout] 
[INFO] [stderr] error: doctest failed, to rerun pass `--doc`
[INFO] running `Command { std: "docker" "inspect" "6f1338a658765ee854313b551ee176c6b154818f1e8727e9c679002db915e767", kill_on_drop: false }`
[INFO] running `Command { std: "docker" "rm" "-f" "6f1338a658765ee854313b551ee176c6b154818f1e8727e9c679002db915e767", kill_on_drop: false }`
[INFO] [stdout] 6f1338a658765ee854313b551ee176c6b154818f1e8727e9c679002db915e767
