[INFO] fetching crate googleapis-tonic-google-cloud-optimization-v1 0.14.0...
[INFO] testing googleapis-tonic-google-cloud-optimization-v1-0.14.0 against nightly-2025-01-18 for randomize-layout-2
[INFO] extracting crate googleapis-tonic-google-cloud-optimization-v1 0.14.0 into /workspace/builds/worker-7-tc1/source
[INFO] validating manifest of crates.io crate googleapis-tonic-google-cloud-optimization-v1 0.14.0 on toolchain nightly-2025-01-18
[INFO] running `Command { std: CARGO_HOME="/workspace/cargo-home" RUSTUP_HOME="/workspace/rustup-home" "/workspace/cargo-home/bin/cargo" "+nightly-2025-01-18" "metadata" "--manifest-path" "Cargo.toml" "--no-deps", kill_on_drop: false }`
[INFO] started tweaking crates.io crate googleapis-tonic-google-cloud-optimization-v1 0.14.0
[INFO] finished tweaking crates.io crate googleapis-tonic-google-cloud-optimization-v1 0.14.0
[INFO] tweaked toml for crates.io crate googleapis-tonic-google-cloud-optimization-v1 0.14.0 written to /workspace/builds/worker-7-tc1/source/Cargo.toml
[INFO] running `Command { std: CARGO_HOME="/workspace/cargo-home" RUSTUP_HOME="/workspace/rustup-home" "/workspace/cargo-home/bin/cargo" "+nightly-2025-01-18" "generate-lockfile" "--manifest-path" "Cargo.toml", kill_on_drop: false }`
[INFO] [stderr]     Updating crates.io index
[INFO] [stderr]      Locking 58 packages to latest compatible versions
[INFO] running `Command { std: CARGO_HOME="/workspace/cargo-home" RUSTUP_HOME="/workspace/rustup-home" "/workspace/cargo-home/bin/cargo" "+nightly-2025-01-18" "fetch" "--manifest-path" "Cargo.toml", kill_on_drop: false }`
[INFO] [stderr]  Downloading crates ...
[INFO] [stderr]   Downloaded googleapis-tonic-google-longrunning v0.14.0
[INFO] [stderr]   Downloaded googleapis-tonic-google-type v0.8.0
[INFO] [stderr]   Downloaded googleapis-tonic-google-rpc v0.9.0
[INFO] [stderr]   Downloaded googleapis-tonic-google-api v0.12.0
[INFO] running `Command { std: "docker" "create" "-v" "/var/lib/crater-agent-workspace/builds/worker-7-tc1/target:/opt/rustwide/target:rw,Z" "-v" "/var/lib/crater-agent-workspace/builds/worker-7-tc1/source:/opt/rustwide/workdir:ro,Z" "-v" "/var/lib/crater-agent-workspace/cargo-home:/opt/rustwide/cargo-home:ro,Z" "-v" "/var/lib/crater-agent-workspace/rustup-home:/opt/rustwide/rustup-home:ro,Z" "-e" "SOURCE_DIR=/opt/rustwide/workdir" "-e" "CARGO_TARGET_DIR=/opt/rustwide/target" "-e" "CARGO_HOME=/opt/rustwide/cargo-home" "-e" "RUSTUP_HOME=/opt/rustwide/rustup-home" "-w" "/opt/rustwide/workdir" "-m" "1610612736" "--user" "0:0" "--network" "none" "ghcr.io/rust-lang/crates-build-env/linux@sha256:819108c5571ea2e421544af4d832f968d213c87fbe3707a016657f43d2f853bc" "/opt/rustwide/cargo-home/bin/cargo" "+nightly-2025-01-18" "metadata" "--no-deps" "--format-version=1", kill_on_drop: false }`
[INFO] [stdout] a8a49cdb874b9feb6fcef1a93348fac0b1ce4dcfd17e7d9a2e77c35811babbcb
[INFO] running `Command { std: "docker" "start" "-a" "a8a49cdb874b9feb6fcef1a93348fac0b1ce4dcfd17e7d9a2e77c35811babbcb", kill_on_drop: false }`
[INFO] running `Command { std: "docker" "inspect" "a8a49cdb874b9feb6fcef1a93348fac0b1ce4dcfd17e7d9a2e77c35811babbcb", kill_on_drop: false }`
[INFO] running `Command { std: "docker" "rm" "-f" "a8a49cdb874b9feb6fcef1a93348fac0b1ce4dcfd17e7d9a2e77c35811babbcb", kill_on_drop: false }`
[INFO] [stdout] a8a49cdb874b9feb6fcef1a93348fac0b1ce4dcfd17e7d9a2e77c35811babbcb
[INFO] running `Command { std: "docker" "create" "-v" "/var/lib/crater-agent-workspace/builds/worker-7-tc1/target:/opt/rustwide/target:rw,Z" "-v" "/var/lib/crater-agent-workspace/builds/worker-7-tc1/source:/opt/rustwide/workdir:ro,Z" "-v" "/var/lib/crater-agent-workspace/cargo-home:/opt/rustwide/cargo-home:ro,Z" "-v" "/var/lib/crater-agent-workspace/rustup-home:/opt/rustwide/rustup-home:ro,Z" "-e" "SOURCE_DIR=/opt/rustwide/workdir" "-e" "CARGO_TARGET_DIR=/opt/rustwide/target" "-e" "CARGO_INCREMENTAL=0" "-e" "RUST_BACKTRACE=full" "-e" "RUSTFLAGS=--cap-lints=forbid" "-e" "RUSTDOCFLAGS=--cap-lints=forbid" "-e" "CARGO_HOME=/opt/rustwide/cargo-home" "-e" "RUSTUP_HOME=/opt/rustwide/rustup-home" "-w" "/opt/rustwide/workdir" "-m" "1610612736" "--user" "0:0" "--network" "none" "ghcr.io/rust-lang/crates-build-env/linux@sha256:819108c5571ea2e421544af4d832f968d213c87fbe3707a016657f43d2f853bc" "/opt/rustwide/cargo-home/bin/cargo" "+nightly-2025-01-18" "build" "--frozen" "--message-format=json", kill_on_drop: false }`
[INFO] [stdout] 59680530595ab707ec2602256f9e4efb51612fe1e13fb0484a0c35a0e85eb8a7
[INFO] running `Command { std: "docker" "start" "-a" "59680530595ab707ec2602256f9e4efb51612fe1e13fb0484a0c35a0e85eb8a7", kill_on_drop: false }`
[INFO] [stderr]    Compiling proc-macro2 v1.0.93
[INFO] [stderr]    Compiling unicode-ident v1.0.14
[INFO] [stderr]    Compiling pin-project-lite v0.2.16
[INFO] [stderr]    Compiling bytes v1.9.0
[INFO] [stderr]    Compiling anyhow v1.0.95
[INFO] [stderr]    Compiling either v1.13.0
[INFO] [stderr]    Compiling futures-core v0.3.31
[INFO] [stderr]    Compiling itoa v1.0.14
[INFO] [stderr]    Compiling fnv v1.0.7
[INFO] [stderr]    Compiling pin-utils v0.1.0
[INFO] [stderr]    Compiling once_cell v1.20.2
[INFO] [stderr]    Compiling futures-task v0.3.31
[INFO] [stderr]    Compiling tokio v1.43.0
[INFO] [stderr]    Compiling tower-layer v0.3.3
[INFO] [stderr]    Compiling futures-util v0.3.31
[INFO] [stderr]    Compiling itertools v0.13.0
[INFO] [stderr]    Compiling percent-encoding v2.3.1
[INFO] [stderr]    Compiling tracing-core v0.1.33
[INFO] [stderr]    Compiling tower-service v0.3.3
[INFO] [stderr]    Compiling base64 v0.22.1
[INFO] [stderr]    Compiling http v1.2.0
[INFO] [stderr]    Compiling quote v1.0.38
[INFO] [stderr]    Compiling syn v2.0.96
[INFO] [stderr]    Compiling tokio-stream v0.1.17
[INFO] [stderr]    Compiling http-body v1.0.1
[INFO] [stderr]    Compiling http-body-util v0.1.2
[INFO] [stderr]    Compiling prost-derive v0.13.4
[INFO] [stderr]    Compiling pin-project-internal v1.1.8
[INFO] [stderr]    Compiling tracing-attributes v0.1.28
[INFO] [stderr]    Compiling async-trait v0.1.85
[INFO] [stderr]    Compiling pin-project v1.1.8
[INFO] [stderr]    Compiling tracing v0.1.41
[INFO] [stderr]    Compiling prost v0.13.4
[INFO] [stderr]    Compiling prost-types v0.13.4
[INFO] [stderr]    Compiling tonic v0.12.3
[INFO] [stderr]    Compiling googleapis-tonic-google-api v0.12.0
[INFO] [stderr]    Compiling googleapis-tonic-google-rpc v0.9.0
[INFO] [stderr]    Compiling googleapis-tonic-google-type v0.8.0
[INFO] [stderr]    Compiling googleapis-tonic-google-longrunning v0.14.0
[INFO] [stderr]    Compiling googleapis-tonic-google-cloud-optimization-v1 v0.14.0 (/opt/rustwide/workdir)
[INFO] [stderr]     Finished `dev` profile [unoptimized + debuginfo] target(s) in 31.86s
[INFO] running `Command { std: "docker" "inspect" "59680530595ab707ec2602256f9e4efb51612fe1e13fb0484a0c35a0e85eb8a7", kill_on_drop: false }`
[INFO] running `Command { std: "docker" "rm" "-f" "59680530595ab707ec2602256f9e4efb51612fe1e13fb0484a0c35a0e85eb8a7", kill_on_drop: false }`
[INFO] [stdout] 59680530595ab707ec2602256f9e4efb51612fe1e13fb0484a0c35a0e85eb8a7
[INFO] running `Command { std: "docker" "create" "-v" "/var/lib/crater-agent-workspace/builds/worker-7-tc1/target:/opt/rustwide/target:rw,Z" "-v" "/var/lib/crater-agent-workspace/builds/worker-7-tc1/source:/opt/rustwide/workdir:ro,Z" "-v" "/var/lib/crater-agent-workspace/cargo-home:/opt/rustwide/cargo-home:ro,Z" "-v" "/var/lib/crater-agent-workspace/rustup-home:/opt/rustwide/rustup-home:ro,Z" "-e" "SOURCE_DIR=/opt/rustwide/workdir" "-e" "CARGO_TARGET_DIR=/opt/rustwide/target" "-e" "CARGO_INCREMENTAL=0" "-e" "RUST_BACKTRACE=full" "-e" "RUSTFLAGS=--cap-lints=forbid" "-e" "RUSTDOCFLAGS=--cap-lints=forbid" "-e" "CARGO_HOME=/opt/rustwide/cargo-home" "-e" "RUSTUP_HOME=/opt/rustwide/rustup-home" "-w" "/opt/rustwide/workdir" "-m" "1610612736" "--user" "0:0" "--network" "none" "ghcr.io/rust-lang/crates-build-env/linux@sha256:819108c5571ea2e421544af4d832f968d213c87fbe3707a016657f43d2f853bc" "/opt/rustwide/cargo-home/bin/cargo" "+nightly-2025-01-18" "test" "--frozen" "--no-run" "--message-format=json", kill_on_drop: false }`
[INFO] [stdout] c4e0679300e91fb5fdea80a7993b0773e15b0bdda6fd87de9fc384fdc457dabf
[INFO] running `Command { std: "docker" "start" "-a" "c4e0679300e91fb5fdea80a7993b0773e15b0bdda6fd87de9fc384fdc457dabf", kill_on_drop: false }`
[INFO] [stderr]    Compiling googleapis-tonic-google-cloud-optimization-v1 v0.14.0 (/opt/rustwide/workdir)
[INFO] [stderr]     Finished `test` profile [unoptimized + debuginfo] target(s) in 1.32s
[INFO] running `Command { std: "docker" "inspect" "c4e0679300e91fb5fdea80a7993b0773e15b0bdda6fd87de9fc384fdc457dabf", kill_on_drop: false }`
[INFO] running `Command { std: "docker" "rm" "-f" "c4e0679300e91fb5fdea80a7993b0773e15b0bdda6fd87de9fc384fdc457dabf", kill_on_drop: false }`
[INFO] [stdout] c4e0679300e91fb5fdea80a7993b0773e15b0bdda6fd87de9fc384fdc457dabf
[INFO] running `Command { std: "docker" "create" "-v" "/var/lib/crater-agent-workspace/builds/worker-7-tc1/target:/opt/rustwide/target:rw,Z" "-v" "/var/lib/crater-agent-workspace/builds/worker-7-tc1/source:/opt/rustwide/workdir:ro,Z" "-v" "/var/lib/crater-agent-workspace/cargo-home:/opt/rustwide/cargo-home:ro,Z" "-v" "/var/lib/crater-agent-workspace/rustup-home:/opt/rustwide/rustup-home:ro,Z" "-e" "SOURCE_DIR=/opt/rustwide/workdir" "-e" "CARGO_TARGET_DIR=/opt/rustwide/target" "-e" "CARGO_INCREMENTAL=0" "-e" "RUST_BACKTRACE=full" "-e" "RUSTFLAGS=--cap-lints=forbid" "-e" "RUSTDOCFLAGS=--cap-lints=forbid" "-e" "CARGO_HOME=/opt/rustwide/cargo-home" "-e" "RUSTUP_HOME=/opt/rustwide/rustup-home" "-w" "/opt/rustwide/workdir" "-m" "1610612736" "--user" "0:0" "--network" "none" "ghcr.io/rust-lang/crates-build-env/linux@sha256:819108c5571ea2e421544af4d832f968d213c87fbe3707a016657f43d2f853bc" "/opt/rustwide/cargo-home/bin/cargo" "+nightly-2025-01-18" "test" "--frozen", kill_on_drop: false }`
[INFO] [stdout] dac406c73e6628ca95bd6b60dbc3ff7e27e89abc5f1c087e293a3d2879d9244d
[INFO] running `Command { std: "docker" "start" "-a" "dac406c73e6628ca95bd6b60dbc3ff7e27e89abc5f1c087e293a3d2879d9244d", kill_on_drop: false }`
[INFO] [stderr]     Finished `test` profile [unoptimized + debuginfo] target(s) in 0.08s
[INFO] [stderr]      Running unittests src/lib.rs (/opt/rustwide/target/debug/deps/googleapis_tonic_google_cloud_optimization_v1-e1954727c68a48df)
[INFO] [stdout] 
[INFO] [stdout] running 0 tests
[INFO] [stdout] 
[INFO] [stdout] test result: ok. 0 passed; 0 failed; 0 ignored; 0 measured; 0 filtered out; finished in 0.00s
[INFO] [stdout] 
[INFO] [stderr]    Doc-tests googleapis_tonic_google_cloud_optimization_v1
[INFO] [stdout] 
[INFO] [stdout] running 25 tests
[INFO] [stdout] test src/vec_u8_hash_map/google.cloud.optimization.v1.rs - vec_u8_hash_map::google::cloud::optimization::v1::ShipmentRoute (line 2161) ... FAILED
[INFO] [stdout] test src/vec_u8_hash_map/google.cloud.optimization.v1.rs - vec_u8_hash_map::google::cloud::optimization::v1::OptimizeToursValidationError::fields (line 3268) ... FAILED
[INFO] [stdout] test src/vec_u8_hash_map/google.cloud.optimization.v1.rs - vec_u8_hash_map::google::cloud::optimization::v1::ShipmentModel::duration_distance_matrices (line 685) ... FAILED
[INFO] [stdout] test src/vec_u8_hash_map/google.cloud.optimization.v1.rs - vec_u8_hash_map::google::cloud::optimization::v1::ShipmentModel::duration_distance_matrices (line 716) ... FAILED
[INFO] [stdout] test src/vec_u8_hash_map/google.cloud.optimization.v1.rs - vec_u8_hash_map::google::cloud::optimization::v1::Shipment::pickup_to_delivery_absolute_detour_limit (line 1069) ... FAILED
[INFO] [stdout] test src/vec_u8_hash_map/google.cloud.optimization.v1.rs - vec_u8_hash_map::google::cloud::optimization::v1::DistanceLimit::cost_per_kilometer_above_soft_max (line 1969) ... FAILED
[INFO] [stdout] test src/vec_u8_hash_map/google.cloud.optimization.v1.rs - vec_u8_hash_map::google::cloud::optimization::v1::ShipmentRoute (line 2230) ... FAILED
[INFO] [stdout] test src/vec_u8_hash_map/google.cloud.optimization.v1.rs - vec_u8_hash_map::google::cloud::optimization::v1::ShipmentRoute (line 2188) ... FAILED
[INFO] [stdout] test src/vec_u8_hash_map/google.cloud.optimization.v1.rs - vec_u8_hash_map::google::cloud::optimization::v1::DistanceLimit::cost_per_kilometer_below_soft_max (line 1959) ... FAILED
[INFO] [stdout] test src/vec_u8_hash_map/google.cloud.optimization.v1.rs - vec_u8_hash_map::google::cloud::optimization::v1::TimeWindow::cost_per_hour_after_soft_end_time (line 1905) ... FAILED
[INFO] [stdout] test src/vec_u8_hash_map/google.cloud.optimization.v1.rs - vec_u8_hash_map::google::cloud::optimization::v1::TimeWindow::cost_per_hour_before_soft_start_time (line 1892) ... FAILED
[INFO] [stdout] test src/vec_u8_hash_map/google.cloud.optimization.v1.rs - vec_u8_hash_map::google::cloud::optimization::v1::ShipmentRoute::has_traffic_infeasibilities (line 2275) ... FAILED
[INFO] [stdout] test src/vec_u8_hash_map/google.cloud.optimization.v1.rs - vec_u8_hash_map::google::cloud::optimization::v1::break_rule::FrequencyConstraint (line 2132) ... FAILED
[INFO] [stdout] test src/vec_u8_hash_map/google.cloud.optimization.v1.rs - vec_u8_hash_map::google::cloud::optimization::v1::Shipment::pickup_to_delivery_relative_detour_limit (line 1050) ... FAILED
[INFO] [stdout] test src/vec_u8_hash_map/google.cloud.optimization.v1.rs - vec_u8_hash_map::google::cloud::optimization::v1::break_rule::FrequencyConstraint (line 2119) ... FAILED
[INFO] [stdout] test src/vec_u8_hash_map/google.cloud.optimization.v1.rs - vec_u8_hash_map::google::cloud::optimization::v1::shipment_model::break_rule::FrequencyConstraint (line 952) ... FAILED
[INFO] [stdout] test src/vec_u8_hash_map/google.cloud.optimization.v1.rs - vec_u8_hash_map::google::cloud::optimization::v1::optimize_tours_validation_error::FieldReference (line 3298) ... FAILED
[INFO] [stdout] test src/vec_u8_hash_map/google.cloud.optimization.v1.rs - vec_u8_hash_map::google::cloud::optimization::v1::shipment_model::break_rule::FrequencyConstraint (line 939) ... FAILED
[INFO] [stdout] test src/vec_u8_hash_map/google.cloud.optimization.v1.rs - vec_u8_hash_map::google::cloud::optimization::v1::TimeWindow (line 1869) ... FAILED
[INFO] [stdout] test src/vec_u8_hash_map/google.cloud.optimization.v1.rs - vec_u8_hash_map::google::cloud::optimization::v1::shipment_route::Visit::detour (line 2413) ... FAILED
[INFO] [stdout] test src/vec_u8_hash_map/google.cloud.optimization.v1.rs - vec_u8_hash_map::google::cloud::optimization::v1::vehicle::DurationLimit::quadratic_soft_max_duration (line 1738) ... FAILED
[INFO] [stdout] test src/vec_u8_hash_map/google.cloud.optimization.v1.rs - vec_u8_hash_map::google::cloud::optimization::v1::vehicle::DurationLimit::cost_per_hour_after_soft_max (line 1723) ... FAILED
[INFO] [stdout] test src/vec_u8_hash_map/google.cloud.optimization.v1.rs - vec_u8_hash_map::google::cloud::optimization::v1::skipped_shipment::Reason (line 2629) ... FAILED
[INFO] [stdout] test src/vec_u8_hash_map/google.cloud.optimization.v1.rs - vec_u8_hash_map::google::cloud::optimization::v1::vehicle::DurationLimit::cost_per_square_hour_after_quadratic_soft_max (line 1747) ... FAILED
[INFO] [stdout] test src/vec_u8_hash_map/google.cloud.optimization.v1.rs - vec_u8_hash_map::google::cloud::optimization::v1::shipment_route::Visit::detour (line 2406) ... FAILED
[INFO] [stdout] 
[INFO] [stdout] failures:
[INFO] [stdout] 
[INFO] [stdout] ---- src/vec_u8_hash_map/google.cloud.optimization.v1.rs - vec_u8_hash_map::google::cloud::optimization::v1::ShipmentRoute (line 2161) stdout ----
[INFO] [stdout] error: unknown start of token: \
[INFO] [stdout]  --> src/vec_u8_hash_map/google.cloud.optimization.v1.rs:2162:50
[INFO] [stdout]   |
[INFO] [stdout] 3 | |            |            |          |       |  T\[2\], |        |      |
[INFO] [stdout]   |                                                  ^
[INFO] [stdout] 
[INFO] [stdout] error: unknown start of token: \
[INFO] [stdout]  --> src/vec_u8_hash_map/google.cloud.optimization.v1.rs:2162:53
[INFO] [stdout]   |
[INFO] [stdout] 3 | |            |            |          |       |  T\[2\], |        |      |
[INFO] [stdout]   |                                                     ^
[INFO] [stdout] 
[INFO] [stdout] error: unknown start of token: \
[INFO] [stdout]  --> src/vec_u8_hash_map/google.cloud.optimization.v1.rs:2163:53
[INFO] [stdout]   |
[INFO] [stdout] 4 |    | Transition |  Visit #0  |          |       |  V\[2\], |        |      |
[INFO] [stdout]   |                                                     ^
[INFO] [stdout] 
[INFO] [stdout] error: unknown start of token: \
[INFO] [stdout]  --> src/vec_u8_hash_map/google.cloud.optimization.v1.rs:2163:56
[INFO] [stdout]   |
[INFO] [stdout] 4 |    | Transition |  Visit #0  |          |       |  V\[2\], |        |      |
[INFO] [stdout]   |                                                        ^
[INFO] [stdout] 
[INFO] [stdout] error: unknown start of token: \
[INFO] [stdout]  --> src/vec_u8_hash_map/google.cloud.optimization.v1.rs:2164:35
[INFO] [stdout]   |
[INFO] [stdout] 5 |    |     #0     |    aka     |   T\[1\]   |  V\[1\] |  ...   | V\[n-1\] | T\[n\] |
[INFO] [stdout]   |                                   ^
[INFO] [stdout] 
[INFO] [stdout] error: unknown start of token: \
[INFO] [stdout]  --> src/vec_u8_hash_map/google.cloud.optimization.v1.rs:2164:38
[INFO] [stdout]   |
[INFO] [stdout] 5 |    |     #0     |    aka     |   T\[1\]   |  V\[1\] |  ...   | V\[n-1\] | T\[n\] |
[INFO] [stdout]   |                                      ^
[INFO] [stdout] 
[INFO] [stdout] error: unknown start of token: \
[INFO] [stdout]  --> src/vec_u8_hash_map/google.cloud.optimization.v1.rs:2164:47
[INFO] [stdout]   |
[INFO] [stdout] 5 |    |     #0     |    aka     |   T\[1\]   |  V\[1\] |  ...   | V\[n-1\] | T\[n\] |
[INFO] [stdout]   |                                               ^
[INFO] [stdout] 
[INFO] [stdout] error: unknown start of token: \
[INFO] [stdout]  --> src/vec_u8_hash_map/google.cloud.optimization.v1.rs:2164:50
[INFO] [stdout]   |
[INFO] [stdout] 5 |    |     #0     |    aka     |   T\[1\]   |  V\[1\] |  ...   | V\[n-1\] | T\[n\] |
[INFO] [stdout]   |                                                  ^
[INFO] [stdout] 
[INFO] [stdout] error: unknown start of token: \
[INFO] [stdout]  --> src/vec_u8_hash_map/google.cloud.optimization.v1.rs:2164:65
[INFO] [stdout]   |
[INFO] [stdout] 5 |    |     #0     |    aka     |   T\[1\]   |  V\[1\] |  ...   | V\[n-1\] | T\[n\] |
[INFO] [stdout]   |                                                                 ^
[INFO] [stdout] 
[INFO] [stdout] error: unknown start of token: \
[INFO] [stdout]  --> src/vec_u8_hash_map/google.cloud.optimization.v1.rs:2164:70
[INFO] [stdout]   |
[INFO] [stdout] 5 |    |     #0     |    aka     |   T\[1\]   |  V\[1\] |  ...   | V\[n-1\] | T\[n\] |
[INFO] [stdout]   |                                                                      ^
[INFO] [stdout] 
[INFO] [stdout] error: unknown start of token: \
[INFO] [stdout]  --> src/vec_u8_hash_map/google.cloud.optimization.v1.rs:2164:76
[INFO] [stdout]   |
[INFO] [stdout] 5 |    |     #0     |    aka     |   T\[1\]   |  V\[1\] |  ...   | V\[n-1\] | T\[n\] |
[INFO] [stdout]   |                                                                            ^
[INFO] [stdout] 
[INFO] [stdout] error: unknown start of token: \
[INFO] [stdout]  --> src/vec_u8_hash_map/google.cloud.optimization.v1.rs:2164:79
[INFO] [stdout]   |
[INFO] [stdout] 5 |    |     #0     |    aka     |   T\[1\]   |  V\[1\] |  ...   | V\[n-1\] | T\[n\] |
[INFO] [stdout]   |                                                                               ^
[INFO] [stdout] 
[INFO] [stdout] error: unknown start of token: \
[INFO] [stdout]  --> src/vec_u8_hash_map/google.cloud.optimization.v1.rs:2165:12
[INFO] [stdout]   |
[INFO] [stdout] 6 |    |  aka T\[0\]  |    V\[0\]    |          |       | V\[n-2\],|        |      |
[INFO] [stdout]   |            ^
[INFO] [stdout] 
[INFO] [stdout] error: unknown start of token: \
[INFO] [stdout]  --> src/vec_u8_hash_map/google.cloud.optimization.v1.rs:2165:15
[INFO] [stdout]   |
[INFO] [stdout] 6 |    |  aka T\[0\]  |    V\[0\]    |          |       | V\[n-2\],|        |      |
[INFO] [stdout]   |               ^
[INFO] [stdout] 
[INFO] [stdout] error: unknown start of token: \
[INFO] [stdout]  --> src/vec_u8_hash_map/google.cloud.optimization.v1.rs:2165:25
[INFO] [stdout]   |
[INFO] [stdout] 6 |    |  aka T\[0\]  |    V\[0\]    |          |       | V\[n-2\],|        |      |
[INFO] [stdout]   |                         ^
[INFO] [stdout] 
[INFO] [stdout] error: unknown start of token: \
[INFO] [stdout]  --> src/vec_u8_hash_map/google.cloud.optimization.v1.rs:2165:28
[INFO] [stdout]   |
[INFO] [stdout] 6 |    |  aka T\[0\]  |    V\[0\]    |          |       | V\[n-2\],|        |      |
[INFO] [stdout]   |                            ^
[INFO] [stdout] 
[INFO] [stdout] error: unknown start of token: \
[INFO] [stdout]  --> src/vec_u8_hash_map/google.cloud.optimization.v1.rs:2165:56
[INFO] [stdout]   |
[INFO] [stdout] 6 |    |  aka T\[0\]  |    V\[0\]    |          |       | V\[n-2\],|        |      |
[INFO] [stdout]   |                                                        ^
[INFO] [stdout] 
[INFO] [stdout] error: unknown start of token: \
[INFO] [stdout]  --> src/vec_u8_hash_map/google.cloud.optimization.v1.rs:2165:61
[INFO] [stdout]   |
[INFO] [stdout] 6 |    |  aka T\[0\]  |    V\[0\]    |          |       | V\[n-2\],|        |      |
[INFO] [stdout]   |                                                             ^
[INFO] [stdout] 
[INFO] [stdout] error: unknown start of token: \
[INFO] [stdout]  --> src/vec_u8_hash_map/google.cloud.optimization.v1.rs:2166:52
[INFO] [stdout]   |
[INFO] [stdout] 7 |    |            |            |          |       | T\[n-1\] |        |      |
[INFO] [stdout]   |                                                    ^
[INFO] [stdout] 
[INFO] [stdout] error: unknown start of token: \
[INFO] [stdout]  --> src/vec_u8_hash_map/google.cloud.optimization.v1.rs:2166:57
[INFO] [stdout]   |
[INFO] [stdout] 7 |    |            |            |          |       | T\[n-1\] |        |      |
[INFO] [stdout]   |                                                         ^
[INFO] [stdout] 
[INFO] [stdout] error: unknown start of token: \
[INFO] [stdout]  --> src/vec_u8_hash_map/google.cloud.optimization.v1.rs:2168:13
[INFO] [stdout]   |
[INFO] [stdout] 9 | vehicle    V\[0\].start   V\[0\].end     V\[1\].   V\[1\].    V\[n\].    V\[n\]. vehicle
[INFO] [stdout]   |             ^
[INFO] [stdout] 
[INFO] [stdout] error: unknown start of token: \
[INFO] [stdout]  --> src/vec_u8_hash_map/google.cloud.optimization.v1.rs:2168:16
[INFO] [stdout]   |
[INFO] [stdout] 9 | vehicle    V\[0\].start   V\[0\].end     V\[1\].   V\[1\].    V\[n\].    V\[n\]. vehicle
[INFO] [stdout]   |                ^
[INFO] [stdout] 
[INFO] [stdout] error: unknown start of token: \
[INFO] [stdout]  --> src/vec_u8_hash_map/google.cloud.optimization.v1.rs:2168:28
[INFO] [stdout]   |
[INFO] [stdout] 9 | vehicle    V\[0\].start   V\[0\].end     V\[1\].   V\[1\].    V\[n\].    V\[n\]. vehicle
[INFO] [stdout]   |                            ^
[INFO] [stdout] 
[INFO] [stdout] error: unknown start of token: \
[INFO] [stdout]  --> src/vec_u8_hash_map/google.cloud.optimization.v1.rs:2168:31
[INFO] [stdout]   |
[INFO] [stdout] 9 | vehicle    V\[0\].start   V\[0\].end     V\[1\].   V\[1\].    V\[n\].    V\[n\]. vehicle
[INFO] [stdout]   |                               ^
[INFO] [stdout] 
[INFO] [stdout] error: unknown start of token: \
[INFO] [stdout]  --> src/vec_u8_hash_map/google.cloud.optimization.v1.rs:2168:43
[INFO] [stdout]   |
[INFO] [stdout] 9 | vehicle    V\[0\].start   V\[0\].end     V\[1\].   V\[1\].    V\[n\].    V\[n\]. vehicle
[INFO] [stdout]   |                                           ^
[INFO] [stdout] 
[INFO] [stdout] error: unknown start of token: \
[INFO] [stdout]  --> src/vec_u8_hash_map/google.cloud.optimization.v1.rs:2168:46
[INFO] [stdout]   |
[INFO] [stdout] 9 | vehicle    V\[0\].start   V\[0\].end     V\[1\].   V\[1\].    V\[n\].    V\[n\]. vehicle
[INFO] [stdout]   |                                              ^
[INFO] [stdout] 
[INFO] [stdout] error: unknown start of token: \
[INFO] [stdout]  --> src/vec_u8_hash_map/google.cloud.optimization.v1.rs:2168:53
[INFO] [stdout]   |
[INFO] [stdout] 9 | vehicle    V\[0\].start   V\[0\].end     V\[1\].   V\[1\].    V\[n\].    V\[n\]. vehicle
[INFO] [stdout]   |                                                     ^
[INFO] [stdout] 
[INFO] [stdout] error: unknown start of token: \
[INFO] [stdout]  --> src/vec_u8_hash_map/google.cloud.optimization.v1.rs:2168:56
[INFO] [stdout]   |
[INFO] [stdout] 9 | vehicle    V\[0\].start   V\[0\].end     V\[1\].   V\[1\].    V\[n\].    V\[n\]. vehicle
[INFO] [stdout]   |                                                        ^
[INFO] [stdout] 
[INFO] [stdout] error: unknown start of token: \
[INFO] [stdout]  --> src/vec_u8_hash_map/google.cloud.optimization.v1.rs:2168:64
[INFO] [stdout]   |
[INFO] [stdout] 9 | vehicle    V\[0\].start   V\[0\].end     V\[1\].   V\[1\].    V\[n\].    V\[n\]. vehicle
[INFO] [stdout]   |                                                                ^
[INFO] [stdout] 
[INFO] [stdout] error: unknown start of token: \
[INFO] [stdout]  --> src/vec_u8_hash_map/google.cloud.optimization.v1.rs:2168:67
[INFO] [stdout]   |
[INFO] [stdout] 9 | vehicle    V\[0\].start   V\[0\].end     V\[1\].   V\[1\].    V\[n\].    V\[n\]. vehicle
[INFO] [stdout]   |                                                                   ^
[INFO] [stdout] 
[INFO] [stdout] error: unknown start of token: \
[INFO] [stdout]  --> src/vec_u8_hash_map/google.cloud.optimization.v1.rs:2168:75
[INFO] [stdout]   |
[INFO] [stdout] 9 | vehicle    V\[0\].start   V\[0\].end     V\[1\].   V\[1\].    V\[n\].    V\[n\]. vehicle
[INFO] [stdout]   |                                                                           ^
[INFO] [stdout] 
[INFO] [stdout] error: unknown start of token: \
[INFO] [stdout]  --> src/vec_u8_hash_map/google.cloud.optimization.v1.rs:2168:78
[INFO] [stdout]   |
[INFO] [stdout] 9 | vehicle    V\[0\].start   V\[0\].end     V\[1\].   V\[1\].    V\[n\].    V\[n\]. vehicle
[INFO] [stdout]   |                                                                              ^
[INFO] [stdout] 
[INFO] [stdout] error: expected a pattern, found an expression
[INFO] [stdout]  --> src/vec_u8_hash_map/google.cloud.optimization.v1.rs:2162:49
[INFO] [stdout]   |
[INFO] [stdout] 3 | |            |            |          |       |  T\[2\], |        |      |
[INFO] [stdout]   |                                                 ^^^^^^ not a pattern
[INFO] [stdout]   |
[INFO] [stdout]   = note: arbitrary expressions are not allowed in patterns: <https://doc.rust-lang.org/book/ch19-00-patterns.html>
[INFO] [stdout] help: consider extracting the expression into a `const`
[INFO] [stdout]   |
[INFO] [stdout] 3 + const VAL: /* Type */ = T\[2\];
[INFO] [stdout] 4 ~ |            |            |          |       |  VAL, |        |      |
[INFO] [stdout]   |
[INFO] [stdout] help: consider wrapping the expression in an inline `const` (requires `#![feature(inline_const_pat)]`)
[INFO] [stdout]   |
[INFO] [stdout] 3 | |            |            |          |       |  const { T\[2\] }, |        |      |
[INFO] [stdout]   |                                                 +++++++        +
[INFO] [stdout] 
[INFO] [stdout] error: expected one of `!`, `.`, `::`, `;`, `?`, `{`, `}`, or an operator, found `#`
[INFO] [stdout]  --> src/vec_u8_hash_map/google.cloud.optimization.v1.rs:2163:26
[INFO] [stdout]   |
[INFO] [stdout] 4 |    | Transition |  Visit #0  |          |       |  V\[2\], |        |      |
[INFO] [stdout]   |                          ^ expected one of 8 possible tokens
[INFO] [stdout] 
[INFO] [stdout] error: aborting due to 34 previous errors
[INFO] [stdout] 
[INFO] [stdout] Couldn't compile the test.
[INFO] [stdout] ---- src/vec_u8_hash_map/google.cloud.optimization.v1.rs - vec_u8_hash_map::google::cloud::optimization::v1::OptimizeToursValidationError::fields (line 3268) stdout ----
[INFO] [stdout] error: expected one of `,`, `.`, `?`, `}`, or an operator, found `index`
[INFO] [stdout]  --> src/vec_u8_hash_map/google.cloud.optimization.v1.rs:3269:27
[INFO] [stdout]   |
[INFO] [stdout] 3 | fields { name: "vehicles" index: 4}
[INFO] [stdout]   | ------                   -^^^^^ expected one of `,`, `.`, `?`, `}`, or an operator
[INFO] [stdout]   | |                        |
[INFO] [stdout]   | |                        help: try adding a comma: `,`
[INFO] [stdout]   | while parsing this struct
[INFO] [stdout] 
[INFO] [stdout] error: expected `;`, found `fields`
[INFO] [stdout]  --> src/vec_u8_hash_map/google.cloud.optimization.v1.rs:3269:36
[INFO] [stdout]   |
[INFO] [stdout] 3 | fields { name: "vehicles" index: 4}
[INFO] [stdout]   |                                    ^ help: add `;` here
[INFO] [stdout] 4 | fields { name: "shipments" index: 2 sub_field {name: "pickups" index: 0} }
[INFO] [stdout]   | ------ unexpected token
[INFO] [stdout] 
[INFO] [stdout] error: expected one of `,`, `.`, `?`, `}`, or an operator, found `index`
[INFO] [stdout]  --> src/vec_u8_hash_map/google.cloud.optimization.v1.rs:3270:28
[INFO] [stdout]   |
[INFO] [stdout] 4 | fields { name: "shipments" index: 2 sub_field {name: "pickups" index: 0} }
[INFO] [stdout]   | ------                    -^^^^^ expected one of `,`, `.`, `?`, `}`, or an operator
[INFO] [stdout]   | |                         |
[INFO] [stdout]   | |                         help: try adding a comma: `,`
[INFO] [stdout]   | while parsing this struct
[INFO] [stdout] 
[INFO] [stdout] error[E0422]: cannot find struct, variant or union type `fields` in this scope
[INFO] [stdout]  --> src/vec_u8_hash_map/google.cloud.optimization.v1.rs:3270:1
[INFO] [stdout]   |
[INFO] [stdout] 4 | fields { name: "shipments" index: 2 sub_field {name: "pickups" index: 0} }
[INFO] [stdout]   | ^^^^^^ not found in this scope
[INFO] [stdout] 
[INFO] [stdout] error: aborting due to 4 previous errors
[INFO] [stdout] 
[INFO] [stdout] For more information about this error, try `rustc --explain E0422`.
[INFO] [stdout] Couldn't compile the test.
[INFO] [stdout] ---- src/vec_u8_hash_map/google.cloud.optimization.v1.rs - vec_u8_hash_map::google::cloud::optimization::v1::ShipmentModel::duration_distance_matrices (line 685) stdout ----
[INFO] [stdout] error: expected one of `,`, `:`, or `}`, found `{`
[INFO] [stdout]  --> src/vec_u8_hash_map/google.cloud.optimization.v1.rs:687:13
[INFO] [stdout]   |
[INFO] [stdout] 3 | model {
[INFO] [stdout]   | ----- while parsing this struct
[INFO] [stdout] 4 |    vehicles { start_tags: "locA"  end_tags: "locA" }
[INFO] [stdout]   |    -------- ^ expected one of `,`, `:`, or `}`
[INFO] [stdout]   |    |
[INFO] [stdout]   |    while parsing this struct field
[INFO] [stdout]   |
[INFO] [stdout] help: try naming a field
[INFO] [stdout]   |
[INFO] [stdout] 4 |    vehicles: vehicles { start_tags: "locA"  end_tags: "locA" }
[INFO] [stdout]   |    +++++++++
[INFO] [stdout] 
[INFO] [stdout] error[E0422]: cannot find struct, variant or union type `model` in this scope
[INFO] [stdout]  --> src/vec_u8_hash_map/google.cloud.optimization.v1.rs:686:1
[INFO] [stdout]   |
[INFO] [stdout] 3 | model {
[INFO] [stdout]   | ^^^^^ not found in this scope
[INFO] [stdout] 
[INFO] [stdout] error: aborting due to 2 previous errors
[INFO] [stdout] 
[INFO] [stdout] For more information about this error, try `rustc --explain E0422`.
[INFO] [stdout] Couldn't compile the test.
[INFO] [stdout] ---- src/vec_u8_hash_map/google.cloud.optimization.v1.rs - vec_u8_hash_map::google::cloud::optimization::v1::ShipmentModel::duration_distance_matrices (line 716) stdout ----
[INFO] [stdout] error: expected one of `,`, `:`, or `}`, found `{`
[INFO] [stdout]  --> src/vec_u8_hash_map/google.cloud.optimization.v1.rs:718:13
[INFO] [stdout]   |
[INFO] [stdout] 3 | model {
[INFO] [stdout]   | ----- while parsing this struct
[INFO] [stdout] 4 |    vehicles { start_tags: "locA" end_tags: "locB" start_tags: "fast" }
[INFO] [stdout]   |    -------- ^ expected one of `,`, `:`, or `}`
[INFO] [stdout]   |    |
[INFO] [stdout]   |    while parsing this struct field
[INFO] [stdout]   |
[INFO] [stdout] help: try naming a field
[INFO] [stdout]   |
[INFO] [stdout] 4 |    vehicles: vehicles { start_tags: "locA" end_tags: "locB" start_tags: "fast" }
[INFO] [stdout]   |    +++++++++
[INFO] [stdout] 
[INFO] [stdout] error[E0422]: cannot find struct, variant or union type `model` in this scope
[INFO] [stdout]  --> src/vec_u8_hash_map/google.cloud.optimization.v1.rs:717:1
[INFO] [stdout]   |
[INFO] [stdout] 3 | model {
[INFO] [stdout]   | ^^^^^ not found in this scope
[INFO] [stdout] 
[INFO] [stdout] error: aborting due to 2 previous errors
[INFO] [stdout] 
[INFO] [stdout] For more information about this error, try `rustc --explain E0422`.
[INFO] [stdout] Couldn't compile the test.
[INFO] [stdout] ---- src/vec_u8_hash_map/google.cloud.optimization.v1.rs - vec_u8_hash_map::google::cloud::optimization::v1::Shipment::pickup_to_delivery_absolute_detour_limit (line 1069) stdout ----
[INFO] [stdout] error[E0425]: cannot find value `delivery` in this scope
[INFO] [stdout]  --> src/vec_u8_hash_map/google.cloud.optimization.v1.rs:1070:12
[INFO] [stdout]   |
[INFO] [stdout] 3 | start_time(delivery) - start_time(pickup) <=
[INFO] [stdout]   |            ^^^^^^^^ not found in this scope
[INFO] [stdout] 
[INFO] [stdout] error[E0425]: cannot find value `pickup` in this scope
[INFO] [stdout]  --> src/vec_u8_hash_map/google.cloud.optimization.v1.rs:1070:35
[INFO] [stdout]   |
[INFO] [stdout] 3 | start_time(delivery) - start_time(pickup) <=
[INFO] [stdout]   |                                   ^^^^^^ not found in this scope
[INFO] [stdout] 
[INFO] [stdout] error[E0425]: cannot find value `t` in this scope
[INFO] [stdout]  --> src/vec_u8_hash_map/google.cloud.optimization.v1.rs:1071:1
[INFO] [stdout]   |
[INFO] [stdout] 4 | t + pickup_to_delivery_absolute_detour_limit
[INFO] [stdout]   | ^ not found in this scope
[INFO] [stdout] 
[INFO] [stdout] error[E0425]: cannot find value `pickup_to_delivery_absolute_detour_limit` in this scope
[INFO] [stdout]  --> src/vec_u8_hash_map/google.cloud.optimization.v1.rs:1071:5
[INFO] [stdout]   |
[INFO] [stdout] 4 | t + pickup_to_delivery_absolute_detour_limit
[INFO] [stdout]   |     ^^^^^^^^^^^^^^^^^^^^^^^^^^^^^^^^^^^^^^^^ not found in this scope
[INFO] [stdout] 
[INFO] [stdout] error[E0425]: cannot find function `start_time` in this scope
[INFO] [stdout]  --> src/vec_u8_hash_map/google.cloud.optimization.v1.rs:1070:1
[INFO] [stdout]   |
[INFO] [stdout] 3 | start_time(delivery) - start_time(pickup) <=
[INFO] [stdout]   | ^^^^^^^^^^ not found in this scope
[INFO] [stdout] 
[INFO] [stdout] error[E0425]: cannot find function `start_time` in this scope
[INFO] [stdout]  --> src/vec_u8_hash_map/google.cloud.optimization.v1.rs:1070:24
[INFO] [stdout]   |
[INFO] [stdout] 3 | start_time(delivery) - start_time(pickup) <=
[INFO] [stdout]   |                        ^^^^^^^^^^ not found in this scope
[INFO] [stdout] 
[INFO] [stdout] error[E0308]: mismatched types
[INFO] [stdout]  --> src/vec_u8_hash_map/google.cloud.optimization.v1.rs:1070:1
[INFO] [stdout]   |
[INFO] [stdout] 2 |   fn main() { #[allow(non_snake_case)] fn _doctest_main_src_vec_u8_hash_map_google_cloud_optimization_v1_rs_1069_0() {
[INFO] [stdout]   |                                                                                                                     - help: try adding a return type: `-> bool`
[INFO] [stdout] 3 | / start_time(delivery) - start_time(pickup) <=
[INFO] [stdout] 4 | | t + pickup_to_delivery_absolute_detour_limit
[INFO] [stdout]   | |____________________________________________^ expected `()`, found `bool`
[INFO] [stdout] 
[INFO] [stdout] error: aborting due to 7 previous errors
[INFO] [stdout] 
[INFO] [stdout] Some errors have detailed explanations: E0308, E0425.
[INFO] [stdout] For more information about an error, try `rustc --explain E0308`.
[INFO] [stdout] Couldn't compile the test.
[INFO] [stdout] ---- src/vec_u8_hash_map/google.cloud.optimization.v1.rs - vec_u8_hash_map::google::cloud::optimization::v1::DistanceLimit::cost_per_kilometer_above_soft_max (line 1969) stdout ----
[INFO] [stdout] error: unexpected token: `}`
[INFO] [stdout]  --> src/vec_u8_hash_map/google.cloud.optimization.v1.rs:1972:1
[INFO] [stdout]   |
[INFO] [stdout] 5 | } _doctest_main_src_vec_u8_hash_map_google_cloud_optimization_v1_rs_1969_0() }
[INFO] [stdout]   | ^
[INFO] [stdout] 
[INFO] [stdout] error[E0425]: cannot find value `distance_meters` in this scope
[INFO] [stdout]  --> src/vec_u8_hash_map/google.cloud.optimization.v1.rs:1970:2
[INFO] [stdout]   |
[INFO] [stdout] 3 | (distance_meters - soft_max_meters) / 1000.0 *
[INFO] [stdout]   |  ^^^^^^^^^^^^^^^ not found in this scope
[INFO] [stdout] 
[INFO] [stdout] error[E0425]: cannot find value `soft_max_meters` in this scope
[INFO] [stdout]  --> src/vec_u8_hash_map/google.cloud.optimization.v1.rs:1970:20
[INFO] [stdout]   |
[INFO] [stdout] 3 | (distance_meters - soft_max_meters) / 1000.0 *
[INFO] [stdout]   |                    ^^^^^^^^^^^^^^^ not found in this scope
[INFO] [stdout] 
[INFO] [stdout] error[E0425]: cannot find value `cost_per_kilometer_above_soft_max` in this scope
[INFO] [stdout]  --> src/vec_u8_hash_map/google.cloud.optimization.v1.rs:1971:4
[INFO] [stdout]   |
[INFO] [stdout] 4 |    cost_per_kilometer_above_soft_max.
[INFO] [stdout]   |    ^^^^^^^^^^^^^^^^^^^^^^^^^^^^^^^^^ not found in this scope
[INFO] [stdout] 
[INFO] [stdout] error: aborting due to 4 previous errors
[INFO] [stdout] 
[INFO] [stdout] For more information about this error, try `rustc --explain E0425`.
[INFO] [stdout] Couldn't compile the test.
[INFO] [stdout] ---- src/vec_u8_hash_map/google.cloud.optimization.v1.rs - vec_u8_hash_map::google::cloud::optimization::v1::ShipmentRoute (line 2230) stdout ----
[INFO] [stdout] error: unknown start of token: \
[INFO] [stdout]  --> src/vec_u8_hash_map/google.cloud.optimization.v1.rs:2231:11
[INFO] [stdout]   |
[INFO] [stdout] 3 | TRANSITION\[i\]
[INFO] [stdout]   |           ^
[INFO] [stdout] 
[INFO] [stdout] error: unknown start of token: \
[INFO] [stdout]  --> src/vec_u8_hash_map/google.cloud.optimization.v1.rs:2231:14
[INFO] [stdout]   |
[INFO] [stdout] 3 | TRANSITION\[i\]
[INFO] [stdout]   |              ^
[INFO] [stdout] 
[INFO] [stdout] error: Rust has no postfix decrement operator
[INFO] [stdout]  --> src/vec_u8_hash_map/google.cloud.optimization.v1.rs:2232:1
[INFO] [stdout]   |
[INFO] [stdout] 4 | --++-----+-----------------------------------------------------------++-->
[INFO] [stdout]   | ^^ not a valid postfix operator
[INFO] [stdout]   |
[INFO] [stdout] help: use `-= 1` instead
[INFO] [stdout]   |
[INFO] [stdout] 4 |  -= 1++-----+-----------------------------------------------------------++-->
[INFO] [stdout]   |  ~~~~
[INFO] [stdout] 
[INFO] [stdout] error: aborting due to 3 previous errors
[INFO] [stdout] 
[INFO] [stdout] Couldn't compile the test.
[INFO] [stdout] ---- src/vec_u8_hash_map/google.cloud.optimization.v1.rs - vec_u8_hash_map::google::cloud::optimization::v1::ShipmentRoute (line 2188) stdout ----
[INFO] [stdout] error: unknown start of token: \
[INFO] [stdout]  --> src/vec_u8_hash_map/google.cloud.optimization.v1.rs:2190:27
[INFO] [stdout]   |
[INFO] [stdout] 4 |     |           TRANSITION\[i\]             |           VISIT\[i\]          |
[INFO] [stdout]   |                           ^
[INFO] [stdout] 
[INFO] [stdout] error: unknown start of token: \
[INFO] [stdout]  --> src/vec_u8_hash_map/google.cloud.optimization.v1.rs:2190:30
[INFO] [stdout]   |
[INFO] [stdout] 4 |     |           TRANSITION\[i\]             |           VISIT\[i\]          |
[INFO] [stdout]   |                              ^
[INFO] [stdout] 
[INFO] [stdout] error: unknown start of token: \
[INFO] [stdout]  --> src/vec_u8_hash_map/google.cloud.optimization.v1.rs:2190:62
[INFO] [stdout]   |
[INFO] [stdout] 4 |     |           TRANSITION\[i\]             |           VISIT\[i\]          |
[INFO] [stdout]   |                                                              ^
[INFO] [stdout] 
[INFO] [stdout] error: unknown start of token: \
[INFO] [stdout]  --> src/vec_u8_hash_map/google.cloud.optimization.v1.rs:2190:65
[INFO] [stdout]   |
[INFO] [stdout] 4 |     |           TRANSITION\[i\]             |           VISIT\[i\]          |
[INFO] [stdout]   |                                                                 ^
[INFO] [stdout] 
[INFO] [stdout] error: unknown start of token: \
[INFO] [stdout]  --> src/vec_u8_hash_map/google.cloud.optimization.v1.rs:2193:15
[INFO] [stdout]   |
[INFO] [stdout] 7 |     |    VISIT\[i-1\].departure_location to |                             |
[INFO] [stdout]   |               ^
[INFO] [stdout] 
[INFO] [stdout] error: unknown start of token: \
[INFO] [stdout]  --> src/vec_u8_hash_map/google.cloud.optimization.v1.rs:2193:20
[INFO] [stdout]   |
[INFO] [stdout] 7 |     |    VISIT\[i-1\].departure_location to |                             |
[INFO] [stdout]   |                    ^
[INFO] [stdout] 
[INFO] [stdout] error: unknown start of token: \
[INFO] [stdout]  --> src/vec_u8_hash_map/google.cloud.optimization.v1.rs:2194:15
[INFO] [stdout]   |
[INFO] [stdout] 8 |     |    VISIT\[i\].arrival_location, which |  * Spend some time:         |
[INFO] [stdout]   |               ^
[INFO] [stdout] 
[INFO] [stdout] error: unknown start of token: \
[INFO] [stdout]  --> src/vec_u8_hash_map/google.cloud.optimization.v1.rs:2194:18
[INFO] [stdout]   |
[INFO] [stdout] 8 |     |    VISIT\[i\].arrival_location, which |  * Spend some time:         |
[INFO] [stdout]   |                  ^
[INFO] [stdout] 
[INFO] [stdout] error: prefix `event` is unknown
[INFO] [stdout]   --> src/vec_u8_hash_map/google.cloud.optimization.v1.rs:2205:10
[INFO] [stdout]    |
[INFO] [stdout] 19 |     |    event's destination before the   |                             |
[INFO] [stdout]    |          ^^^^^ unknown prefix
[INFO] [stdout]    |
[INFO] [stdout]    = note: prefixed identifiers and literals are reserved since Rust 2021
[INFO] [stdout] help: consider inserting whitespace here
[INFO] [stdout]    |
[INFO] [stdout] 19 |     |    event 's destination before the   |                             |
[INFO] [stdout]    |               +
[INFO] [stdout] 
[INFO] [stdout] error: unknown start of token: \
[INFO] [stdout]   --> src/vec_u8_hash_map/google.cloud.optimization.v1.rs:2214:2
[INFO] [stdout]    |
[INFO] [stdout] 28 | V\[i-1\].end                           V\[i\].start                    V\[i\].end
[INFO] [stdout]    |  ^
[INFO] [stdout] 
[INFO] [stdout] error: unknown start of token: \
[INFO] [stdout]   --> src/vec_u8_hash_map/google.cloud.optimization.v1.rs:2214:7
[INFO] [stdout]    |
[INFO] [stdout] 28 | V\[i-1\].end                           V\[i\].start                    V\[i\].end
[INFO] [stdout]    |       ^
[INFO] [stdout] 
[INFO] [stdout] error: unknown start of token: \
[INFO] [stdout]   --> src/vec_u8_hash_map/google.cloud.optimization.v1.rs:2214:41
[INFO] [stdout]    |
[INFO] [stdout] 28 | V\[i-1\].end                           V\[i\].start                    V\[i\].end
[INFO] [stdout]    |                                         ^
[INFO] [stdout] 
[INFO] [stdout] error: unknown start of token: \
[INFO] [stdout]   --> src/vec_u8_hash_map/google.cloud.optimization.v1.rs:2214:44
[INFO] [stdout]    |
[INFO] [stdout] 28 | V\[i-1\].end                           V\[i\].start                    V\[i\].end
[INFO] [stdout]    |                                            ^
[INFO] [stdout] 
[INFO] [stdout] error: unknown start of token: \
[INFO] [stdout]   --> src/vec_u8_hash_map/google.cloud.optimization.v1.rs:2214:73
[INFO] [stdout]    |
[INFO] [stdout] 28 | V\[i-1\].end                           V\[i\].start                    V\[i\].end
[INFO] [stdout]    |                                                                         ^
[INFO] [stdout] 
[INFO] [stdout] error: unknown start of token: \
[INFO] [stdout]   --> src/vec_u8_hash_map/google.cloud.optimization.v1.rs:2214:76
[INFO] [stdout]    |
[INFO] [stdout] 28 | V\[i-1\].end                           V\[i\].start                    V\[i\].end
[INFO] [stdout]    |                                                                            ^
[INFO] [stdout] 
[INFO] [stdout] error: expected expression, found `+`
[INFO] [stdout]  --> src/vec_u8_hash_map/google.cloud.optimization.v1.rs:2189:4
[INFO] [stdout]   |
[INFO] [stdout] 3 | ---+-------------------------------------+-----------------------------+-->
[INFO] [stdout]   |    ^ expected expression
[INFO] [stdout] 
[INFO] [stdout] error: aborting due to 16 previous errors
[INFO] [stdout] 
[INFO] [stdout] Couldn't compile the test.
[INFO] [stdout] ---- src/vec_u8_hash_map/google.cloud.optimization.v1.rs - vec_u8_hash_map::google::cloud::optimization::v1::DistanceLimit::cost_per_kilometer_below_soft_max (line 1959) stdout ----
[INFO] [stdout] error: unexpected token: `}`
[INFO] [stdout]  --> src/vec_u8_hash_map/google.cloud.optimization.v1.rs:1962:1
[INFO] [stdout]   |
[INFO] [stdout] 5 | } _doctest_main_src_vec_u8_hash_map_google_cloud_optimization_v1_rs_1959_0() }
[INFO] [stdout]   | ^
[INFO] [stdout] 
[INFO] [stdout] error[E0425]: cannot find function `min` in this scope
[INFO] [stdout]  --> src/vec_u8_hash_map/google.cloud.optimization.v1.rs:1960:1
[INFO] [stdout]   |
[INFO] [stdout] 3 | min(distance_meters, soft_max_meters) / 1000.0 *
[INFO] [stdout]   | ^^^ not found in this scope
[INFO] [stdout]   |
[INFO] [stdout] help: consider importing this function
[INFO] [stdout]   |
[INFO] [stdout] 2 + use std::cmp::min;
[INFO] [stdout]   |
[INFO] [stdout] 
[INFO] [stdout] error[E0425]: cannot find value `distance_meters` in this scope
[INFO] [stdout]  --> src/vec_u8_hash_map/google.cloud.optimization.v1.rs:1960:5
[INFO] [stdout]   |
[INFO] [stdout] 3 | min(distance_meters, soft_max_meters) / 1000.0 *
[INFO] [stdout]   |     ^^^^^^^^^^^^^^^ not found in this scope
[INFO] [stdout] 
[INFO] [stdout] error[E0425]: cannot find value `soft_max_meters` in this scope
[INFO] [stdout]  --> src/vec_u8_hash_map/google.cloud.optimization.v1.rs:1960:22
[INFO] [stdout]   |
[INFO] [stdout] 3 | min(distance_meters, soft_max_meters) / 1000.0 *
[INFO] [stdout]   |                      ^^^^^^^^^^^^^^^ not found in this scope
[INFO] [stdout] 
[INFO] [stdout] error[E0425]: cannot find value `cost_per_kilometer_below_soft_max` in this scope
[INFO] [stdout]  --> src/vec_u8_hash_map/google.cloud.optimization.v1.rs:1961:4
[INFO] [stdout]   |
[INFO] [stdout] 4 |    cost_per_kilometer_below_soft_max.
[INFO] [stdout]   |    ^^^^^^^^^^^^^^^^^^^^^^^^^^^^^^^^^ not found in this scope
[INFO] [stdout] 
[INFO] [stdout] error: aborting due to 5 previous errors
[INFO] [stdout] 
[INFO] [stdout] For more information about this error, try `rustc --explain E0425`.
[INFO] [stdout] Couldn't compile the test.
[INFO] [stdout] ---- src/vec_u8_hash_map/google.cloud.optimization.v1.rs - vec_u8_hash_map::google::cloud::optimization::v1::TimeWindow::cost_per_hour_after_soft_end_time (line 1905) stdout ----
[INFO] [stdout] error: expected one of `.`, `;`, `?`, `}`, or an operator, found `,`
[INFO] [stdout]  --> src/vec_u8_hash_map/google.cloud.optimization.v1.rs:1907:64
[INFO] [stdout]   |
[INFO] [stdout] 4 |                      * cost_per_hour_after_soft_end_time / 3600,
[INFO] [stdout]   |                                                                ^ expected one of `.`, `;`, `?`, `}`, or an operator
[INFO] [stdout] 
[INFO] [stdout] error: aborting due to 1 previous error
[INFO] [stdout] 
[INFO] [stdout] Couldn't compile the test.
[INFO] [stdout] ---- src/vec_u8_hash_map/google.cloud.optimization.v1.rs - vec_u8_hash_map::google::cloud::optimization::v1::TimeWindow::cost_per_hour_before_soft_start_time (line 1892) stdout ----
[INFO] [stdout] error: expected one of `.`, `;`, `?`, `}`, or an operator, found `,`
[INFO] [stdout]  --> src/vec_u8_hash_map/google.cloud.optimization.v1.rs:1894:73
[INFO] [stdout]   |
[INFO] [stdout] 4 | ...                   * cost_per_hour_before_soft_start_time / 3600,
[INFO] [stdout]   |                                                                    ^ expected one of `.`, `;`, `?`, `}`, or an operator
[INFO] [stdout] 
[INFO] [stdout] error: aborting due to 1 previous error
[INFO] [stdout] 
[INFO] [stdout] Couldn't compile the test.
[INFO] [stdout] ---- src/vec_u8_hash_map/google.cloud.optimization.v1.rs - vec_u8_hash_map::google::cloud::optimization::v1::ShipmentRoute::has_traffic_infeasibilities (line 2275) stdout ----
[INFO] [stdout] error[E0425]: cannot find value `previous_visit` in this scope
[INFO] [stdout]  --> src/vec_u8_hash_map/google.cloud.optimization.v1.rs:2276:12
[INFO] [stdout]   |
[INFO] [stdout] 3 | start_time(previous_visit) + duration(previous_visit) +
[INFO] [stdout]   |            ^^^^^^^^^^^^^^ not found in this scope
[INFO] [stdout] 
[INFO] [stdout] error[E0425]: cannot find value `previous_visit` in this scope
[INFO] [stdout]  --> src/vec_u8_hash_map/google.cloud.optimization.v1.rs:2276:39
[INFO] [stdout]   |
[INFO] [stdout] 3 | start_time(previous_visit) + duration(previous_visit) +
[INFO] [stdout]   |                                       ^^^^^^^^^^^^^^ not found in this scope
[INFO] [stdout] 
[INFO] [stdout] error[E0425]: cannot find value `previous_visit` in this scope
[INFO] [stdout]  --> src/vec_u8_hash_map/google.cloud.optimization.v1.rs:2277:20
[INFO] [stdout]   |
[INFO] [stdout] 4 |    travel_duration(previous_visit, next_visit) > start_time(next_visit)
[INFO] [stdout]   |                    ^^^^^^^^^^^^^^ not found in this scope
[INFO] [stdout] 
[INFO] [stdout] error[E0425]: cannot find value `next_visit` in this scope
[INFO] [stdout]  --> src/vec_u8_hash_map/google.cloud.optimization.v1.rs:2277:36
[INFO] [stdout]   |
[INFO] [stdout] 4 |    travel_duration(previous_visit, next_visit) > start_time(next_visit)
[INFO] [stdout]   |                                    ^^^^^^^^^^ not found in this scope
[INFO] [stdout] 
[INFO] [stdout] error[E0425]: cannot find value `next_visit` in this scope
[INFO] [stdout]  --> src/vec_u8_hash_map/google.cloud.optimization.v1.rs:2277:61
[INFO] [stdout]   |
[INFO] [stdout] 4 |    travel_duration(previous_visit, next_visit) > start_time(next_visit)
[INFO] [stdout]   |                                                             ^^^^^^^^^^ not found in this scope
[INFO] [stdout] 
[INFO] [stdout] error[E0425]: cannot find function `start_time` in this scope
[INFO] [stdout]  --> src/vec_u8_hash_map/google.cloud.optimization.v1.rs:2276:1
[INFO] [stdout]   |
[INFO] [stdout] 3 | start_time(previous_visit) + duration(previous_visit) +
[INFO] [stdout]   | ^^^^^^^^^^ not found in this scope
[INFO] [stdout] 
[INFO] [stdout] error[E0425]: cannot find function `duration` in this scope
[INFO] [stdout]  --> src/vec_u8_hash_map/google.cloud.optimization.v1.rs:2276:30
[INFO] [stdout]   |
[INFO] [stdout] 3 | start_time(previous_visit) + duration(previous_visit) +
[INFO] [stdout]   |                              ^^^^^^^^ not found in this scope
[INFO] [stdout] 
[INFO] [stdout] error[E0425]: cannot find function `travel_duration` in this scope
[INFO] [stdout]  --> src/vec_u8_hash_map/google.cloud.optimization.v1.rs:2277:4
[INFO] [stdout]   |
[INFO] [stdout] 4 |    travel_duration(previous_visit, next_visit) > start_time(next_visit)
[INFO] [stdout]   |    ^^^^^^^^^^^^^^^ not found in this scope
[INFO] [stdout] 
[INFO] [stdout] error[E0425]: cannot find function `start_time` in this scope
[INFO] [stdout]  --> src/vec_u8_hash_map/google.cloud.optimization.v1.rs:2277:50
[INFO] [stdout]   |
[INFO] [stdout] 4 |    travel_duration(previous_visit, next_visit) > start_time(next_visit)
[INFO] [stdout]   |                                                  ^^^^^^^^^^ not found in this scope
[INFO] [stdout] 
[INFO] [stdout] error[E0308]: mismatched types
[INFO] [stdout]  --> src/vec_u8_hash_map/google.cloud.optimization.v1.rs:2276:1
[INFO] [stdout]   |
[INFO] [stdout] 2 |   fn main() { #[allow(non_snake_case)] fn _doctest_main_src_vec_u8_hash_map_google_cloud_optimization_v1_rs_2275_0() {
[INFO] [stdout]   |                                                                                                                     - help: try adding a return type: `-> bool`
[INFO] [stdout] 3 | / start_time(previous_visit) + duration(previous_visit) +
[INFO] [stdout] 4 | |    travel_duration(previous_visit, next_visit) > start_time(next_visit)
[INFO] [stdout]   | |_______________________________________________________________________^ expected `()`, found `bool`
[INFO] [stdout] 
[INFO] [stdout] error: aborting due to 10 previous errors
[INFO] [stdout] 
[INFO] [stdout] Some errors have detailed explanations: E0308, E0425.
[INFO] [stdout] For more information about an error, try `rustc --explain E0308`.
[INFO] [stdout] Couldn't compile the test.
[INFO] [stdout] ---- src/vec_u8_hash_map/google.cloud.optimization.v1.rs - vec_u8_hash_map::google::cloud::optimization::v1::break_rule::FrequencyConstraint (line 2132) stdout ----
[INFO] [stdout] error: expected one of `.`, `;`, `?`, `}`, or an operator, found `:`
[INFO] [stdout]  --> src/vec_u8_hash_map/google.cloud.optimization.v1.rs:2133:3
[INFO] [stdout]   |
[INFO] [stdout] 3 | 04:00 vehicle start
[INFO] [stdout]   |   ^ expected one of `.`, `;`, `?`, `}`, or an operator
[INFO] [stdout] 
[INFO] [stdout] error: aborting due to 1 previous error
[INFO] [stdout] 
[INFO] [stdout] Couldn't compile the test.
[INFO] [stdout] ---- src/vec_u8_hash_map/google.cloud.optimization.v1.rs - vec_u8_hash_map::google::cloud::optimization::v1::Shipment::pickup_to_delivery_relative_detour_limit (line 1050) stdout ----
[INFO] [stdout] error[E0425]: cannot find value `delivery` in this scope
[INFO] [stdout]  --> src/vec_u8_hash_map/google.cloud.optimization.v1.rs:1051:12
[INFO] [stdout]   |
[INFO] [stdout] 3 | start_time(delivery) - start_time(pickup) <=
[INFO] [stdout]   |            ^^^^^^^^ not found in this scope
[INFO] [stdout] 
[INFO] [stdout] error[E0425]: cannot find value `pickup` in this scope
[INFO] [stdout]  --> src/vec_u8_hash_map/google.cloud.optimization.v1.rs:1051:35
[INFO] [stdout]   |
[INFO] [stdout] 3 | start_time(delivery) - start_time(pickup) <=
[INFO] [stdout]   |                                   ^^^^^^ not found in this scope
[INFO] [stdout] 
[INFO] [stdout] error[E0425]: cannot find function `ceil` in crate `std`
[INFO] [stdout]  --> src/vec_u8_hash_map/google.cloud.optimization.v1.rs:1052:6
[INFO] [stdout]   |
[INFO] [stdout] 4 | std::ceil(t * (1.0 + pickup_to_delivery_relative_detour_limit))
[INFO] [stdout]   |      ^^^^ not found in `std`
[INFO] [stdout] 
[INFO] [stdout] error[E0425]: cannot find value `t` in this scope
[INFO] [stdout]  --> src/vec_u8_hash_map/google.cloud.optimization.v1.rs:1052:11
[INFO] [stdout]   |
[INFO] [stdout] 4 | std::ceil(t * (1.0 + pickup_to_delivery_relative_detour_limit))
[INFO] [stdout]   |           ^ not found in this scope
[INFO] [stdout] 
[INFO] [stdout] error[E0425]: cannot find value `pickup_to_delivery_relative_detour_limit` in this scope
[INFO] [stdout]  --> src/vec_u8_hash_map/google.cloud.optimization.v1.rs:1052:22
[INFO] [stdout]   |
[INFO] [stdout] 4 | std::ceil(t * (1.0 + pickup_to_delivery_relative_detour_limit))
[INFO] [stdout]   |                      ^^^^^^^^^^^^^^^^^^^^^^^^^^^^^^^^^^^^^^^^ not found in this scope
[INFO] [stdout] 
[INFO] [stdout] error[E0425]: cannot find function `start_time` in this scope
[INFO] [stdout]  --> src/vec_u8_hash_map/google.cloud.optimization.v1.rs:1051:1
[INFO] [stdout]   |
[INFO] [stdout] 3 | start_time(delivery) - start_time(pickup) <=
[INFO] [stdout]   | ^^^^^^^^^^ not found in this scope
[INFO] [stdout] 
[INFO] [stdout] error[E0425]: cannot find function `start_time` in this scope
[INFO] [stdout]  --> src/vec_u8_hash_map/google.cloud.optimization.v1.rs:1051:24
[INFO] [stdout]   |
[INFO] [stdout] 3 | start_time(delivery) - start_time(pickup) <=
[INFO] [stdout]   |                        ^^^^^^^^^^ not found in this scope
[INFO] [stdout] 
[INFO] [stdout] error[E0308]: mismatched types
[INFO] [stdout]  --> src/vec_u8_hash_map/google.cloud.optimization.v1.rs:1051:1
[INFO] [stdout]   |
[INFO] [stdout] 2 |   fn main() { #[allow(non_snake_case)] fn _doctest_main_src_vec_u8_hash_map_google_cloud_optimization_v1_rs_1050_0() {
[INFO] [stdout]   |                                                                                                                     - help: try adding a return type: `-> bool`
[INFO] [stdout] 3 | / start_time(delivery) - start_time(pickup) <=
[INFO] [stdout] 4 | | std::ceil(t * (1.0 + pickup_to_delivery_relative_detour_limit))
[INFO] [stdout]   | |_______________________________________________________________^ expected `()`, found `bool`
[INFO] [stdout] 
[INFO] [stdout] error: aborting due to 8 previous errors
[INFO] [stdout] 
[INFO] [stdout] Some errors have detailed explanations: E0308, E0425.
[INFO] [stdout] For more information about an error, try `rustc --explain E0308`.
[INFO] [stdout] Couldn't compile the test.
[INFO] [stdout] ---- src/vec_u8_hash_map/google.cloud.optimization.v1.rs - vec_u8_hash_map::google::cloud::optimization::v1::break_rule::FrequencyConstraint (line 2119) stdout ----
[INFO] [stdout] error: expected one of `.`, `;`, `?`, `}`, or an operator, found `#`
[INFO] [stdout]  --> src/vec_u8_hash_map/google.cloud.optimization.v1.rs:2121:50
[INFO] [stdout]   |
[INFO] [stdout] 4 |     min_break_duration { seconds: 3600 }         # 1 hour.
[INFO] [stdout]   |                                                  ^ expected one of `.`, `;`, `?`, `}`, or an operator
[INFO] [stdout] 
[INFO] [stdout] error: aborting due to 1 previous error
[INFO] [stdout] 
[INFO] [stdout] Couldn't compile the test.
[INFO] [stdout] ---- src/vec_u8_hash_map/google.cloud.optimization.v1.rs - vec_u8_hash_map::google::cloud::optimization::v1::shipment_model::break_rule::FrequencyConstraint (line 952) stdout ----
[INFO] [stdout] error: expected one of `.`, `;`, `?`, `}`, or an operator, found `:`
[INFO] [stdout]  --> src/vec_u8_hash_map/google.cloud.optimization.v1.rs:953:3
[INFO] [stdout]   |
[INFO] [stdout] 3 | 04:00 vehicle start
[INFO] [stdout]   |   ^ expected one of `.`, `;`, `?`, `}`, or an operator
[INFO] [stdout] 
[INFO] [stdout] error: aborting due to 1 previous error
[INFO] [stdout] 
[INFO] [stdout] Couldn't compile the test.
[INFO] [stdout] ---- src/vec_u8_hash_map/google.cloud.optimization.v1.rs - vec_u8_hash_map::google::cloud::optimization::v1::optimize_tours_validation_error::FieldReference (line 3298) stdout ----
[INFO] [stdout] error: expected one of `!`, `.`, `::`, `;`, `?`, `{`, `}`, or an operator, found `:`
[INFO] [stdout]  --> src/vec_u8_hash_map/google.cloud.optimization.v1.rs:3299:5
[INFO] [stdout]   |
[INFO] [stdout] 3 | name: "vehicles" index: 5 sub_field { name: "end_time_windows" index: 2 }
[INFO] [stdout]   |     ^ expected one of 8 possible tokens
[INFO] [stdout] 
[INFO] [stdout] error: aborting due to 1 previous error
[INFO] [stdout] 
[INFO] [stdout] Couldn't compile the test.
[INFO] [stdout] ---- src/vec_u8_hash_map/google.cloud.optimization.v1.rs - vec_u8_hash_map::google::cloud::optimization::v1::shipment_model::break_rule::FrequencyConstraint (line 939) stdout ----
[INFO] [stdout] error: expected one of `.`, `;`, `?`, `}`, or an operator, found `#`
[INFO] [stdout]  --> src/vec_u8_hash_map/google.cloud.optimization.v1.rs:941:50
[INFO] [stdout]   |
[INFO] [stdout] 4 |     min_break_duration { seconds: 3600 }         # 1 hour.
[INFO] [stdout]   |                                                  ^ expected one of `.`, `;`, `?`, `}`, or an operator
[INFO] [stdout] 
[INFO] [stdout] error: aborting due to 1 previous error
[INFO] [stdout] 
[INFO] [stdout] Couldn't compile the test.
[INFO] [stdout] ---- src/vec_u8_hash_map/google.cloud.optimization.v1.rs - vec_u8_hash_map::google::cloud::optimization::v1::TimeWindow (line 1869) stdout ----
[INFO] [stdout] error: unknown start of token: `
[INFO] [stdout]  --> src/vec_u8_hash_map/google.cloud.optimization.v1.rs:1870:6
[INFO] [stdout]   |
[INFO] [stdout] 3 | 0 <= `start_time` <= `soft_start_time` <= `end_time` and
[INFO] [stdout]   |      ^
[INFO] [stdout]   |
[INFO] [stdout] help: Unicode character '`' (Grave Accent) looks like ''' (Single Quote), but it is not
[INFO] [stdout]   |
[INFO] [stdout] 3 | 0 <= 'start_time` <= `soft_start_time` <= `end_time` and
[INFO] [stdout]   |      ~
[INFO] [stdout] 
[INFO] [stdout] error: unknown start of token: `
[INFO] [stdout]  --> src/vec_u8_hash_map/google.cloud.optimization.v1.rs:1870:17
[INFO] [stdout]   |
[INFO] [stdout] 3 | 0 <= `start_time` <= `soft_start_time` <= `end_time` and
[INFO] [stdout]   |                 ^
[INFO] [stdout]   |
[INFO] [stdout] help: Unicode character '`' (Grave Accent) looks like ''' (Single Quote), but it is not
[INFO] [stdout]   |
[INFO] [stdout] 3 | 0 <= `start_time' <= `soft_start_time` <= `end_time` and
[INFO] [stdout]   |                 ~
[INFO] [stdout] 
[INFO] [stdout] error: unknown start of token: `
[INFO] [stdout]  --> src/vec_u8_hash_map/google.cloud.optimization.v1.rs:1870:22
[INFO] [stdout]   |
[INFO] [stdout] 3 | 0 <= `start_time` <= `soft_start_time` <= `end_time` and
[INFO] [stdout]   |                      ^
[INFO] [stdout]   |
[INFO] [stdout] help: Unicode character '`' (Grave Accent) looks like ''' (Single Quote), but it is not
[INFO] [stdout]   |
[INFO] [stdout] 3 | 0 <= `start_time` <= 'soft_start_time` <= `end_time` and
[INFO] [stdout]   |                      ~
[INFO] [stdout] 
[INFO] [stdout] error: unknown start of token: `
[INFO] [stdout]  --> src/vec_u8_hash_map/google.cloud.optimization.v1.rs:1870:38
[INFO] [stdout]   |
[INFO] [stdout] 3 | 0 <= `start_time` <= `soft_start_time` <= `end_time` and
[INFO] [stdout]   |                                      ^
[INFO] [stdout]   |
[INFO] [stdout] help: Unicode character '`' (Grave Accent) looks like ''' (Single Quote), but it is not
[INFO] [stdout]   |
[INFO] [stdout] 3 | 0 <= `start_time` <= `soft_start_time' <= `end_time` and
[INFO] [stdout]   |                                      ~
[INFO] [stdout] 
[INFO] [stdout] error: unknown start of token: `
[INFO] [stdout]  --> src/vec_u8_hash_map/google.cloud.optimization.v1.rs:1870:43
[INFO] [stdout]   |
[INFO] [stdout] 3 | 0 <= `start_time` <= `soft_start_time` <= `end_time` and
[INFO] [stdout]   |                                           ^
[INFO] [stdout]   |
[INFO] [stdout] help: Unicode character '`' (Grave Accent) looks like ''' (Single Quote), but it is not
[INFO] [stdout]   |
[INFO] [stdout] 3 | 0 <= `start_time` <= `soft_start_time` <= 'end_time` and
[INFO] [stdout]   |                                           ~
[INFO] [stdout] 
[INFO] [stdout] error: unknown start of token: `
[INFO] [stdout]  --> src/vec_u8_hash_map/google.cloud.optimization.v1.rs:1870:52
[INFO] [stdout]   |
[INFO] [stdout] 3 | 0 <= `start_time` <= `soft_start_time` <= `end_time` and
[INFO] [stdout]   |                                                    ^
[INFO] [stdout]   |
[INFO] [stdout] help: Unicode character '`' (Grave Accent) looks like ''' (Single Quote), but it is not
[INFO] [stdout]   |
[INFO] [stdout] 3 | 0 <= `start_time` <= `soft_start_time` <= `end_time' and
[INFO] [stdout]   |                                                    ~
[INFO] [stdout] 
[INFO] [stdout] error: unknown start of token: `
[INFO] [stdout]  --> src/vec_u8_hash_map/google.cloud.optimization.v1.rs:1871:9
[INFO] [stdout]   |
[INFO] [stdout] 4 |    0 <= `start_time` <= `soft_end_time` <= `end_time`.
[INFO] [stdout]   |         ^
[INFO] [stdout]   |
[INFO] [stdout] help: Unicode character '`' (Grave Accent) looks like ''' (Single Quote), but it is not
[INFO] [stdout]   |
[INFO] [stdout] 4 |    0 <= 'start_time` <= `soft_end_time` <= `end_time`.
[INFO] [stdout]   |         ~
[INFO] [stdout] 
[INFO] [stdout] error: unknown start of token: `
[INFO] [stdout]  --> src/vec_u8_hash_map/google.cloud.optimization.v1.rs:1871:20
[INFO] [stdout]   |
[INFO] [stdout] 4 |    0 <= `start_time` <= `soft_end_time` <= `end_time`.
[INFO] [stdout]   |                    ^
[INFO] [stdout]   |
[INFO] [stdout] help: Unicode character '`' (Grave Accent) looks like ''' (Single Quote), but it is not
[INFO] [stdout]   |
[INFO] [stdout] 4 |    0 <= `start_time' <= `soft_end_time` <= `end_time`.
[INFO] [stdout]   |                    ~
[INFO] [stdout] 
[INFO] [stdout] error: unknown start of token: `
[INFO] [stdout]  --> src/vec_u8_hash_map/google.cloud.optimization.v1.rs:1871:25
[INFO] [stdout]   |
[INFO] [stdout] 4 |    0 <= `start_time` <= `soft_end_time` <= `end_time`.
[INFO] [stdout]   |                         ^
[INFO] [stdout]   |
[INFO] [stdout] help: Unicode character '`' (Grave Accent) looks like ''' (Single Quote), but it is not
[INFO] [stdout]   |
[INFO] [stdout] 4 |    0 <= `start_time` <= 'soft_end_time` <= `end_time`.
[INFO] [stdout]   |                         ~
[INFO] [stdout] 
[INFO] [stdout] error: unknown start of token: `
[INFO] [stdout]  --> src/vec_u8_hash_map/google.cloud.optimization.v1.rs:1871:39
[INFO] [stdout]   |
[INFO] [stdout] 4 |    0 <= `start_time` <= `soft_end_time` <= `end_time`.
[INFO] [stdout]   |                                       ^
[INFO] [stdout]   |
[INFO] [stdout] help: Unicode character '`' (Grave Accent) looks like ''' (Single Quote), but it is not
[INFO] [stdout]   |
[INFO] [stdout] 4 |    0 <= `start_time` <= `soft_end_time' <= `end_time`.
[INFO] [stdout]   |                                       ~
[INFO] [stdout] 
[INFO] [stdout] error: unknown start of token: `
[INFO] [stdout]  --> src/vec_u8_hash_map/google.cloud.optimization.v1.rs:1871:44
[INFO] [stdout]   |
[INFO] [stdout] 4 |    0 <= `start_time` <= `soft_end_time` <= `end_time`.
[INFO] [stdout]   |                                            ^
[INFO] [stdout]   |
[INFO] [stdout] help: Unicode character '`' (Grave Accent) looks like ''' (Single Quote), but it is not
[INFO] [stdout]   |
[INFO] [stdout] 4 |    0 <= `start_time` <= `soft_end_time` <= 'end_time`.
[INFO] [stdout]   |                                            ~
[INFO] [stdout] 
[INFO] [stdout] error: unknown start of token: `
[INFO] [stdout]  --> src/vec_u8_hash_map/google.cloud.optimization.v1.rs:1871:53
[INFO] [stdout]   |
[INFO] [stdout] 4 |    0 <= `start_time` <= `soft_end_time` <= `end_time`.
[INFO] [stdout]   |                                                     ^
[INFO] [stdout]   |
[INFO] [stdout] help: Unicode character '`' (Grave Accent) looks like ''' (Single Quote), but it is not
[INFO] [stdout]   |
[INFO] [stdout] 4 |    0 <= `start_time` <= `soft_end_time` <= `end_time'.
[INFO] [stdout]   |                                                     ~
[INFO] [stdout] 
[INFO] [stdout] error: comparison operators cannot be chained
[INFO] [stdout]  --> src/vec_u8_hash_map/google.cloud.optimization.v1.rs:1870:3
[INFO] [stdout]   |
[INFO] [stdout] 3 | 0 <= `start_time` <= `soft_start_time` <= `end_time` and
[INFO] [stdout]   |   ^^              ^^
[INFO] [stdout]   |
[INFO] [stdout] help: split the comparison into two
[INFO] [stdout]   |
[INFO] [stdout] 3 | 0 <= `start_time && start_time` <= `soft_start_time` <= `end_time` and
[INFO] [stdout]   |                  +++++++++++++
[INFO] [stdout] 
[INFO] [stdout] error: comparison operators cannot be chained
[INFO] [stdout]  --> src/vec_u8_hash_map/google.cloud.optimization.v1.rs:1870:19
[INFO] [stdout]   |
[INFO] [stdout] 3 | 0 <= `start_time` <= `soft_start_time` <= `end_time` and
[INFO] [stdout]   |                   ^^                   ^^
[INFO] [stdout]   |
[INFO] [stdout] help: split the comparison into two
[INFO] [stdout]   |
[INFO] [stdout] 3 | 0 <= `start_time` <= `soft_start_time && soft_start_time` <= `end_time` and
[INFO] [stdout]   |                                       ++++++++++++++++++
[INFO] [stdout] 
[INFO] [stdout] error: `and` is not a logical operator
[INFO] [stdout]  --> src/vec_u8_hash_map/google.cloud.optimization.v1.rs:1870:54
[INFO] [stdout]   |
[INFO] [stdout] 3 | 0 <= `start_time` <= `soft_start_time` <= `end_time` and
[INFO] [stdout]   |                                                      ^^^
[INFO] [stdout]   |
[INFO] [stdout]   = note: unlike in e.g., Python and PHP, `&&` and `||` are used for logical operators
[INFO] [stdout] help: use `&&` to perform logical conjunction
[INFO] [stdout]   |
[INFO] [stdout] 3 | 0 <= `start_time` <= `soft_start_time` <= `end_time` &&
[INFO] [stdout]   |                                                      ~~
[INFO] [stdout] 
[INFO] [stdout] error: comparison operators cannot be chained
[INFO] [stdout]  --> src/vec_u8_hash_map/google.cloud.optimization.v1.rs:1871:6
[INFO] [stdout]   |
[INFO] [stdout] 4 |    0 <= `start_time` <= `soft_end_time` <= `end_time`.
[INFO] [stdout]   |      ^^              ^^
[INFO] [stdout]   |
[INFO] [stdout] help: split the comparison into two
[INFO] [stdout]   |
[INFO] [stdout] 4 |    0 <= `start_time && start_time` <= `soft_end_time` <= `end_time`.
[INFO] [stdout]   |                     +++++++++++++
[INFO] [stdout] 
[INFO] [stdout] error: comparison operators cannot be chained
[INFO] [stdout]  --> src/vec_u8_hash_map/google.cloud.optimization.v1.rs:1871:22
[INFO] [stdout]   |
[INFO] [stdout] 4 |    0 <= `start_time` <= `soft_end_time` <= `end_time`.
[INFO] [stdout]   |                      ^^                 ^^
[INFO] [stdout]   |
[INFO] [stdout] help: split the comparison into two
[INFO] [stdout]   |
[INFO] [stdout] 4 |    0 <= `start_time` <= `soft_end_time && soft_end_time` <= `end_time`.
[INFO] [stdout]   |                                        ++++++++++++++++
[INFO] [stdout] 
[INFO] [stdout] error: unexpected token: `}`
[INFO] [stdout]  --> src/vec_u8_hash_map/google.cloud.optimization.v1.rs:1872:1
[INFO] [stdout]   |
[INFO] [stdout] 5 | } _doctest_main_src_vec_u8_hash_map_google_cloud_optimization_v1_rs_1869_0() }
[INFO] [stdout]   | ^
[INFO] [stdout] 
[INFO] [stdout] error[E0425]: cannot find value `start_time` in this scope
[INFO] [stdout]  --> src/vec_u8_hash_map/google.cloud.optimization.v1.rs:1870:7
[INFO] [stdout]   |
[INFO] [stdout] 3 | 0 <= `start_time` <= `soft_start_time` <= `end_time` and
[INFO] [stdout]   |       ^^^^^^^^^^ not found in this scope
[INFO] [stdout] 
[INFO] [stdout] error[E0425]: cannot find value `soft_start_time` in this scope
[INFO] [stdout]  --> src/vec_u8_hash_map/google.cloud.optimization.v1.rs:1870:23
[INFO] [stdout]   |
[INFO] [stdout] 3 | 0 <= `start_time` <= `soft_start_time` <= `end_time` and
[INFO] [stdout]   |                       ^^^^^^^^^^^^^^^ not found in this scope
[INFO] [stdout] 
[INFO] [stdout] error[E0425]: cannot find value `end_time` in this scope
[INFO] [stdout]  --> src/vec_u8_hash_map/google.cloud.optimization.v1.rs:1870:44
[INFO] [stdout]   |
[INFO] [stdout] 3 | 0 <= `start_time` <= `soft_start_time` <= `end_time` and
[INFO] [stdout]   |                                            ^^^^^^^^ not found in this scope
[INFO] [stdout] 
[INFO] [stdout] error[E0425]: cannot find value `start_time` in this scope
[INFO] [stdout]  --> src/vec_u8_hash_map/google.cloud.optimization.v1.rs:1871:10
[INFO] [stdout]   |
[INFO] [stdout] 4 |    0 <= `start_time` <= `soft_end_time` <= `end_time`.
[INFO] [stdout]   |          ^^^^^^^^^^ not found in this scope
[INFO] [stdout] 
[INFO] [stdout] error[E0425]: cannot find value `soft_end_time` in this scope
[INFO] [stdout]  --> src/vec_u8_hash_map/google.cloud.optimization.v1.rs:1871:26
[INFO] [stdout]   |
[INFO] [stdout] 4 |    0 <= `start_time` <= `soft_end_time` <= `end_time`.
[INFO] [stdout]   |                          ^^^^^^^^^^^^^ not found in this scope
[INFO] [stdout] 
[INFO] [stdout] error[E0425]: cannot find value `end_time` in this scope
[INFO] [stdout]  --> src/vec_u8_hash_map/google.cloud.optimization.v1.rs:1871:45
[INFO] [stdout]   |
[INFO] [stdout] 4 |    0 <= `start_time` <= `soft_end_time` <= `end_time`.
[INFO] [stdout]   |                                             ^^^^^^^^ not found in this scope
[INFO] [stdout] 
[INFO] [stdout] error[E0308]: mismatched types
[INFO] [stdout]  --> src/vec_u8_hash_map/google.cloud.optimization.v1.rs:1870:1
[INFO] [stdout]   |
[INFO] [stdout] 2 |   fn main() { #[allow(non_snake_case)] fn _doctest_main_src_vec_u8_hash_map_google_cloud_optimization_v1_rs_1869_0() {
[INFO] [stdout]   |                                                                                                                     - help: try adding a return type: `-> bool`
[INFO] [stdout] 3 | / 0 <= `start_time` <= `soft_start_time` <= `end_time` and
[INFO] [stdout] 4 | |    0 <= `start_time` <= `soft_end_time` <= `end_time`.
[INFO] [stdout]   | |____________________________________________________^ expected `()`, found `bool`
[INFO] [stdout] 
[INFO] [stdout] error: aborting due to 25 previous errors
[INFO] [stdout] 
[INFO] [stdout] Some errors have detailed explanations: E0308, E0425.
[INFO] [stdout] For more information about an error, try `rustc --explain E0308`.
[INFO] [stdout] Couldn't compile the test.
[INFO] [stdout] ---- src/vec_u8_hash_map/google.cloud.optimization.v1.rs - vec_u8_hash_map::google::cloud::optimization::v1::shipment_route::Visit::detour (line 2413) stdout ----
[INFO] [stdout] error: prefix `vehicle` is unknown
[INFO] [stdout]  --> src/vec_u8_hash_map/google.cloud.optimization.v1.rs:2415:5
[INFO] [stdout]   |
[INFO] [stdout] 4 | the vehicle's `start_location` to the visit.
[INFO] [stdout]   |     ^^^^^^^ unknown prefix
[INFO] [stdout]   |
[INFO] [stdout]   = note: prefixed identifiers and literals are reserved since Rust 2021
[INFO] [stdout] help: consider inserting whitespace here
[INFO] [stdout]   |
[INFO] [stdout] 4 | the vehicle 's `start_location` to the visit.
[INFO] [stdout]   |            +
[INFO] [stdout] 
[INFO] [stdout] error: unknown start of token: `
[INFO] [stdout]  --> src/vec_u8_hash_map/google.cloud.optimization.v1.rs:2415:15
[INFO] [stdout]   |
[INFO] [stdout] 4 | the vehicle's `start_location` to the visit.
[INFO] [stdout]   |               ^
[INFO] [stdout]   |
[INFO] [stdout] help: Unicode character '`' (Grave Accent) looks like ''' (Single Quote), but it is not
[INFO] [stdout]   |
[INFO] [stdout] 4 | the vehicle's 'start_location` to the visit.
[INFO] [stdout]   |               ~
[INFO] [stdout] 
[INFO] [stdout] error: unknown start of token: `
[INFO] [stdout]  --> src/vec_u8_hash_map/google.cloud.optimization.v1.rs:2415:30
[INFO] [stdout]   |
[INFO] [stdout] 4 | the vehicle's `start_location` to the visit.
[INFO] [stdout]   |                              ^
[INFO] [stdout]   |
[INFO] [stdout] help: Unicode character '`' (Grave Accent) looks like ''' (Single Quote), but it is not
[INFO] [stdout]   |
[INFO] [stdout] 4 | the vehicle's `start_location' to the visit.
[INFO] [stdout]   |                              ~
[INFO] [stdout] 
[INFO] [stdout] error: expected one of `!`, `.`, `::`, `;`, `?`, `{`, `}`, or an operator, found `duration`
[INFO] [stdout]  --> src/vec_u8_hash_map/google.cloud.optimization.v1.rs:2414:42
[INFO] [stdout]   |
[INFO] [stdout] 3 | start_time - vehicle_start_time - travel duration from
[INFO] [stdout]   |                                          ^^^^^^^^ expected one of 8 possible tokens
[INFO] [stdout] 
[INFO] [stdout] error: aborting due to 4 previous errors
[INFO] [stdout] 
[INFO] [stdout] Couldn't compile the test.
[INFO] [stdout] ---- src/vec_u8_hash_map/google.cloud.optimization.v1.rs - vec_u8_hash_map::google::cloud::optimization::v1::vehicle::DurationLimit::quadratic_soft_max_duration (line 1738) stdout ----
[INFO] [stdout] error: unknown start of token: `
[INFO] [stdout]  --> src/vec_u8_hash_map/google.cloud.optimization.v1.rs:1739:1
[INFO] [stdout]   |
[INFO] [stdout] 3 | `max_duration - quadratic_soft_max_duration <= 86400 seconds`
[INFO] [stdout]   | ^
[INFO] [stdout]   |
[INFO] [stdout] help: Unicode character '`' (Grave Accent) looks like ''' (Single Quote), but it is not
[INFO] [stdout]   |
[INFO] [stdout] 3 | 'max_duration - quadratic_soft_max_duration <= 86400 seconds`
[INFO] [stdout]   | ~
[INFO] [stdout] 
[INFO] [stdout] error: unknown start of token: `
[INFO] [stdout]  --> src/vec_u8_hash_map/google.cloud.optimization.v1.rs:1739:61
[INFO] [stdout]   |
[INFO] [stdout] 3 | `max_duration - quadratic_soft_max_duration <= 86400 seconds`
[INFO] [stdout]   |                                                             ^
[INFO] [stdout]   |
[INFO] [stdout] help: Unicode character '`' (Grave Accent) looks like ''' (Single Quote), but it is not
[INFO] [stdout]   |
[INFO] [stdout] 3 | `max_duration - quadratic_soft_max_duration <= 86400 seconds'
[INFO] [stdout]   |                                                             ~
[INFO] [stdout] 
[INFO] [stdout] error: expected one of `.`, `;`, `?`, `}`, or an operator, found `seconds`
[INFO] [stdout]  --> src/vec_u8_hash_map/google.cloud.optimization.v1.rs:1739:54
[INFO] [stdout]   |
[INFO] [stdout] 3 | `max_duration - quadratic_soft_max_duration <= 86400 seconds`
[INFO] [stdout]   |                                                      ^^^^^^^ expected one of `.`, `;`, `?`, `}`, or an operator
[INFO] [stdout] 
[INFO] [stdout] error: aborting due to 3 previous errors
[INFO] [stdout] 
[INFO] [stdout] Couldn't compile the test.
[INFO] [stdout] ---- src/vec_u8_hash_map/google.cloud.optimization.v1.rs - vec_u8_hash_map::google::cloud::optimization::v1::vehicle::DurationLimit::cost_per_hour_after_soft_max (line 1723) stdout ----
[INFO] [stdout] error[E0425]: cannot find value `cost_per_hour_after_soft_max` in this scope
[INFO] [stdout]  --> src/vec_u8_hash_map/google.cloud.optimization.v1.rs:1724:1
[INFO] [stdout]   |
[INFO] [stdout] 3 | cost_per_hour_after_soft_max * (duration - soft_max_duration)
[INFO] [stdout]   | ^^^^^^^^^^^^^^^^^^^^^^^^^^^^ not found in this scope
[INFO] [stdout] 
[INFO] [stdout] error[E0425]: cannot find value `duration` in this scope
[INFO] [stdout]  --> src/vec_u8_hash_map/google.cloud.optimization.v1.rs:1724:33
[INFO] [stdout]   |
[INFO] [stdout] 3 | cost_per_hour_after_soft_max * (duration - soft_max_duration)
[INFO] [stdout]   |                                 ^^^^^^^^ not found in this scope
[INFO] [stdout] 
[INFO] [stdout] error[E0425]: cannot find value `soft_max_duration` in this scope
[INFO] [stdout]  --> src/vec_u8_hash_map/google.cloud.optimization.v1.rs:1724:44
[INFO] [stdout]   |
[INFO] [stdout] 3 | cost_per_hour_after_soft_max * (duration - soft_max_duration)
[INFO] [stdout]   |                                            ^^^^^^^^^^^^^^^^^ not found in this scope
[INFO] [stdout] 
[INFO] [stdout] error: aborting due to 3 previous errors
[INFO] [stdout] 
[INFO] [stdout] For more information about this error, try `rustc --explain E0425`.
[INFO] [stdout] Couldn't compile the test.
[INFO] [stdout] ---- src/vec_u8_hash_map/google.cloud.optimization.v1.rs - vec_u8_hash_map::google::cloud::optimization::v1::skipped_shipment::Reason (line 2629) stdout ----
[INFO] [stdout] error: expected one of `!`, `,`, `.`, `::`, `?`, `{`, `}`, or an operator, found `example_vehicle_index`
[INFO] [stdout]  --> src/vec_u8_hash_map/google.cloud.optimization.v1.rs:2632:4
[INFO] [stdout]   |
[INFO] [stdout] 3 | reasons {
[INFO] [stdout]   | ------- while parsing this struct
[INFO] [stdout] 4 |    code: DEMAND_EXCEEDS_VEHICLE_CAPACITY
[INFO] [stdout]   |                                         -
[INFO] [stdout]   |                                         |
[INFO] [stdout]   |                                         expected one of 8 possible tokens
[INFO] [stdout]   |                                         help: try adding a comma: `,`
[INFO] [stdout] 5 |    example_vehicle_index: 1
[INFO] [stdout]   |    ^^^^^^^^^^^^^^^^^^^^^ unexpected token
[INFO] [stdout] 
[INFO] [stdout] error: expected `;`, found `reasons`
[INFO] [stdout]  --> src/vec_u8_hash_map/google.cloud.optimization.v1.rs:2634:2
[INFO] [stdout]   |
[INFO] [stdout] 7 | }
[INFO] [stdout]   |  ^ help: add `;` here
[INFO] [stdout] 8 | reasons {
[INFO] [stdout]   | ------- unexpected token
[INFO] [stdout] 
[INFO] [stdout] error: expected one of `!`, `,`, `.`, `::`, `?`, `{`, `}`, or an operator, found `example_vehicle_index`
[INFO] [stdout]   --> src/vec_u8_hash_map/google.cloud.optimization.v1.rs:2637:4
[INFO] [stdout]    |
[INFO] [stdout] 8  | reasons {
[INFO] [stdout]    | ------- while parsing this struct
[INFO] [stdout] 9  |    code: DEMAND_EXCEEDS_VEHICLE_CAPACITY
[INFO] [stdout]    |                                         -
[INFO] [stdout]    |                                         |
[INFO] [stdout]    |                                         expected one of 8 possible tokens
[INFO] [stdout]    |                                         help: try adding a comma: `,`
[INFO] [stdout] 10 |    example_vehicle_index: 3
[INFO] [stdout]    |    ^^^^^^^^^^^^^^^^^^^^^ unexpected token
[INFO] [stdout] 
[INFO] [stdout] error: expected `;`, found `reasons`
[INFO] [stdout]   --> src/vec_u8_hash_map/google.cloud.optimization.v1.rs:2639:2
[INFO] [stdout]    |
[INFO] [stdout] 12 | }
[INFO] [stdout]    |  ^ help: add `;` here
[INFO] [stdout] 13 | reasons {
[INFO] [stdout]    | ------- unexpected token
[INFO] [stdout] 
[INFO] [stdout] error: expected one of `!`, `,`, `.`, `::`, `?`, `{`, `}`, or an operator, found `example_vehicle_index`
[INFO] [stdout]   --> src/vec_u8_hash_map/google.cloud.optimization.v1.rs:2642:4
[INFO] [stdout]    |
[INFO] [stdout] 13 | reasons {
[INFO] [stdout]    | ------- while parsing this struct
[INFO] [stdout] 14 |    code: CANNOT_BE_PERFORMED_WITHIN_VEHICLE_DISTANCE_LIMIT
[INFO] [stdout]    |                                                           -
[INFO] [stdout]    |                                                           |
[INFO] [stdout]    |                                                           expected one of 8 possible tokens
[INFO] [stdout]    |                                                           help: try adding a comma: `,`
[INFO] [stdout] 15 |    example_vehicle_index: 1
[INFO] [stdout]    |    ^^^^^^^^^^^^^^^^^^^^^ unexpected token
[INFO] [stdout] 
[INFO] [stdout] error[E0422]: cannot find struct, variant or union type `reasons` in this scope
[INFO] [stdout]   --> src/vec_u8_hash_map/google.cloud.optimization.v1.rs:2640:1
[INFO] [stdout]    |
[INFO] [stdout] 13 | reasons {
[INFO] [stdout]    | ^^^^^^^ not found in this scope
[INFO] [stdout] 
[INFO] [stdout] error: aborting due to 6 previous errors
[INFO] [stdout] 
[INFO] [stdout] For more information about this error, try `rustc --explain E0422`.
[INFO] [stdout] Couldn't compile the test.
[INFO] [stdout] ---- src/vec_u8_hash_map/google.cloud.optimization.v1.rs - vec_u8_hash_map::google::cloud::optimization::v1::vehicle::DurationLimit::cost_per_square_hour_after_quadratic_soft_max (line 1747) stdout ----
[INFO] [stdout] error[E0425]: cannot find value `cost_per_square_hour_after_quadratic_soft_max` in this scope
[INFO] [stdout]  --> src/vec_u8_hash_map/google.cloud.optimization.v1.rs:1748:1
[INFO] [stdout]   |
[INFO] [stdout] 3 | cost_per_square_hour_after_quadratic_soft_max *
[INFO] [stdout]   | ^^^^^^^^^^^^^^^^^^^^^^^^^^^^^^^^^^^^^^^^^^^^^ not found in this scope
[INFO] [stdout] 
[INFO] [stdout] error[E0425]: cannot find value `duration` in this scope
[INFO] [stdout]  --> src/vec_u8_hash_map/google.cloud.optimization.v1.rs:1749:5
[INFO] [stdout]   |
[INFO] [stdout] 4 |    (duration - quadratic_soft_max_duration)^2
[INFO] [stdout]   |     ^^^^^^^^ not found in this scope
[INFO] [stdout] 
[INFO] [stdout] error[E0425]: cannot find value `quadratic_soft_max_duration` in this scope
[INFO] [stdout]  --> src/vec_u8_hash_map/google.cloud.optimization.v1.rs:1749:16
[INFO] [stdout]   |
[INFO] [stdout] 4 |    (duration - quadratic_soft_max_duration)^2
[INFO] [stdout]   |                ^^^^^^^^^^^^^^^^^^^^^^^^^^^ not found in this scope
[INFO] [stdout] 
[INFO] [stdout] error: aborting due to 3 previous errors
[INFO] [stdout] 
[INFO] [stdout] For more information about this error, try `rustc --explain E0425`.
[INFO] [stdout] Couldn't compile the test.
[INFO] [stdout] ---- src/vec_u8_hash_map/google.cloud.optimization.v1.rs - vec_u8_hash_map::google::cloud::optimization::v1::shipment_route::Visit::detour (line 2406) stdout ----
[INFO] [stdout] error: expected one of `!`, `)`, `,`, `.`, `::`, `?`, `{`, or an operator, found `duration`
[INFO] [stdout]  --> src/vec_u8_hash_map/google.cloud.optimization.v1.rs:2408:30
[INFO] [stdout]   |
[INFO] [stdout] 4 | - (duration(pickup) + travel duration from the pickup location
[INFO] [stdout]   |                             -^^^^^^^^ expected one of 8 possible tokens
[INFO] [stdout]   |                             |
[INFO] [stdout]   |                             help: missing `,`
[INFO] [stdout] 
[INFO] [stdout] error: expected one of `!`, `)`, `,`, `.`, `::`, `?`, `{`, or an operator, found `from`
[INFO] [stdout]  --> src/vec_u8_hash_map/google.cloud.optimization.v1.rs:2408:39
[INFO] [stdout]   |
[INFO] [stdout] 4 | - (duration(pickup) + travel duration from the pickup location
[INFO] [stdout]   |                                      -^^^^ expected one of 8 possible tokens
[INFO] [stdout]   |                                      |
[INFO] [stdout]   |                                      help: missing `,`
[INFO] [stdout] 
[INFO] [stdout] error: expected one of `!`, `)`, `,`, `.`, `::`, `?`, `{`, or an operator, found `the`
[INFO] [stdout]  --> src/vec_u8_hash_map/google.cloud.optimization.v1.rs:2408:44
[INFO] [stdout]   |
[INFO] [stdout] 4 | - (duration(pickup) + travel duration from the pickup location
[INFO] [stdout]   |                                           -^^^ expected one of 8 possible tokens
[INFO] [stdout]   |                                           |
[INFO] [stdout]   |                                           help: missing `,`
[INFO] [stdout] 
[INFO] [stdout] error: expected one of `!`, `)`, `,`, `.`, `::`, `?`, `{`, or an operator, found `pickup`
[INFO] [stdout]  --> src/vec_u8_hash_map/google.cloud.optimization.v1.rs:2408:48
[INFO] [stdout]   |
[INFO] [stdout] 4 | - (duration(pickup) + travel duration from the pickup location
[INFO] [stdout]   |                                               -^^^^^^ expected one of 8 possible tokens
[INFO] [stdout]   |                                               |
[INFO] [stdout]   |                                               help: missing `,`
[INFO] [stdout] 
[INFO] [stdout] error: expected one of `!`, `)`, `,`, `.`, `::`, `?`, `{`, or an operator, found `location`
[INFO] [stdout]  --> src/vec_u8_hash_map/google.cloud.optimization.v1.rs:2408:55
[INFO] [stdout]   |
[INFO] [stdout] 4 | - (duration(pickup) + travel duration from the pickup location
[INFO] [stdout]   |                                                      -^^^^^^^^ expected one of 8 possible tokens
[INFO] [stdout]   |                                                      |
[INFO] [stdout]   |                                                      help: missing `,`
[INFO] [stdout] 
[INFO] [stdout] error: expected one of `!`, `)`, `,`, `.`, `::`, `?`, `{`, or an operator, found `to`
[INFO] [stdout]  --> src/vec_u8_hash_map/google.cloud.optimization.v1.rs:2409:1
[INFO] [stdout]   |
[INFO] [stdout] 4 | - (duration(pickup) + travel duration from the pickup location
[INFO] [stdout]   |                                                               -
[INFO] [stdout]   |                                                               |
[INFO] [stdout]   |                                                               expected one of 8 possible tokens
[INFO] [stdout]   |                                                               help: missing `,`
[INFO] [stdout] 5 | to the delivery location).
[INFO] [stdout]   | ^^ unexpected token
[INFO] [stdout] 
[INFO] [stdout] error: expected one of `!`, `)`, `,`, `.`, `::`, `?`, `{`, or an operator, found `the`
[INFO] [stdout]  --> src/vec_u8_hash_map/google.cloud.optimization.v1.rs:2409:4
[INFO] [stdout]   |
[INFO] [stdout] 5 | to the delivery location).
[INFO] [stdout]   |   -^^^ expected one of 8 possible tokens
[INFO] [stdout]   |   |
[INFO] [stdout]   |   help: missing `,`
[INFO] [stdout] 
[INFO] [stdout] error: expected one of `!`, `)`, `,`, `.`, `::`, `?`, `{`, or an operator, found `delivery`
[INFO] [stdout]  --> src/vec_u8_hash_map/google.cloud.optimization.v1.rs:2409:8
[INFO] [stdout]   |
[INFO] [stdout] 5 | to the delivery location).
[INFO] [stdout]   |       -^^^^^^^^ expected one of 8 possible tokens
[INFO] [stdout]   |       |
[INFO] [stdout]   |       help: missing `,`
[INFO] [stdout] 
[INFO] [stdout] error: expected one of `!`, `)`, `,`, `.`, `::`, `?`, `{`, or an operator, found `location`
[INFO] [stdout]  --> src/vec_u8_hash_map/google.cloud.optimization.v1.rs:2409:17
[INFO] [stdout]   |
[INFO] [stdout] 5 | to the delivery location).
[INFO] [stdout]   |                -^^^^^^^^ expected one of 8 possible tokens
[INFO] [stdout]   |                |
[INFO] [stdout]   |                help: missing `,`
[INFO] [stdout] 
[INFO] [stdout] error: unexpected token: `}`
[INFO] [stdout]  --> src/vec_u8_hash_map/google.cloud.optimization.v1.rs:2410:1
[INFO] [stdout]   |
[INFO] [stdout] 6 | } _doctest_main_src_vec_u8_hash_map_google_cloud_optimization_v1_rs_2406_0() }
[INFO] [stdout]   | ^
[INFO] [stdout] 
[INFO] [stdout] error[E0425]: cannot find value `delivery` in this scope
[INFO] [stdout]  --> src/vec_u8_hash_map/google.cloud.optimization.v1.rs:2407:12
[INFO] [stdout]   |
[INFO] [stdout] 3 | start_time(delivery) - start_time(pickup)
[INFO] [stdout]   |            ^^^^^^^^ not found in this scope
[INFO] [stdout] 
[INFO] [stdout] error[E0425]: cannot find value `pickup` in this scope
[INFO] [stdout]  --> src/vec_u8_hash_map/google.cloud.optimization.v1.rs:2407:35
[INFO] [stdout]   |
[INFO] [stdout] 3 | start_time(delivery) - start_time(pickup)
[INFO] [stdout]   |                                   ^^^^^^ not found in this scope
[INFO] [stdout] 
[INFO] [stdout] error[E0425]: cannot find value `pickup` in this scope
[INFO] [stdout]  --> src/vec_u8_hash_map/google.cloud.optimization.v1.rs:2408:13
[INFO] [stdout]   |
[INFO] [stdout] 4 | - (duration(pickup) + travel duration from the pickup location
[INFO] [stdout]   |             ^^^^^^ not found in this scope
[INFO] [stdout] 
[INFO] [stdout] error[E0425]: cannot find value `travel` in this scope
[INFO] [stdout]  --> src/vec_u8_hash_map/google.cloud.optimization.v1.rs:2408:23
[INFO] [stdout]   |
[INFO] [stdout] 4 | - (duration(pickup) + travel duration from the pickup location
[INFO] [stdout]   |                       ^^^^^^ not found in this scope
[INFO] [stdout] 
[INFO] [stdout] error[E0425]: cannot find value `duration` in this scope
[INFO] [stdout]  --> src/vec_u8_hash_map/google.cloud.optimization.v1.rs:2408:30
[INFO] [stdout]   |
[INFO] [stdout] 4 | - (duration(pickup) + travel duration from the pickup location
[INFO] [stdout]   |                              ^^^^^^^^ not found in this scope
[INFO] [stdout] 
[INFO] [stdout] error[E0425]: cannot find value `from` in this scope
[INFO] [stdout]  --> src/vec_u8_hash_map/google.cloud.optimization.v1.rs:2408:39
[INFO] [stdout]   |
[INFO] [stdout] 4 | - (duration(pickup) + travel duration from the pickup location
[INFO] [stdout]   |                                       ^^^^ not found in this scope
[INFO] [stdout] 
[INFO] [stdout] error[E0425]: cannot find value `the` in this scope
[INFO] [stdout]  --> src/vec_u8_hash_map/google.cloud.optimization.v1.rs:2408:44
[INFO] [stdout]   |
[INFO] [stdout] 4 | - (duration(pickup) + travel duration from the pickup location
[INFO] [stdout]   |                                            ^^^ not found in this scope
[INFO] [stdout] 
[INFO] [stdout] error[E0425]: cannot find value `pickup` in this scope
[INFO] [stdout]  --> src/vec_u8_hash_map/google.cloud.optimization.v1.rs:2408:48
[INFO] [stdout]   |
[INFO] [stdout] 4 | - (duration(pickup) + travel duration from the pickup location
[INFO] [stdout]   |                                                ^^^^^^ not found in this scope
[INFO] [stdout] 
[INFO] [stdout] error[E0425]: cannot find value `location` in this scope
[INFO] [stdout]  --> src/vec_u8_hash_map/google.cloud.optimization.v1.rs:2408:55
[INFO] [stdout]   |
[INFO] [stdout] 4 | - (duration(pickup) + travel duration from the pickup location
[INFO] [stdout]   |                                                       ^^^^^^^^ not found in this scope
[INFO] [stdout] 
[INFO] [stdout] error[E0425]: cannot find value `to` in this scope
[INFO] [stdout]  --> src/vec_u8_hash_map/google.cloud.optimization.v1.rs:2409:1
[INFO] [stdout]   |
[INFO] [stdout] 5 | to the delivery location).
[INFO] [stdout]   | ^^ not found in this scope
[INFO] [stdout] 
[INFO] [stdout] error[E0425]: cannot find value `the` in this scope
[INFO] [stdout]  --> src/vec_u8_hash_map/google.cloud.optimization.v1.rs:2409:4
[INFO] [stdout]   |
[INFO] [stdout] 5 | to the delivery location).
[INFO] [stdout]   |    ^^^ not found in this scope
[INFO] [stdout] 
[INFO] [stdout] error[E0425]: cannot find value `delivery` in this scope
[INFO] [stdout]  --> src/vec_u8_hash_map/google.cloud.optimization.v1.rs:2409:8
[INFO] [stdout]   |
[INFO] [stdout] 5 | to the delivery location).
[INFO] [stdout]   |        ^^^^^^^^ not found in this scope
[INFO] [stdout] 
[INFO] [stdout] error[E0425]: cannot find value `location` in this scope
[INFO] [stdout]  --> src/vec_u8_hash_map/google.cloud.optimization.v1.rs:2409:17
[INFO] [stdout]   |
[INFO] [stdout] 5 | to the delivery location).
[INFO] [stdout]   |                 ^^^^^^^^ not found in this scope
[INFO] [stdout] 
[INFO] [stdout] error[E0425]: cannot find function `start_time` in this scope
[INFO] [stdout]  --> src/vec_u8_hash_map/google.cloud.optimization.v1.rs:2407:1
[INFO] [stdout]   |
[INFO] [stdout] 3 | start_time(delivery) - start_time(pickup)
[INFO] [stdout]   | ^^^^^^^^^^ not found in this scope
[INFO] [stdout] 
[INFO] [stdout] error[E0425]: cannot find function `start_time` in this scope
[INFO] [stdout]  --> src/vec_u8_hash_map/google.cloud.optimization.v1.rs:2407:24
[INFO] [stdout]   |
[INFO] [stdout] 3 | start_time(delivery) - start_time(pickup)
[INFO] [stdout]   |                        ^^^^^^^^^^ not found in this scope
[INFO] [stdout] 
[INFO] [stdout] error[E0425]: cannot find function `duration` in this scope
[INFO] [stdout]  --> src/vec_u8_hash_map/google.cloud.optimization.v1.rs:2408:4
[INFO] [stdout]   |
[INFO] [stdout] 4 | - (duration(pickup) + travel duration from the pickup location
[INFO] [stdout]   |    ^^^^^^^^ not found in this scope
[INFO] [stdout] 
[INFO] [stdout] error: aborting due to 26 previous errors
[INFO] [stdout] 
[INFO] [stdout] For more information about this error, try `rustc --explain E0425`.
[INFO] [stdout] Couldn't compile the test.
[INFO] [stdout] 
[INFO] [stdout] failures:
[INFO] [stdout]     src/vec_u8_hash_map/google.cloud.optimization.v1.rs - vec_u8_hash_map::google::cloud::optimization::v1::DistanceLimit::cost_per_kilometer_above_soft_max (line 1969)
[INFO] [stdout]     src/vec_u8_hash_map/google.cloud.optimization.v1.rs - vec_u8_hash_map::google::cloud::optimization::v1::DistanceLimit::cost_per_kilometer_below_soft_max (line 1959)
[INFO] [stdout]     src/vec_u8_hash_map/google.cloud.optimization.v1.rs - vec_u8_hash_map::google::cloud::optimization::v1::OptimizeToursValidationError::fields (line 3268)
[INFO] [stdout]     src/vec_u8_hash_map/google.cloud.optimization.v1.rs - vec_u8_hash_map::google::cloud::optimization::v1::Shipment::pickup_to_delivery_absolute_detour_limit (line 1069)
[INFO] [stdout]     src/vec_u8_hash_map/google.cloud.optimization.v1.rs - vec_u8_hash_map::google::cloud::optimization::v1::Shipment::pickup_to_delivery_relative_detour_limit (line 1050)
[INFO] [stdout]     src/vec_u8_hash_map/google.cloud.optimization.v1.rs - vec_u8_hash_map::google::cloud::optimization::v1::ShipmentModel::duration_distance_matrices (line 685)
[INFO] [stdout]     src/vec_u8_hash_map/google.cloud.optimization.v1.rs - vec_u8_hash_map::google::cloud::optimization::v1::ShipmentModel::duration_distance_matrices (line 716)
[INFO] [stdout]     src/vec_u8_hash_map/google.cloud.optimization.v1.rs - vec_u8_hash_map::google::cloud::optimization::v1::ShipmentRoute (line 2161)
[INFO] [stdout]     src/vec_u8_hash_map/google.cloud.optimization.v1.rs - vec_u8_hash_map::google::cloud::optimization::v1::ShipmentRoute (line 2188)
[INFO] [stdout]     src/vec_u8_hash_map/google.cloud.optimization.v1.rs - vec_u8_hash_map::google::cloud::optimization::v1::ShipmentRoute (line 2230)
[INFO] [stdout]     src/vec_u8_hash_map/google.cloud.optimization.v1.rs - vec_u8_hash_map::google::cloud::optimization::v1::ShipmentRoute::has_traffic_infeasibilities (line 2275)
[INFO] [stdout]     src/vec_u8_hash_map/google.cloud.optimization.v1.rs - vec_u8_hash_map::google::cloud::optimization::v1::TimeWindow (line 1869)
[INFO] [stdout]     src/vec_u8_hash_map/google.cloud.optimization.v1.rs - vec_u8_hash_map::google::cloud::optimization::v1::TimeWindow::cost_per_hour_after_soft_end_time (line 1905)
[INFO] [stdout]     src/vec_u8_hash_map/google.cloud.optimization.v1.rs - vec_u8_hash_map::google::cloud::optimization::v1::TimeWindow::cost_per_hour_before_soft_start_time (line 1892)
[INFO] [stdout]     src/vec_u8_hash_map/google.cloud.optimization.v1.rs - vec_u8_hash_map::google::cloud::optimization::v1::break_rule::FrequencyConstraint (line 2119)
[INFO] [stdout]     src/vec_u8_hash_map/google.cloud.optimization.v1.rs - vec_u8_hash_map::google::cloud::optimization::v1::break_rule::FrequencyConstraint (line 2132)
[INFO] [stdout]     src/vec_u8_hash_map/google.cloud.optimization.v1.rs - vec_u8_hash_map::google::cloud::optimization::v1::optimize_tours_validation_error::FieldReference (line 3298)
[INFO] [stdout]     src/vec_u8_hash_map/google.cloud.optimization.v1.rs - vec_u8_hash_map::google::cloud::optimization::v1::shipment_model::break_rule::FrequencyConstraint (line 939)
[INFO] [stdout]     src/vec_u8_hash_map/google.cloud.optimization.v1.rs - vec_u8_hash_map::google::cloud::optimization::v1::shipment_model::break_rule::FrequencyConstraint (line 952)
[INFO] [stdout]     src/vec_u8_hash_map/google.cloud.optimization.v1.rs - vec_u8_hash_map::google::cloud::optimization::v1::shipment_route::Visit::detour (line 2406)
[INFO] [stdout]     src/vec_u8_hash_map/google.cloud.optimization.v1.rs - vec_u8_hash_map::google::cloud::optimization::v1::shipment_route::Visit::detour (line 2413)
[INFO] [stdout]     src/vec_u8_hash_map/google.cloud.optimization.v1.rs - vec_u8_hash_map::google::cloud::optimization::v1::skipped_shipment::Reason (line 2629)
[INFO] [stdout]     src/vec_u8_hash_map/google.cloud.optimization.v1.rs - vec_u8_hash_map::google::cloud::optimization::v1::vehicle::DurationLimit::cost_per_hour_after_soft_max (line 1723)
[INFO] [stdout]     src/vec_u8_hash_map/google.cloud.optimization.v1.rs - vec_u8_hash_map::google::cloud::optimization::v1::vehicle::DurationLimit::cost_per_square_hour_after_quadratic_soft_max (line 1747)
[INFO] [stdout]     src/vec_u8_hash_map/google.cloud.optimization.v1.rs - vec_u8_hash_map::google::cloud::optimization::v1::vehicle::DurationLimit::quadratic_soft_max_duration (line 1738)
[INFO] [stdout] 
[INFO] [stdout] test result: FAILED. 0 passed; 25 failed; 0 ignored; 0 measured; 0 filtered out; finished in 1.19s
[INFO] [stdout] 
[INFO] [stderr] error: doctest failed, to rerun pass `--doc`
[INFO] running `Command { std: "docker" "inspect" "dac406c73e6628ca95bd6b60dbc3ff7e27e89abc5f1c087e293a3d2879d9244d", kill_on_drop: false }`
[INFO] running `Command { std: "docker" "rm" "-f" "dac406c73e6628ca95bd6b60dbc3ff7e27e89abc5f1c087e293a3d2879d9244d", kill_on_drop: false }`
[INFO] [stdout] dac406c73e6628ca95bd6b60dbc3ff7e27e89abc5f1c087e293a3d2879d9244d
