[INFO] fetching crate googleapis-tonic-google-api-servicemanagement-v1 0.14.0...
[INFO] testing googleapis-tonic-google-api-servicemanagement-v1-0.14.0 against nightly-2025-01-18 for randomize-layout-2
[INFO] extracting crate googleapis-tonic-google-api-servicemanagement-v1 0.14.0 into /workspace/builds/worker-1-tc1/source
[INFO] validating manifest of crates.io crate googleapis-tonic-google-api-servicemanagement-v1 0.14.0 on toolchain nightly-2025-01-18
[INFO] running `Command { std: CARGO_HOME="/workspace/cargo-home" RUSTUP_HOME="/workspace/rustup-home" "/workspace/cargo-home/bin/cargo" "+nightly-2025-01-18" "metadata" "--manifest-path" "Cargo.toml" "--no-deps", kill_on_drop: false }`
[INFO] started tweaking crates.io crate googleapis-tonic-google-api-servicemanagement-v1 0.14.0
[INFO] finished tweaking crates.io crate googleapis-tonic-google-api-servicemanagement-v1 0.14.0
[INFO] tweaked toml for crates.io crate googleapis-tonic-google-api-servicemanagement-v1 0.14.0 written to /workspace/builds/worker-1-tc1/source/Cargo.toml
[INFO] running `Command { std: CARGO_HOME="/workspace/cargo-home" RUSTUP_HOME="/workspace/rustup-home" "/workspace/cargo-home/bin/cargo" "+nightly-2025-01-18" "generate-lockfile" "--manifest-path" "Cargo.toml", kill_on_drop: false }`
[INFO] [stderr]     Updating crates.io index
[INFO] [stderr]      Locking 57 packages to latest compatible versions
[INFO] running `Command { std: CARGO_HOME="/workspace/cargo-home" RUSTUP_HOME="/workspace/rustup-home" "/workspace/cargo-home/bin/cargo" "+nightly-2025-01-18" "fetch" "--manifest-path" "Cargo.toml", kill_on_drop: false }`
[INFO] [stderr]  Downloading crates ...
[INFO] [stderr]   Downloaded googleapis-tonic-google-rpc v0.9.0
[INFO] [stderr]   Downloaded googleapis-tonic-google-longrunning v0.14.0
[INFO] [stderr]   Downloaded googleapis-tonic-google-api v0.12.0
[INFO] running `Command { std: "docker" "create" "-v" "/var/lib/crater-agent-workspace/builds/worker-1-tc1/target:/opt/rustwide/target:rw,Z" "-v" "/var/lib/crater-agent-workspace/builds/worker-1-tc1/source:/opt/rustwide/workdir:ro,Z" "-v" "/var/lib/crater-agent-workspace/cargo-home:/opt/rustwide/cargo-home:ro,Z" "-v" "/var/lib/crater-agent-workspace/rustup-home:/opt/rustwide/rustup-home:ro,Z" "-e" "SOURCE_DIR=/opt/rustwide/workdir" "-e" "CARGO_TARGET_DIR=/opt/rustwide/target" "-e" "CARGO_HOME=/opt/rustwide/cargo-home" "-e" "RUSTUP_HOME=/opt/rustwide/rustup-home" "-w" "/opt/rustwide/workdir" "-m" "1610612736" "--user" "0:0" "--network" "none" "ghcr.io/rust-lang/crates-build-env/linux@sha256:819108c5571ea2e421544af4d832f968d213c87fbe3707a016657f43d2f853bc" "/opt/rustwide/cargo-home/bin/cargo" "+nightly-2025-01-18" "metadata" "--no-deps" "--format-version=1", kill_on_drop: false }`
[INFO] [stdout] 06a84c2ebb4cd507627481107952c98322d3594a336a86e9bda0b743de9e720f
[INFO] running `Command { std: "docker" "start" "-a" "06a84c2ebb4cd507627481107952c98322d3594a336a86e9bda0b743de9e720f", kill_on_drop: false }`
[INFO] running `Command { std: "docker" "inspect" "06a84c2ebb4cd507627481107952c98322d3594a336a86e9bda0b743de9e720f", kill_on_drop: false }`
[INFO] running `Command { std: "docker" "rm" "-f" "06a84c2ebb4cd507627481107952c98322d3594a336a86e9bda0b743de9e720f", kill_on_drop: false }`
[INFO] [stdout] 06a84c2ebb4cd507627481107952c98322d3594a336a86e9bda0b743de9e720f
[INFO] running `Command { std: "docker" "create" "-v" "/var/lib/crater-agent-workspace/builds/worker-1-tc1/target:/opt/rustwide/target:rw,Z" "-v" "/var/lib/crater-agent-workspace/builds/worker-1-tc1/source:/opt/rustwide/workdir:ro,Z" "-v" "/var/lib/crater-agent-workspace/cargo-home:/opt/rustwide/cargo-home:ro,Z" "-v" "/var/lib/crater-agent-workspace/rustup-home:/opt/rustwide/rustup-home:ro,Z" "-e" "SOURCE_DIR=/opt/rustwide/workdir" "-e" "CARGO_TARGET_DIR=/opt/rustwide/target" "-e" "CARGO_INCREMENTAL=0" "-e" "RUST_BACKTRACE=full" "-e" "RUSTFLAGS=--cap-lints=forbid" "-e" "RUSTDOCFLAGS=--cap-lints=forbid" "-e" "CARGO_HOME=/opt/rustwide/cargo-home" "-e" "RUSTUP_HOME=/opt/rustwide/rustup-home" "-w" "/opt/rustwide/workdir" "-m" "1610612736" "--user" "0:0" "--network" "none" "ghcr.io/rust-lang/crates-build-env/linux@sha256:819108c5571ea2e421544af4d832f968d213c87fbe3707a016657f43d2f853bc" "/opt/rustwide/cargo-home/bin/cargo" "+nightly-2025-01-18" "build" "--frozen" "--message-format=json", kill_on_drop: false }`
[INFO] [stdout] 38e76f84f1884924446be6d79dc03e7faad35087e01bca7f1490ee23d855be4f
[INFO] running `Command { std: "docker" "start" "-a" "38e76f84f1884924446be6d79dc03e7faad35087e01bca7f1490ee23d855be4f", kill_on_drop: false }`
[INFO] [stderr]    Compiling pin-project-lite v0.2.16
[INFO] [stderr]    Compiling anyhow v1.0.95
[INFO] [stderr]    Compiling bytes v1.9.0
[INFO] [stderr]    Compiling either v1.13.0
[INFO] [stderr]    Compiling futures-core v0.3.31
[INFO] [stderr]    Compiling fnv v1.0.7
[INFO] [stderr]    Compiling once_cell v1.20.2
[INFO] [stderr]    Compiling futures-task v0.3.31
[INFO] [stderr]    Compiling pin-utils v0.1.0
[INFO] [stderr]    Compiling base64 v0.22.1
[INFO] [stderr]    Compiling percent-encoding v2.3.1
[INFO] [stderr]    Compiling tower-layer v0.3.3
[INFO] [stderr]    Compiling tower-service v0.3.3
[INFO] [stderr]    Compiling syn v2.0.96
[INFO] [stderr]    Compiling tokio v1.43.0
[INFO] [stderr]    Compiling tracing-core v0.1.33
[INFO] [stderr]    Compiling futures-util v0.3.31
[INFO] [stderr]    Compiling itertools v0.13.0
[INFO] [stderr]    Compiling tokio-stream v0.1.17
[INFO] [stderr]    Compiling http v1.2.0
[INFO] [stderr]    Compiling http-body v1.0.1
[INFO] [stderr]    Compiling http-body-util v0.1.2
[INFO] [stderr]    Compiling prost-derive v0.13.4
[INFO] [stderr]    Compiling tracing-attributes v0.1.28
[INFO] [stderr]    Compiling pin-project-internal v1.1.8
[INFO] [stderr]    Compiling async-trait v0.1.85
[INFO] [stderr]    Compiling pin-project v1.1.8
[INFO] [stderr]    Compiling tracing v0.1.41
[INFO] [stderr]    Compiling prost v0.13.4
[INFO] [stderr]    Compiling tonic v0.12.3
[INFO] [stderr]    Compiling prost-types v0.13.4
[INFO] [stderr]    Compiling googleapis-tonic-google-rpc v0.9.0
[INFO] [stderr]    Compiling googleapis-tonic-google-api v0.12.0
[INFO] [stderr]    Compiling googleapis-tonic-google-longrunning v0.14.0
[INFO] [stderr]    Compiling googleapis-tonic-google-api-servicemanagement-v1 v0.14.0 (/opt/rustwide/workdir)
[INFO] [stderr]     Finished `dev` profile [unoptimized + debuginfo] target(s) in 19.22s
[INFO] running `Command { std: "docker" "inspect" "38e76f84f1884924446be6d79dc03e7faad35087e01bca7f1490ee23d855be4f", kill_on_drop: false }`
[INFO] running `Command { std: "docker" "rm" "-f" "38e76f84f1884924446be6d79dc03e7faad35087e01bca7f1490ee23d855be4f", kill_on_drop: false }`
[INFO] [stdout] 38e76f84f1884924446be6d79dc03e7faad35087e01bca7f1490ee23d855be4f
[INFO] running `Command { std: "docker" "create" "-v" "/var/lib/crater-agent-workspace/builds/worker-1-tc1/target:/opt/rustwide/target:rw,Z" "-v" "/var/lib/crater-agent-workspace/builds/worker-1-tc1/source:/opt/rustwide/workdir:ro,Z" "-v" "/var/lib/crater-agent-workspace/cargo-home:/opt/rustwide/cargo-home:ro,Z" "-v" "/var/lib/crater-agent-workspace/rustup-home:/opt/rustwide/rustup-home:ro,Z" "-e" "SOURCE_DIR=/opt/rustwide/workdir" "-e" "CARGO_TARGET_DIR=/opt/rustwide/target" "-e" "CARGO_INCREMENTAL=0" "-e" "RUST_BACKTRACE=full" "-e" "RUSTFLAGS=--cap-lints=forbid" "-e" "RUSTDOCFLAGS=--cap-lints=forbid" "-e" "CARGO_HOME=/opt/rustwide/cargo-home" "-e" "RUSTUP_HOME=/opt/rustwide/rustup-home" "-w" "/opt/rustwide/workdir" "-m" "1610612736" "--user" "0:0" "--network" "none" "ghcr.io/rust-lang/crates-build-env/linux@sha256:819108c5571ea2e421544af4d832f968d213c87fbe3707a016657f43d2f853bc" "/opt/rustwide/cargo-home/bin/cargo" "+nightly-2025-01-18" "test" "--frozen" "--no-run" "--message-format=json", kill_on_drop: false }`
[INFO] [stdout] 103c8692717f369c63db0bb22bb50add7ab54615a686026eb0dddd2bd1451f68
[INFO] running `Command { std: "docker" "start" "-a" "103c8692717f369c63db0bb22bb50add7ab54615a686026eb0dddd2bd1451f68", kill_on_drop: false }`
[INFO] [stderr]    Compiling googleapis-tonic-google-api-servicemanagement-v1 v0.14.0 (/opt/rustwide/workdir)
[INFO] [stderr]     Finished `test` profile [unoptimized + debuginfo] target(s) in 0.87s
[INFO] running `Command { std: "docker" "inspect" "103c8692717f369c63db0bb22bb50add7ab54615a686026eb0dddd2bd1451f68", kill_on_drop: false }`
[INFO] running `Command { std: "docker" "rm" "-f" "103c8692717f369c63db0bb22bb50add7ab54615a686026eb0dddd2bd1451f68", kill_on_drop: false }`
[INFO] [stdout] 103c8692717f369c63db0bb22bb50add7ab54615a686026eb0dddd2bd1451f68
[INFO] running `Command { std: "docker" "create" "-v" "/var/lib/crater-agent-workspace/builds/worker-1-tc1/target:/opt/rustwide/target:rw,Z" "-v" "/var/lib/crater-agent-workspace/builds/worker-1-tc1/source:/opt/rustwide/workdir:ro,Z" "-v" "/var/lib/crater-agent-workspace/cargo-home:/opt/rustwide/cargo-home:ro,Z" "-v" "/var/lib/crater-agent-workspace/rustup-home:/opt/rustwide/rustup-home:ro,Z" "-e" "SOURCE_DIR=/opt/rustwide/workdir" "-e" "CARGO_TARGET_DIR=/opt/rustwide/target" "-e" "CARGO_INCREMENTAL=0" "-e" "RUST_BACKTRACE=full" "-e" "RUSTFLAGS=--cap-lints=forbid" "-e" "RUSTDOCFLAGS=--cap-lints=forbid" "-e" "CARGO_HOME=/opt/rustwide/cargo-home" "-e" "RUSTUP_HOME=/opt/rustwide/rustup-home" "-w" "/opt/rustwide/workdir" "-m" "1610612736" "--user" "0:0" "--network" "none" "ghcr.io/rust-lang/crates-build-env/linux@sha256:819108c5571ea2e421544af4d832f968d213c87fbe3707a016657f43d2f853bc" "/opt/rustwide/cargo-home/bin/cargo" "+nightly-2025-01-18" "test" "--frozen", kill_on_drop: false }`
[INFO] [stdout] 5db5789c09125272fdc906e6bc960b973872a21bd53ad88e3f4dd677bf8808ca
[INFO] running `Command { std: "docker" "start" "-a" "5db5789c09125272fdc906e6bc960b973872a21bd53ad88e3f4dd677bf8808ca", kill_on_drop: false }`
[INFO] [stderr]     Finished `test` profile [unoptimized + debuginfo] target(s) in 0.05s
[INFO] [stderr]      Running unittests src/lib.rs (/opt/rustwide/target/debug/deps/googleapis_tonic_google_api_servicemanagement_v1-7109a049196c9480)
[INFO] [stdout] 
[INFO] [stdout] running 0 tests
[INFO] [stdout] 
[INFO] [stdout] test result: ok. 0 passed; 0 failed; 0 ignored; 0 measured; 0 filtered out; finished in 0.00s
[INFO] [stdout] 
[INFO] [stderr]    Doc-tests googleapis_tonic_google_api_servicemanagement_v1
[INFO] [stdout] 
[INFO] [stdout] running 2 tests
[INFO] [stdout] test src/vec_u8_hash_map/google.api.servicemanagement.v1.rs - vec_u8_hash_map::google::api::servicemanagement::v1::rollout::TrafficPercentStrategy (line 320) ... FAILED
[INFO] [stdout] test src/vec_u8_hash_map/google.api.servicemanagement.v1.rs - vec_u8_hash_map::google::api::servicemanagement::v1::rollout::TrafficPercentStrategy (line 332) ... FAILED
[INFO] [stdout] 
[INFO] [stdout] failures:
[INFO] [stdout] 
[INFO] [stdout] ---- src/vec_u8_hash_map/google.api.servicemanagement.v1.rs - vec_u8_hash_map::google::api::servicemanagement::v1::rollout::TrafficPercentStrategy (line 320) stdout ----
[INFO] [stdout] error: expected one of `,`, `.`, `?`, `}`, or an operator, found `traffic_percent_strategy`
[INFO] [stdout]  --> src/vec_u8_hash_map/google.api.servicemanagement.v1.rs:323:4
[INFO] [stdout]   |
[INFO] [stdout] 3 | Rollout {
[INFO] [stdout]   | ------- while parsing this struct
[INFO] [stdout] 4 |    id: "example.googleapis.com/rollout_20160206"
[INFO] [stdout]   |                                                 -
[INFO] [stdout]   |                                                 |
[INFO] [stdout]   |                                                 expected one of `,`, `.`, `?`, `}`, or an operator
[INFO] [stdout]   |                                                 help: try adding a comma: `,`
[INFO] [stdout] 5 |    traffic_percent_strategy {
[INFO] [stdout]   |    ^^^^^^^^^^^^^^^^^^^^^^^^ unexpected token
[INFO] [stdout] 
[INFO] [stdout] error[E0422]: cannot find struct, variant or union type `Rollout` in this scope
[INFO] [stdout]  --> src/vec_u8_hash_map/google.api.servicemanagement.v1.rs:321:1
[INFO] [stdout]   |
[INFO] [stdout] 3 | Rollout {
[INFO] [stdout]   | ^^^^^^^ not found in this scope
[INFO] [stdout]   |
[INFO] [stdout] help: consider importing this struct
[INFO] [stdout]   |
[INFO] [stdout] 2 + use googleapis_tonic_google_api_servicemanagement_v1::google::api::servicemanagement::v1::Rollout;
[INFO] [stdout]   |
[INFO] [stdout] 
[INFO] [stdout] error: aborting due to 2 previous errors
[INFO] [stdout] 
[INFO] [stdout] For more information about this error, try `rustc --explain E0422`.
[INFO] [stdout] Couldn't compile the test.
[INFO] [stdout] ---- src/vec_u8_hash_map/google.api.servicemanagement.v1.rs - vec_u8_hash_map::google::api::servicemanagement::v1::rollout::TrafficPercentStrategy (line 332) stdout ----
[INFO] [stdout] error: expected one of `,`, `.`, `?`, `}`, or an operator, found `traffic_percent_strategy`
[INFO] [stdout]  --> src/vec_u8_hash_map/google.api.servicemanagement.v1.rs:335:4
[INFO] [stdout]   |
[INFO] [stdout] 3 | Rollout {
[INFO] [stdout]   | ------- while parsing this struct
[INFO] [stdout] 4 |    id: "example.googleapis.com/rollout_20160207"
[INFO] [stdout]   |                                                 -
[INFO] [stdout]   |                                                 |
[INFO] [stdout]   |                                                 expected one of `,`, `.`, `?`, `}`, or an operator
[INFO] [stdout]   |                                                 help: try adding a comma: `,`
[INFO] [stdout] 5 |    traffic_percent_strategy: {
[INFO] [stdout]   |    ^^^^^^^^^^^^^^^^^^^^^^^^ unexpected token
[INFO] [stdout] 
[INFO] [stdout] error[E0422]: cannot find struct, variant or union type `Rollout` in this scope
[INFO] [stdout]  --> src/vec_u8_hash_map/google.api.servicemanagement.v1.rs:333:1
[INFO] [stdout]   |
[INFO] [stdout] 3 | Rollout {
[INFO] [stdout]   | ^^^^^^^ not found in this scope
[INFO] [stdout]   |
[INFO] [stdout] help: consider importing this struct
[INFO] [stdout]   |
[INFO] [stdout] 2 + use googleapis_tonic_google_api_servicemanagement_v1::google::api::servicemanagement::v1::Rollout;
[INFO] [stdout]   |
[INFO] [stdout] 
[INFO] [stdout] error: aborting due to 2 previous errors
[INFO] [stdout] 
[INFO] [stdout] For more information about this error, try `rustc --explain E0422`.
[INFO] [stdout] Couldn't compile the test.
[INFO] [stdout] 
[INFO] [stdout] failures:
[INFO] [stdout]     src/vec_u8_hash_map/google.api.servicemanagement.v1.rs - vec_u8_hash_map::google::api::servicemanagement::v1::rollout::TrafficPercentStrategy (line 320)
[INFO] [stdout]     src/vec_u8_hash_map/google.api.servicemanagement.v1.rs - vec_u8_hash_map::google::api::servicemanagement::v1::rollout::TrafficPercentStrategy (line 332)
[INFO] [stdout] 
[INFO] [stdout] test result: FAILED. 0 passed; 2 failed; 0 ignored; 0 measured; 0 filtered out; finished in 0.14s
[INFO] [stdout] 
[INFO] [stderr] error: doctest failed, to rerun pass `--doc`
[INFO] running `Command { std: "docker" "inspect" "5db5789c09125272fdc906e6bc960b973872a21bd53ad88e3f4dd677bf8808ca", kill_on_drop: false }`
[INFO] running `Command { std: "docker" "rm" "-f" "5db5789c09125272fdc906e6bc960b973872a21bd53ad88e3f4dd677bf8808ca", kill_on_drop: false }`
[INFO] [stdout] 5db5789c09125272fdc906e6bc960b973872a21bd53ad88e3f4dd677bf8808ca
