[INFO] fetching crate google-cloudprivatecatalogproducer1_beta1 6.0.0+20200405...
[INFO] testing google-cloudprivatecatalogproducer1_beta1-6.0.0+20200405 against nightly-2025-01-18 for randomize-layout-2
[INFO] extracting crate google-cloudprivatecatalogproducer1_beta1 6.0.0+20200405 into /workspace/builds/worker-5-tc1/source
[INFO] validating manifest of crates.io crate google-cloudprivatecatalogproducer1_beta1 6.0.0+20200405 on toolchain nightly-2025-01-18
[INFO] running `Command { std: CARGO_HOME="/workspace/cargo-home" RUSTUP_HOME="/workspace/rustup-home" "/workspace/cargo-home/bin/cargo" "+nightly-2025-01-18" "metadata" "--manifest-path" "Cargo.toml" "--no-deps", kill_on_drop: false }`
[INFO] started tweaking crates.io crate google-cloudprivatecatalogproducer1_beta1 6.0.0+20200405
[INFO] finished tweaking crates.io crate google-cloudprivatecatalogproducer1_beta1 6.0.0+20200405
[INFO] tweaked toml for crates.io crate google-cloudprivatecatalogproducer1_beta1 6.0.0+20200405 written to /workspace/builds/worker-5-tc1/source/Cargo.toml
[INFO] running `Command { std: CARGO_HOME="/workspace/cargo-home" RUSTUP_HOME="/workspace/rustup-home" "/workspace/cargo-home/bin/cargo" "+nightly-2025-01-18" "generate-lockfile" "--manifest-path" "Cargo.toml", kill_on_drop: false }`
[INFO] [stderr]     Updating crates.io index
[INFO] [stderr]     Blocking waiting for file lock on package cache
[INFO] [stderr]      Locking 170 packages to latest compatible versions
[INFO] [stderr]       Adding utoipa v4.2.3 (available: v5.3.1)
[INFO] running `Command { std: CARGO_HOME="/workspace/cargo-home" RUSTUP_HOME="/workspace/rustup-home" "/workspace/cargo-home/bin/cargo" "+nightly-2025-01-18" "fetch" "--manifest-path" "Cargo.toml", kill_on_drop: false }`
[INFO] [stderr]     Blocking waiting for file lock on package cache
[INFO] [stderr]  Downloading crates ...
[INFO] [stderr]   Downloaded google-apis-common v7.0.0
[INFO] [stderr]   Downloaded yup-oauth2 v11.0.0
[INFO] [stderr]   Downloaded utoipa-gen v4.3.1
[INFO] running `Command { std: "docker" "create" "-v" "/var/lib/crater-agent-workspace/builds/worker-5-tc1/target:/opt/rustwide/target:rw,Z" "-v" "/var/lib/crater-agent-workspace/builds/worker-5-tc1/source:/opt/rustwide/workdir:ro,Z" "-v" "/var/lib/crater-agent-workspace/cargo-home:/opt/rustwide/cargo-home:ro,Z" "-v" "/var/lib/crater-agent-workspace/rustup-home:/opt/rustwide/rustup-home:ro,Z" "-e" "SOURCE_DIR=/opt/rustwide/workdir" "-e" "CARGO_TARGET_DIR=/opt/rustwide/target" "-e" "CARGO_HOME=/opt/rustwide/cargo-home" "-e" "RUSTUP_HOME=/opt/rustwide/rustup-home" "-w" "/opt/rustwide/workdir" "-m" "1610612736" "--user" "0:0" "--network" "none" "ghcr.io/rust-lang/crates-build-env/linux@sha256:819108c5571ea2e421544af4d832f968d213c87fbe3707a016657f43d2f853bc" "/opt/rustwide/cargo-home/bin/cargo" "+nightly-2025-01-18" "metadata" "--no-deps" "--format-version=1", kill_on_drop: false }`
[INFO] [stdout] 5d6cdcca6b2170eb65b393c7bd7c8b5ece5764375a9181e5b6bf1099fdae3bf7
[INFO] running `Command { std: "docker" "start" "-a" "5d6cdcca6b2170eb65b393c7bd7c8b5ece5764375a9181e5b6bf1099fdae3bf7", kill_on_drop: false }`
[INFO] running `Command { std: "docker" "inspect" "5d6cdcca6b2170eb65b393c7bd7c8b5ece5764375a9181e5b6bf1099fdae3bf7", kill_on_drop: false }`
[INFO] running `Command { std: "docker" "rm" "-f" "5d6cdcca6b2170eb65b393c7bd7c8b5ece5764375a9181e5b6bf1099fdae3bf7", kill_on_drop: false }`
[INFO] [stdout] 5d6cdcca6b2170eb65b393c7bd7c8b5ece5764375a9181e5b6bf1099fdae3bf7
[INFO] running `Command { std: "docker" "create" "-v" "/var/lib/crater-agent-workspace/builds/worker-5-tc1/target:/opt/rustwide/target:rw,Z" "-v" "/var/lib/crater-agent-workspace/builds/worker-5-tc1/source:/opt/rustwide/workdir:ro,Z" "-v" "/var/lib/crater-agent-workspace/cargo-home:/opt/rustwide/cargo-home:ro,Z" "-v" "/var/lib/crater-agent-workspace/rustup-home:/opt/rustwide/rustup-home:ro,Z" "-e" "SOURCE_DIR=/opt/rustwide/workdir" "-e" "CARGO_TARGET_DIR=/opt/rustwide/target" "-e" "CARGO_INCREMENTAL=0" "-e" "RUST_BACKTRACE=full" "-e" "RUSTFLAGS=--cap-lints=forbid" "-e" "RUSTDOCFLAGS=--cap-lints=forbid" "-e" "CARGO_HOME=/opt/rustwide/cargo-home" "-e" "RUSTUP_HOME=/opt/rustwide/rustup-home" "-w" "/opt/rustwide/workdir" "-m" "1610612736" "--user" "0:0" "--network" "none" "ghcr.io/rust-lang/crates-build-env/linux@sha256:819108c5571ea2e421544af4d832f968d213c87fbe3707a016657f43d2f853bc" "/opt/rustwide/cargo-home/bin/cargo" "+nightly-2025-01-18" "build" "--frozen" "--message-format=json", kill_on_drop: false }`
[INFO] [stdout] c6a6251a8075f67a5ad9f43240f57917a2700599a65a935e7b36838fde3d65c0
[INFO] running `Command { std: "docker" "start" "-a" "c6a6251a8075f67a5ad9f43240f57917a2700599a65a935e7b36838fde3d65c0", kill_on_drop: false }`
[INFO] [stderr]    Compiling proc-macro2 v1.0.93
[INFO] [stderr]    Compiling unicode-ident v1.0.14
[INFO] [stderr]    Compiling libc v0.2.169
[INFO] [stderr]    Compiling autocfg v1.4.0
[INFO] [stderr]    Compiling stable_deref_trait v1.2.0
[INFO] [stderr]    Compiling fnv v1.0.7
[INFO] [stderr]    Compiling pin-project-lite v0.2.16
[INFO] [stderr]    Compiling bytes v1.9.0
[INFO] [stderr]    Compiling futures-core v0.3.31
[INFO] [stderr]    Compiling futures-sink v0.3.31
[INFO] [stderr]    Compiling shlex v1.3.0
[INFO] [stderr]    Compiling once_cell v1.20.2
[INFO] [stderr]    Compiling litemap v0.7.4
[INFO] [stderr]    Compiling writeable v0.5.5
[INFO] [stderr]    Compiling itoa v1.0.14
[INFO] [stderr]    Compiling memchr v2.7.4
[INFO] [stderr]    Compiling serde v1.0.217
[INFO] [stderr]    Compiling pin-utils v0.1.0
[INFO] [stderr]    Compiling smallvec v1.13.2
[INFO] [stderr]    Compiling futures-io v0.3.31
[INFO] [stderr]    Compiling futures-channel v0.3.31
[INFO] [stderr]    Compiling cc v1.2.10
[INFO] [stderr]    Compiling futures-task v0.3.31
[INFO] [stderr]    Compiling rustls-pki-types v1.10.1
[INFO] [stderr]    Compiling icu_locid_transform_data v1.5.0
[INFO] [stderr]    Compiling cfg-if v1.0.0
[INFO] [stderr]    Compiling tracing-core v0.1.33
[INFO] [stderr]    Compiling hashbrown v0.15.2
[INFO] [stderr]    Compiling equivalent v1.0.1
[INFO] [stderr]    Compiling untrusted v0.9.0
[INFO] [stderr]    Compiling httparse v1.9.5
[INFO] [stderr]    Compiling icu_properties_data v1.5.0
[INFO] [stderr]    Compiling spin v0.9.8
[INFO] [stderr]    Compiling strsim v0.11.1
[INFO] [stderr]    Compiling write16 v1.0.0
[INFO] [stderr]    Compiling try-lock v0.2.5
[INFO] [stderr]    Compiling icu_normalizer_data v1.5.0
[INFO] [stderr]    Compiling tracing v0.1.41
[INFO] [stderr]    Compiling ident_case v1.0.1
[INFO] [stderr]    Compiling http v1.2.0
[INFO] [stderr]    Compiling atomic-waker v1.1.2
[INFO] [stderr]    Compiling utf16_iter v1.0.5
[INFO] [stderr]    Compiling rustls v0.23.21
[INFO] [stderr]    Compiling slab v0.4.9
[INFO] [stderr]    Compiling utf8_iter v1.0.4
[INFO] [stderr]    Compiling want v0.3.1
[INFO] [stderr]    Compiling zeroize v1.8.1
[INFO] [stderr]    Compiling httpdate v1.0.3
[INFO] [stderr]    Compiling subtle v2.6.1
[INFO] [stderr]    Compiling num-traits v0.2.19
[INFO] [stderr]    Compiling openssl-probe v0.1.5
[INFO] [stderr]    Compiling percent-encoding v2.3.1
[INFO] [stderr]    Compiling tower-service v0.3.3
[INFO] [stderr]    Compiling indexmap v2.7.1
[INFO] [stderr]    Compiling powerfmt v0.2.0
[INFO] [stderr]    Compiling serde_json v1.0.137
[INFO] [stderr]    Compiling anyhow v1.0.95
[INFO] [stderr]    Compiling form_urlencoded v1.2.1
[INFO] [stderr]    Compiling rustls-native-certs v0.8.1
[INFO] [stderr]    Compiling num_threads v0.1.7
[INFO] [stderr]    Compiling num-conv v0.1.0
[INFO] [stderr]    Compiling time-core v0.1.2
[INFO] [stderr]    Compiling ryu v1.0.18
[INFO] [stderr]    Compiling rustls-pemfile v2.2.0
[INFO] [stderr]    Compiling either v1.13.0
[INFO] [stderr]    Compiling seahash v4.1.0
[INFO] [stderr]    Compiling quote v1.0.38
[INFO] [stderr]    Compiling iana-time-zone v0.1.61
[INFO] [stderr]    Compiling base64 v0.22.1
[INFO] [stderr]    Compiling itertools v0.13.0
[INFO] [stderr]    Compiling mime v0.3.17
[INFO] [stderr]    Compiling syn v2.0.96
[INFO] [stderr]    Compiling mio v1.0.3
[INFO] [stderr]    Compiling socket2 v0.5.8
[INFO] [stderr]    Compiling getrandom v0.2.15
[INFO] [stderr]    Compiling http-body v1.0.1
[INFO] [stderr]    Compiling ring v0.17.8
[INFO] [stderr]    Compiling synstructure v0.13.1
[INFO] [stderr]    Compiling darling_core v0.20.10
[INFO] [stderr]    Compiling zerofrom-derive v0.1.5
[INFO] [stderr]    Compiling yoke-derive v0.7.5
[INFO] [stderr]    Compiling zerovec-derive v0.10.3
[INFO] [stderr]    Compiling displaydoc v0.2.5
[INFO] [stderr]    Compiling futures-macro v0.3.31
[INFO] [stderr]    Compiling icu_provider_macros v1.5.0
[INFO] [stderr]    Compiling tokio-macros v2.5.0
[INFO] [stderr]    Compiling serde_derive v1.0.217
[INFO] [stderr]    Compiling async-trait v0.1.85
[INFO] [stderr]    Compiling tokio v1.43.0
[INFO] [stderr]    Compiling rustls-webpki v0.102.8
[INFO] [stderr]    Compiling futures-util v0.3.31
[INFO] [stderr]    Compiling darling_macro v0.20.10
[INFO] [stderr]    Compiling zerofrom v0.1.5
[INFO] [stderr]    Compiling yoke v0.7.5
[INFO] [stderr]    Compiling darling v0.20.10
[INFO] [stderr]    Compiling zerovec v0.10.4
[INFO] [stderr]    Compiling serde_with_macros v3.12.0
[INFO] [stderr]    Compiling tinystr v0.7.6
[INFO] [stderr]    Compiling icu_collections v1.5.0
[INFO] [stderr]    Compiling icu_locid v1.5.0
[INFO] [stderr]    Compiling icu_provider v1.5.0
[INFO] [stderr]    Compiling futures-executor v0.3.31
[INFO] [stderr]    Compiling http-body-util v0.1.2
[INFO] [stderr]    Compiling futures v0.3.31
[INFO] [stderr]    Compiling icu_locid_transform v1.5.0
[INFO] [stderr]    Compiling icu_properties v1.5.1
[INFO] [stderr]    Compiling tokio-util v0.7.13
[INFO] [stderr]    Compiling tokio-rustls v0.26.1
[INFO] [stderr]    Compiling deranged v0.3.11
[INFO] [stderr]    Compiling chrono v0.4.39
[INFO] [stderr]    Compiling serde_with v3.12.0
[INFO] [stderr]    Compiling h2 v0.4.7
[INFO] [stderr]    Compiling time v0.3.37
[INFO] [stderr]    Compiling icu_normalizer v1.5.0
[INFO] [stderr]    Compiling hyper v1.5.2
[INFO] [stderr]    Compiling idna_adapter v1.2.0
[INFO] [stderr]    Compiling idna v1.0.3
[INFO] [stderr]    Compiling url v2.5.4
[INFO] [stderr]    Compiling hyper-util v0.1.10
[INFO] [stderr]    Compiling hyper-rustls v0.27.5
[INFO] [stderr]    Compiling yup-oauth2 v11.0.0
[INFO] [stderr]    Compiling google-apis-common v7.0.0
[INFO] [stderr]    Compiling google-cloudprivatecatalogproducer1_beta1 v6.0.0+20200405 (/opt/rustwide/workdir)
[INFO] [stderr]     Finished `dev` profile [unoptimized + debuginfo] target(s) in 44.78s
[INFO] running `Command { std: "docker" "inspect" "c6a6251a8075f67a5ad9f43240f57917a2700599a65a935e7b36838fde3d65c0", kill_on_drop: false }`
[INFO] running `Command { std: "docker" "rm" "-f" "c6a6251a8075f67a5ad9f43240f57917a2700599a65a935e7b36838fde3d65c0", kill_on_drop: false }`
[INFO] [stdout] c6a6251a8075f67a5ad9f43240f57917a2700599a65a935e7b36838fde3d65c0
[INFO] running `Command { std: "docker" "create" "-v" "/var/lib/crater-agent-workspace/builds/worker-5-tc1/target:/opt/rustwide/target:rw,Z" "-v" "/var/lib/crater-agent-workspace/builds/worker-5-tc1/source:/opt/rustwide/workdir:ro,Z" "-v" "/var/lib/crater-agent-workspace/cargo-home:/opt/rustwide/cargo-home:ro,Z" "-v" "/var/lib/crater-agent-workspace/rustup-home:/opt/rustwide/rustup-home:ro,Z" "-e" "SOURCE_DIR=/opt/rustwide/workdir" "-e" "CARGO_TARGET_DIR=/opt/rustwide/target" "-e" "CARGO_INCREMENTAL=0" "-e" "RUST_BACKTRACE=full" "-e" "RUSTFLAGS=--cap-lints=forbid" "-e" "RUSTDOCFLAGS=--cap-lints=forbid" "-e" "CARGO_HOME=/opt/rustwide/cargo-home" "-e" "RUSTUP_HOME=/opt/rustwide/rustup-home" "-w" "/opt/rustwide/workdir" "-m" "1610612736" "--user" "0:0" "--network" "none" "ghcr.io/rust-lang/crates-build-env/linux@sha256:819108c5571ea2e421544af4d832f968d213c87fbe3707a016657f43d2f853bc" "/opt/rustwide/cargo-home/bin/cargo" "+nightly-2025-01-18" "test" "--frozen" "--no-run" "--message-format=json", kill_on_drop: false }`
[INFO] [stdout] e59fdac9ec42e388872c0c3e115be062c4751bf71278feb66cccf6a017c109a9
[INFO] running `Command { std: "docker" "start" "-a" "e59fdac9ec42e388872c0c3e115be062c4751bf71278feb66cccf6a017c109a9", kill_on_drop: false }`
[INFO] [stderr]    Compiling google-cloudprivatecatalogproducer1_beta1 v6.0.0+20200405 (/opt/rustwide/workdir)
[INFO] [stderr]     Finished `test` profile [unoptimized + debuginfo] target(s) in 2.35s
[INFO] running `Command { std: "docker" "inspect" "e59fdac9ec42e388872c0c3e115be062c4751bf71278feb66cccf6a017c109a9", kill_on_drop: false }`
[INFO] running `Command { std: "docker" "rm" "-f" "e59fdac9ec42e388872c0c3e115be062c4751bf71278feb66cccf6a017c109a9", kill_on_drop: false }`
[INFO] [stdout] e59fdac9ec42e388872c0c3e115be062c4751bf71278feb66cccf6a017c109a9
[INFO] running `Command { std: "docker" "create" "-v" "/var/lib/crater-agent-workspace/builds/worker-5-tc1/target:/opt/rustwide/target:rw,Z" "-v" "/var/lib/crater-agent-workspace/builds/worker-5-tc1/source:/opt/rustwide/workdir:ro,Z" "-v" "/var/lib/crater-agent-workspace/cargo-home:/opt/rustwide/cargo-home:ro,Z" "-v" "/var/lib/crater-agent-workspace/rustup-home:/opt/rustwide/rustup-home:ro,Z" "-e" "SOURCE_DIR=/opt/rustwide/workdir" "-e" "CARGO_TARGET_DIR=/opt/rustwide/target" "-e" "CARGO_INCREMENTAL=0" "-e" "RUST_BACKTRACE=full" "-e" "RUSTFLAGS=--cap-lints=forbid" "-e" "RUSTDOCFLAGS=--cap-lints=forbid" "-e" "CARGO_HOME=/opt/rustwide/cargo-home" "-e" "RUSTUP_HOME=/opt/rustwide/rustup-home" "-w" "/opt/rustwide/workdir" "-m" "1610612736" "--user" "0:0" "--network" "none" "ghcr.io/rust-lang/crates-build-env/linux@sha256:819108c5571ea2e421544af4d832f968d213c87fbe3707a016657f43d2f853bc" "/opt/rustwide/cargo-home/bin/cargo" "+nightly-2025-01-18" "test" "--frozen", kill_on_drop: false }`
[INFO] [stdout] dc8d1687af36d73ce3d8bad0fb82d3f4bc94db4c61df9f66aa5a9fc6a926f460
[INFO] running `Command { std: "docker" "start" "-a" "dc8d1687af36d73ce3d8bad0fb82d3f4bc94db4c61df9f66aa5a9fc6a926f460", kill_on_drop: false }`
[INFO] [stderr]     Finished `test` profile [unoptimized + debuginfo] target(s) in 0.15s
[INFO] [stderr]      Running unittests src/lib.rs (/opt/rustwide/target/debug/deps/google_cloudprivatecatalogproducer1_beta1-083d0ee523186edf)
[INFO] [stderr]    Doc-tests google_cloudprivatecatalogproducer1_beta1
[INFO] [stdout] 
[INFO] [stdout] running 0 tests
[INFO] [stdout] 
[INFO] [stdout] test result: ok. 0 passed; 0 failed; 0 ignored; 0 measured; 0 filtered out; finished in 0.00s
[INFO] [stdout] 
[INFO] [stdout] 
[INFO] [stdout] running 37 tests
[INFO] [stdout] test src/api.rs - api::CatalogGetCall (line 7634) - compile ... ok
[INFO] [stdout] test src/api.rs - api::CatalogDeleteCall (line 7332) - compile ... ok
[INFO] [stdout] test src/api.rs - api::CatalogMethods (line 1252) - compile ... ok
[INFO] [stdout] test src/api.rs - api::CatalogAssociationCreateCall (line 1985) - compile ... ok
[INFO] [stdout] test src/api.rs - api::CatalogProductCopyCall (line 5113) - compile ... ok
[INFO] [stdout] test src/api.rs - api::CatalogProductDeleteCall (line 5770) - compile ... ok
[INFO] [stdout] test src/api.rs - api::CatalogProductGetCall (line 6056) - compile ... ok
[INFO] [stdout] test src/api.rs - api::CatalogPatchCall (line 8537) - compile ... ok
[INFO] [stdout] test src/api.rs - api::CatalogAssociationListCall (line 2893) - compile ... ok
[INFO] [stdout] test src/api.rs - api::CatalogProductListCall (line 6348) - compile ... ok
[INFO] [stdout] test src/api.rs - api::CatalogProductVersionDeleteCall (line 3867) - compile ... ok
[INFO] [stdout] test src/api.rs - api::CatalogCreateCall (line 7026) - compile ... ok
[INFO] [stdout] test src/api.rs - api::CatalogProductPatchCall (line 6678) - compile ... ok
[INFO] [stdout] test src/api.rs - api::GoogleCloudPrivatecatalogproducerV1beta1Product::display_metadata (line 442) ... FAILED
[INFO] [stdout] test src/api.rs - api::CatalogProductVersionListCall (line 4445) - compile ... ok
[INFO] [stdout] test src/api.rs - api::CatalogGetIamPolicyCall (line 7922) - compile ... ok
[INFO] [stdout] test src/api.rs - api::CatalogProductIconUploadCall (line 3215) - compile ... ok
[INFO] [stdout] test src/api.rs - api::CatalogAssociationDeleteCall (line 2316) - compile ... ok
[INFO] [stdout] test src/api.rs - api::GoogleCloudPrivatecatalogproducerV1beta1Product::display_metadata (line 493) ... FAILED
[INFO] [stdout] test src/api.rs - api::CatalogAssociationGetCall (line 2602) - compile ... ok
[INFO] [stdout] test src/lib.rs - (line 51) ... ignored
[INFO] [stdout] test src/api.rs - api::CatalogProductCreateCall (line 5439) - compile ... ok
[INFO] [stdout] test src/api.rs - api::CatalogProductVersionPatchCall (line 4762) - compile ... ok
[INFO] [stdout] test src/api.rs - api::CatalogProductVersionCreateCall (line 3541) - compile ... ok
[INFO] [stdout] test src/api.rs - api::CatalogSetIamPolicyCall (line 8881) - compile ... ok
[INFO] [stdout] test src/api.rs - api::CatalogListCall (line 8232) - compile ... ok
[INFO] [stdout] test src/api.rs - api::GoogleCloudPrivatecatalogproducerV1beta1Version::original_asset (line 639) ... FAILED
[INFO] [stdout] test src/api.rs - api::OperationGetCall (line 10494) - compile ... ok
[INFO] [stdout] test src/api.rs - api::CloudPrivateCatalogProducer (line 45) - compile ... ok
[INFO] [stdout] test src/api.rs - api::OperationDeleteCall (line 10206) - compile ... ok
[INFO] [stdout] test src/api.rs - api::CatalogTestIamPermissionCall (line 9208) - compile ... ok
[INFO] [stdout] test src/api.rs - api::CatalogProductVersionGetCall (line 4153) - compile ... ok
[INFO] [stdout] test src/api.rs - api::CatalogUndeleteCall (line 9537) - compile ... ok
[INFO] [stdout] test src/api.rs - api::OperationCancelCall (line 9877) - compile ... ok
[INFO] [stdout] test src/api.rs - api::OperationMethods (line 1833) - compile ... ok
[INFO] [stdout] test src/lib.rs - (line 80) - compile ... ok
[INFO] [stdout] test src/api.rs - api::OperationListCall (line 10786) - compile ... ok
[INFO] [stdout] 
[INFO] [stdout] failures:
[INFO] [stdout] 
[INFO] [stdout] ---- src/api.rs - api::GoogleCloudPrivatecatalogproducerV1beta1Product::display_metadata (line 442) stdout ----
[INFO] [stdout] error: expected one of `.`, `;`, `?`, `}`, or an operator, found `:`
[INFO] [stdout]  --> src/api.rs:443:10
[INFO] [stdout]   |
[INFO] [stdout] 3 | "$schema": http://json-schema.org/draft-04/schema#
[INFO] [stdout]   |          ^ expected one of `.`, `;`, `?`, `}`, or an operator
[INFO] [stdout] 
[INFO] [stdout] error: aborting due to 1 previous error
[INFO] [stdout] 
[INFO] [stdout] Couldn't compile the test.
[INFO] [stdout] ---- src/api.rs - api::GoogleCloudPrivatecatalogproducerV1beta1Product::display_metadata (line 493) stdout ----
[INFO] [stdout] error: expected one of `.`, `;`, `?`, `}`, or an operator, found `:`
[INFO] [stdout]  --> src/api.rs:494:10
[INFO] [stdout]   |
[INFO] [stdout] 3 | "$schema": http://json-schema.org/draft-04/schema#
[INFO] [stdout]   |          ^ expected one of `.`, `;`, `?`, `}`, or an operator
[INFO] [stdout] 
[INFO] [stdout] error: aborting due to 1 previous error
[INFO] [stdout] 
[INFO] [stdout] Couldn't compile the test.
[INFO] [stdout] ---- src/api.rs - api::GoogleCloudPrivatecatalogproducerV1beta1Version::original_asset (line 639) stdout ----
[INFO] [stdout] error: expected identifier, found keyword `type`
[INFO] [stdout]  --> src/api.rs:640:1
[INFO] [stdout]   |
[INFO] [stdout] 3 | type: object
[INFO] [stdout]   | ^^^^ expected identifier, found keyword
[INFO] [stdout]   |
[INFO] [stdout] help: escape `type` to use it as an identifier
[INFO] [stdout]   |
[INFO] [stdout] 3 | r#type: object
[INFO] [stdout]   | ++
[INFO] [stdout] 
[INFO] [stdout] error: expected identifier, found `:`
[INFO] [stdout]  --> src/api.rs:640:5
[INFO] [stdout]   |
[INFO] [stdout] 3 | type: object
[INFO] [stdout]   |     ^ expected identifier
[INFO] [stdout] 
[INFO] [stdout] error: aborting due to 2 previous errors
[INFO] [stdout] 
[INFO] [stdout] Couldn't compile the test.
[INFO] [stdout] 
[INFO] [stdout] failures:
[INFO] [stdout]     src/api.rs - api::GoogleCloudPrivatecatalogproducerV1beta1Product::display_metadata (line 442)
[INFO] [stdout]     src/api.rs - api::GoogleCloudPrivatecatalogproducerV1beta1Product::display_metadata (line 493)
[INFO] [stdout]     src/api.rs - api::GoogleCloudPrivatecatalogproducerV1beta1Version::original_asset (line 639)
[INFO] [stdout] 
[INFO] [stdout] test result: FAILED. 33 passed; 3 failed; 1 ignored; 0 measured; 0 filtered out; finished in 1.02s
[INFO] [stdout] 
[INFO] [stderr] error: doctest failed, to rerun pass `--doc`
[INFO] running `Command { std: "docker" "inspect" "dc8d1687af36d73ce3d8bad0fb82d3f4bc94db4c61df9f66aa5a9fc6a926f460", kill_on_drop: false }`
[INFO] running `Command { std: "docker" "rm" "-f" "dc8d1687af36d73ce3d8bad0fb82d3f4bc94db4c61df9f66aa5a9fc6a926f460", kill_on_drop: false }`
[INFO] [stdout] dc8d1687af36d73ce3d8bad0fb82d3f4bc94db4c61df9f66aa5a9fc6a926f460
