[INFO] fetching crate google-cloud-ai 0.3.0...
[INFO] testing google-cloud-ai-0.3.0 against nightly-2025-01-18+rustflags=-Zrandomize-layout for randomize-layout-2
[INFO] extracting crate google-cloud-ai 0.3.0 into /workspace/builds/worker-3-tc2/source
[INFO] validating manifest of crates.io crate google-cloud-ai 0.3.0 on toolchain nightly-2025-01-18
[INFO] running `Command { std: CARGO_HOME="/workspace/cargo-home" RUSTUP_HOME="/workspace/rustup-home" "/workspace/cargo-home/bin/cargo" "+nightly-2025-01-18" "metadata" "--manifest-path" "Cargo.toml" "--no-deps", kill_on_drop: false }`
[INFO] started tweaking crates.io crate google-cloud-ai 0.3.0
[INFO] finished tweaking crates.io crate google-cloud-ai 0.3.0
[INFO] tweaked toml for crates.io crate google-cloud-ai 0.3.0 written to /workspace/builds/worker-3-tc2/source/Cargo.toml
[INFO] running `Command { std: CARGO_HOME="/workspace/cargo-home" RUSTUP_HOME="/workspace/rustup-home" "/workspace/cargo-home/bin/cargo" "+nightly-2025-01-18" "generate-lockfile" "--manifest-path" "Cargo.toml", kill_on_drop: false }`
[INFO] [stderr]     Updating crates.io index
[INFO] [stderr]      Locking 212 packages to latest compatible versions
[INFO] running `Command { std: CARGO_HOME="/workspace/cargo-home" RUSTUP_HOME="/workspace/rustup-home" "/workspace/cargo-home/bin/cargo" "+nightly-2025-01-18" "fetch" "--manifest-path" "Cargo.toml", kill_on_drop: false }`
[INFO] running `Command { std: "docker" "create" "-v" "/var/lib/crater-agent-workspace/builds/worker-3-tc2/target:/opt/rustwide/target:rw,Z" "-v" "/var/lib/crater-agent-workspace/builds/worker-3-tc2/source:/opt/rustwide/workdir:ro,Z" "-v" "/var/lib/crater-agent-workspace/cargo-home:/opt/rustwide/cargo-home:ro,Z" "-v" "/var/lib/crater-agent-workspace/rustup-home:/opt/rustwide/rustup-home:ro,Z" "-e" "SOURCE_DIR=/opt/rustwide/workdir" "-e" "CARGO_TARGET_DIR=/opt/rustwide/target" "-e" "CARGO_HOME=/opt/rustwide/cargo-home" "-e" "RUSTUP_HOME=/opt/rustwide/rustup-home" "-w" "/opt/rustwide/workdir" "-m" "1610612736" "--user" "0:0" "--network" "none" "ghcr.io/rust-lang/crates-build-env/linux@sha256:819108c5571ea2e421544af4d832f968d213c87fbe3707a016657f43d2f853bc" "/opt/rustwide/cargo-home/bin/cargo" "+nightly-2025-01-18" "metadata" "--no-deps" "--format-version=1", kill_on_drop: false }`
[INFO] [stdout] efd37f321246115bf83ffae76a08e76f8eea0729570ed7ecbaff91ed4668daf2
[INFO] running `Command { std: "docker" "start" "-a" "efd37f321246115bf83ffae76a08e76f8eea0729570ed7ecbaff91ed4668daf2", kill_on_drop: false }`
[INFO] running `Command { std: "docker" "inspect" "efd37f321246115bf83ffae76a08e76f8eea0729570ed7ecbaff91ed4668daf2", kill_on_drop: false }`
[INFO] running `Command { std: "docker" "rm" "-f" "efd37f321246115bf83ffae76a08e76f8eea0729570ed7ecbaff91ed4668daf2", kill_on_drop: false }`
[INFO] [stdout] efd37f321246115bf83ffae76a08e76f8eea0729570ed7ecbaff91ed4668daf2
[INFO] running `Command { std: "docker" "create" "-v" "/var/lib/crater-agent-workspace/builds/worker-3-tc2/target:/opt/rustwide/target:rw,Z" "-v" "/var/lib/crater-agent-workspace/builds/worker-3-tc2/source:/opt/rustwide/workdir:ro,Z" "-v" "/var/lib/crater-agent-workspace/cargo-home:/opt/rustwide/cargo-home:ro,Z" "-v" "/var/lib/crater-agent-workspace/rustup-home:/opt/rustwide/rustup-home:ro,Z" "-e" "SOURCE_DIR=/opt/rustwide/workdir" "-e" "CARGO_TARGET_DIR=/opt/rustwide/target" "-e" "CARGO_INCREMENTAL=0" "-e" "RUST_BACKTRACE=full" "-e" "RUSTFLAGS=--cap-lints=forbid -Zrandomize-layout" "-e" "RUSTDOCFLAGS=--cap-lints=forbid" "-e" "CARGO_HOME=/opt/rustwide/cargo-home" "-e" "RUSTUP_HOME=/opt/rustwide/rustup-home" "-w" "/opt/rustwide/workdir" "-m" "1610612736" "--user" "0:0" "--network" "none" "ghcr.io/rust-lang/crates-build-env/linux@sha256:819108c5571ea2e421544af4d832f968d213c87fbe3707a016657f43d2f853bc" "/opt/rustwide/cargo-home/bin/cargo" "+nightly-2025-01-18" "build" "--frozen" "--message-format=json", kill_on_drop: false }`
[INFO] [stdout] ccd041bd3dfb9dd2673e82041b63618b4619caebe76572688dfbcfbc22d5d91b
[INFO] running `Command { std: "docker" "start" "-a" "ccd041bd3dfb9dd2673e82041b63618b4619caebe76572688dfbcfbc22d5d91b", kill_on_drop: false }`
[INFO] [stderr]    Compiling proc-macro2 v1.0.93
[INFO] [stderr]    Compiling unicode-ident v1.0.14
[INFO] [stderr]    Compiling libc v0.2.169
[INFO] [stderr]    Compiling autocfg v1.4.0
[INFO] [stderr]    Compiling cfg-if v1.0.0
[INFO] [stderr]    Compiling bytes v1.9.0
[INFO] [stderr]    Compiling smallvec v1.13.2
[INFO] [stderr]    Compiling shlex v1.3.0
[INFO] [stderr]    Compiling pin-project-lite v0.2.16
[INFO] [stderr]    Compiling futures-core v0.3.31
[INFO] [stderr]    Compiling parking_lot_core v0.9.10
[INFO] [stderr]    Compiling cc v1.2.10
[INFO] [stderr]    Compiling itoa v1.0.14
[INFO] [stderr]    Compiling scopeguard v1.2.0
[INFO] [stderr]    Compiling once_cell v1.20.2
[INFO] [stderr]    Compiling stable_deref_trait v1.2.0
[INFO] [stderr]    Compiling pin-utils v0.1.0
[INFO] [stderr]    Compiling futures-task v0.3.31
[INFO] [stderr]    Compiling fnv v1.0.7
[INFO] [stderr]    Compiling lock_api v0.4.12
[INFO] [stderr]    Compiling slab v0.4.9
[INFO] [stderr]    Compiling vcpkg v0.2.15
[INFO] [stderr]    Compiling futures-util v0.3.31
[INFO] [stderr]    Compiling http v1.2.0
[INFO] [stderr]    Compiling pkg-config v0.3.31
[INFO] [stderr]    Compiling tracing-core v0.1.33
[INFO] [stderr]    Compiling quote v1.0.38
[INFO] [stderr]    Compiling socket2 v0.5.8
[INFO] [stderr]    Compiling syn v2.0.96
[INFO] [stderr]    Compiling parking_lot v0.12.3
[INFO] [stderr]    Compiling signal-hook-registry v1.4.2
[INFO] [stderr]    Compiling mio v1.0.3
[INFO] [stderr]    Compiling getrandom v0.2.15
[INFO] [stderr]    Compiling openssl-sys v0.9.104
[INFO] [stderr]    Compiling http-body v1.0.1
[INFO] [stderr]    Compiling tower-service v0.3.3
[INFO] [stderr]    Compiling litemap v0.7.4
[INFO] [stderr]    Compiling writeable v0.5.5
[INFO] [stderr]    Compiling futures-sink v0.3.31
[INFO] [stderr]    Compiling ring v0.17.8
[INFO] [stderr]    Compiling serde v1.0.217
[INFO] [stderr]    Compiling hashbrown v0.15.2
[INFO] [stderr]    Compiling equivalent v1.0.1
[INFO] [stderr]    Compiling httparse v1.9.5
[INFO] [stderr]    Compiling num-traits v0.2.19
[INFO] [stderr]    Compiling try-lock v0.2.5
[INFO] [stderr]    Compiling atomic-waker v1.1.2
[INFO] [stderr]    Compiling log v0.4.25
[INFO] [stderr]    Compiling icu_locid_transform_data v1.5.0
[INFO] [stderr]    Compiling want v0.3.1
[INFO] [stderr]    Compiling futures-channel v0.3.31
[INFO] [stderr]    Compiling foreign-types-shared v0.1.1
[INFO] [stderr]    Compiling icu_properties_data v1.5.0
[INFO] [stderr]    Compiling rustls-pki-types v1.10.1
[INFO] [stderr]    Compiling httpdate v1.0.3
[INFO] [stderr]    Compiling untrusted v0.9.0
[INFO] [stderr]    Compiling tower-layer v0.3.3
[INFO] [stderr]    Compiling openssl v0.10.68
[INFO] [stderr]    Compiling indexmap v2.7.1
[INFO] [stderr]    Compiling percent-encoding v2.3.1
[INFO] [stderr]    Compiling byteorder v1.5.0
[INFO] [stderr]    Compiling anyhow v1.0.95
[INFO] [stderr]    Compiling spin v0.9.8
[INFO] [stderr]    Compiling http-body-util v0.1.2
[INFO] [stderr]    Compiling foreign-types v0.3.2
[INFO] [stderr]    Compiling sync_wrapper v1.0.2
[INFO] [stderr]    Compiling either v1.13.0
[INFO] [stderr]    Compiling memchr v2.7.4
[INFO] [stderr]    Compiling rustversion v1.0.19
[INFO] [stderr]    Compiling utf16_iter v1.0.5
[INFO] [stderr]    Compiling utf8_iter v1.0.4
[INFO] [stderr]    Compiling bitflags v2.8.0
[INFO] [stderr]    Compiling icu_normalizer_data v1.5.0
[INFO] [stderr]    Compiling write16 v1.0.0
[INFO] [stderr]    Compiling native-tls v0.2.12
[INFO] [stderr]    Compiling itertools v0.13.0
[INFO] [stderr]    Compiling rand_core v0.6.4
[INFO] [stderr]    Compiling indexmap v1.9.3
[INFO] [stderr]    Compiling base64 v0.22.1
[INFO] [stderr]    Compiling mime v0.3.17
[INFO] [stderr]    Compiling ryu v1.0.18
[INFO] [stderr]    Compiling serde_json v1.0.137
[INFO] [stderr]    Compiling num-conv v0.1.0
[INFO] [stderr]    Compiling openssl-probe v0.1.5
[INFO] [stderr]    Compiling time-core v0.1.2
[INFO] [stderr]    Compiling powerfmt v0.2.0
[INFO] [stderr]    Compiling thiserror v2.0.11
[INFO] [stderr]    Compiling rustls v0.23.21
[INFO] [stderr]    Compiling time-macros v0.2.19
[INFO] [stderr]    Compiling deranged v0.3.11
[INFO] [stderr]    Compiling num-integer v0.1.46
[INFO] [stderr]    Compiling form_urlencoded v1.2.1
[INFO] [stderr]    Compiling zeroize v1.8.1
[INFO] [stderr]    Compiling hashbrown v0.12.3
[INFO] [stderr]    Compiling subtle v2.6.1
[INFO] [stderr]    Compiling synstructure v0.13.1
[INFO] [stderr]    Compiling num-bigint v0.4.6
[INFO] [stderr]    Compiling rustls-pemfile v2.2.0
[INFO] [stderr]    Compiling matchit v0.7.3
[INFO] [stderr]    Compiling pem v3.0.4
[INFO] [stderr]    Compiling encoding_rs v0.8.35
[INFO] [stderr]    Compiling iana-time-zone v0.1.61
[INFO] [stderr]    Compiling base64 v0.21.7
[INFO] [stderr]    Compiling ipnet v2.11.0
[INFO] [stderr]    Compiling chrono v0.4.39
[INFO] [stderr]    Compiling time v0.3.37
[INFO] [stderr]    Compiling tokio-macros v2.5.0
[INFO] [stderr]    Compiling zerofrom-derive v0.1.5
[INFO] [stderr]    Compiling yoke-derive v0.7.5
[INFO] [stderr]    Compiling zerovec-derive v0.10.3
[INFO] [stderr]    Compiling displaydoc v0.2.5
[INFO] [stderr]    Compiling tokio v1.43.0
[INFO] [stderr]    Compiling tracing-attributes v0.1.28
[INFO] [stderr]    Compiling icu_provider_macros v1.5.0
[INFO] [stderr]    Compiling serde_derive v1.0.217
[INFO] [stderr]    Compiling zerocopy-derive v0.7.35
[INFO] [stderr]    Compiling openssl-macros v0.1.1
[INFO] [stderr]    Compiling thiserror-impl v2.0.11
[INFO] [stderr]    Compiling zerofrom v0.1.5
[INFO] [stderr]    Compiling yoke v0.7.5
[INFO] [stderr]    Compiling zerovec v0.10.4
[INFO] [stderr]    Compiling tinystr v0.7.6
[INFO] [stderr]    Compiling icu_locid v1.5.0
[INFO] [stderr]    Compiling icu_collections v1.5.0
[INFO] [stderr]    Compiling zerocopy v0.7.35
[INFO] [stderr]    Compiling pin-project-internal v1.1.8
[INFO] [stderr]    Compiling tracing v0.1.41
[INFO] [stderr]    Compiling icu_provider v1.5.0
[INFO] [stderr]    Compiling prost-derive v0.13.4
[INFO] [stderr]    Compiling icu_locid_transform v1.5.0
[INFO] [stderr]    Compiling ppv-lite86 v0.2.20
[INFO] [stderr]    Compiling async-trait v0.1.85
[INFO] [stderr]    Compiling rustls-webpki v0.102.8
[INFO] [stderr]    Compiling rand_chacha v0.3.1
[INFO] [stderr]    Compiling icu_properties v1.5.1
[INFO] [stderr]    Compiling axum-core v0.4.5
[INFO] [stderr]    Compiling tokio-util v0.7.13
[INFO] [stderr]    Compiling tower v0.5.2
[INFO] [stderr]    Compiling tokio-native-tls v0.3.1
[INFO] [stderr]    Compiling h2 v0.4.7
[INFO] [stderr]    Compiling prost v0.13.4
[INFO] [stderr]    Compiling rand v0.8.5
[INFO] [stderr]    Compiling pin-project v1.1.8
[INFO] [stderr]    Compiling async-stream-impl v0.3.6
[INFO] [stderr]    Compiling async-stream v0.3.6
[INFO] [stderr]    Compiling tower v0.4.13
[INFO] [stderr]    Compiling simple_asn1 v0.6.3
[INFO] [stderr]    Compiling icu_normalizer v1.5.0
[INFO] [stderr]    Compiling axum v0.7.9
[INFO] [stderr]    Compiling serde_urlencoded v0.7.1
[INFO] [stderr]    Compiling tokio-stream v0.1.17
[INFO] [stderr]    Compiling idna_adapter v1.2.0
[INFO] [stderr]    Compiling prost-types v0.13.4
[INFO] [stderr]    Compiling idna v1.0.3
[INFO] [stderr]    Compiling url v2.5.4
[INFO] [stderr]    Compiling hyper v1.5.2
[INFO] [stderr]    Compiling tokio-rustls v0.26.1
[INFO] [stderr]    Compiling jsonwebtoken v9.3.0
[INFO] [stderr]    Compiling hyper-util v0.1.10
[INFO] [stderr]    Compiling hyper-timeout v0.5.2
[INFO] [stderr]    Compiling hyper-tls v0.6.0
[INFO] [stderr]    Compiling reqwest v0.12.12
[INFO] [stderr]    Compiling tonic v0.12.3
[INFO] [stderr]    Compiling google-cloud-ai v0.3.0 (/opt/rustwide/workdir)
[INFO] [stderr]     Finished `dev` profile [unoptimized + debuginfo] target(s) in 2m 03s
[INFO] running `Command { std: "docker" "inspect" "ccd041bd3dfb9dd2673e82041b63618b4619caebe76572688dfbcfbc22d5d91b", kill_on_drop: false }`
[INFO] running `Command { std: "docker" "rm" "-f" "ccd041bd3dfb9dd2673e82041b63618b4619caebe76572688dfbcfbc22d5d91b", kill_on_drop: false }`
[INFO] [stdout] ccd041bd3dfb9dd2673e82041b63618b4619caebe76572688dfbcfbc22d5d91b
[INFO] running `Command { std: "docker" "create" "-v" "/var/lib/crater-agent-workspace/builds/worker-3-tc2/target:/opt/rustwide/target:rw,Z" "-v" "/var/lib/crater-agent-workspace/builds/worker-3-tc2/source:/opt/rustwide/workdir:ro,Z" "-v" "/var/lib/crater-agent-workspace/cargo-home:/opt/rustwide/cargo-home:ro,Z" "-v" "/var/lib/crater-agent-workspace/rustup-home:/opt/rustwide/rustup-home:ro,Z" "-e" "SOURCE_DIR=/opt/rustwide/workdir" "-e" "CARGO_TARGET_DIR=/opt/rustwide/target" "-e" "CARGO_INCREMENTAL=0" "-e" "RUST_BACKTRACE=full" "-e" "RUSTFLAGS=--cap-lints=forbid -Zrandomize-layout" "-e" "RUSTDOCFLAGS=--cap-lints=forbid" "-e" "CARGO_HOME=/opt/rustwide/cargo-home" "-e" "RUSTUP_HOME=/opt/rustwide/rustup-home" "-w" "/opt/rustwide/workdir" "-m" "1610612736" "--user" "0:0" "--network" "none" "ghcr.io/rust-lang/crates-build-env/linux@sha256:819108c5571ea2e421544af4d832f968d213c87fbe3707a016657f43d2f853bc" "/opt/rustwide/cargo-home/bin/cargo" "+nightly-2025-01-18" "test" "--frozen" "--no-run" "--message-format=json", kill_on_drop: false }`
[INFO] [stdout] 4dd70985a9ffe981addda98243ac812d2c9dbd22afaea077b9ccb6751794c3aa
[INFO] running `Command { std: "docker" "start" "-a" "4dd70985a9ffe981addda98243ac812d2c9dbd22afaea077b9ccb6751794c3aa", kill_on_drop: false }`
[INFO] [stderr]    Compiling google-cloud-ai v0.3.0 (/opt/rustwide/workdir)
[INFO] [stderr]     Finished `test` profile [unoptimized + debuginfo] target(s) in 2.39s
[INFO] running `Command { std: "docker" "inspect" "4dd70985a9ffe981addda98243ac812d2c9dbd22afaea077b9ccb6751794c3aa", kill_on_drop: false }`
[INFO] running `Command { std: "docker" "rm" "-f" "4dd70985a9ffe981addda98243ac812d2c9dbd22afaea077b9ccb6751794c3aa", kill_on_drop: false }`
[INFO] [stdout] 4dd70985a9ffe981addda98243ac812d2c9dbd22afaea077b9ccb6751794c3aa
[INFO] running `Command { std: "docker" "create" "-v" "/var/lib/crater-agent-workspace/builds/worker-3-tc2/target:/opt/rustwide/target:rw,Z" "-v" "/var/lib/crater-agent-workspace/builds/worker-3-tc2/source:/opt/rustwide/workdir:ro,Z" "-v" "/var/lib/crater-agent-workspace/cargo-home:/opt/rustwide/cargo-home:ro,Z" "-v" "/var/lib/crater-agent-workspace/rustup-home:/opt/rustwide/rustup-home:ro,Z" "-e" "SOURCE_DIR=/opt/rustwide/workdir" "-e" "CARGO_TARGET_DIR=/opt/rustwide/target" "-e" "CARGO_INCREMENTAL=0" "-e" "RUST_BACKTRACE=full" "-e" "RUSTFLAGS=--cap-lints=forbid -Zrandomize-layout" "-e" "RUSTDOCFLAGS=--cap-lints=forbid" "-e" "CARGO_HOME=/opt/rustwide/cargo-home" "-e" "RUSTUP_HOME=/opt/rustwide/rustup-home" "-w" "/opt/rustwide/workdir" "-m" "1610612736" "--user" "0:0" "--network" "none" "ghcr.io/rust-lang/crates-build-env/linux@sha256:819108c5571ea2e421544af4d832f968d213c87fbe3707a016657f43d2f853bc" "/opt/rustwide/cargo-home/bin/cargo" "+nightly-2025-01-18" "test" "--frozen", kill_on_drop: false }`
[INFO] [stdout] 59a59ad90dbf8f9fd8d1f5055dfa11850750716f2adae36d9e533ea6049f8fac
[INFO] running `Command { std: "docker" "start" "-a" "59a59ad90dbf8f9fd8d1f5055dfa11850750716f2adae36d9e533ea6049f8fac", kill_on_drop: false }`
[INFO] [stderr]     Finished `test` profile [unoptimized + debuginfo] target(s) in 0.36s
[INFO] [stderr]      Running unittests src/lib.rs (/opt/rustwide/target/debug/deps/google_cloud_ai-348a7519909f0fea)
[INFO] [stdout] 
[INFO] [stdout] running 0 tests
[INFO] [stdout] 
[INFO] [stdout] test result: ok. 0 passed; 0 failed; 0 ignored; 0 measured; 0 filtered out; finished in 0.00s
[INFO] [stdout] 
[INFO] [stderr]    Doc-tests google_cloud_ai
[INFO] [stdout] 
[INFO] [stdout] running 20 tests
[INFO] [stdout] test src/google/google.api.rs - google_cloud_ai::google::api::HttpRule (line 343) ... FAILED
[INFO] [stdout] test src/google/google.api.rs - google_cloud_ai::google::api::HttpRule (line 245) ... FAILED
[INFO] [stdout] test src/google/google.api.rs - google_cloud_ai::google::api::HttpRule (line 136) ... FAILED
[INFO] [stdout] test src/google/google.api.rs - google_cloud_ai::google::api::HttpRule (line 159) ... FAILED
[INFO] [stdout] test src/google/google.api.rs - google_cloud_ai::google::api::HttpRule (line 192) ... FAILED
[INFO] [stdout] test src/google/google.api.rs - google_cloud_ai::google::api::MethodSettings::auto_populated_fields (line 819) ... FAILED
[INFO] [stdout] test src/google/google.api.rs - google_cloud_ai::google::api::HttpRule (line 217) ... FAILED
[INFO] [stdout] test src/google/google.api.rs - google_cloud_ai::google::api::ResourceDescriptor (line 994) ... FAILED
[INFO] [stdout] test src/google/google.api.rs - google_cloud_ai::google::api::ResourceDescriptor (line 973) ... FAILED
[INFO] [stdout] test src/google/google.api.rs - google_cloud_ai::google::api::MethodSettings::long_running (line 803) ... FAILED
[INFO] [stdout] test src/google/google.api.rs - google_cloud_ai::google::api::HttpRule (line 289) ... FAILED
[INFO] [stdout] test src/google/google.api.rs - google_cloud_ai::google::api::ResourceDescriptor (line 961) ... FAILED
[INFO] [stdout] test src/google/google.api.rs - google_cloud_ai::google::api::ResourceDescriptor (line 982) ... FAILED
[INFO] [stdout] test src/google/google.api.rs - google_cloud_ai::google::api::MethodSettings::selector (line 791) ... FAILED
[INFO] [stdout] test src/google/google.api.rs - google_cloud_ai::google::api::ResourceDescriptor::pattern (line 1026) ... FAILED
[INFO] [stdout] test src/google/google.api.rs - google_cloud_ai::google::api::ResourceDescriptor::history (line 1043) ... FAILED
[INFO] [stdout] test src/google/google.api.rs - google_cloud_ai::google::api::ResourceReference::child_type (line 1210) ... FAILED
[INFO] [stdout] test src/google/google.api.rs - google_cloud_ai::google::api::ResourceReference::r#type (line 1186) ... FAILED
[INFO] [stdout] test src/google/google.api.rs - google_cloud_ai::google::api::ResourceReference::r#type (line 1197) ... FAILED
[INFO] [stdout] test src/google/google.api.rs - google_cloud_ai::google::api::ResourceDescriptor::pattern (line 1020) ... FAILED
[INFO] [stdout] 
[INFO] [stdout] failures:
[INFO] [stdout] 
[INFO] [stdout] ---- src/google/google.api.rs - google_cloud_ai::google::api::HttpRule (line 343) stdout ----
[INFO] [stdout] error: expected identifier, found `:`
[INFO] [stdout]  --> src/google/google.api.rs:344:5
[INFO] [stdout]   |
[INFO] [stdout] 3 | http:
[INFO] [stdout]   |     ^ expected identifier
[INFO] [stdout] 
[INFO] [stdout] error: aborting due to 1 previous error
[INFO] [stdout] 
[INFO] [stdout] Couldn't compile the test.
[INFO] [stdout] ---- src/google/google.api.rs - google_cloud_ai::google::api::HttpRule (line 245) stdout ----
[INFO] [stdout] error: expected one of `!`, `.`, `::`, `;`, `?`, `{`, `}`, or an operator, found `Messaging`
[INFO] [stdout]  --> src/google/google.api.rs:246:9
[INFO] [stdout]   |
[INFO] [stdout] 3 | service Messaging {
[INFO] [stdout]   |         ^^^^^^^^^ expected one of 8 possible tokens
[INFO] [stdout] 
[INFO] [stdout] error: aborting due to 1 previous error
[INFO] [stdout] 
[INFO] [stdout] Couldn't compile the test.
[INFO] [stdout] ---- src/google/google.api.rs - google_cloud_ai::google::api::HttpRule (line 136) stdout ----
[INFO] [stdout] error: expected one of `!`, `.`, `::`, `;`, `?`, `{`, `}`, or an operator, found `Messaging`
[INFO] [stdout]  --> src/google/google.api.rs:137:9
[INFO] [stdout]   |
[INFO] [stdout] 3 | service Messaging {
[INFO] [stdout]   |         ^^^^^^^^^ expected one of 8 possible tokens
[INFO] [stdout] 
[INFO] [stdout] error: aborting due to 1 previous error
[INFO] [stdout] 
[INFO] [stdout] Couldn't compile the test.
[INFO] [stdout] ---- src/google/google.api.rs - google_cloud_ai::google::api::HttpRule (line 159) stdout ----
[INFO] [stdout] error: expected one of `!`, `.`, `::`, `;`, `?`, `{`, `}`, or an operator, found `Messaging`
[INFO] [stdout]  --> src/google/google.api.rs:160:9
[INFO] [stdout]   |
[INFO] [stdout] 3 | service Messaging {
[INFO] [stdout]   |         ^^^^^^^^^ expected one of 8 possible tokens
[INFO] [stdout] 
[INFO] [stdout] error: aborting due to 1 previous error
[INFO] [stdout] 
[INFO] [stdout] Couldn't compile the test.
[INFO] [stdout] ---- src/google/google.api.rs - google_cloud_ai::google::api::HttpRule (line 192) stdout ----
[INFO] [stdout] error: expected one of `!`, `.`, `::`, `;`, `?`, `{`, `}`, or an operator, found `Messaging`
[INFO] [stdout]  --> src/google/google.api.rs:193:9
[INFO] [stdout]   |
[INFO] [stdout] 3 | service Messaging {
[INFO] [stdout]   |         ^^^^^^^^^ expected one of 8 possible tokens
[INFO] [stdout] 
[INFO] [stdout] error: aborting due to 1 previous error
[INFO] [stdout] 
[INFO] [stdout] Couldn't compile the test.
[INFO] [stdout] ---- src/google/google.api.rs - google_cloud_ai::google::api::MethodSettings::auto_populated_fields (line 819) stdout ----
[INFO] [stdout] error: expected identifier, found `:`
[INFO] [stdout]  --> src/google/google.api.rs:820:11
[INFO] [stdout]   |
[INFO] [stdout] 3 | publishing:
[INFO] [stdout]   |           ^ expected identifier
[INFO] [stdout] 
[INFO] [stdout] error: aborting due to 1 previous error
[INFO] [stdout] 
[INFO] [stdout] Couldn't compile the test.
[INFO] [stdout] ---- src/google/google.api.rs - google_cloud_ai::google::api::HttpRule (line 217) stdout ----
[INFO] [stdout] error: expected one of `!`, `.`, `::`, `;`, `?`, `{`, `}`, or an operator, found `Messaging`
[INFO] [stdout]  --> src/google/google.api.rs:218:9
[INFO] [stdout]   |
[INFO] [stdout] 3 | service Messaging {
[INFO] [stdout]   |         ^^^^^^^^^ expected one of 8 possible tokens
[INFO] [stdout] 
[INFO] [stdout] error: aborting due to 1 previous error
[INFO] [stdout] 
[INFO] [stdout] Couldn't compile the test.
[INFO] [stdout] ---- src/google/google.api.rs - google_cloud_ai::google::api::ResourceDescriptor (line 994) stdout ----
[INFO] [stdout] error: prefix `LogEntry` is unknown
[INFO] [stdout]  --> src/google/google.api.rs:996:34
[INFO] [stdout]   |
[INFO] [stdout] 2 |  - type: 'logging.googleapis.com/LogEntry'
[INFO] [stdout]   |                                  ^^^^^^^^ unknown prefix
[INFO] [stdout]   |
[INFO] [stdout]   = note: prefixed identifiers and literals are reserved since Rust 2021
[INFO] [stdout] help: if you meant to write a string literal, use double quotes
[INFO] [stdout]   |
[INFO] [stdout] 2 |  - type: "logging.googleapis.com/LogEntry"
[INFO] [stdout]   |          ~                               ~
[INFO] [stdout] 
[INFO] [stdout] error[E0762]: unterminated character literal
[INFO] [stdout]  --> src/google/google.api.rs:996:42
[INFO] [stdout]   |
[INFO] [stdout] 2 |  - type: 'logging.googleapis.com/LogEntry'
[INFO] [stdout]   |                                          ^
[INFO] [stdout]   |
[INFO] [stdout] help: if you meant to write a string literal, use double quotes
[INFO] [stdout]   |
[INFO] [stdout] 2 |  - type: "logging.googleapis.com/LogEntry"
[INFO] [stdout]   |          ~                               ~
[INFO] [stdout] 
[INFO] [stdout] error: aborting due to 2 previous errors
[INFO] [stdout] 
[INFO] [stdout] For more information about this error, try `rustc --explain E0762`.
[INFO] [stdout] Couldn't compile the test.
[INFO] [stdout] ---- src/google/google.api.rs - google_cloud_ai::google::api::ResourceDescriptor (line 973) stdout ----
[INFO] [stdout] error: statements are terminated with a semicolon
[INFO] [stdout]  --> src/google/google.api.rs:974:10
[INFO] [stdout]   |
[INFO] [stdout] 3 | resources:
[INFO] [stdout]   |          ^
[INFO] [stdout]   |
[INFO] [stdout]   = note: if you meant to annotate an expression with a type, the type ascription syntax has been removed, see issue #101728 <https://github.com/rust-lang/rust/issues/101728>
[INFO] [stdout] help: use a semicolon instead
[INFO] [stdout]   |
[INFO] [stdout] 3 | resources;
[INFO] [stdout]   |          ~
[INFO] [stdout] 
[INFO] [stdout] error: expected expression, found keyword `type`
[INFO] [stdout]  --> src/google/google.api.rs:975:4
[INFO] [stdout]   |
[INFO] [stdout] 4 |  - type: "pubsub.googleapis.com/Topic"
[INFO] [stdout]   |    ^^^^ expected expression
[INFO] [stdout] 
[INFO] [stdout] error: aborting due to 2 previous errors
[INFO] [stdout] 
[INFO] [stdout] Couldn't compile the test.
[INFO] [stdout] ---- src/google/google.api.rs - google_cloud_ai::google::api::MethodSettings::long_running (line 803) stdout ----
[INFO] [stdout] error: expected identifier, found `:`
[INFO] [stdout]  --> src/google/google.api.rs:804:11
[INFO] [stdout]   |
[INFO] [stdout] 3 | publishing:
[INFO] [stdout]   |           ^ expected identifier
[INFO] [stdout] 
[INFO] [stdout] error: aborting due to 1 previous error
[INFO] [stdout] 
[INFO] [stdout] Couldn't compile the test.
[INFO] [stdout] ---- src/google/google.api.rs - google_cloud_ai::google::api::HttpRule (line 289) stdout ----
[INFO] [stdout] error: unknown start of token: \
[INFO] [stdout]  --> src/google/google.api.rs:290:25
[INFO] [stdout]   |
[INFO] [stdout] 3 | Template = "/" Segments \[ Verb \] ;
[INFO] [stdout]   |                         ^
[INFO] [stdout] 
[INFO] [stdout] error: unknown start of token: \
[INFO] [stdout]  --> src/google/google.api.rs:290:33
[INFO] [stdout]   |
[INFO] [stdout] 3 | Template = "/" Segments \[ Verb \] ;
[INFO] [stdout]   |                                 ^
[INFO] [stdout] 
[INFO] [stdout] error: unknown start of token: \
[INFO] [stdout]  --> src/google/google.api.rs:293:27
[INFO] [stdout]   |
[INFO] [stdout] 6 |  Variable = "{" FieldPath \[ "=" Segments \] "}" ;
[INFO] [stdout]   |                           ^
[INFO] [stdout] 
[INFO] [stdout] error: unknown start of token: \
[INFO] [stdout]  --> src/google/google.api.rs:293:43
[INFO] [stdout]   |
[INFO] [stdout] 6 |  Variable = "{" FieldPath \[ "=" Segments \] "}" ;
[INFO] [stdout]   |                                           ^
[INFO] [stdout] 
[INFO] [stdout] error: expected one of `.`, `;`, `?`, `}`, or an operator, found `Segments`
[INFO] [stdout]  --> src/google/google.api.rs:290:16
[INFO] [stdout]   |
[INFO] [stdout] 3 | Template = "/" Segments \[ Verb \] ;
[INFO] [stdout]   |                ^^^^^^^^ expected one of `.`, `;`, `?`, `}`, or an operator
[INFO] [stdout] 
[INFO] [stdout] error: aborting due to 5 previous errors
[INFO] [stdout] 
[INFO] [stdout] Couldn't compile the test.
[INFO] [stdout] ---- src/google/google.api.rs - google_cloud_ai::google::api::ResourceDescriptor (line 961) stdout ----
[INFO] [stdout] error: expected one of `!`, `.`, `::`, `;`, `?`, `{`, `}`, or an operator, found `Topic`
[INFO] [stdout]  --> src/google/google.api.rs:962:9
[INFO] [stdout]   |
[INFO] [stdout] 3 | message Topic {
[INFO] [stdout]   |         ^^^^^ expected one of 8 possible tokens
[INFO] [stdout] 
[INFO] [stdout] error: aborting due to 1 previous error
[INFO] [stdout] 
[INFO] [stdout] Couldn't compile the test.
[INFO] [stdout] ---- src/google/google.api.rs - google_cloud_ai::google::api::ResourceDescriptor (line 982) stdout ----
[INFO] [stdout] error: expected one of `!`, `.`, `::`, `;`, `?`, `{`, `}`, or an operator, found `LogEntry`
[INFO] [stdout]  --> src/google/google.api.rs:983:9
[INFO] [stdout]   |
[INFO] [stdout] 3 | message LogEntry {
[INFO] [stdout]   |         ^^^^^^^^ expected one of 8 possible tokens
[INFO] [stdout] 
[INFO] [stdout] error: aborting due to 1 previous error
[INFO] [stdout] 
[INFO] [stdout] Couldn't compile the test.
[INFO] [stdout] ---- src/google/google.api.rs - google_cloud_ai::google::api::MethodSettings::selector (line 791) stdout ----
[INFO] [stdout] error: expected identifier, found `:`
[INFO] [stdout]  --> src/google/google.api.rs:792:11
[INFO] [stdout]   |
[INFO] [stdout] 3 | publishing:
[INFO] [stdout]   |           ^ expected identifier
[INFO] [stdout] 
[INFO] [stdout] error: aborting due to 1 previous error
[INFO] [stdout] 
[INFO] [stdout] Couldn't compile the test.
[INFO] [stdout] ---- src/google/google.api.rs - google_cloud_ai::google::api::ResourceDescriptor::pattern (line 1026) stdout ----
[INFO] [stdout] error[E0600]: cannot apply unary operator `-` to type `&'static str`
[INFO] [stdout]  --> src/google/google.api.rs:1027:1
[INFO] [stdout]   |
[INFO] [stdout] 3 | - "projects/{project}/topics/{topic}"
[INFO] [stdout]   | ^^^^^^^^^^^^^^^^^^^^^^^^^^^^^^^^^^^^^ cannot apply unary operator `-`
[INFO] [stdout] 
[INFO] [stdout] error: aborting due to 1 previous error
[INFO] [stdout] 
[INFO] [stdout] For more information about this error, try `rustc --explain E0600`.
[INFO] [stdout] Couldn't compile the test.
[INFO] [stdout] ---- src/google/google.api.rs - google_cloud_ai::google::api::ResourceDescriptor::history (line 1043) stdout ----
[INFO] [stdout] error: expected one of `!`, `.`, `::`, `;`, `?`, `{`, `}`, or an operator, found `InspectTemplate`
[INFO] [stdout]  --> src/google/google.api.rs:1046:9
[INFO] [stdout]   |
[INFO] [stdout] 5 | message InspectTemplate {
[INFO] [stdout]   |         ^^^^^^^^^^^^^^^ expected one of 8 possible tokens
[INFO] [stdout] 
[INFO] [stdout] error: aborting due to 1 previous error
[INFO] [stdout] 
[INFO] [stdout] Couldn't compile the test.
[INFO] [stdout] ---- src/google/google.api.rs - google_cloud_ai::google::api::ResourceReference::child_type (line 1210) stdout ----
[INFO] [stdout] error: mismatched closing delimiter: `}`
[INFO] [stdout]  --> src/google/google.api.rs:1212:22
[INFO] [stdout]   |
[INFO] [stdout] 1 |  message ListLogEntriesRequest {
[INFO] [stdout]   |                                - closing delimiter possibly meant for this
[INFO] [stdout] 2 |    string parent = 1 [(google.api.resource_reference) = {
[INFO] [stdout]   |                      ^ unclosed delimiter
[INFO] [stdout] ...
[INFO] [stdout] 5 |  }
[INFO] [stdout]   |  ^ mismatched closing delimiter
[INFO] [stdout] 
[INFO] [stdout] error: aborting due to 1 previous error
[INFO] [stdout] 
[INFO] [stdout] Couldn't compile the test.
[INFO] [stdout] ---- src/google/google.api.rs - google_cloud_ai::google::api::ResourceReference::r#type (line 1186) stdout ----
[INFO] [stdout] error: expected one of `!`, `.`, `::`, `;`, `?`, `{`, `}`, or an operator, found `Subscription`
[INFO] [stdout]  --> src/google/google.api.rs:1187:9
[INFO] [stdout]   |
[INFO] [stdout] 3 | message Subscription {
[INFO] [stdout]   |         ^^^^^^^^^^^^ expected one of 8 possible tokens
[INFO] [stdout] 
[INFO] [stdout] error: aborting due to 1 previous error
[INFO] [stdout] 
[INFO] [stdout] Couldn't compile the test.
[INFO] [stdout] ---- src/google/google.api.rs - google_cloud_ai::google::api::ResourceReference::r#type (line 1197) stdout ----
[INFO] [stdout] error: expected one of `!`, `.`, `::`, `;`, `?`, `{`, `}`, or an operator, found `GetIamPolicyRequest`
[INFO] [stdout]  --> src/google/google.api.rs:1198:9
[INFO] [stdout]   |
[INFO] [stdout] 3 | message GetIamPolicyRequest {
[INFO] [stdout]   |         ^^^^^^^^^^^^^^^^^^^ expected one of 8 possible tokens
[INFO] [stdout] 
[INFO] [stdout] error: aborting due to 1 previous error
[INFO] [stdout] 
[INFO] [stdout] Couldn't compile the test.
[INFO] [stdout] ---- src/google/google.api.rs - google_cloud_ai::google::api::ResourceDescriptor::pattern (line 1020) stdout ----
[INFO] [stdout] error: expected identifier, found `"/"`
[INFO] [stdout]  --> src/google/google.api.rs:1021:22
[INFO] [stdout]   |
[INFO] [stdout] 3 | Template = Segment { "/" Segment } ;
[INFO] [stdout]   |            -------   ^^^ expected identifier
[INFO] [stdout]   |            |
[INFO] [stdout]   |            while parsing this struct
[INFO] [stdout] 
[INFO] [stdout] error: expected one of `.`, `;`, `?`, `}`, or an operator, found `LITERAL`
[INFO] [stdout]  --> src/google/google.api.rs:1023:17
[INFO] [stdout]   |
[INFO] [stdout] 5 |  Variable = "{" LITERAL "}" ;
[INFO] [stdout]   |                 ^^^^^^^ expected one of `.`, `;`, `?`, `}`, or an operator
[INFO] [stdout] 
[INFO] [stdout] error[E0425]: cannot find value `Template` in this scope
[INFO] [stdout]  --> src/google/google.api.rs:1021:1
[INFO] [stdout]   |
[INFO] [stdout] 3 | Template = Segment { "/" Segment } ;
[INFO] [stdout]   | ^^^^^^^^
[INFO] [stdout]   |
[INFO] [stdout] help: you might have meant to introduce a new binding
[INFO] [stdout]   |
[INFO] [stdout] 3 | let Template = Segment { "/" Segment } ;
[INFO] [stdout]   | +++
[INFO] [stdout] 
[INFO] [stdout] error[E0422]: cannot find struct, variant or union type `Segment` in this scope
[INFO] [stdout]  --> src/google/google.api.rs:1021:12
[INFO] [stdout]   |
[INFO] [stdout] 3 | Template = Segment { "/" Segment } ;
[INFO] [stdout]   |            ^^^^^^^ not found in this scope
[INFO] [stdout] 
[INFO] [stdout] error[E0425]: cannot find value `Segment` in this scope
[INFO] [stdout]  --> src/google/google.api.rs:1022:2
[INFO] [stdout]   |
[INFO] [stdout] 4 |  Segment = LITERAL | Variable ;
[INFO] [stdout]   |  ^^^^^^^
[INFO] [stdout]   |
[INFO] [stdout] help: you might have meant to introduce a new binding
[INFO] [stdout]   |
[INFO] [stdout] 4 |  let Segment = LITERAL | Variable ;
[INFO] [stdout]   |  +++
[INFO] [stdout] 
[INFO] [stdout] error[E0425]: cannot find value `LITERAL` in this scope
[INFO] [stdout]  --> src/google/google.api.rs:1022:12
[INFO] [stdout]   |
[INFO] [stdout] 4 |  Segment = LITERAL | Variable ;
[INFO] [stdout]   |            ^^^^^^^ not found in this scope
[INFO] [stdout] 
[INFO] [stdout] error[E0425]: cannot find value `Variable` in this scope
[INFO] [stdout]  --> src/google/google.api.rs:1022:22
[INFO] [stdout]   |
[INFO] [stdout] 4 |  Segment = LITERAL | Variable ;
[INFO] [stdout]   |                      ^^^^^^^^ not found in this scope
[INFO] [stdout] 
[INFO] [stdout] error: aborting due to 7 previous errors
[INFO] [stdout] 
[INFO] [stdout] Some errors have detailed explanations: E0422, E0425.
[INFO] [stdout] For more information about an error, try `rustc --explain E0422`.
[INFO] [stdout] Couldn't compile the test.
[INFO] [stdout] 
[INFO] [stdout] failures:
[INFO] [stdout]     src/google/google.api.rs - google_cloud_ai::google::api::HttpRule (line 136)
[INFO] [stdout]     src/google/google.api.rs - google_cloud_ai::google::api::HttpRule (line 159)
[INFO] [stdout]     src/google/google.api.rs - google_cloud_ai::google::api::HttpRule (line 192)
[INFO] [stdout]     src/google/google.api.rs - google_cloud_ai::google::api::HttpRule (line 217)
[INFO] [stdout]     src/google/google.api.rs - google_cloud_ai::google::api::HttpRule (line 245)
[INFO] [stdout]     src/google/google.api.rs - google_cloud_ai::google::api::HttpRule (line 289)
[INFO] [stdout]     src/google/google.api.rs - google_cloud_ai::google::api::HttpRule (line 343)
[INFO] [stdout]     src/google/google.api.rs - google_cloud_ai::google::api::MethodSettings::auto_populated_fields (line 819)
[INFO] [stdout]     src/google/google.api.rs - google_cloud_ai::google::api::MethodSettings::long_running (line 803)
[INFO] [stdout]     src/google/google.api.rs - google_cloud_ai::google::api::MethodSettings::selector (line 791)
[INFO] [stdout]     src/google/google.api.rs - google_cloud_ai::google::api::ResourceDescriptor (line 961)
[INFO] [stdout]     src/google/google.api.rs - google_cloud_ai::google::api::ResourceDescriptor (line 973)
[INFO] [stdout]     src/google/google.api.rs - google_cloud_ai::google::api::ResourceDescriptor (line 982)
[INFO] [stdout]     src/google/google.api.rs - google_cloud_ai::google::api::ResourceDescriptor (line 994)
[INFO] [stdout]     src/google/google.api.rs - google_cloud_ai::google::api::ResourceDescriptor::history (line 1043)
[INFO] [stdout]     src/google/google.api.rs - google_cloud_ai::google::api::ResourceDescriptor::pattern (line 1020)
[INFO] [stdout]     src/google/google.api.rs - google_cloud_ai::google::api::ResourceDescriptor::pattern (line 1026)
[INFO] [stdout]     src/google/google.api.rs - google_cloud_ai::google::api::ResourceReference::child_type (line 1210)
[INFO] [stdout]     src/google/google.api.rs - google_cloud_ai::google::api::ResourceReference::r#type (line 1186)
[INFO] [stdout]     src/google/google.api.rs - google_cloud_ai::google::api::ResourceReference::r#type (line 1197)
[INFO] [stdout] 
[INFO] [stdout] test result: FAILED. 0 passed; 20 failed; 0 ignored; 0 measured; 0 filtered out; finished in 0.71s
[INFO] [stdout] 
[INFO] [stderr] error: doctest failed, to rerun pass `--doc`
[INFO] running `Command { std: "docker" "inspect" "59a59ad90dbf8f9fd8d1f5055dfa11850750716f2adae36d9e533ea6049f8fac", kill_on_drop: false }`
[INFO] running `Command { std: "docker" "rm" "-f" "59a59ad90dbf8f9fd8d1f5055dfa11850750716f2adae36d9e533ea6049f8fac", kill_on_drop: false }`
[INFO] [stdout] 59a59ad90dbf8f9fd8d1f5055dfa11850750716f2adae36d9e533ea6049f8fac
