[INFO] fetching crate genai 0.1.17...
[INFO] testing genai-0.1.17 against nightly-2025-01-18 for randomize-layout-2
[INFO] extracting crate genai 0.1.17 into /workspace/builds/worker-7-tc1/source
[INFO] validating manifest of crates.io crate genai 0.1.17 on toolchain nightly-2025-01-18
[INFO] running `Command { std: CARGO_HOME="/workspace/cargo-home" RUSTUP_HOME="/workspace/rustup-home" "/workspace/cargo-home/bin/cargo" "+nightly-2025-01-18" "metadata" "--manifest-path" "Cargo.toml" "--no-deps", kill_on_drop: false }`
[INFO] started tweaking crates.io crate genai 0.1.17
[INFO] removed 0 missing examples
[INFO] removed 0 missing tests
[INFO] finished tweaking crates.io crate genai 0.1.17
[INFO] tweaked toml for crates.io crate genai 0.1.17 written to /workspace/builds/worker-7-tc1/source/Cargo.toml
[INFO] crate crates.io crate genai 0.1.17 already has a lockfile, it will not be regenerated
[INFO] running `Command { std: CARGO_HOME="/workspace/cargo-home" RUSTUP_HOME="/workspace/rustup-home" "/workspace/cargo-home/bin/cargo" "+nightly-2025-01-18" "fetch" "--manifest-path" "Cargo.toml", kill_on_drop: false }`
[INFO] [stderr]     Updating crates.io index
[INFO] [stderr]  Downloading crates ...
[INFO] [stderr]   Downloaded serde_derive v1.0.214
[INFO] [stderr]   Downloaded wasm-bindgen-shared v0.2.95
[INFO] [stderr]   Downloaded sync_wrapper v1.0.1
[INFO] [stderr]   Downloaded wasm-bindgen-macro v0.2.95
[INFO] [stderr]   Downloaded tokio-stream v0.1.16
[INFO] [stderr]   Downloaded value-ext v0.0.3
[INFO] [stderr]   Downloaded security-framework-sys v2.12.0
[INFO] [stderr]   Downloaded wasm-bindgen-macro-support v0.2.95
[INFO] [stderr]   Downloaded wasm-bindgen-futures v0.4.45
[INFO] [stderr]   Downloaded futures-timer v3.0.3
[INFO] [stderr]   Downloaded eventsource-stream v0.2.3
[INFO] [stderr]   Downloaded thiserror-impl v1.0.66
[INFO] [stderr]   Downloaded reqwest-eventsource v0.6.0
[INFO] [stderr]   Downloaded wasm-bindgen-backend v0.2.95
[INFO] [stderr]   Downloaded sdd v3.0.4
[INFO] [stderr]   Downloaded tempfile v3.13.0
[INFO] [stderr]   Downloaded thiserror v1.0.66
[INFO] [stderr]   Downloaded wasm-streams v0.4.2
[INFO] [stderr]   Downloaded proc-macro2 v1.0.89
[INFO] [stderr]   Downloaded wasm-bindgen v0.2.95
[INFO] [stderr]   Downloaded js-sys v0.3.72
[INFO] [stderr]   Downloaded schannel v0.1.26
[INFO] [stderr]   Downloaded bytes v1.8.0
[INFO] [stderr]   Downloaded unicode-bidi v0.3.17
[INFO] [stderr]   Downloaded serde v1.0.214
[INFO] [stderr]   Downloaded indexmap v2.6.0
[INFO] [stderr]   Downloaded rustls-pki-types v1.10.0
[INFO] [stderr]   Downloaded cc v1.1.31
[INFO] [stderr]   Downloaded redox_syscall v0.5.7
[INFO] [stderr]   Downloaded tokio-util v0.7.12
[INFO] [stderr]   Downloaded hyper v1.5.0
[INFO] [stderr]   Downloaded hashbrown v0.15.0
[INFO] [stderr]   Downloaded scc v2.2.5
[INFO] [stderr]   Downloaded h2 v0.4.6
[INFO] [stderr]   Downloaded serde_json v1.0.132
[INFO] [stderr]   Downloaded syn v2.0.86
[INFO] [stderr]   Downloaded rustls v0.23.16
[INFO] [stderr]   Downloaded rustix v0.38.38
[INFO] [stderr]   Downloaded web-sys v0.3.72
[INFO] [stderr]   Downloaded tokio v1.41.0
[INFO] [stderr]   Downloaded libc v0.2.161
[INFO] running `Command { std: "docker" "create" "-v" "/var/lib/crater-agent-workspace/builds/worker-7-tc1/target:/opt/rustwide/target:rw,Z" "-v" "/var/lib/crater-agent-workspace/builds/worker-7-tc1/source:/opt/rustwide/workdir:ro,Z" "-v" "/var/lib/crater-agent-workspace/cargo-home:/opt/rustwide/cargo-home:ro,Z" "-v" "/var/lib/crater-agent-workspace/rustup-home:/opt/rustwide/rustup-home:ro,Z" "-e" "SOURCE_DIR=/opt/rustwide/workdir" "-e" "CARGO_TARGET_DIR=/opt/rustwide/target" "-e" "CARGO_HOME=/opt/rustwide/cargo-home" "-e" "RUSTUP_HOME=/opt/rustwide/rustup-home" "-w" "/opt/rustwide/workdir" "-m" "1610612736" "--user" "0:0" "--network" "none" "ghcr.io/rust-lang/crates-build-env/linux@sha256:819108c5571ea2e421544af4d832f968d213c87fbe3707a016657f43d2f853bc" "/opt/rustwide/cargo-home/bin/cargo" "+nightly-2025-01-18" "metadata" "--no-deps" "--format-version=1", kill_on_drop: false }`
[INFO] [stdout] c232bdfc1d8340bb40f4a72d250b720ad2722afe6e08fb2da40ea7478280fbff
[INFO] running `Command { std: "docker" "start" "-a" "c232bdfc1d8340bb40f4a72d250b720ad2722afe6e08fb2da40ea7478280fbff", kill_on_drop: false }`
[INFO] running `Command { std: "docker" "inspect" "c232bdfc1d8340bb40f4a72d250b720ad2722afe6e08fb2da40ea7478280fbff", kill_on_drop: false }`
[INFO] running `Command { std: "docker" "rm" "-f" "c232bdfc1d8340bb40f4a72d250b720ad2722afe6e08fb2da40ea7478280fbff", kill_on_drop: false }`
[INFO] [stdout] c232bdfc1d8340bb40f4a72d250b720ad2722afe6e08fb2da40ea7478280fbff
[INFO] running `Command { std: "docker" "create" "-v" "/var/lib/crater-agent-workspace/builds/worker-7-tc1/target:/opt/rustwide/target:rw,Z" "-v" "/var/lib/crater-agent-workspace/builds/worker-7-tc1/source:/opt/rustwide/workdir:ro,Z" "-v" "/var/lib/crater-agent-workspace/cargo-home:/opt/rustwide/cargo-home:ro,Z" "-v" "/var/lib/crater-agent-workspace/rustup-home:/opt/rustwide/rustup-home:ro,Z" "-e" "SOURCE_DIR=/opt/rustwide/workdir" "-e" "CARGO_TARGET_DIR=/opt/rustwide/target" "-e" "CARGO_INCREMENTAL=0" "-e" "RUST_BACKTRACE=full" "-e" "RUSTFLAGS=--cap-lints=forbid" "-e" "RUSTDOCFLAGS=--cap-lints=forbid" "-e" "CARGO_HOME=/opt/rustwide/cargo-home" "-e" "RUSTUP_HOME=/opt/rustwide/rustup-home" "-w" "/opt/rustwide/workdir" "-m" "1610612736" "--user" "0:0" "--network" "none" "ghcr.io/rust-lang/crates-build-env/linux@sha256:819108c5571ea2e421544af4d832f968d213c87fbe3707a016657f43d2f853bc" "/opt/rustwide/cargo-home/bin/cargo" "+nightly-2025-01-18" "build" "--frozen" "--message-format=json", kill_on_drop: false }`
[INFO] [stdout] c18b5453d1f134bf08d595cfd2fb5aa07221cb6b4a10aff5920e5f2ce362221b
[INFO] running `Command { std: "docker" "start" "-a" "c18b5453d1f134bf08d595cfd2fb5aa07221cb6b4a10aff5920e5f2ce362221b", kill_on_drop: false }`
[INFO] [stderr]    Compiling proc-macro2 v1.0.89
[INFO] [stderr]    Compiling unicode-ident v1.0.13
[INFO] [stderr]    Compiling libc v0.2.161
[INFO] [stderr]    Compiling pin-project-lite v0.2.15
[INFO] [stderr]    Compiling futures-core v0.3.31
[INFO] [stderr]    Compiling parking_lot_core v0.9.10
[INFO] [stderr]    Compiling lock_api v0.4.12
[INFO] [stderr]    Compiling bytes v1.8.0
[INFO] [stderr]    Compiling smallvec v1.13.2
[INFO] [stderr]    Compiling futures-sink v0.3.31
[INFO] [stderr]    Compiling itoa v1.0.11
[INFO] [stderr]    Compiling cc v1.1.31
[INFO] [stderr]    Compiling vcpkg v0.2.15
[INFO] [stderr]    Compiling futures-channel v0.3.31
[INFO] [stderr]    Compiling tracing-core v0.1.32
[INFO] [stderr]    Compiling equivalent v1.0.1
[INFO] [stderr]    Compiling http v1.1.0
[INFO] [stderr]    Compiling serde v1.0.214
[INFO] [stderr]    Compiling openssl v0.10.68
[INFO] [stderr]    Compiling hashbrown v0.15.0
[INFO] [stderr]    Compiling httparse v1.9.5
[INFO] [stderr]    Compiling quote v1.0.37
[INFO] [stderr]    Compiling http-body v1.0.1
[INFO] [stderr]    Compiling tracing v0.1.40
[INFO] [stderr]    Compiling native-tls v0.2.12
[INFO] [stderr]    Compiling syn v2.0.86
[INFO] [stderr]    Compiling atomic-waker v1.1.2
[INFO] [stderr]    Compiling try-lock v0.2.5
[INFO] [stderr]    Compiling bitflags v2.6.0
[INFO] [stderr]    Compiling tinyvec v1.8.0
[INFO] [stderr]    Compiling want v0.3.1
[INFO] [stderr]    Compiling socket2 v0.5.7
[INFO] [stderr]    Compiling mio v1.0.2
[INFO] [stderr]    Compiling signal-hook-registry v1.4.2
[INFO] [stderr]    Compiling parking_lot v0.12.3
[INFO] [stderr]    Compiling indexmap v2.6.0
[INFO] [stderr]    Compiling openssl-sys v0.9.104
[INFO] [stderr]    Compiling percent-encoding v2.3.1
[INFO] [stderr]    Compiling serde_json v1.0.132
[INFO] [stderr]    Compiling log v0.4.22
[INFO] [stderr]    Compiling unicode-normalization v0.1.24
[INFO] [stderr]    Compiling form_urlencoded v1.2.1
[INFO] [stderr]    Compiling unicode-bidi v0.3.17
[INFO] [stderr]    Compiling tower-service v0.3.3
[INFO] [stderr]    Compiling rustls-pki-types v1.10.0
[INFO] [stderr]    Compiling unicode-xid v0.2.6
[INFO] [stderr]    Compiling thiserror v1.0.66
[INFO] [stderr]    Compiling nom v7.1.3
[INFO] [stderr]    Compiling sync_wrapper v1.0.1
[INFO] [stderr]    Compiling encoding_rs v0.8.35
[INFO] [stderr]    Compiling ipnet v2.10.1
[INFO] [stderr]    Compiling idna v0.5.0
[INFO] [stderr]    Compiling rustls-pemfile v2.2.0
[INFO] [stderr]    Compiling mime v0.3.17
[INFO] [stderr]    Compiling base64 v0.22.1
[INFO] [stderr]    Compiling futures-timer v3.0.3
[INFO] [stderr]    Compiling url v2.5.2
[INFO] [stderr]    Compiling eventsource-stream v0.2.3
[INFO] [stderr]    Compiling tokio-macros v2.4.0
[INFO] [stderr]    Compiling futures-macro v0.3.31
[INFO] [stderr]    Compiling serde_derive v1.0.214
[INFO] [stderr]    Compiling openssl-macros v0.1.1
[INFO] [stderr]    Compiling thiserror-impl v1.0.66
[INFO] [stderr]    Compiling derive_more-impl v1.0.0
[INFO] [stderr]    Compiling tokio v1.41.0
[INFO] [stderr]    Compiling futures-util v0.3.31
[INFO] [stderr]    Compiling derive_more v1.0.0
[INFO] [stderr]    Compiling http-body-util v0.1.2
[INFO] [stderr]    Compiling futures-executor v0.3.31
[INFO] [stderr]    Compiling futures v0.3.31
[INFO] [stderr]    Compiling tokio-util v0.7.12
[INFO] [stderr]    Compiling tokio-native-tls v0.3.1
[INFO] [stderr]    Compiling tokio-stream v0.1.16
[INFO] [stderr]    Compiling h2 v0.4.6
[INFO] [stderr]    Compiling serde_urlencoded v0.7.1
[INFO] [stderr]    Compiling value-ext v0.0.3
[INFO] [stderr]    Compiling hyper v1.5.0
[INFO] [stderr]    Compiling hyper-util v0.1.10
[INFO] [stderr]    Compiling hyper-tls v0.6.0
[INFO] [stderr]    Compiling reqwest v0.12.9
[INFO] [stderr]    Compiling reqwest-eventsource v0.6.0
[INFO] [stderr]    Compiling genai v0.1.17 (/opt/rustwide/workdir)
[INFO] [stderr]     Finished `dev` profile [unoptimized + debuginfo] target(s) in 1m 15s
[INFO] running `Command { std: "docker" "inspect" "c18b5453d1f134bf08d595cfd2fb5aa07221cb6b4a10aff5920e5f2ce362221b", kill_on_drop: false }`
[INFO] running `Command { std: "docker" "rm" "-f" "c18b5453d1f134bf08d595cfd2fb5aa07221cb6b4a10aff5920e5f2ce362221b", kill_on_drop: false }`
[INFO] [stdout] c18b5453d1f134bf08d595cfd2fb5aa07221cb6b4a10aff5920e5f2ce362221b
[INFO] running `Command { std: "docker" "create" "-v" "/var/lib/crater-agent-workspace/builds/worker-7-tc1/target:/opt/rustwide/target:rw,Z" "-v" "/var/lib/crater-agent-workspace/builds/worker-7-tc1/source:/opt/rustwide/workdir:ro,Z" "-v" "/var/lib/crater-agent-workspace/cargo-home:/opt/rustwide/cargo-home:ro,Z" "-v" "/var/lib/crater-agent-workspace/rustup-home:/opt/rustwide/rustup-home:ro,Z" "-e" "SOURCE_DIR=/opt/rustwide/workdir" "-e" "CARGO_TARGET_DIR=/opt/rustwide/target" "-e" "CARGO_INCREMENTAL=0" "-e" "RUST_BACKTRACE=full" "-e" "RUSTFLAGS=--cap-lints=forbid" "-e" "RUSTDOCFLAGS=--cap-lints=forbid" "-e" "CARGO_HOME=/opt/rustwide/cargo-home" "-e" "RUSTUP_HOME=/opt/rustwide/rustup-home" "-w" "/opt/rustwide/workdir" "-m" "1610612736" "--user" "0:0" "--network" "none" "ghcr.io/rust-lang/crates-build-env/linux@sha256:819108c5571ea2e421544af4d832f968d213c87fbe3707a016657f43d2f853bc" "/opt/rustwide/cargo-home/bin/cargo" "+nightly-2025-01-18" "test" "--frozen" "--no-run" "--message-format=json", kill_on_drop: false }`
[INFO] [stdout] a0e4f66f56d4f46e67352e671f7723128573065534fec1c76e9b5d4fd4aee374
[INFO] running `Command { std: "docker" "start" "-a" "a0e4f66f56d4f46e67352e671f7723128573065534fec1c76e9b5d4fd4aee374", kill_on_drop: false }`
[INFO] [stderr]    Compiling sdd v3.0.4
[INFO] [stderr]    Compiling serial_test_derive v3.2.0
[INFO] [stderr]    Compiling base64 v0.21.7
[INFO] [stderr]    Compiling scc v2.2.5
[INFO] [stderr]    Compiling serial_test v3.2.0
[INFO] [stderr]    Compiling genai v0.1.17 (/opt/rustwide/workdir)
[INFO] [stderr]     Finished `test` profile [unoptimized + debuginfo] target(s) in 25.30s
[INFO] running `Command { std: "docker" "inspect" "a0e4f66f56d4f46e67352e671f7723128573065534fec1c76e9b5d4fd4aee374", kill_on_drop: false }`
[INFO] running `Command { std: "docker" "rm" "-f" "a0e4f66f56d4f46e67352e671f7723128573065534fec1c76e9b5d4fd4aee374", kill_on_drop: false }`
[INFO] [stdout] a0e4f66f56d4f46e67352e671f7723128573065534fec1c76e9b5d4fd4aee374
[INFO] running `Command { std: "docker" "create" "-v" "/var/lib/crater-agent-workspace/builds/worker-7-tc1/target:/opt/rustwide/target:rw,Z" "-v" "/var/lib/crater-agent-workspace/builds/worker-7-tc1/source:/opt/rustwide/workdir:ro,Z" "-v" "/var/lib/crater-agent-workspace/cargo-home:/opt/rustwide/cargo-home:ro,Z" "-v" "/var/lib/crater-agent-workspace/rustup-home:/opt/rustwide/rustup-home:ro,Z" "-e" "SOURCE_DIR=/opt/rustwide/workdir" "-e" "CARGO_TARGET_DIR=/opt/rustwide/target" "-e" "CARGO_INCREMENTAL=0" "-e" "RUST_BACKTRACE=full" "-e" "RUSTFLAGS=--cap-lints=forbid" "-e" "RUSTDOCFLAGS=--cap-lints=forbid" "-e" "CARGO_HOME=/opt/rustwide/cargo-home" "-e" "RUSTUP_HOME=/opt/rustwide/rustup-home" "-w" "/opt/rustwide/workdir" "-m" "1610612736" "--user" "0:0" "--network" "none" "ghcr.io/rust-lang/crates-build-env/linux@sha256:819108c5571ea2e421544af4d832f968d213c87fbe3707a016657f43d2f853bc" "/opt/rustwide/cargo-home/bin/cargo" "+nightly-2025-01-18" "test" "--frozen", kill_on_drop: false }`
[INFO] [stdout] 160b798db5d76a14d7f2c1350c054cddbcc4a3f0fecb85bba5ed94267ce7fb2a
[INFO] running `Command { std: "docker" "start" "-a" "160b798db5d76a14d7f2c1350c054cddbcc4a3f0fecb85bba5ed94267ce7fb2a", kill_on_drop: false }`
[INFO] [stderr]     Finished `test` profile [unoptimized + debuginfo] target(s) in 0.28s
[INFO] [stderr]      Running unittests src/lib.rs (/opt/rustwide/target/debug/deps/genai-e55231a1ae3a2df0)
[INFO] [stdout] 
[INFO] [stdout] running 0 tests
[INFO] [stdout] 
[INFO] [stdout] test result: ok. 0 passed; 0 failed; 0 ignored; 0 measured; 0 filtered out; finished in 0.00s
[INFO] [stdout] 
[INFO] [stderr]      Running tests/tests_p_anthropic.rs (/opt/rustwide/target/debug/deps/tests_p_anthropic-485f4221bfb3b1d1)
[INFO] [stdout] 
[INFO] [stdout] running 14 tests
[INFO] [stdout] test support::asserts::tests::test_assert_contains ... ok
[INFO] [stdout] test test_chat_json_mode_ok ... FAILED
[INFO] [stdout] test test_chat_multi_system_ok ... FAILED
[INFO] [stdout] test test_chat_image_b64_ok ... FAILED
[INFO] [stdout] test test_list_models ... ok
[INFO] [stdout] test test_chat_temperature_ok ... FAILED
[INFO] [stdout] test test_tool_full_flow_ok ... FAILED
[INFO] [stdout] test test_tool_simple_ok ... FAILED
[INFO] [stdout] test test_chat_stream_simple_ok ... FAILED
[INFO] [stdout] test test_chat_stop_sequences_ok ... FAILED
[INFO] [stdout] test test_resolver_auth_ok ... FAILED
[INFO] [stdout] test test_chat_stream_capture_all_ok ... FAILED
[INFO] [stdout] test test_chat_stream_capture_content_ok ... FAILED
[INFO] [stderr] error: test failed, to rerun pass `--test tests_p_anthropic`
[INFO] [stdout] test test_chat_simple_ok ... FAILED
[INFO] [stdout] 
[INFO] [stdout] failures:
[INFO] [stdout] 
[INFO] [stdout] ---- test_chat_json_mode_ok stdout ----
[INFO] [stdout] Error: Resolver { model_iden: ModelIden { adapter_kind: Anthropic, model_name: ModelName("claude-3-haiku-20240307") }, resolver_error: ApiKeyEnvNotFound { env_name: "ANTHROPIC_API_KEY" } }
[INFO] [stdout] 
[INFO] [stdout] ---- test_chat_multi_system_ok stdout ----
[INFO] [stdout] Error: Resolver { model_iden: ModelIden { adapter_kind: Anthropic, model_name: ModelName("claude-3-haiku-20240307") }, resolver_error: ApiKeyEnvNotFound { env_name: "ANTHROPIC_API_KEY" } }
[INFO] [stdout] 
[INFO] [stdout] ---- test_chat_image_b64_ok stdout ----
[INFO] [stdout] Error: Resolver { model_iden: ModelIden { adapter_kind: Anthropic, model_name: ModelName("claude-3-haiku-20240307") }, resolver_error: ApiKeyEnvNotFound { env_name: "ANTHROPIC_API_KEY" } }
[INFO] [stdout] 
[INFO] [stdout] ---- test_chat_temperature_ok stdout ----
[INFO] [stdout] Error: Resolver { model_iden: ModelIden { adapter_kind: Anthropic, model_name: ModelName("claude-3-haiku-20240307") }, resolver_error: ApiKeyEnvNotFound { env_name: "ANTHROPIC_API_KEY" } }
[INFO] [stdout] 
[INFO] [stdout] ---- test_tool_full_flow_ok stdout ----
[INFO] [stdout] Error: Resolver { model_iden: ModelIden { adapter_kind: Anthropic, model_name: ModelName("claude-3-haiku-20240307") }, resolver_error: ApiKeyEnvNotFound { env_name: "ANTHROPIC_API_KEY" } }
[INFO] [stdout] 
[INFO] [stdout] ---- test_tool_simple_ok stdout ----
[INFO] [stdout] Error: Resolver { model_iden: ModelIden { adapter_kind: Anthropic, model_name: ModelName("claude-3-haiku-20240307") }, resolver_error: ApiKeyEnvNotFound { env_name: "ANTHROPIC_API_KEY" } }
[INFO] [stdout] 
[INFO] [stdout] ---- test_chat_stream_simple_ok stdout ----
[INFO] [stdout] Error: Resolver { model_iden: ModelIden { adapter_kind: Anthropic, model_name: ModelName("claude-3-haiku-20240307") }, resolver_error: ApiKeyEnvNotFound { env_name: "ANTHROPIC_API_KEY" } }
[INFO] [stdout] 
[INFO] [stdout] ---- test_chat_stop_sequences_ok stdout ----
[INFO] [stdout] Error: Resolver { model_iden: ModelIden { adapter_kind: Anthropic, model_name: ModelName("claude-3-haiku-20240307") }, resolver_error: ApiKeyEnvNotFound { env_name: "ANTHROPIC_API_KEY" } }
[INFO] [stdout] 
[INFO] [stdout] ---- test_resolver_auth_ok stdout ----
[INFO] [stdout] Error: Resolver { model_iden: ModelIden { adapter_kind: Anthropic, model_name: ModelName("claude-3-haiku-20240307") }, resolver_error: ApiKeyEnvNotFound { env_name: "ANTHROPIC_API_KEY" } }
[INFO] [stdout] 
[INFO] [stdout] ---- test_chat_stream_capture_all_ok stdout ----
[INFO] [stdout] Error: Resolver { model_iden: ModelIden { adapter_kind: Anthropic, model_name: ModelName("claude-3-haiku-20240307") }, resolver_error: ApiKeyEnvNotFound { env_name: "ANTHROPIC_API_KEY" } }
[INFO] [stdout] 
[INFO] [stdout] ---- test_chat_stream_capture_content_ok stdout ----
[INFO] [stdout] Error: Resolver { model_iden: ModelIden { adapter_kind: Anthropic, model_name: ModelName("claude-3-haiku-20240307") }, resolver_error: ApiKeyEnvNotFound { env_name: "ANTHROPIC_API_KEY" } }
[INFO] [stdout] 
[INFO] [stdout] ---- test_chat_simple_ok stdout ----
[INFO] [stdout] Error: Resolver { model_iden: ModelIden { adapter_kind: Anthropic, model_name: ModelName("claude-3-haiku-20240307") }, resolver_error: ApiKeyEnvNotFound { env_name: "ANTHROPIC_API_KEY" } }
[INFO] [stdout] 
[INFO] [stdout] 
[INFO] [stdout] failures:
[INFO] [stdout]     test_chat_image_b64_ok
[INFO] [stdout]     test_chat_json_mode_ok
[INFO] [stdout]     test_chat_multi_system_ok
[INFO] [stdout]     test_chat_simple_ok
[INFO] [stdout]     test_chat_stop_sequences_ok
[INFO] [stdout]     test_chat_stream_capture_all_ok
[INFO] [stdout]     test_chat_stream_capture_content_ok
[INFO] [stdout]     test_chat_stream_simple_ok
[INFO] [stdout]     test_chat_temperature_ok
[INFO] [stdout]     test_resolver_auth_ok
[INFO] [stdout]     test_tool_full_flow_ok
[INFO] [stdout]     test_tool_simple_ok
[INFO] [stdout] 
[INFO] [stdout] test result: FAILED. 2 passed; 12 failed; 0 ignored; 0 measured; 0 filtered out; finished in 1.49s
[INFO] [stdout] 
[INFO] running `Command { std: "docker" "inspect" "160b798db5d76a14d7f2c1350c054cddbcc4a3f0fecb85bba5ed94267ce7fb2a", kill_on_drop: false }`
[INFO] running `Command { std: "docker" "rm" "-f" "160b798db5d76a14d7f2c1350c054cddbcc4a3f0fecb85bba5ed94267ce7fb2a", kill_on_drop: false }`
[INFO] [stdout] 160b798db5d76a14d7f2c1350c054cddbcc4a3f0fecb85bba5ed94267ce7fb2a
