[INFO] fetching crate gemini-rs 0.4.2...
[INFO] testing gemini-rs-0.4.2 against nightly-2025-01-18+rustflags=-Zrandomize-layout for randomize-layout-2
[INFO] extracting crate gemini-rs 0.4.2 into /workspace/builds/worker-0-tc2/source
[INFO] validating manifest of crates.io crate gemini-rs 0.4.2 on toolchain nightly-2025-01-18
[INFO] running `Command { std: CARGO_HOME="/workspace/cargo-home" RUSTUP_HOME="/workspace/rustup-home" "/workspace/cargo-home/bin/cargo" "+nightly-2025-01-18" "metadata" "--manifest-path" "Cargo.toml" "--no-deps", kill_on_drop: false }`
[INFO] started tweaking crates.io crate gemini-rs 0.4.2
[INFO] finished tweaking crates.io crate gemini-rs 0.4.2
[INFO] tweaked toml for crates.io crate gemini-rs 0.4.2 written to /workspace/builds/worker-0-tc2/source/Cargo.toml
[INFO] crate crates.io crate gemini-rs 0.4.2 already has a lockfile, it will not be regenerated
[INFO] running `Command { std: CARGO_HOME="/workspace/cargo-home" RUSTUP_HOME="/workspace/rustup-home" "/workspace/cargo-home/bin/cargo" "+nightly-2025-01-18" "fetch" "--manifest-path" "Cargo.toml", kill_on_drop: false }`
[INFO] [stderr]     Blocking waiting for file lock on package cache
[INFO] running `Command { std: "docker" "create" "-v" "/var/lib/crater-agent-workspace/builds/worker-0-tc2/target:/opt/rustwide/target:rw,Z" "-v" "/var/lib/crater-agent-workspace/builds/worker-0-tc2/source:/opt/rustwide/workdir:ro,Z" "-v" "/var/lib/crater-agent-workspace/cargo-home:/opt/rustwide/cargo-home:ro,Z" "-v" "/var/lib/crater-agent-workspace/rustup-home:/opt/rustwide/rustup-home:ro,Z" "-e" "SOURCE_DIR=/opt/rustwide/workdir" "-e" "CARGO_TARGET_DIR=/opt/rustwide/target" "-e" "CARGO_HOME=/opt/rustwide/cargo-home" "-e" "RUSTUP_HOME=/opt/rustwide/rustup-home" "-w" "/opt/rustwide/workdir" "-m" "1610612736" "--user" "0:0" "--network" "none" "ghcr.io/rust-lang/crates-build-env/linux@sha256:819108c5571ea2e421544af4d832f968d213c87fbe3707a016657f43d2f853bc" "/opt/rustwide/cargo-home/bin/cargo" "+nightly-2025-01-18" "metadata" "--no-deps" "--format-version=1", kill_on_drop: false }`
[INFO] [stdout] 5879cdd8d52dd077f40cc16a130c806dfad5376cef215e59586a2dbc75252c26
[INFO] running `Command { std: "docker" "start" "-a" "5879cdd8d52dd077f40cc16a130c806dfad5376cef215e59586a2dbc75252c26", kill_on_drop: false }`
[INFO] running `Command { std: "docker" "inspect" "5879cdd8d52dd077f40cc16a130c806dfad5376cef215e59586a2dbc75252c26", kill_on_drop: false }`
[INFO] running `Command { std: "docker" "rm" "-f" "5879cdd8d52dd077f40cc16a130c806dfad5376cef215e59586a2dbc75252c26", kill_on_drop: false }`
[INFO] [stdout] 5879cdd8d52dd077f40cc16a130c806dfad5376cef215e59586a2dbc75252c26
[INFO] running `Command { std: "docker" "create" "-v" "/var/lib/crater-agent-workspace/builds/worker-0-tc2/target:/opt/rustwide/target:rw,Z" "-v" "/var/lib/crater-agent-workspace/builds/worker-0-tc2/source:/opt/rustwide/workdir:ro,Z" "-v" "/var/lib/crater-agent-workspace/cargo-home:/opt/rustwide/cargo-home:ro,Z" "-v" "/var/lib/crater-agent-workspace/rustup-home:/opt/rustwide/rustup-home:ro,Z" "-e" "SOURCE_DIR=/opt/rustwide/workdir" "-e" "CARGO_TARGET_DIR=/opt/rustwide/target" "-e" "CARGO_INCREMENTAL=0" "-e" "RUST_BACKTRACE=full" "-e" "RUSTFLAGS=--cap-lints=forbid -Zrandomize-layout" "-e" "RUSTDOCFLAGS=--cap-lints=forbid" "-e" "CARGO_HOME=/opt/rustwide/cargo-home" "-e" "RUSTUP_HOME=/opt/rustwide/rustup-home" "-w" "/opt/rustwide/workdir" "-m" "1610612736" "--user" "0:0" "--network" "none" "ghcr.io/rust-lang/crates-build-env/linux@sha256:819108c5571ea2e421544af4d832f968d213c87fbe3707a016657f43d2f853bc" "/opt/rustwide/cargo-home/bin/cargo" "+nightly-2025-01-18" "build" "--frozen" "--message-format=json", kill_on_drop: false }`
[INFO] [stdout] dc0bc9d22fe3dde836f4d7a60b3cc5ad56fa9d063d74ac712b6d0a6a94ddf368
[INFO] running `Command { std: "docker" "start" "-a" "dc0bc9d22fe3dde836f4d7a60b3cc5ad56fa9d063d74ac712b6d0a6a94ddf368", kill_on_drop: false }`
[INFO] [stderr]    Compiling libc v0.2.161
[INFO] [stderr]    Compiling proc-macro2 v1.0.89
[INFO] [stderr]    Compiling unicode-ident v1.0.13
[INFO] [stderr]    Compiling pin-project-lite v0.2.15
[INFO] [stderr]    Compiling bytes v1.8.0
[INFO] [stderr]    Compiling parking_lot_core v0.9.10
[INFO] [stderr]    Compiling vcpkg v0.2.15
[INFO] [stderr]    Compiling smallvec v1.13.2
[INFO] [stderr]    Compiling pkg-config v0.3.31
[INFO] [stderr]    Compiling itoa v1.0.11
[INFO] [stderr]    Compiling lock_api v0.4.12
[INFO] [stderr]    Compiling cc v1.1.31
[INFO] [stderr]    Compiling tracing-core v0.1.32
[INFO] [stderr]    Compiling openssl v0.10.68
[INFO] [stderr]    Compiling hashbrown v0.15.0
[INFO] [stderr]    Compiling foreign-types-shared v0.1.1
[INFO] [stderr]    Compiling futures-task v0.3.31
[INFO] [stderr]    Compiling foreign-types v0.3.2
[INFO] [stderr]    Compiling atomic-waker v1.1.2
[INFO] [stderr]    Compiling futures-util v0.3.31
[INFO] [stderr]    Compiling native-tls v0.2.12
[INFO] [stderr]    Compiling bitflags v2.6.0
[INFO] [stderr]    Compiling tinyvec v1.8.0
[INFO] [stderr]    Compiling serde v1.0.214
[INFO] [stderr]    Compiling form_urlencoded v1.2.1
[INFO] [stderr]    Compiling unicode-bidi v0.3.17
[INFO] [stderr]    Compiling rustls-pki-types v1.10.0
[INFO] [stderr]    Compiling ryu v1.0.18
[INFO] [stderr]    Compiling http v1.1.0
[INFO] [stderr]    Compiling indexmap v2.6.0
[INFO] [stderr]    Compiling thiserror v1.0.66
[INFO] [stderr]    Compiling quote v1.0.37
[INFO] [stderr]    Compiling encoding_rs v0.8.35
[INFO] [stderr]    Compiling syn v2.0.86
[INFO] [stderr]    Compiling tracing v0.1.40
[INFO] [stderr]    Compiling unicode-normalization v0.1.24
[INFO] [stderr]    Compiling rustls-pemfile v2.2.0
[INFO] [stderr]    Compiling sync_wrapper v1.0.1
[INFO] [stderr]    Compiling ipnet v2.10.1
[INFO] [stderr]    Compiling base64 v0.22.1
[INFO] [stderr]    Compiling mime v0.3.17
[INFO] [stderr]    Compiling json v0.12.4
[INFO] [stderr]    Compiling signal-hook-registry v1.4.2
[INFO] [stderr]    Compiling mio v1.0.2
[INFO] [stderr]    Compiling socket2 v0.5.7
[INFO] [stderr]    Compiling openssl-sys v0.9.104
[INFO] [stderr]    Compiling idna v0.5.0
[INFO] [stderr]    Compiling parking_lot v0.12.3
[INFO] [stderr]    Compiling http-body v1.0.1
[INFO] [stderr]    Compiling http-body-util v0.1.2
[INFO] [stderr]    Compiling url v2.5.2
[INFO] [stderr]    Compiling tokio-macros v2.4.0
[INFO] [stderr]    Compiling openssl-macros v0.1.1
[INFO] [stderr]    Compiling thiserror-impl v1.0.66
[INFO] [stderr]    Compiling tokio v1.41.0
[INFO] [stderr]    Compiling serde_urlencoded v0.7.1
[INFO] [stderr]    Compiling tokio-util v0.7.12
[INFO] [stderr]    Compiling tokio-native-tls v0.3.1
[INFO] [stderr]    Compiling h2 v0.4.6
[INFO] [stderr]    Compiling hyper v1.5.0
[INFO] [stderr]    Compiling hyper-util v0.1.10
[INFO] [stderr]    Compiling hyper-tls v0.6.0
[INFO] [stderr]    Compiling reqwest v0.12.9
[INFO] [stderr]    Compiling gemini-rs v0.4.2 (/opt/rustwide/workdir)
[INFO] [stderr]     Finished `dev` profile [unoptimized + debuginfo] target(s) in 29.68s
[INFO] running `Command { std: "docker" "inspect" "dc0bc9d22fe3dde836f4d7a60b3cc5ad56fa9d063d74ac712b6d0a6a94ddf368", kill_on_drop: false }`
[INFO] running `Command { std: "docker" "rm" "-f" "dc0bc9d22fe3dde836f4d7a60b3cc5ad56fa9d063d74ac712b6d0a6a94ddf368", kill_on_drop: false }`
[INFO] [stdout] dc0bc9d22fe3dde836f4d7a60b3cc5ad56fa9d063d74ac712b6d0a6a94ddf368
[INFO] running `Command { std: "docker" "create" "-v" "/var/lib/crater-agent-workspace/builds/worker-0-tc2/target:/opt/rustwide/target:rw,Z" "-v" "/var/lib/crater-agent-workspace/builds/worker-0-tc2/source:/opt/rustwide/workdir:ro,Z" "-v" "/var/lib/crater-agent-workspace/cargo-home:/opt/rustwide/cargo-home:ro,Z" "-v" "/var/lib/crater-agent-workspace/rustup-home:/opt/rustwide/rustup-home:ro,Z" "-e" "SOURCE_DIR=/opt/rustwide/workdir" "-e" "CARGO_TARGET_DIR=/opt/rustwide/target" "-e" "CARGO_INCREMENTAL=0" "-e" "RUST_BACKTRACE=full" "-e" "RUSTFLAGS=--cap-lints=forbid -Zrandomize-layout" "-e" "RUSTDOCFLAGS=--cap-lints=forbid" "-e" "CARGO_HOME=/opt/rustwide/cargo-home" "-e" "RUSTUP_HOME=/opt/rustwide/rustup-home" "-w" "/opt/rustwide/workdir" "-m" "1610612736" "--user" "0:0" "--network" "none" "ghcr.io/rust-lang/crates-build-env/linux@sha256:819108c5571ea2e421544af4d832f968d213c87fbe3707a016657f43d2f853bc" "/opt/rustwide/cargo-home/bin/cargo" "+nightly-2025-01-18" "test" "--frozen" "--no-run" "--message-format=json", kill_on_drop: false }`
[INFO] [stdout] e68ff4922b990b55eec5aab13551278e01d7c305e0099347ec24b83cbcf33732
[INFO] running `Command { std: "docker" "start" "-a" "e68ff4922b990b55eec5aab13551278e01d7c305e0099347ec24b83cbcf33732", kill_on_drop: false }`
[INFO] [stderr]    Compiling gemini-rs v0.4.2 (/opt/rustwide/workdir)
[INFO] [stderr]     Finished `test` profile [unoptimized + debuginfo] target(s) in 0.71s
[INFO] running `Command { std: "docker" "inspect" "e68ff4922b990b55eec5aab13551278e01d7c305e0099347ec24b83cbcf33732", kill_on_drop: false }`
[INFO] running `Command { std: "docker" "rm" "-f" "e68ff4922b990b55eec5aab13551278e01d7c305e0099347ec24b83cbcf33732", kill_on_drop: false }`
[INFO] [stdout] e68ff4922b990b55eec5aab13551278e01d7c305e0099347ec24b83cbcf33732
[INFO] running `Command { std: "docker" "create" "-v" "/var/lib/crater-agent-workspace/builds/worker-0-tc2/target:/opt/rustwide/target:rw,Z" "-v" "/var/lib/crater-agent-workspace/builds/worker-0-tc2/source:/opt/rustwide/workdir:ro,Z" "-v" "/var/lib/crater-agent-workspace/cargo-home:/opt/rustwide/cargo-home:ro,Z" "-v" "/var/lib/crater-agent-workspace/rustup-home:/opt/rustwide/rustup-home:ro,Z" "-e" "SOURCE_DIR=/opt/rustwide/workdir" "-e" "CARGO_TARGET_DIR=/opt/rustwide/target" "-e" "CARGO_INCREMENTAL=0" "-e" "RUST_BACKTRACE=full" "-e" "RUSTFLAGS=--cap-lints=forbid -Zrandomize-layout" "-e" "RUSTDOCFLAGS=--cap-lints=forbid" "-e" "CARGO_HOME=/opt/rustwide/cargo-home" "-e" "RUSTUP_HOME=/opt/rustwide/rustup-home" "-w" "/opt/rustwide/workdir" "-m" "1610612736" "--user" "0:0" "--network" "none" "ghcr.io/rust-lang/crates-build-env/linux@sha256:819108c5571ea2e421544af4d832f968d213c87fbe3707a016657f43d2f853bc" "/opt/rustwide/cargo-home/bin/cargo" "+nightly-2025-01-18" "test" "--frozen", kill_on_drop: false }`
[INFO] [stdout] ba383e8b3ce7aa3dc876748264ccc204bfc2208f2c245d6fa97258d42589159e
[INFO] running `Command { std: "docker" "start" "-a" "ba383e8b3ce7aa3dc876748264ccc204bfc2208f2c245d6fa97258d42589159e", kill_on_drop: false }`
[INFO] [stderr]     Finished `test` profile [unoptimized + debuginfo] target(s) in 0.13s
[INFO] [stderr]      Running unittests src/lib.rs (/opt/rustwide/target/debug/deps/gemini_rs-135a9714f5a2b14f)
[INFO] [stdout] 
[INFO] [stdout] running 0 tests
[INFO] [stdout] 
[INFO] [stdout] test result: ok. 0 passed; 0 failed; 0 ignored; 0 measured; 0 filtered out; finished in 0.00s
[INFO] [stdout] 
[INFO] [stderr]    Doc-tests gemini_rs
[INFO] [stdout] 
[INFO] [stdout] running 2 tests
[INFO] [stdout] test src/files.rs - files::upload_file (line 25) ... FAILED
[INFO] [stdout] test src/lib.rs - Conversation::update_safety_settings (line 109) ... FAILED
[INFO] [stdout] 
[INFO] [stdout] failures:
[INFO] [stdout] 
[INFO] [stdout] ---- src/files.rs - files::upload_file (line 25) stdout ----
[INFO] [stdout] error[E0433]: failed to resolve: use of undeclared crate or module `env`
[INFO] [stdout]  --> src/files.rs:26:15
[INFO] [stdout]   |
[INFO] [stdout] 3 | let api_key = env::var("GEMINI_API_KEY").unwrap(); 
[INFO] [stdout]   |               ^^^ use of undeclared crate or module `env`
[INFO] [stdout]   |
[INFO] [stdout] help: consider importing this module
[INFO] [stdout]   |
[INFO] [stdout] 2 + use std::env;
[INFO] [stdout]   |
[INFO] [stdout] 
[INFO] [stdout] error[E0433]: failed to resolve: use of undeclared type `Conversation`
[INFO] [stdout]  --> src/files.rs:27:17
[INFO] [stdout]   |
[INFO] [stdout] 4 | let mut convo = Conversation::new(
[INFO] [stdout]   |                 ^^^^^^^^^^^^ use of undeclared type `Conversation`
[INFO] [stdout]   |
[INFO] [stdout] help: consider importing this struct
[INFO] [stdout]   |
[INFO] [stdout] 2 + use gemini_rs::Conversation;
[INFO] [stdout]   |
[INFO] [stdout] 
[INFO] [stdout] error[E0433]: failed to resolve: use of undeclared type `Part`
[INFO] [stdout]   --> src/files.rs:33:5
[INFO] [stdout]    |
[INFO] [stdout] 10 |     Part::Text("Describe this scene".to_string()),
[INFO] [stdout]    |     ^^^^ use of undeclared type `Part`
[INFO] [stdout]    |
[INFO] [stdout] help: consider importing this enum
[INFO] [stdout]    |
[INFO] [stdout] 2  + use gemini_rs::Part;
[INFO] [stdout]    |
[INFO] [stdout] 
[INFO] [stdout] error[E0433]: failed to resolve: use of undeclared type `Part`
[INFO] [stdout]   --> src/files.rs:34:5
[INFO] [stdout]    |
[INFO] [stdout] 11 |     Part::File(image)
[INFO] [stdout]    |     ^^^^ use of undeclared type `Part`
[INFO] [stdout]    |
[INFO] [stdout] help: consider importing this enum
[INFO] [stdout]    |
[INFO] [stdout] 2  + use gemini_rs::Part;
[INFO] [stdout]    |
[INFO] [stdout] 
[INFO] [stdout] error[E0728]: `await` is only allowed inside `async` functions and blocks
[INFO] [stdout]  --> src/files.rs:31:68
[INFO] [stdout]   |
[INFO] [stdout] 2 | fn main() { #[allow(non_snake_case)] fn _doctest_main_src_files_rs_25_0() {
[INFO] [stdout]   |                                      ------------------------------------ this is not `async`
[INFO] [stdout] ...
[INFO] [stdout] 8 | let image = upload_image("Testing/cat.png", "image/png", &api_key).await.unwrap();
[INFO] [stdout]   |                                                                    ^^^^^ only allowed inside `async` functions and blocks
[INFO] [stdout] 
[INFO] [stdout] error[E0728]: `await` is only allowed inside `async` functions and blocks
[INFO] [stdout]   --> src/files.rs:35:4
[INFO] [stdout]    |
[INFO] [stdout] 2  | fn main() { #[allow(non_snake_case)] fn _doctest_main_src_files_rs_25_0() {
[INFO] [stdout]    |                                      ------------------------------------ this is not `async`
[INFO] [stdout] ...
[INFO] [stdout] 12 | ]).await.unwrap();
[INFO] [stdout]    |    ^^^^^ only allowed inside `async` functions and blocks
[INFO] [stdout] 
[INFO] [stdout] error[E0425]: cannot find function `upload_image` in this scope
[INFO] [stdout]  --> src/files.rs:31:13
[INFO] [stdout]   |
[INFO] [stdout] 8 | let image = upload_image("Testing/cat.png", "image/png", &api_key).await.unwrap();
[INFO] [stdout]   |             ^^^^^^^^^^^^ not found in this scope
[INFO] [stdout] 
[INFO] [stdout] error: aborting due to 7 previous errors
[INFO] [stdout] 
[INFO] [stdout] Some errors have detailed explanations: E0425, E0433, E0728.
[INFO] [stdout] For more information about an error, try `rustc --explain E0425`.
[INFO] [stdout] Couldn't compile the test.
[INFO] [stdout] ---- src/lib.rs - Conversation::update_safety_settings (line 109) stdout ----
[INFO] [stdout] error[E0433]: failed to resolve: use of undeclared type `Conversation`
[INFO] [stdout]  --> src/lib.rs:110:17
[INFO] [stdout]   |
[INFO] [stdout] 3 | let mut convo = Conversation::new(
[INFO] [stdout]   |                 ^^^^^^^^^^^^ use of undeclared type `Conversation`
[INFO] [stdout]   |
[INFO] [stdout] help: consider importing this struct
[INFO] [stdout]   |
[INFO] [stdout] 2 + use gemini_rs::Conversation;
[INFO] [stdout]   |
[INFO] [stdout] 
[INFO] [stdout] error[E0615]: attempted to take value of method `to_string` on type `&'static str`
[INFO] [stdout]  --> src/lib.rs:111:14
[INFO] [stdout]   |
[INFO] [stdout] 4 |     "ABC123".to_string,
[INFO] [stdout]   |              ^^^^^^^^^ method, not a field
[INFO] [stdout]   |
[INFO] [stdout] help: use parentheses to call the method
[INFO] [stdout]   |
[INFO] [stdout] 4 |     "ABC123".to_string(),
[INFO] [stdout]   |                       ++
[INFO] [stdout] 
[INFO] [stdout] error[E0615]: attempted to take value of method `to_string` on type `&'static str`
[INFO] [stdout]  --> src/lib.rs:112:24
[INFO] [stdout]   |
[INFO] [stdout] 5 |     "gemini-1.5-flash".to_string
[INFO] [stdout]   |                        ^^^^^^^^^ method, not a field
[INFO] [stdout]   |
[INFO] [stdout] help: use parentheses to call the method
[INFO] [stdout]   |
[INFO] [stdout] 5 |     "gemini-1.5-flash".to_string()
[INFO] [stdout]   |                                 ++
[INFO] [stdout] 
[INFO] [stdout] error[E0433]: failed to resolve: use of undeclared crate or module `safety_settings`
[INFO] [stdout]  --> src/lib.rs:113:26
[INFO] [stdout]   |
[INFO] [stdout] 6 | ).update_safety_settings(safety_settings::default());
[INFO] [stdout]   |                          ^^^^^^^^^^^^^^^ use of undeclared crate or module `safety_settings`
[INFO] [stdout] 
[INFO] [stdout] error: aborting due to 4 previous errors
[INFO] [stdout] 
[INFO] [stdout] Some errors have detailed explanations: E0433, E0615.
[INFO] [stdout] For more information about an error, try `rustc --explain E0433`.
[INFO] [stdout] Couldn't compile the test.
[INFO] [stdout] 
[INFO] [stdout] failures:
[INFO] [stdout]     src/files.rs - files::upload_file (line 25)
[INFO] [stdout]     src/lib.rs - Conversation::update_safety_settings (line 109)
[INFO] [stdout] 
[INFO] [stdout] test result: FAILED. 0 passed; 2 failed; 0 ignored; 0 measured; 0 filtered out; finished in 0.20s
[INFO] [stdout] 
[INFO] [stderr] error: doctest failed, to rerun pass `--doc`
[INFO] running `Command { std: "docker" "inspect" "ba383e8b3ce7aa3dc876748264ccc204bfc2208f2c245d6fa97258d42589159e", kill_on_drop: false }`
[INFO] running `Command { std: "docker" "rm" "-f" "ba383e8b3ce7aa3dc876748264ccc204bfc2208f2c245d6fa97258d42589159e", kill_on_drop: false }`
[INFO] [stdout] ba383e8b3ce7aa3dc876748264ccc204bfc2208f2c245d6fa97258d42589159e
