[INFO] fetching crate gdext-gen 0.1.0...
[INFO] testing gdext-gen-0.1.0 against nightly-2025-01-18+rustflags=-Zrandomize-layout for randomize-layout-2
[INFO] extracting crate gdext-gen 0.1.0 into /workspace/builds/worker-5-tc2/source
[INFO] validating manifest of crates.io crate gdext-gen 0.1.0 on toolchain nightly-2025-01-18
[INFO] running `Command { std: CARGO_HOME="/workspace/cargo-home" RUSTUP_HOME="/workspace/rustup-home" "/workspace/cargo-home/bin/cargo" "+nightly-2025-01-18" "metadata" "--manifest-path" "Cargo.toml" "--no-deps", kill_on_drop: false }`
[INFO] started tweaking crates.io crate gdext-gen 0.1.0
[INFO] finished tweaking crates.io crate gdext-gen 0.1.0
[INFO] tweaked toml for crates.io crate gdext-gen 0.1.0 written to /workspace/builds/worker-5-tc2/source/Cargo.toml
[INFO] running `Command { std: CARGO_HOME="/workspace/cargo-home" RUSTUP_HOME="/workspace/rustup-home" "/workspace/cargo-home/bin/cargo" "+nightly-2025-01-18" "generate-lockfile" "--manifest-path" "Cargo.toml", kill_on_drop: false }`
[INFO] [stderr]     Updating crates.io index
[INFO] [stderr]      Locking 44 packages to latest compatible versions
[INFO] running `Command { std: CARGO_HOME="/workspace/cargo-home" RUSTUP_HOME="/workspace/rustup-home" "/workspace/cargo-home/bin/cargo" "+nightly-2025-01-18" "fetch" "--manifest-path" "Cargo.toml", kill_on_drop: false }`
[INFO] running `Command { std: "docker" "create" "-v" "/var/lib/crater-agent-workspace/builds/worker-5-tc2/target:/opt/rustwide/target:rw,Z" "-v" "/var/lib/crater-agent-workspace/builds/worker-5-tc2/source:/opt/rustwide/workdir:ro,Z" "-v" "/var/lib/crater-agent-workspace/cargo-home:/opt/rustwide/cargo-home:ro,Z" "-v" "/var/lib/crater-agent-workspace/rustup-home:/opt/rustwide/rustup-home:ro,Z" "-e" "SOURCE_DIR=/opt/rustwide/workdir" "-e" "CARGO_TARGET_DIR=/opt/rustwide/target" "-e" "CARGO_HOME=/opt/rustwide/cargo-home" "-e" "RUSTUP_HOME=/opt/rustwide/rustup-home" "-w" "/opt/rustwide/workdir" "-m" "1610612736" "--user" "0:0" "--network" "none" "ghcr.io/rust-lang/crates-build-env/linux@sha256:819108c5571ea2e421544af4d832f968d213c87fbe3707a016657f43d2f853bc" "/opt/rustwide/cargo-home/bin/cargo" "+nightly-2025-01-18" "metadata" "--no-deps" "--format-version=1", kill_on_drop: false }`
[INFO] [stdout] fff789cb45db480028c5c1141822c6a88dc511b9fe9d1d37d8c3888500fccfc7
[INFO] running `Command { std: "docker" "start" "-a" "fff789cb45db480028c5c1141822c6a88dc511b9fe9d1d37d8c3888500fccfc7", kill_on_drop: false }`
[INFO] running `Command { std: "docker" "inspect" "fff789cb45db480028c5c1141822c6a88dc511b9fe9d1d37d8c3888500fccfc7", kill_on_drop: false }`
[INFO] running `Command { std: "docker" "rm" "-f" "fff789cb45db480028c5c1141822c6a88dc511b9fe9d1d37d8c3888500fccfc7", kill_on_drop: false }`
[INFO] [stdout] fff789cb45db480028c5c1141822c6a88dc511b9fe9d1d37d8c3888500fccfc7
[INFO] running `Command { std: "docker" "create" "-v" "/var/lib/crater-agent-workspace/builds/worker-5-tc2/target:/opt/rustwide/target:rw,Z" "-v" "/var/lib/crater-agent-workspace/builds/worker-5-tc2/source:/opt/rustwide/workdir:ro,Z" "-v" "/var/lib/crater-agent-workspace/cargo-home:/opt/rustwide/cargo-home:ro,Z" "-v" "/var/lib/crater-agent-workspace/rustup-home:/opt/rustwide/rustup-home:ro,Z" "-e" "SOURCE_DIR=/opt/rustwide/workdir" "-e" "CARGO_TARGET_DIR=/opt/rustwide/target" "-e" "CARGO_INCREMENTAL=0" "-e" "RUST_BACKTRACE=full" "-e" "RUSTFLAGS=--cap-lints=forbid -Zrandomize-layout" "-e" "RUSTDOCFLAGS=--cap-lints=forbid" "-e" "CARGO_HOME=/opt/rustwide/cargo-home" "-e" "RUSTUP_HOME=/opt/rustwide/rustup-home" "-w" "/opt/rustwide/workdir" "-m" "1610612736" "--user" "0:0" "--network" "none" "ghcr.io/rust-lang/crates-build-env/linux@sha256:819108c5571ea2e421544af4d832f968d213c87fbe3707a016657f43d2f853bc" "/opt/rustwide/cargo-home/bin/cargo" "+nightly-2025-01-18" "build" "--frozen" "--message-format=json", kill_on_drop: false }`
[INFO] [stdout] e919a7fa774aafa7f59f3f7acae674d1992ef6da3c3b5261e9a12d96b332f463
[INFO] running `Command { std: "docker" "start" "-a" "e919a7fa774aafa7f59f3f7acae674d1992ef6da3c3b5261e9a12d96b332f463", kill_on_drop: false }`
[INFO] [stderr]    Compiling proc-macro2 v1.0.93
[INFO] [stderr]    Compiling serde v1.0.217
[INFO] [stderr]    Compiling winnow v0.6.24
[INFO] [stderr]    Compiling quote v1.0.38
[INFO] [stderr]    Compiling syn v2.0.96
[INFO] [stderr]    Compiling serde_derive v1.0.217
[INFO] [stderr]    Compiling serde_spanned v0.6.8
[INFO] [stderr]    Compiling toml_datetime v0.6.8
[INFO] [stderr]    Compiling toml_edit v0.22.22
[INFO] [stderr]    Compiling toml v0.8.19
[INFO] [stderr]    Compiling gdext-gen v0.1.0 (/opt/rustwide/workdir)
[INFO] [stderr]     Finished `dev` profile [unoptimized + debuginfo] target(s) in 15.12s
[INFO] running `Command { std: "docker" "inspect" "e919a7fa774aafa7f59f3f7acae674d1992ef6da3c3b5261e9a12d96b332f463", kill_on_drop: false }`
[INFO] running `Command { std: "docker" "rm" "-f" "e919a7fa774aafa7f59f3f7acae674d1992ef6da3c3b5261e9a12d96b332f463", kill_on_drop: false }`
[INFO] [stdout] e919a7fa774aafa7f59f3f7acae674d1992ef6da3c3b5261e9a12d96b332f463
[INFO] running `Command { std: "docker" "create" "-v" "/var/lib/crater-agent-workspace/builds/worker-5-tc2/target:/opt/rustwide/target:rw,Z" "-v" "/var/lib/crater-agent-workspace/builds/worker-5-tc2/source:/opt/rustwide/workdir:ro,Z" "-v" "/var/lib/crater-agent-workspace/cargo-home:/opt/rustwide/cargo-home:ro,Z" "-v" "/var/lib/crater-agent-workspace/rustup-home:/opt/rustwide/rustup-home:ro,Z" "-e" "SOURCE_DIR=/opt/rustwide/workdir" "-e" "CARGO_TARGET_DIR=/opt/rustwide/target" "-e" "CARGO_INCREMENTAL=0" "-e" "RUST_BACKTRACE=full" "-e" "RUSTFLAGS=--cap-lints=forbid -Zrandomize-layout" "-e" "RUSTDOCFLAGS=--cap-lints=forbid" "-e" "CARGO_HOME=/opt/rustwide/cargo-home" "-e" "RUSTUP_HOME=/opt/rustwide/rustup-home" "-w" "/opt/rustwide/workdir" "-m" "1610612736" "--user" "0:0" "--network" "none" "ghcr.io/rust-lang/crates-build-env/linux@sha256:819108c5571ea2e421544af4d832f968d213c87fbe3707a016657f43d2f853bc" "/opt/rustwide/cargo-home/bin/cargo" "+nightly-2025-01-18" "test" "--frozen" "--no-run" "--message-format=json", kill_on_drop: false }`
[INFO] [stdout] 280e4d0b54f777edfaf37ab82b724ce767197ddb0b7e53bdb701fa08570d4654
[INFO] running `Command { std: "docker" "start" "-a" "280e4d0b54f777edfaf37ab82b724ce767197ddb0b7e53bdb701fa08570d4654", kill_on_drop: false }`
[INFO] [stderr]    Compiling gdext-gen v0.1.0 (/opt/rustwide/workdir)
[INFO] [stderr]     Finished `test` profile [unoptimized + debuginfo] target(s) in 0.50s
[INFO] running `Command { std: "docker" "inspect" "280e4d0b54f777edfaf37ab82b724ce767197ddb0b7e53bdb701fa08570d4654", kill_on_drop: false }`
[INFO] running `Command { std: "docker" "rm" "-f" "280e4d0b54f777edfaf37ab82b724ce767197ddb0b7e53bdb701fa08570d4654", kill_on_drop: false }`
[INFO] [stdout] 280e4d0b54f777edfaf37ab82b724ce767197ddb0b7e53bdb701fa08570d4654
[INFO] running `Command { std: "docker" "create" "-v" "/var/lib/crater-agent-workspace/builds/worker-5-tc2/target:/opt/rustwide/target:rw,Z" "-v" "/var/lib/crater-agent-workspace/builds/worker-5-tc2/source:/opt/rustwide/workdir:ro,Z" "-v" "/var/lib/crater-agent-workspace/cargo-home:/opt/rustwide/cargo-home:ro,Z" "-v" "/var/lib/crater-agent-workspace/rustup-home:/opt/rustwide/rustup-home:ro,Z" "-e" "SOURCE_DIR=/opt/rustwide/workdir" "-e" "CARGO_TARGET_DIR=/opt/rustwide/target" "-e" "CARGO_INCREMENTAL=0" "-e" "RUST_BACKTRACE=full" "-e" "RUSTFLAGS=--cap-lints=forbid -Zrandomize-layout" "-e" "RUSTDOCFLAGS=--cap-lints=forbid" "-e" "CARGO_HOME=/opt/rustwide/cargo-home" "-e" "RUSTUP_HOME=/opt/rustwide/rustup-home" "-w" "/opt/rustwide/workdir" "-m" "1610612736" "--user" "0:0" "--network" "none" "ghcr.io/rust-lang/crates-build-env/linux@sha256:819108c5571ea2e421544af4d832f968d213c87fbe3707a016657f43d2f853bc" "/opt/rustwide/cargo-home/bin/cargo" "+nightly-2025-01-18" "test" "--frozen", kill_on_drop: false }`
[INFO] [stdout] 89075762fdcc4f3ea3e9cb5845ec32b758ef1ddeba750e5b6f54716d472c67e3
[INFO] running `Command { std: "docker" "start" "-a" "89075762fdcc4f3ea3e9cb5845ec32b758ef1ddeba750e5b6f54716d472c67e3", kill_on_drop: false }`
[INFO] [stderr]     Finished `test` profile [unoptimized + debuginfo] target(s) in 0.05s
[INFO] [stderr]      Running unittests src/lib.rs (/opt/rustwide/target/debug/deps/gdext_gen-f621287d7ca5cc37)
[INFO] [stdout] 
[INFO] [stdout] running 0 tests
[INFO] [stdout] 
[INFO] [stdout] test result: ok. 0 passed; 0 failed; 0 ignored; 0 measured; 0 filtered out; finished in 0.00s
[INFO] [stdout] 
[INFO] [stderr]    Doc-tests gdext_gen
[INFO] [stdout] 
[INFO] [stdout] running 4 tests
[INFO] [stdout] test src/lib.rs - (line 43) ... FAILED
[INFO] [stdout] test src/lib.rs - (line 15) ... FAILED
[INFO] [stdout] test src/lib.rs - (line 25) ... FAILED
[INFO] [stdout] test src/gdext/config.rs - gdext::config::Configuration::entry_symbol (line 15) ... FAILED
[INFO] [stdout] 
[INFO] [stdout] failures:
[INFO] [stdout] 
[INFO] [stdout] ---- src/lib.rs - (line 43) stdout ----
[INFO] [stdout] error[E0425]: cannot find function `generate_gdextension_file` in this scope
[INFO] [stdout]  --> src/lib.rs:45:5
[INFO] [stdout]   |
[INFO] [stdout] 3 |     generate_gdextension_file(
[INFO] [stdout]   |     ^^^^^^^^^^^^^^^^^^^^^^^^^ not found in this scope
[INFO] [stdout]   |
[INFO] [stdout] help: consider importing this function
[INFO] [stdout]   |
[INFO] [stdout] 2 + use gdext_gen::generate_gdextension_file;
[INFO] [stdout]   |
[INFO] [stdout] 
[INFO] [stdout] error[E0433]: failed to resolve: use of undeclared type `BaseDirectory`
[INFO] [stdout]  --> src/lib.rs:46:9
[INFO] [stdout]   |
[INFO] [stdout] 4 |         BaseDirectory::ProjectFolder.into(),
[INFO] [stdout]   |         ^^^^^^^^^^^^^ use of undeclared type `BaseDirectory`
[INFO] [stdout]   |
[INFO] [stdout] help: consider importing this enum
[INFO] [stdout]   |
[INFO] [stdout] 2 + use gdext_gen::prelude::BaseDirectory;
[INFO] [stdout]   |
[INFO] [stdout] 
[INFO] [stdout] error[E0433]: failed to resolve: use of undeclared type `Configuration`
[INFO] [stdout]  --> src/lib.rs:50:14
[INFO] [stdout]   |
[INFO] [stdout] 8 |         Some(Configuration::new(
[INFO] [stdout]   |              ^^^^^^^^^^^^^ use of undeclared type `Configuration`
[INFO] [stdout]   |
[INFO] [stdout] help: consider importing this struct
[INFO] [stdout]   |
[INFO] [stdout] 2 + use gdext_gen::prelude::Configuration;
[INFO] [stdout]   |
[INFO] [stdout] 
[INFO] [stdout] error[E0433]: failed to resolve: use of undeclared type `EntrySymbol`
[INFO] [stdout]  --> src/lib.rs:51:13
[INFO] [stdout]   |
[INFO] [stdout] 9 |             EntrySymbol::GodotRustDefault,
[INFO] [stdout]   |             ^^^^^^^^^^^ use of undeclared type `EntrySymbol`
[INFO] [stdout]   |
[INFO] [stdout] help: consider importing this enum
[INFO] [stdout]   |
[INFO] [stdout] 2 + use gdext_gen::prelude::EntrySymbol;
[INFO] [stdout]   |
[INFO] [stdout] 
[INFO] [stdout] error[E0433]: failed to resolve: use of undeclared type `WindowsABI`
[INFO] [stdout]   --> src/lib.rs:57:14
[INFO] [stdout]    |
[INFO] [stdout] 15 |         Some(WindowsABI::MSVC),
[INFO] [stdout]    |              ^^^^^^^^^^ use of undeclared type `WindowsABI`
[INFO] [stdout]    |
[INFO] [stdout] help: consider importing this enum
[INFO] [stdout]    |
[INFO] [stdout] 2  + use gdext_gen::prelude::WindowsABI;
[INFO] [stdout]    |
[INFO] [stdout] 
[INFO] [stdout] error[E0433]: failed to resolve: use of undeclared type `IconsConfig`
[INFO] [stdout]   --> src/lib.rs:58:14
[INFO] [stdout]    |
[INFO] [stdout] 16 |         Some(IconsConfig::new(
[INFO] [stdout]    |              ^^^^^^^^^^^ use of undeclared type `IconsConfig`
[INFO] [stdout]    |
[INFO] [stdout] help: consider importing this struct
[INFO] [stdout]    |
[INFO] [stdout] 2  + use gdext_gen::prelude::IconsConfig;
[INFO] [stdout]    |
[INFO] [stdout] 
[INFO] [stdout] error[E0433]: failed to resolve: use of undeclared type `IconsCopyStrategy`
[INFO] [stdout]   --> src/lib.rs:60:13
[INFO] [stdout]    |
[INFO] [stdout] 18 |             IconsCopyStrategy::new(true, true, "../godot/addons/rust".into(), false),
[INFO] [stdout]    |             ^^^^^^^^^^^^^^^^^ use of undeclared type `IconsCopyStrategy`
[INFO] [stdout]    |
[INFO] [stdout] help: consider importing this struct
[INFO] [stdout]    |
[INFO] [stdout] 2  + use gdext_gen::prelude::IconsCopyStrategy;
[INFO] [stdout]    |
[INFO] [stdout] 
[INFO] [stdout] error[E0433]: failed to resolve: use of undeclared type `IconsDirectories`
[INFO] [stdout]   --> src/lib.rs:62:13
[INFO] [stdout]    |
[INFO] [stdout] 20 |             IconsDirectories::new("addons".into(), "editor".into(), "rust".into(), BaseDirectory::ProjectFolder.into()),
[INFO] [stdout]    |             ^^^^^^^^^^^^^^^^ use of undeclared type `IconsDirectories`
[INFO] [stdout]    |
[INFO] [stdout] help: consider importing this struct
[INFO] [stdout]    |
[INFO] [stdout] 2  + use gdext_gen::prelude::IconsDirectories;
[INFO] [stdout]    |
[INFO] [stdout] 
[INFO] [stdout] error[E0433]: failed to resolve: use of undeclared type `BaseDirectory`
[INFO] [stdout]   --> src/lib.rs:62:84
[INFO] [stdout]    |
[INFO] [stdout] 20 |             IconsDirectories::new("addons".into(), "editor".into(), "rust".into(), BaseDirectory::ProjectFolder.into()),
[INFO] [stdout]    |                                                                                    ^^^^^^^^^^^^^ use of undeclared type `BaseDirectory`
[INFO] [stdout]    |
[INFO] [stdout] help: consider importing this enum
[INFO] [stdout]    |
[INFO] [stdout] 2  + use gdext_gen::prelude::BaseDirectory;
[INFO] [stdout]    |
[INFO] [stdout] 
[INFO] [stdout] error[E0107]: enum takes 2 generic arguments but 1 generic argument was supplied
[INFO] [stdout]  --> src/lib.rs:44:14
[INFO] [stdout]   |
[INFO] [stdout] 2 | fn main() -> Result<()> {
[INFO] [stdout]   |              ^^^^^^ -- supplied 1 generic argument
[INFO] [stdout]   |              |
[INFO] [stdout]   |              expected 2 generic arguments
[INFO] [stdout]   |
[INFO] [stdout] help: add missing generic argument
[INFO] [stdout]   |
[INFO] [stdout] 2 | fn main() -> Result<(), E> {
[INFO] [stdout]   |                       +++
[INFO] [stdout] 
[INFO] [stdout] error[E0433]: failed to resolve: use of undeclared type `DefaultNodeIcon`
[INFO] [stdout]   --> src/lib.rs:59:13
[INFO] [stdout]    |
[INFO] [stdout] 17 |             DefaultNodeIcon::NodeRust(NodeRust::Ferris, "rust".into()),
[INFO] [stdout]    |             ^^^^^^^^^^^^^^^ use of undeclared type `DefaultNodeIcon`
[INFO] [stdout] 
[INFO] [stdout] error[E0433]: failed to resolve: use of undeclared type `NodeRust`
[INFO] [stdout]   --> src/lib.rs:59:39
[INFO] [stdout]    |
[INFO] [stdout] 17 |             DefaultNodeIcon::NodeRust(NodeRust::Ferris, "rust".into()),
[INFO] [stdout]    |                                       ^^^^^^^^ use of undeclared type `NodeRust`
[INFO] [stdout] 
[INFO] [stdout] error: aborting due to 12 previous errors
[INFO] [stdout] 
[INFO] [stdout] Some errors have detailed explanations: E0107, E0425, E0433.
[INFO] [stdout] For more information about an error, try `rustc --explain E0107`.
[INFO] [stdout] Couldn't compile the test.
[INFO] [stdout] ---- src/lib.rs - (line 15) stdout ----
[INFO] [stdout] error[E0425]: cannot find value `base_dir` in this scope
[INFO] [stdout]  --> src/lib.rs:20:31
[INFO] [stdout]   |
[INFO] [stdout] 7 |     generate_gdextension_file(base_dir, target_dir, gdextension_path, force_generation, configuration, windows_abi, icons_configuration, ...
[INFO] [stdout]   |                               ^^^^^^^^ not found in this scope
[INFO] [stdout] 
[INFO] [stdout] error[E0425]: cannot find value `target_dir` in this scope
[INFO] [stdout]  --> src/lib.rs:20:41
[INFO] [stdout]   |
[INFO] [stdout] 7 |     generate_gdextension_file(base_dir, target_dir, gdextension_path, force_generation, configuration, windows_abi, icons_configuration, ...
[INFO] [stdout]   |                                         ^^^^^^^^^^ not found in this scope
[INFO] [stdout] 
[INFO] [stdout] error[E0425]: cannot find value `gdextension_path` in this scope
[INFO] [stdout]  --> src/lib.rs:20:53
[INFO] [stdout]   |
[INFO] [stdout] 7 |     generate_gdextension_file(base_dir, target_dir, gdextension_path, force_generation, configuration, windows_abi, icons_configuration, ...
[INFO] [stdout]   |                                                     ^^^^^^^^^^^^^^^^ not found in this scope
[INFO] [stdout] 
[INFO] [stdout] error[E0425]: cannot find value `force_generation` in this scope
[INFO] [stdout]  --> src/lib.rs:20:71
[INFO] [stdout]   |
[INFO] [stdout] 7 |     generate_gdextension_file(base_dir, target_dir, gdextension_path, force_generation, configuration, windows_abi, icons_configuration, ...
[INFO] [stdout]   |                                                                       ^^^^^^^^^^^^^^^^ not found in this scope
[INFO] [stdout] 
[INFO] [stdout] error[E0425]: cannot find value `configuration` in this scope
[INFO] [stdout]  --> src/lib.rs:20:89
[INFO] [stdout]   |
[INFO] [stdout] 7 |     generate_gdextension_file(base_dir, target_dir, gdextension_path, force_generation, configuration, windows_abi, icons_configuration, ...
[INFO] [stdout]   |                                                                                         ^^^^^^^^^^^^^ not found in this scope
[INFO] [stdout] 
[INFO] [stdout] error[E0425]: cannot find value `windows_abi` in this scope
[INFO] [stdout]  --> src/lib.rs:20:104
[INFO] [stdout]   |
[INFO] [stdout] 7 | ...extension_path, force_generation, configuration, windows_abi, icons_configuration, dependencies);
[INFO] [stdout]   |                                                     ^^^^^^^^^^^ not found in this scope
[INFO] [stdout] 
[INFO] [stdout] error[E0425]: cannot find value `icons_configuration` in this scope
[INFO] [stdout]  --> src/lib.rs:20:117
[INFO] [stdout]   |
[INFO] [stdout] 7 | ...orce_generation, configuration, windows_abi, icons_configuration, dependencies);
[INFO] [stdout]   |                                                 ^^^^^^^^^^^^^^^^^^^ not found in this scope
[INFO] [stdout] 
[INFO] [stdout] error[E0425]: cannot find value `dependencies` in this scope
[INFO] [stdout]  --> src/lib.rs:20:138
[INFO] [stdout]   |
[INFO] [stdout] 7 | ...configuration, windows_abi, icons_configuration, dependencies);
[INFO] [stdout]   |                                                     ^^^^^^^^^^^^ not found in this scope
[INFO] [stdout] 
[INFO] [stdout] error[E0061]: this function takes 7 arguments but 8 arguments were supplied
[INFO] [stdout]    --> src/lib.rs:20:5
[INFO] [stdout]     |
[INFO] [stdout] 7   |     generate_gdextension_file(base_dir, target_dir, gdextension_path, force_generation, configuration, windows_abi, icons_configuration, dependencie...
[INFO] [stdout]     |     ^^^^^^^^^^^^^^^^^^^^^^^^^                                                                                                            ------------ unexpected argument #8
[INFO] [stdout]     |
[INFO] [stdout] note: function defined here
[INFO] [stdout]    --> /opt/rustwide/workdir/src/lib.rs:212:8
[INFO] [stdout]     |
[INFO] [stdout] 212 | pub fn generate_gdextension_file(
[INFO] [stdout]     |        ^^^^^^^^^^^^^^^^^^^^^^^^^
[INFO] [stdout] help: remove the extra argument
[INFO] [stdout]     |
[INFO] [stdout] 7   -     generate_gdextension_file(base_dir, target_dir, gdextension_path, force_generation, configuration, windows_abi, icons_configuration, dependencies);
[INFO] [stdout] 7   +     generate_gdextension_file(base_dir, target_dir, gdextension_path, force_generation, configuration, windows_abi, icons_configuration);
[INFO] [stdout]     |
[INFO] [stdout] 
[INFO] [stdout] error: aborting due to 9 previous errors
[INFO] [stdout] 
[INFO] [stdout] Some errors have detailed explanations: E0061, E0425.
[INFO] [stdout] For more information about an error, try `rustc --explain E0061`.
[INFO] [stdout] Couldn't compile the test.
[INFO] [stdout] ---- src/lib.rs - (line 25) stdout ----
[INFO] [stdout] error[E0425]: cannot find value `base_dir` in this scope
[INFO] [stdout]  --> src/lib.rs:32:31
[INFO] [stdout]   |
[INFO] [stdout] 9 |     generate_gdextension_file(base_dir, target_dir, gdextension_path, force_generation, configuration, windows_abi, icons_configuration, ...
[INFO] [stdout]   |                               ^^^^^^^^ not found in this scope
[INFO] [stdout] 
[INFO] [stdout] error[E0425]: cannot find value `target_dir` in this scope
[INFO] [stdout]  --> src/lib.rs:32:41
[INFO] [stdout]   |
[INFO] [stdout] 9 |     generate_gdextension_file(base_dir, target_dir, gdextension_path, force_generation, configuration, windows_abi, icons_configuration, ...
[INFO] [stdout]   |                                         ^^^^^^^^^^ not found in this scope
[INFO] [stdout] 
[INFO] [stdout] error[E0425]: cannot find value `gdextension_path` in this scope
[INFO] [stdout]  --> src/lib.rs:32:53
[INFO] [stdout]   |
[INFO] [stdout] 9 |     generate_gdextension_file(base_dir, target_dir, gdextension_path, force_generation, configuration, windows_abi, icons_configuration, ...
[INFO] [stdout]   |                                                     ^^^^^^^^^^^^^^^^ not found in this scope
[INFO] [stdout] 
[INFO] [stdout] error[E0425]: cannot find value `force_generation` in this scope
[INFO] [stdout]  --> src/lib.rs:32:71
[INFO] [stdout]   |
[INFO] [stdout] 9 |     generate_gdextension_file(base_dir, target_dir, gdextension_path, force_generation, configuration, windows_abi, icons_configuration, ...
[INFO] [stdout]   |                                                                       ^^^^^^^^^^^^^^^^ not found in this scope
[INFO] [stdout] 
[INFO] [stdout] error[E0425]: cannot find value `configuration` in this scope
[INFO] [stdout]  --> src/lib.rs:32:89
[INFO] [stdout]   |
[INFO] [stdout] 9 |     generate_gdextension_file(base_dir, target_dir, gdextension_path, force_generation, configuration, windows_abi, icons_configuration, ...
[INFO] [stdout]   |                                                                                         ^^^^^^^^^^^^^ not found in this scope
[INFO] [stdout] 
[INFO] [stdout] error[E0425]: cannot find value `windows_abi` in this scope
[INFO] [stdout]  --> src/lib.rs:32:104
[INFO] [stdout]   |
[INFO] [stdout] 9 | ...extension_path, force_generation, configuration, windows_abi, icons_configuration, dependencies)?;
[INFO] [stdout]   |                                                     ^^^^^^^^^^^ not found in this scope
[INFO] [stdout] 
[INFO] [stdout] error[E0425]: cannot find value `icons_configuration` in this scope
[INFO] [stdout]  --> src/lib.rs:32:117
[INFO] [stdout]   |
[INFO] [stdout] 9 | ...orce_generation, configuration, windows_abi, icons_configuration, dependencies)?;
[INFO] [stdout]   |                                                 ^^^^^^^^^^^^^^^^^^^ not found in this scope
[INFO] [stdout] 
[INFO] [stdout] error[E0425]: cannot find value `dependencies` in this scope
[INFO] [stdout]  --> src/lib.rs:32:138
[INFO] [stdout]   |
[INFO] [stdout] 9 | ...configuration, windows_abi, icons_configuration, dependencies)?;
[INFO] [stdout]   |                                                     ^^^^^^^^^^^^ not found in this scope
[INFO] [stdout] 
[INFO] [stdout] error[E0061]: this function takes 7 arguments but 8 arguments were supplied
[INFO] [stdout]    --> src/lib.rs:32:5
[INFO] [stdout]     |
[INFO] [stdout] 9   |     generate_gdextension_file(base_dir, target_dir, gdextension_path, force_generation, configuration, windows_abi, icons_configuration, dependencies...
[INFO] [stdout]     |     ^^^^^^^^^^^^^^^^^^^^^^^^^                                                                                                            ------------ unexpected argument #8
[INFO] [stdout]     |
[INFO] [stdout] note: function defined here
[INFO] [stdout]    --> /opt/rustwide/workdir/src/lib.rs:212:8
[INFO] [stdout]     |
[INFO] [stdout] 212 | pub fn generate_gdextension_file(
[INFO] [stdout]     |        ^^^^^^^^^^^^^^^^^^^^^^^^^
[INFO] [stdout] help: remove the extra argument
[INFO] [stdout]     |
[INFO] [stdout] 9   -     generate_gdextension_file(base_dir, target_dir, gdextension_path, force_generation, configuration, windows_abi, icons_configuration, dependencies)?;
[INFO] [stdout] 9   +     generate_gdextension_file(base_dir, target_dir, gdextension_path, force_generation, configuration, windows_abi, icons_configuration)?;
[INFO] [stdout]     |
[INFO] [stdout] 
[INFO] [stdout] error[E0308]: mismatched types
[INFO] [stdout]  --> src/lib.rs:30:14
[INFO] [stdout]   |
[INFO] [stdout] 7 | fn main() -> Result<()> {
[INFO] [stdout]   |    ----      ^^^^^^^^^^ expected `Result<(), Error>`, found `()`
[INFO] [stdout]   |    |
[INFO] [stdout]   |    implicitly returns `()` as its body has no tail or `return` expression
[INFO] [stdout]   |
[INFO] [stdout]   = note:   expected enum `Result<(), std::io::Error>`
[INFO] [stdout]           found unit type `()`
[INFO] [stdout] 
[INFO] [stdout] error: aborting due to 10 previous errors
[INFO] [stdout] 
[INFO] [stdout] Some errors have detailed explanations: E0061, E0308, E0425.
[INFO] [stdout] For more information about an error, try `rustc --explain E0061`.
[INFO] [stdout] Couldn't compile the test.
[INFO] [stdout] ---- src/gdext/config.rs - gdext::config::Configuration::entry_symbol (line 15) stdout ----
[INFO] [stdout] error: cannot find attribute `gdextension` in this scope
[INFO] [stdout]  --> src/gdext/config.rs:16:3
[INFO] [stdout]   |
[INFO] [stdout] 3 | #[gdextension(entry_symbol = libmy_rust_init)]
[INFO] [stdout]   |   ^^^^^^^^^^^
[INFO] [stdout] 
[INFO] [stdout] error[E0405]: cannot find trait `ExtensionLibrary` in this scope
[INFO] [stdout]  --> src/gdext/config.rs:17:13
[INFO] [stdout]   |
[INFO] [stdout] 4 | unsafe impl ExtensionLibrary for MyExtension {}
[INFO] [stdout]   |             ^^^^^^^^^^^^^^^^ not found in this scope
[INFO] [stdout] 
[INFO] [stdout] error[E0412]: cannot find type `MyExtension` in this scope
[INFO] [stdout]  --> src/gdext/config.rs:17:34
[INFO] [stdout]   |
[INFO] [stdout] 4 | unsafe impl ExtensionLibrary for MyExtension {}
[INFO] [stdout]   |                                  ^^^^^^^^^^^ not found in this scope
[INFO] [stdout] 
[INFO] [stdout] error: aborting due to 3 previous errors
[INFO] [stdout] 
[INFO] [stdout] Some errors have detailed explanations: E0405, E0412.
[INFO] [stdout] For more information about an error, try `rustc --explain E0405`.
[INFO] [stdout] Couldn't compile the test.
[INFO] [stdout] 
[INFO] [stdout] failures:
[INFO] [stdout]     src/gdext/config.rs - gdext::config::Configuration::entry_symbol (line 15)
[INFO] [stdout]     src/lib.rs - (line 15)
[INFO] [stdout]     src/lib.rs - (line 25)
[INFO] [stdout]     src/lib.rs - (line 43)
[INFO] [stdout] 
[INFO] [stdout] test result: FAILED. 0 passed; 4 failed; 0 ignored; 0 measured; 0 filtered out; finished in 0.15s
[INFO] [stdout] 
[INFO] [stderr] error: doctest failed, to rerun pass `--doc`
[INFO] running `Command { std: "docker" "inspect" "89075762fdcc4f3ea3e9cb5845ec32b758ef1ddeba750e5b6f54716d472c67e3", kill_on_drop: false }`
[INFO] running `Command { std: "docker" "rm" "-f" "89075762fdcc4f3ea3e9cb5845ec32b758ef1ddeba750e5b6f54716d472c67e3", kill_on_drop: false }`
[INFO] [stdout] 89075762fdcc4f3ea3e9cb5845ec32b758ef1ddeba750e5b6f54716d472c67e3
