[INFO] fetching crate fontbe 0.0.1...
[INFO] testing fontbe-0.0.1 against nightly-2025-01-18 for randomize-layout-2
[INFO] extracting crate fontbe 0.0.1 into /workspace/builds/worker-3-tc1/source
[INFO] validating manifest of crates.io crate fontbe 0.0.1 on toolchain nightly-2025-01-18
[INFO] running `Command { std: CARGO_HOME="/workspace/cargo-home" RUSTUP_HOME="/workspace/rustup-home" "/workspace/cargo-home/bin/cargo" "+nightly-2025-01-18" "metadata" "--manifest-path" "Cargo.toml" "--no-deps", kill_on_drop: false }`
[INFO] started tweaking crates.io crate fontbe 0.0.1
[INFO] finished tweaking crates.io crate fontbe 0.0.1
[INFO] tweaked toml for crates.io crate fontbe 0.0.1 written to /workspace/builds/worker-3-tc1/source/Cargo.toml
[INFO] running `Command { std: CARGO_HOME="/workspace/cargo-home" RUSTUP_HOME="/workspace/rustup-home" "/workspace/cargo-home/bin/cargo" "+nightly-2025-01-18" "generate-lockfile" "--manifest-path" "Cargo.toml", kill_on_drop: false }`
[INFO] [stderr]     Updating crates.io index
[INFO] [stderr]      Locking 156 packages to latest compatible versions
[INFO] [stderr]       Adding env_logger v0.10.2 (available: v0.11.6)
[INFO] [stderr]       Adding rstest v0.18.2 (available: v0.24.0)
[INFO] [stderr]       Adding smol_str v0.2.2 (available: v0.3.2)
[INFO] [stderr]       Adding thiserror v1.0.69 (available: v2.0.11)
[INFO] [stderr]       Adding tinystr v0.7.6 (available: v0.8.0)
[INFO] [stderr]       Adding write-fonts v0.25.0 (available: v0.33.1)
[INFO] running `Command { std: CARGO_HOME="/workspace/cargo-home" RUSTUP_HOME="/workspace/rustup-home" "/workspace/cargo-home/bin/cargo" "+nightly-2025-01-18" "fetch" "--manifest-path" "Cargo.toml", kill_on_drop: false }`
[INFO] [stderr]  Downloading crates ...
[INFO] [stderr]   Downloaded dot2 v1.0.0
[INFO] [stderr]   Downloaded font-types v0.4.3
[INFO] [stderr]   Downloaded otl-normalizer v0.0.1
[INFO] [stderr]   Downloaded fontir v0.0.1
[INFO] [stderr]   Downloaded fea-rs v0.19.0
[INFO] [stderr]   Downloaded read-fonts v0.17.0
[INFO] [stderr]   Downloaded fontdrasil v0.0.1
[INFO] [stderr]   Downloaded write-fonts v0.25.0
[INFO] running `Command { std: "docker" "create" "-v" "/var/lib/crater-agent-workspace/builds/worker-3-tc1/target:/opt/rustwide/target:rw,Z" "-v" "/var/lib/crater-agent-workspace/builds/worker-3-tc1/source:/opt/rustwide/workdir:ro,Z" "-v" "/var/lib/crater-agent-workspace/cargo-home:/opt/rustwide/cargo-home:ro,Z" "-v" "/var/lib/crater-agent-workspace/rustup-home:/opt/rustwide/rustup-home:ro,Z" "-e" "SOURCE_DIR=/opt/rustwide/workdir" "-e" "CARGO_TARGET_DIR=/opt/rustwide/target" "-e" "CARGO_HOME=/opt/rustwide/cargo-home" "-e" "RUSTUP_HOME=/opt/rustwide/rustup-home" "-w" "/opt/rustwide/workdir" "-m" "1610612736" "--user" "0:0" "--network" "none" "ghcr.io/rust-lang/crates-build-env/linux@sha256:819108c5571ea2e421544af4d832f968d213c87fbe3707a016657f43d2f853bc" "/opt/rustwide/cargo-home/bin/cargo" "+nightly-2025-01-18" "metadata" "--no-deps" "--format-version=1", kill_on_drop: false }`
[INFO] [stdout] 095827fcbb906d0e2304a20efd3e02ff38c8ab0de418073eaf44f3c0be459712
[INFO] running `Command { std: "docker" "start" "-a" "095827fcbb906d0e2304a20efd3e02ff38c8ab0de418073eaf44f3c0be459712", kill_on_drop: false }`
[INFO] running `Command { std: "docker" "inspect" "095827fcbb906d0e2304a20efd3e02ff38c8ab0de418073eaf44f3c0be459712", kill_on_drop: false }`
[INFO] running `Command { std: "docker" "rm" "-f" "095827fcbb906d0e2304a20efd3e02ff38c8ab0de418073eaf44f3c0be459712", kill_on_drop: false }`
[INFO] [stdout] 095827fcbb906d0e2304a20efd3e02ff38c8ab0de418073eaf44f3c0be459712
[INFO] running `Command { std: "docker" "create" "-v" "/var/lib/crater-agent-workspace/builds/worker-3-tc1/target:/opt/rustwide/target:rw,Z" "-v" "/var/lib/crater-agent-workspace/builds/worker-3-tc1/source:/opt/rustwide/workdir:ro,Z" "-v" "/var/lib/crater-agent-workspace/cargo-home:/opt/rustwide/cargo-home:ro,Z" "-v" "/var/lib/crater-agent-workspace/rustup-home:/opt/rustwide/rustup-home:ro,Z" "-e" "SOURCE_DIR=/opt/rustwide/workdir" "-e" "CARGO_TARGET_DIR=/opt/rustwide/target" "-e" "CARGO_INCREMENTAL=0" "-e" "RUST_BACKTRACE=full" "-e" "RUSTFLAGS=--cap-lints=forbid" "-e" "RUSTDOCFLAGS=--cap-lints=forbid" "-e" "CARGO_HOME=/opt/rustwide/cargo-home" "-e" "RUSTUP_HOME=/opt/rustwide/rustup-home" "-w" "/opt/rustwide/workdir" "-m" "1610612736" "--user" "0:0" "--network" "none" "ghcr.io/rust-lang/crates-build-env/linux@sha256:819108c5571ea2e421544af4d832f968d213c87fbe3707a016657f43d2f853bc" "/opt/rustwide/cargo-home/bin/cargo" "+nightly-2025-01-18" "build" "--frozen" "--message-format=json", kill_on_drop: false }`
[INFO] [stdout] 5fe7e9d030d834e33365b3a9ba42b6c41dcee4fe1fbe28069c380875d85219c0
[INFO] running `Command { std: "docker" "start" "-a" "5fe7e9d030d834e33365b3a9ba42b6c41dcee4fe1fbe28069c380875d85219c0", kill_on_drop: false }`
[INFO] [stderr]    Compiling serde v1.0.217
[INFO] [stderr]    Compiling stable_deref_trait v1.2.0
[INFO] [stderr]    Compiling equivalent v1.0.1
[INFO] [stderr]    Compiling memchr v2.7.4
[INFO] [stderr]    Compiling hashbrown v0.15.2
[INFO] [stderr]    Compiling regex-syntax v0.8.5
[INFO] [stderr]    Compiling log v0.4.25
[INFO] [stderr]    Compiling shlex v1.3.0
[INFO] [stderr]    Compiling num-traits v0.2.19
[INFO] [stderr]    Compiling lock_api v0.4.12
[INFO] [stderr]    Compiling parking_lot_core v0.9.10
[INFO] [stderr]    Compiling thiserror v1.0.69
[INFO] [stderr]    Compiling writeable v0.5.5
[INFO] [stderr]    Compiling fontdrasil v0.0.1
[INFO] [stderr]    Compiling syn v2.0.96
[INFO] [stderr]    Compiling litemap v0.7.4
[INFO] [stderr]    Compiling dot2 v1.0.0
[INFO] [stderr]    Compiling is-terminal v0.4.13
[INFO] [stderr]    Compiling humantime v2.1.0
[INFO] [stderr]    Compiling cc v1.2.10
[INFO] [stderr]    Compiling iana-time-zone v0.1.61
[INFO] [stderr]    Compiling scopeguard v1.2.0
[INFO] [stderr]    Compiling termcolor v1.4.1
[INFO] [stderr]    Compiling constant_time_eq v0.3.1
[INFO] [stderr]    Compiling arrayref v0.3.9
[INFO] [stderr]    Compiling icu_locid_transform_data v1.5.0
[INFO] [stderr]    Compiling itoa v1.0.14
[INFO] [stderr]    Compiling unsafe-libyaml v0.2.11
[INFO] [stderr]    Compiling ryu v1.0.18
[INFO] [stderr]    Compiling filetime v0.2.25
[INFO] [stderr]    Compiling icu_properties_data v1.5.0
[INFO] [stderr]    Compiling ansi_term v0.12.1
[INFO] [stderr]    Compiling bitflags v2.8.0
[INFO] [stderr]    Compiling aho-corasick v1.1.3
[INFO] [stderr]    Compiling blake3 v1.5.5
[INFO] [stderr]    Compiling synstructure v0.13.1
[INFO] [stderr]    Compiling regex-automata v0.4.9
[INFO] [stderr]    Compiling serde_derive v1.0.217
[INFO] [stderr]    Compiling zerofrom-derive v0.1.5
[INFO] [stderr]    Compiling yoke-derive v0.7.5
[INFO] [stderr]    Compiling zerovec-derive v0.10.3
[INFO] [stderr]    Compiling displaydoc v0.2.5
[INFO] [stderr]    Compiling icu_provider_macros v1.5.0
[INFO] [stderr]    Compiling thiserror-impl v1.0.69
[INFO] [stderr]    Compiling zerofrom v0.1.5
[INFO] [stderr]    Compiling yoke v0.7.5
[INFO] [stderr]    Compiling zerovec v0.10.4
[INFO] [stderr]    Compiling icu_collections v1.5.0
[INFO] [stderr]    Compiling regex v1.11.1
[INFO] [stderr]    Compiling env_logger v0.10.2
[INFO] [stderr]    Compiling smallvec v1.13.2
[INFO] [stderr]    Compiling indexmap v2.7.1
[INFO] [stderr]    Compiling font-types v0.4.3
[INFO] [stderr]    Compiling tinystr v0.7.6
[INFO] [stderr]    Compiling ordered-float v4.6.0
[INFO] [stderr]    Compiling smol_str v0.2.2
[INFO] [stderr]    Compiling chrono v0.4.39
[INFO] [stderr]    Compiling bincode v1.3.3
[INFO] [stderr]    Compiling kurbo v0.11.1
[INFO] [stderr]    Compiling parking_lot v0.12.3
[INFO] [stderr]    Compiling icu_locid v1.5.0
[INFO] [stderr]    Compiling read-fonts v0.17.0
[INFO] [stderr]    Compiling icu_provider v1.5.0
[INFO] [stderr]    Compiling serde_yaml v0.9.34+deprecated
[INFO] [stderr]    Compiling icu_locid_transform v1.5.0
[INFO] [stderr]    Compiling icu_properties v1.5.1
[INFO] [stderr]    Compiling write-fonts v0.25.0
[INFO] [stderr]    Compiling fontir v0.0.1
[INFO] [stderr]    Compiling fea-rs v0.19.0
[INFO] [stderr]    Compiling fontbe v0.0.1 (/opt/rustwide/workdir)
[INFO] [stderr]     Finished `dev` profile [unoptimized + debuginfo] target(s) in 59.49s
[INFO] running `Command { std: "docker" "inspect" "5fe7e9d030d834e33365b3a9ba42b6c41dcee4fe1fbe28069c380875d85219c0", kill_on_drop: false }`
[INFO] running `Command { std: "docker" "rm" "-f" "5fe7e9d030d834e33365b3a9ba42b6c41dcee4fe1fbe28069c380875d85219c0", kill_on_drop: false }`
[INFO] [stdout] 5fe7e9d030d834e33365b3a9ba42b6c41dcee4fe1fbe28069c380875d85219c0
[INFO] running `Command { std: "docker" "create" "-v" "/var/lib/crater-agent-workspace/builds/worker-3-tc1/target:/opt/rustwide/target:rw,Z" "-v" "/var/lib/crater-agent-workspace/builds/worker-3-tc1/source:/opt/rustwide/workdir:ro,Z" "-v" "/var/lib/crater-agent-workspace/cargo-home:/opt/rustwide/cargo-home:ro,Z" "-v" "/var/lib/crater-agent-workspace/rustup-home:/opt/rustwide/rustup-home:ro,Z" "-e" "SOURCE_DIR=/opt/rustwide/workdir" "-e" "CARGO_TARGET_DIR=/opt/rustwide/target" "-e" "CARGO_INCREMENTAL=0" "-e" "RUST_BACKTRACE=full" "-e" "RUSTFLAGS=--cap-lints=forbid" "-e" "RUSTDOCFLAGS=--cap-lints=forbid" "-e" "CARGO_HOME=/opt/rustwide/cargo-home" "-e" "RUSTUP_HOME=/opt/rustwide/rustup-home" "-w" "/opt/rustwide/workdir" "-m" "1610612736" "--user" "0:0" "--network" "none" "ghcr.io/rust-lang/crates-build-env/linux@sha256:819108c5571ea2e421544af4d832f968d213c87fbe3707a016657f43d2f853bc" "/opt/rustwide/cargo-home/bin/cargo" "+nightly-2025-01-18" "test" "--frozen" "--no-run" "--message-format=json", kill_on_drop: false }`
[INFO] [stdout] d5ead968a7aae53444c17d57e6c59844cd5b446b872dca1a1d344ef9d471216f
[INFO] running `Command { std: "docker" "start" "-a" "d5ead968a7aae53444c17d57e6c59844cd5b446b872dca1a1d344ef9d471216f", kill_on_drop: false }`
[INFO] [stderr]    Compiling memchr v2.7.4
[INFO] [stderr]    Compiling semver v1.0.25
[INFO] [stderr]    Compiling slab v0.4.9
[INFO] [stderr]    Compiling futures-core v0.3.31
[INFO] [stderr]    Compiling utf8parse v0.2.2
[INFO] [stderr]    Compiling futures-sink v0.3.31
[INFO] [stderr]    Compiling is_terminal_polyfill v1.70.1
[INFO] [stderr]    Compiling futures-io v0.3.31
[INFO] [stderr]    Compiling synstructure v0.13.1
[INFO] [stderr]    Compiling zerovec-derive v0.10.3
[INFO] [stderr]    Compiling displaydoc v0.2.5
[INFO] [stderr]    Compiling thiserror-impl v1.0.69
[INFO] [stderr]    Compiling futures-macro v0.3.31
[INFO] [stderr]    Compiling icu_provider_macros v1.5.0
[INFO] [stderr]    Compiling serde v1.0.217
[INFO] [stderr]    Compiling anstyle-parse v0.2.6
[INFO] [stderr]    Compiling anstyle-query v1.1.2
[INFO] [stderr]    Compiling pin-utils v0.1.0
[INFO] [stderr]    Compiling futures-channel v0.3.31
[INFO] [stderr]    Compiling futures-task v0.3.31
[INFO] [stderr]    Compiling anstyle v1.0.10
[INFO] [stderr]    Compiling bitflags v2.8.0
[INFO] [stderr]    Compiling regex-syntax v0.8.5
[INFO] [stderr]    Compiling colorchoice v1.0.3
[INFO] [stderr]    Compiling heck v0.5.0
[INFO] [stderr]    Compiling clap_lex v0.7.4
[INFO] [stderr]    Compiling rustix v0.38.43
[INFO] [stderr]    Compiling anstream v0.6.18
[INFO] [stderr]    Compiling strsim v0.11.1
[INFO] [stderr]    Compiling clap_derive v4.5.24
[INFO] [stderr]    Compiling relative-path v1.9.3
[INFO] [stderr]    Compiling rustc_version v0.4.1
[INFO] [stderr]    Compiling glob v0.3.2
[INFO] [stderr]    Compiling aho-corasick v1.1.3
[INFO] [stderr]    Compiling zerofrom-derive v0.1.5
[INFO] [stderr]    Compiling yoke-derive v0.7.5
[INFO] [stderr]    Compiling rstest_macros v0.18.2
[INFO] [stderr]    Compiling clap_builder v4.5.27
[INFO] [stderr]    Compiling futures-util v0.3.31
[INFO] [stderr]    Compiling linux-raw-sys v0.4.15
[INFO] [stderr]    Compiling getrandom v0.2.15
[INFO] [stderr]    Compiling futures-timer v3.0.3
[INFO] [stderr]    Compiling once_cell v1.20.2
[INFO] [stderr]    Compiling yansi v1.0.1
[INFO] [stderr]    Compiling fastrand v2.3.0
[INFO] [stderr]    Compiling more-asserts v0.3.1
[INFO] [stderr]    Compiling pretty_assertions v1.4.1
[INFO] [stderr]    Compiling thiserror v1.0.69
[INFO] [stderr]    Compiling regex-automata v0.4.9
[INFO] [stderr]    Compiling zerofrom v0.1.5
[INFO] [stderr]    Compiling yoke v0.7.5
[INFO] [stderr]    Compiling zerovec v0.10.4
[INFO] [stderr]    Compiling smallvec v1.13.2
[INFO] [stderr]    Compiling font-types v0.4.3
[INFO] [stderr]    Compiling indexmap v2.7.1
[INFO] [stderr]    Compiling smol_str v0.2.2
[INFO] [stderr]    Compiling ordered-float v4.6.0
[INFO] [stderr]    Compiling chrono v0.4.39
[INFO] [stderr]    Compiling bincode v1.3.3
[INFO] [stderr]    Compiling futures-executor v0.3.31
[INFO] [stderr]    Compiling kurbo v0.11.1
[INFO] [stderr]    Compiling parking_lot_core v0.9.10
[INFO] [stderr]    Compiling futures v0.3.31
[INFO] [stderr]    Compiling tinystr v0.7.6
[INFO] [stderr]    Compiling icu_collections v1.5.0
[INFO] [stderr]    Compiling parking_lot v0.12.3
[INFO] [stderr]    Compiling read-fonts v0.17.0
[INFO] [stderr]    Compiling icu_locid v1.5.0
[INFO] [stderr]    Compiling temp-env v0.3.6
[INFO] [stderr]    Compiling tempfile v3.15.0
[INFO] [stderr]    Compiling serde_yaml v0.9.34+deprecated
[INFO] [stderr]    Compiling clap v4.5.27
[INFO] [stderr]    Compiling regex v1.11.1
[INFO] [stderr]    Compiling icu_provider v1.5.0
[INFO] [stderr]    Compiling icu_locid_transform v1.5.0
[INFO] [stderr]    Compiling env_logger v0.10.2
[INFO] [stderr]    Compiling icu_properties v1.5.1
[INFO] [stderr]    Compiling rstest v0.18.2
[INFO] [stderr]    Compiling write-fonts v0.25.0
[INFO] [stderr]    Compiling fontdrasil v0.0.1
[INFO] [stderr]    Compiling fea-rs v0.19.0
[INFO] [stderr]    Compiling fontir v0.0.1
[INFO] [stderr]    Compiling otl-normalizer v0.0.1
[INFO] [stderr]    Compiling fontbe v0.0.1 (/opt/rustwide/workdir)
[INFO] [stderr]     Finished `test` profile [unoptimized + debuginfo] target(s) in 1m 04s
[INFO] running `Command { std: "docker" "inspect" "d5ead968a7aae53444c17d57e6c59844cd5b446b872dca1a1d344ef9d471216f", kill_on_drop: false }`
[INFO] running `Command { std: "docker" "rm" "-f" "d5ead968a7aae53444c17d57e6c59844cd5b446b872dca1a1d344ef9d471216f", kill_on_drop: false }`
[INFO] [stdout] d5ead968a7aae53444c17d57e6c59844cd5b446b872dca1a1d344ef9d471216f
[INFO] running `Command { std: "docker" "create" "-v" "/var/lib/crater-agent-workspace/builds/worker-3-tc1/target:/opt/rustwide/target:rw,Z" "-v" "/var/lib/crater-agent-workspace/builds/worker-3-tc1/source:/opt/rustwide/workdir:ro,Z" "-v" "/var/lib/crater-agent-workspace/cargo-home:/opt/rustwide/cargo-home:ro,Z" "-v" "/var/lib/crater-agent-workspace/rustup-home:/opt/rustwide/rustup-home:ro,Z" "-e" "SOURCE_DIR=/opt/rustwide/workdir" "-e" "CARGO_TARGET_DIR=/opt/rustwide/target" "-e" "CARGO_INCREMENTAL=0" "-e" "RUST_BACKTRACE=full" "-e" "RUSTFLAGS=--cap-lints=forbid" "-e" "RUSTDOCFLAGS=--cap-lints=forbid" "-e" "CARGO_HOME=/opt/rustwide/cargo-home" "-e" "RUSTUP_HOME=/opt/rustwide/rustup-home" "-w" "/opt/rustwide/workdir" "-m" "1610612736" "--user" "0:0" "--network" "none" "ghcr.io/rust-lang/crates-build-env/linux@sha256:819108c5571ea2e421544af4d832f968d213c87fbe3707a016657f43d2f853bc" "/opt/rustwide/cargo-home/bin/cargo" "+nightly-2025-01-18" "test" "--frozen", kill_on_drop: false }`
[INFO] [stdout] d94a1e9d065797a061c614af998109a65cf48501295bf388616f551f90ece913
[INFO] running `Command { std: "docker" "start" "-a" "d94a1e9d065797a061c614af998109a65cf48501295bf388616f551f90ece913", kill_on_drop: false }`
[INFO] [stderr]     Finished `test` profile [unoptimized + debuginfo] target(s) in 0.22s
[INFO] [stderr]      Running unittests src/lib.rs (/opt/rustwide/target/debug/deps/fontbe-7f5a8bed22d12143)
[INFO] [stdout] 
[INFO] [stdout] running 49 tests
[INFO] [stdout] test avar::tests::simple_functional_segment_map ... ok
[INFO] [stdout] test avar::tests::adds_implicit_mappings ... ok
[INFO] [stdout] test features::kern::tests::split_latin_and_cyrillic ... ok
[INFO] [stdout] test features::kern::tests::mark_to_base_mixed_class ... ok
[INFO] [stdout] test features::kern::tests::mark_to_base_only ... ok
[INFO] [stdout] test features::kern::tests::mark_to_base_kern ... ok
[INFO] [stdout] test features::marks::tests::no_anchors_no_feature ... ok
[INFO] [stdout] test features::marks::tests::attach_a_mark_to_a_base ... ok
[INFO] [stdout] test features::marks::tests::prefer_fea_gdef_categories_false ... ok
[INFO] [stdout] test features::marks::tests::custom_fea ... ok
[INFO] [stdout] test features::marks::tests::multiple_anchor_classes_base ... ok
[INFO] [stdout] test features::ot_tags::tests::const_arrays_are_sorted ... ok
[INFO] [stdout] test features::marks::tests::prefer_fea_gdef_categories_true ... ok
[INFO] [stdout] test features::properties::tests::const_arrays_are_sorted ... ok
[INFO] [stdout] test features::properties::tests::raw_tag_conversion ... ok
[INFO] [stdout] test fvar::tests::no_fvar_for_point_axes ... ok
[INFO] [stdout] test fvar::tests::no_fvar_for_no_axes ... ok
[INFO] [stdout] test glyphs::tests::can_reuse_metrics_ignores_dy ... ok
[INFO] [stdout] test glyphs::tests::all_zero_composite_deltas ... ok
[INFO] [stdout] test glyphs::tests::can_reuse_metrics_no_transform ... ok
[INFO] [stdout] test glyphs::tests::cannot_reuse_metrics_if_width_mismatch ... ok
[INFO] [stdout] test glyphs::tests::cubics_to_quadratics_at_various_upems::case_2_default_upem ... ok
[INFO] [stdout] test glyphs::tests::cubics_to_quadratics_at_various_upems::case_1_small_upem ... ok
[INFO] [stdout] test glyphs::tests::elide_composite_zero_deltas ... ok
[INFO] [stdout] test glyphs::tests::cannot_reuse_metrics_for_non_dy_transform ... ok
[INFO] [stdout] test head::tests::apply_head_macstyle ... ok
[INFO] [stdout] test glyphs::tests::cubics_to_quadratics_at_various_upems::case_3_large_upem ... ok
[INFO] [stdout] test gvar::tests::do_not_skip_empty_variations ... ok
[INFO] [stdout] test head::tests::init_head_simple ... ok
[INFO] [stdout] test head::tests::init_head_with_invalid_source_date_epoch ... ok
[INFO] [stdout] test metrics_and_limits::tests::negative_xmax_does_not_crash ... ok
[INFO] [stdout] test orchestration::tests::kern_pair_sort_order ... ok
[INFO] [stdout] test head::tests::init_head_with_valid_source_date_epoch ... ok
[INFO] [stdout] test os2::tests::min_max_char_index_big_values ... ok
[INFO] [stdout] test os2::tests::min_max_char_index_simple ... ok
[INFO] [stdout] test os2::tests::unicode_range_bit_lut_large ... ok
[INFO] [stdout] test os2::tests::codepage_range_report_latin_1 ... ok
[INFO] [stdout] test os2::tests::codepage_range_fallback_to_latin_1 ... ok
[INFO] [stdout] test mvar::tests::no_variations_no_mvar ... ok
[INFO] [stdout] test mvar::tests::smoke_test ... ok
[INFO] [stdout] test orchestration::tests::keeps_if_some_deltas ... ok
[INFO] [stdout] test os2::tests::build_basic_os2 ... ok
[INFO] [stdout] test mvar::tests::sparse_global_metrics ... ok
[INFO] [stdout] test features::tests::resolve_kern ... ok
[INFO] [stdout] test fvar::tests::fvar_includes_only_variable_axes ... ok
[INFO] [stdout] test orchestration::tests::drops_nop_deltas ... ok
[INFO] [stdout] test os2::tests::unicode_range_bit_lut_latin ... ok
[INFO] [stdout] test os2::tests::unicode_range_bit_lut_mahjong ... ok
[INFO] [stdout] test avar::tests::up_to_three_points_does_nothing ... FAILED
[INFO] [stdout] 
[INFO] [stdout] failures:
[INFO] [stdout] 
[INFO] [stdout] ---- avar::tests::up_to_three_points_does_nothing stdout ----
[INFO] [stdout] 
[INFO] [stdout] thread 'avar::tests::up_to_three_points_does_nothing' panicked at src/avar.rs:170:13:
[INFO] [stdout] assertion `left == right` failed
[INFO] [stdout]   left: SegmentMaps { axis_value_maps: [AxisValueMap { from_coordinate: -1.0, to_coordinate: -1.0 }, AxisValueMap { from_coordinate: 1.0, to_coordinate: 0.0 }, AxisValueMap { from_coordinate: 1.0, to_coordinate: 1.0 }] }
[INFO] [stdout]  right: SegmentMaps { axis_value_maps: [AxisValueMap { from_coordinate: -1.0, to_coordinate: -1.0 }, AxisValueMap { from_coordinate: 0.0, to_coordinate: 0.0 }, AxisValueMap { from_coordinate: 1.0, to_coordinate: 1.0 }] }
[INFO] [stdout] stack backtrace:
[INFO] [stdout]    0:     0x55a0887862ca - std::backtrace_rs::backtrace::libunwind::trace::hb059275cfc8d6126
[INFO] [stdout]                                at /rustc/6067b36314ab5eb2eb47cecc464545ba58e1ad24/library/std/src/../../backtrace/src/backtrace/libunwind.rs:116:5
[INFO] [stdout]    1:     0x55a0887862ca - std::backtrace_rs::backtrace::trace_unsynchronized::h2da071e4327ce3ee
[INFO] [stdout]                                at /rustc/6067b36314ab5eb2eb47cecc464545ba58e1ad24/library/std/src/../../backtrace/src/backtrace/mod.rs:66:5
[INFO] [stdout]    2:     0x55a0887862ca - std::sys::backtrace::_print_fmt::h842a1474e6f8d23f
[INFO] [stdout]                                at /rustc/6067b36314ab5eb2eb47cecc464545ba58e1ad24/library/std/src/sys/backtrace.rs:66:9
[INFO] [stdout]    3:     0x55a0887862ca - <std::sys::backtrace::BacktraceLock::print::DisplayBacktrace as core::fmt::Display>::fmt::h71a62eb3b9696b12
[INFO] [stdout]                                at /rustc/6067b36314ab5eb2eb47cecc464545ba58e1ad24/library/std/src/sys/backtrace.rs:39:26
[INFO] [stdout]    4:     0x55a0887b0c63 - core::fmt::rt::Argument::fmt::hdb6b616786b41dc1
[INFO] [stdout]                                at /rustc/6067b36314ab5eb2eb47cecc464545ba58e1ad24/library/core/src/fmt/rt.rs:177:76
[INFO] [stdout]    5:     0x55a0887b0c63 - core::fmt::write::h2cc1698af7e2d686
[INFO] [stdout]                                at /rustc/6067b36314ab5eb2eb47cecc464545ba58e1ad24/library/core/src/fmt/mod.rs:1440:21
[INFO] [stdout]    6:     0x55a088782d53 - std::io::Write::write_fmt::hab1b4cd059a79022
[INFO] [stdout]                                at /rustc/6067b36314ab5eb2eb47cecc464545ba58e1ad24/library/std/src/io/mod.rs:1887:15
[INFO] [stdout]    7:     0x55a088786112 - std::sys::backtrace::BacktraceLock::print::h147fe35b4ea13b08
[INFO] [stdout]                                at /rustc/6067b36314ab5eb2eb47cecc464545ba58e1ad24/library/std/src/sys/backtrace.rs:42:9
[INFO] [stdout]    8:     0x55a0887876ef - std::panicking::default_hook::{{closure}}::hbd44223dbdc0d208
[INFO] [stdout]                                at /rustc/6067b36314ab5eb2eb47cecc464545ba58e1ad24/library/std/src/panicking.rs:298:22
[INFO] [stdout]    9:     0x55a088787508 - std::panicking::default_hook::h20f81eb0576efcec
[INFO] [stdout]                                at /rustc/6067b36314ab5eb2eb47cecc464545ba58e1ad24/library/std/src/panicking.rs:322:9
[INFO] [stdout]   10:     0x55a088154263 - <alloc::boxed::Box<F,A> as core::ops::function::Fn<Args>>::call::hdb53814c496a4d34
[INFO] [stdout]                                at /rustc/6067b36314ab5eb2eb47cecc464545ba58e1ad24/library/alloc/src/boxed.rs:2027:9
[INFO] [stdout]   11:     0x55a088154263 - test::test_main::{{closure}}::hc0a4963c59427c24
[INFO] [stdout]                                at /rustc/6067b36314ab5eb2eb47cecc464545ba58e1ad24/library/test/src/lib.rs:134:21
[INFO] [stdout]   12:     0x55a0887881e3 - <alloc::boxed::Box<F,A> as core::ops::function::Fn<Args>>::call::h591b2225413a77e9
[INFO] [stdout]                                at /rustc/6067b36314ab5eb2eb47cecc464545ba58e1ad24/library/alloc/src/boxed.rs:2027:9
[INFO] [stdout]   13:     0x55a0887881e3 - std::panicking::rust_panic_with_hook::h625eea43051b2edc
[INFO] [stdout]                                at /rustc/6067b36314ab5eb2eb47cecc464545ba58e1ad24/library/std/src/panicking.rs:839:13
[INFO] [stdout]   14:     0x55a088787e9a - std::panicking::begin_panic_handler::{{closure}}::h4f9159cfbc3f6bd3
[INFO] [stdout]                                at /rustc/6067b36314ab5eb2eb47cecc464545ba58e1ad24/library/std/src/panicking.rs:704:13
[INFO] [stdout]   15:     0x55a0887867c9 - std::sys::backtrace::__rust_end_short_backtrace::h0390abce48353151
[INFO] [stdout]                                at /rustc/6067b36314ab5eb2eb47cecc464545ba58e1ad24/library/std/src/sys/backtrace.rs:168:18
[INFO] [stdout]   16:     0x55a088787b2d - rust_begin_unwind
[INFO] [stdout]                                at /rustc/6067b36314ab5eb2eb47cecc464545ba58e1ad24/library/std/src/panicking.rs:695:5
[INFO] [stdout]   17:     0x55a0887ae4c0 - core::panicking::panic_fmt::h9e7c637e9e5f29c9
[INFO] [stdout]                                at /rustc/6067b36314ab5eb2eb47cecc464545ba58e1ad24/library/core/src/panicking.rs:75:14
[INFO] [stdout]   18:     0x55a0887ae8b2 - core::panicking::assert_failed_inner::h538bec7c1374cd9c
[INFO] [stdout]   19:     0x55a087c7cceb - core::panicking::assert_failed::h8809c74ff024b9ff
[INFO] [stdout]                                at /rustc/6067b36314ab5eb2eb47cecc464545ba58e1ad24/library/core/src/panicking.rs:364:5
[INFO] [stdout]   20:     0x55a087daaf4b - fontbe::avar::tests::up_to_three_points_does_nothing::hed66ac99c6864ca3
[INFO] [stdout]                                at /opt/rustwide/workdir/src/avar.rs:170:13
[INFO] [stdout]   21:     0x55a087daacd7 - fontbe::avar::tests::up_to_three_points_does_nothing::{{closure}}::hfca5e8aa4de58a0e
[INFO] [stdout]                                at /opt/rustwide/workdir/src/avar.rs:162:41
[INFO] [stdout]   22:     0x55a087dcc056 - core::ops::function::FnOnce::call_once::hd3b8ca8282e778ef
[INFO] [stdout]                                at /rustc/6067b36314ab5eb2eb47cecc464545ba58e1ad24/library/core/src/ops/function.rs:250:5
[INFO] [stdout]   23:     0x55a0881599bb - core::ops::function::FnOnce::call_once::he27718dfdd183f43
[INFO] [stdout]                                at /rustc/6067b36314ab5eb2eb47cecc464545ba58e1ad24/library/core/src/ops/function.rs:250:5
[INFO] [stdout]   24:     0x55a0881599bb - test::__rust_begin_short_backtrace::h4e84902998457a5d
[INFO] [stdout]                                at /rustc/6067b36314ab5eb2eb47cecc464545ba58e1ad24/library/test/src/lib.rs:632:18
[INFO] [stdout]   25:     0x55a0881588f3 - test::run_test_in_process::{{closure}}::h7176fd18fc1feca0
[INFO] [stdout]                                at /rustc/6067b36314ab5eb2eb47cecc464545ba58e1ad24/library/test/src/lib.rs:655:60
[INFO] [stdout]   26:     0x55a0881588f3 - <core::panic::unwind_safe::AssertUnwindSafe<F> as core::ops::function::FnOnce<()>>::call_once::hf79cff2a624d8cf7
[INFO] [stdout]                                at /rustc/6067b36314ab5eb2eb47cecc464545ba58e1ad24/library/core/src/panic/unwind_safe.rs:272:9
[INFO] [stdout]   27:     0x55a0881588f3 - std::panicking::try::do_call::h3da0561d9ab99c25
[INFO] [stdout]                                at /rustc/6067b36314ab5eb2eb47cecc464545ba58e1ad24/library/std/src/panicking.rs:587:40
[INFO] [stdout]   28:     0x55a0881588f3 - std::panicking::try::h41c9fa508bc61df6
[INFO] [stdout]                                at /rustc/6067b36314ab5eb2eb47cecc464545ba58e1ad24/library/std/src/panicking.rs:550:19
[INFO] [stdout]   29:     0x55a0881588f3 - std::panic::catch_unwind::h6b3ff07bb5afad93
[INFO] [stdout]                                at /rustc/6067b36314ab5eb2eb47cecc464545ba58e1ad24/library/std/src/panic.rs:358:14
[INFO] [stdout]   30:     0x55a0881588f3 - test::run_test_in_process::hc7253dd11b39b9f4
[INFO] [stdout]                                at /rustc/6067b36314ab5eb2eb47cecc464545ba58e1ad24/library/test/src/lib.rs:655:27
[INFO] [stdout]   31:     0x55a0881588f3 - test::run_test::{{closure}}::hfb2007f8649c30bb
[INFO] [stdout]                                at /rustc/6067b36314ab5eb2eb47cecc464545ba58e1ad24/library/test/src/lib.rs:576:43
[INFO] [stdout]   32:     0x55a08811b9d5 - test::run_test::{{closure}}::h56a17aa7a282a9f4
[INFO] [stdout]                                at /rustc/6067b36314ab5eb2eb47cecc464545ba58e1ad24/library/test/src/lib.rs:606:41
[INFO] [stdout]   33:     0x55a08811b9d5 - std::sys::backtrace::__rust_begin_short_backtrace::hd2d2d2fb8e8c6aac
[INFO] [stdout]                                at /rustc/6067b36314ab5eb2eb47cecc464545ba58e1ad24/library/std/src/sys/backtrace.rs:152:18
[INFO] [stdout]   34:     0x55a08811f2ba - std::thread::Builder::spawn_unchecked_::{{closure}}::{{closure}}::h4faa3f9db6133423
[INFO] [stdout]                                at /rustc/6067b36314ab5eb2eb47cecc464545ba58e1ad24/library/std/src/thread/mod.rs:559:17
[INFO] [stdout]   35:     0x55a08811f2ba - <core::panic::unwind_safe::AssertUnwindSafe<F> as core::ops::function::FnOnce<()>>::call_once::hf2e855a36a4ea846
[INFO] [stdout]                                at /rustc/6067b36314ab5eb2eb47cecc464545ba58e1ad24/library/core/src/panic/unwind_safe.rs:272:9
[INFO] [stdout]   36:     0x55a08811f2ba - std::panicking::try::do_call::h2f73af3616c35465
[INFO] [stdout]                                at /rustc/6067b36314ab5eb2eb47cecc464545ba58e1ad24/library/std/src/panicking.rs:587:40
[INFO] [stdout]   37:     0x55a08811f2ba - std::panicking::try::hd1660ce9efadef5a
[INFO] [stdout]                                at /rustc/6067b36314ab5eb2eb47cecc464545ba58e1ad24/library/std/src/panicking.rs:550:19
[INFO] [stdout]   38:     0x55a08811f2ba - std::panic::catch_unwind::h5ee8d7823b8ca744
[INFO] [stdout]                                at /rustc/6067b36314ab5eb2eb47cecc464545ba58e1ad24/library/std/src/panic.rs:358:14
[INFO] [stdout]   39:     0x55a08811f2ba - std::thread::Builder::spawn_unchecked_::{{closure}}::h53c3a1894dce8407
[INFO] [stdout]                                at /rustc/6067b36314ab5eb2eb47cecc464545ba58e1ad24/library/std/src/thread/mod.rs:557:30
[INFO] [stdout]   40:     0x55a08811f2ba - core::ops::function::FnOnce::call_once{{vtable.shim}}::h048ce291ad4f62bf
[INFO] [stdout]                                at /rustc/6067b36314ab5eb2eb47cecc464545ba58e1ad24/library/core/src/ops/function.rs:250:5
[INFO] [stdout]   41:     0x55a08878c5bb - <alloc::boxed::Box<F,A> as core::ops::function::FnOnce<Args>>::call_once::ha52bedf99a3b4981
[INFO] [stdout]                                at /rustc/6067b36314ab5eb2eb47cecc464545ba58e1ad24/library/alloc/src/boxed.rs:2013:9
[INFO] [stdout]   42:     0x55a08878c5bb - <alloc::boxed::Box<F,A> as core::ops::function::FnOnce<Args>>::call_once::h567748934d80ccf8
[INFO] [stdout]                                at /rustc/6067b36314ab5eb2eb47cecc464545ba58e1ad24/library/alloc/src/boxed.rs:2013:9
[INFO] [stdout]   43:     0x55a08878c5bb - std::sys::pal::unix::thread::Thread::new::thread_start::h2d970728ae887adc
[INFO] [stdout]                                at /rustc/6067b36314ab5eb2eb47cecc464545ba58e1ad24/library/std/src/sys/pal/unix/thread.rs:106:17
[INFO] [stdout]   44:     0x72c860552ac3 - <unknown>
[INFO] [stdout]   45:     0x72c8605e3a04 - clone
[INFO] [stdout]   46:                0x0 - <unknown>
[INFO] [stdout] 
[INFO] [stdout] 
[INFO] [stdout] failures:
[INFO] [stdout]     avar::tests::up_to_three_points_does_nothing
[INFO] [stdout] 
[INFO] [stdout] test result: FAILED. 48 passed; 1 failed; 0 ignored; 0 measured; 0 filtered out; finished in 0.09s
[INFO] [stdout] 
[INFO] [stderr] error: test failed, to rerun pass `--lib`
[INFO] running `Command { std: "docker" "inspect" "d94a1e9d065797a061c614af998109a65cf48501295bf388616f551f90ece913", kill_on_drop: false }`
[INFO] running `Command { std: "docker" "rm" "-f" "d94a1e9d065797a061c614af998109a65cf48501295bf388616f551f90ece913", kill_on_drop: false }`
[INFO] [stdout] d94a1e9d065797a061c614af998109a65cf48501295bf388616f551f90ece913
