[INFO] fetching crate floem-vger 0.3.1...
[INFO] testing floem-vger-0.3.1 against nightly-2025-01-18 for randomize-layout-2
[INFO] extracting crate floem-vger 0.3.1 into /workspace/builds/worker-4-tc1/source
[INFO] validating manifest of crates.io crate floem-vger 0.3.1 on toolchain nightly-2025-01-18
[INFO] running `Command { std: CARGO_HOME="/workspace/cargo-home" RUSTUP_HOME="/workspace/rustup-home" "/workspace/cargo-home/bin/cargo" "+nightly-2025-01-18" "metadata" "--manifest-path" "Cargo.toml" "--no-deps", kill_on_drop: false }`
[INFO] removed /workspace/builds/worker-4-tc1/source/.cargo/config.toml
[INFO] started tweaking crates.io crate floem-vger 0.3.1
[INFO] removed 0 missing tests
[INFO] finished tweaking crates.io crate floem-vger 0.3.1
[INFO] tweaked toml for crates.io crate floem-vger 0.3.1 written to /workspace/builds/worker-4-tc1/source/Cargo.toml
[INFO] running `Command { std: CARGO_HOME="/workspace/cargo-home" RUSTUP_HOME="/workspace/rustup-home" "/workspace/cargo-home/bin/cargo" "+nightly-2025-01-18" "generate-lockfile" "--manifest-path" "Cargo.toml", kill_on_drop: false }`
[INFO] [stderr]     Updating crates.io index
[INFO] [stderr]      Locking 183 packages to latest compatible versions
[INFO] [stderr]       Adding fontdue v0.8.0 (available: v0.9.2)
[INFO] [stderr]       Adding svg v0.13.1 (available: v0.18.0)
[INFO] [stderr]       Adding wgpu v22.1.0 (available: v24.0.0)
[INFO] running `Command { std: CARGO_HOME="/workspace/cargo-home" RUSTUP_HOME="/workspace/rustup-home" "/workspace/cargo-home/bin/cargo" "+nightly-2025-01-18" "fetch" "--manifest-path" "Cargo.toml", kill_on_drop: false }`
[INFO] [stderr]  Downloading crates ...
[INFO] [stderr]   Downloaded svg v0.13.1
[INFO] [stderr]   Downloaded rect_packer v0.2.1
[INFO] running `Command { std: "docker" "create" "-v" "/var/lib/crater-agent-workspace/builds/worker-4-tc1/target:/opt/rustwide/target:rw,Z" "-v" "/var/lib/crater-agent-workspace/builds/worker-4-tc1/source:/opt/rustwide/workdir:ro,Z" "-v" "/var/lib/crater-agent-workspace/cargo-home:/opt/rustwide/cargo-home:ro,Z" "-v" "/var/lib/crater-agent-workspace/rustup-home:/opt/rustwide/rustup-home:ro,Z" "-e" "SOURCE_DIR=/opt/rustwide/workdir" "-e" "CARGO_TARGET_DIR=/opt/rustwide/target" "-e" "CARGO_HOME=/opt/rustwide/cargo-home" "-e" "RUSTUP_HOME=/opt/rustwide/rustup-home" "-w" "/opt/rustwide/workdir" "-m" "1610612736" "--user" "0:0" "--network" "none" "ghcr.io/rust-lang/crates-build-env/linux@sha256:819108c5571ea2e421544af4d832f968d213c87fbe3707a016657f43d2f853bc" "/opt/rustwide/cargo-home/bin/cargo" "+nightly-2025-01-18" "metadata" "--no-deps" "--format-version=1", kill_on_drop: false }`
[INFO] [stdout] a339b2243b1631e15f59930ec664c084a6cee37684a6d951b74e9b908703bee8
[INFO] running `Command { std: "docker" "start" "-a" "a339b2243b1631e15f59930ec664c084a6cee37684a6d951b74e9b908703bee8", kill_on_drop: false }`
[INFO] running `Command { std: "docker" "inspect" "a339b2243b1631e15f59930ec664c084a6cee37684a6d951b74e9b908703bee8", kill_on_drop: false }`
[INFO] running `Command { std: "docker" "rm" "-f" "a339b2243b1631e15f59930ec664c084a6cee37684a6d951b74e9b908703bee8", kill_on_drop: false }`
[INFO] [stdout] a339b2243b1631e15f59930ec664c084a6cee37684a6d951b74e9b908703bee8
[INFO] running `Command { std: "docker" "create" "-v" "/var/lib/crater-agent-workspace/builds/worker-4-tc1/target:/opt/rustwide/target:rw,Z" "-v" "/var/lib/crater-agent-workspace/builds/worker-4-tc1/source:/opt/rustwide/workdir:ro,Z" "-v" "/var/lib/crater-agent-workspace/cargo-home:/opt/rustwide/cargo-home:ro,Z" "-v" "/var/lib/crater-agent-workspace/rustup-home:/opt/rustwide/rustup-home:ro,Z" "-e" "SOURCE_DIR=/opt/rustwide/workdir" "-e" "CARGO_TARGET_DIR=/opt/rustwide/target" "-e" "CARGO_INCREMENTAL=0" "-e" "RUST_BACKTRACE=full" "-e" "RUSTFLAGS=--cap-lints=forbid" "-e" "RUSTDOCFLAGS=--cap-lints=forbid" "-e" "CARGO_HOME=/opt/rustwide/cargo-home" "-e" "RUSTUP_HOME=/opt/rustwide/rustup-home" "-w" "/opt/rustwide/workdir" "-m" "1610612736" "--user" "0:0" "--network" "none" "ghcr.io/rust-lang/crates-build-env/linux@sha256:819108c5571ea2e421544af4d832f968d213c87fbe3707a016657f43d2f853bc" "/opt/rustwide/cargo-home/bin/cargo" "+nightly-2025-01-18" "build" "--frozen" "--message-format=json", kill_on_drop: false }`
[INFO] [stdout] f1339fed87b6063656c932e760ec9628842bb2f2929ed260d199fd354146aee7
[INFO] running `Command { std: "docker" "start" "-a" "f1339fed87b6063656c932e760ec9628842bb2f2929ed260d199fd354146aee7", kill_on_drop: false }`
[INFO] [stderr]    Compiling proc-macro2 v1.0.93
[INFO] [stderr]    Compiling unicode-ident v1.0.14
[INFO] [stderr]    Compiling bitflags v2.8.0
[INFO] [stderr]    Compiling cfg_aliases v0.1.1
[INFO] [stderr]    Compiling libc v0.2.169
[INFO] [stderr]    Compiling autocfg v1.4.0
[INFO] [stderr]    Compiling cfg-if v1.0.0
[INFO] [stderr]    Compiling version_check v0.9.5
[INFO] [stderr]    Compiling crossbeam-utils v0.8.21
[INFO] [stderr]    Compiling foldhash v0.1.4
[INFO] [stderr]    Compiling smallvec v1.13.2
[INFO] [stderr]    Compiling hashbrown v0.15.2
[INFO] [stderr]    Compiling thiserror v1.0.69
[INFO] [stderr]    Compiling log v0.4.25
[INFO] [stderr]    Compiling once_cell v1.20.2
[INFO] [stderr]    Compiling parking_lot_core v0.9.10
[INFO] [stderr]    Compiling lock_api v0.4.12
[INFO] [stderr]    Compiling naga v22.1.0
[INFO] [stderr]    Compiling libloading v0.8.6
[INFO] [stderr]    Compiling rustc-hash v1.1.0
[INFO] [stderr]    Compiling scopeguard v1.2.0
[INFO] [stderr]    Compiling termcolor v1.4.1
[INFO] [stderr]    Compiling khronos-egl v6.0.0
[INFO] [stderr]    Compiling unicode-width v0.1.14
[INFO] [stderr]    Compiling equivalent v1.0.1
[INFO] [stderr]    Compiling ash v0.38.0+1.3.281
[INFO] [stderr]    Compiling bit-vec v0.7.0
[INFO] [stderr]    Compiling indexmap v2.7.1
[INFO] [stderr]    Compiling crossbeam-epoch v0.9.18
[INFO] [stderr]    Compiling quote v1.0.38
[INFO] [stderr]    Compiling bit-set v0.6.0
[INFO] [stderr]    Compiling codespan-reporting v0.11.1
[INFO] [stderr]    Compiling ahash v0.8.11
[INFO] [stderr]    Compiling syn v2.0.96
[INFO] [stderr]    Compiling slotmap v1.0.7
[INFO] [stderr]    Compiling gpu-alloc-types v0.3.0
[INFO] [stderr]    Compiling spirv v0.3.0+sdk-1.3.268.0
[INFO] [stderr]    Compiling gpu-descriptor-types v0.2.0
[INFO] [stderr]    Compiling wgpu-hal v22.0.0
[INFO] [stderr]    Compiling libm v0.2.11
[INFO] [stderr]    Compiling unicode-xid v0.2.6
[INFO] [stderr]    Compiling hexf-parse v0.2.1
[INFO] [stderr]    Compiling rayon-core v1.12.1
[INFO] [stderr]    Compiling arrayvec v0.7.6
[INFO] [stderr]    Compiling gpu-descriptor v0.3.1
[INFO] [stderr]    Compiling parking_lot v0.12.3
[INFO] [stderr]    Compiling gpu-alloc v0.6.0
[INFO] [stderr]    Compiling crossbeam-deque v0.8.6
[INFO] [stderr]    Compiling num-traits v0.2.19
[INFO] [stderr]    Compiling wgpu-types v22.0.0
[INFO] [stderr]    Compiling wgpu-core v22.1.0
[INFO] [stderr]    Compiling raw-window-handle v0.6.2
[INFO] [stderr]    Compiling zerocopy v0.7.35
[INFO] [stderr]    Compiling roxmltree v0.20.0
[INFO] [stderr]    Compiling litrs v0.4.1
[INFO] [stderr]    Compiling ttf-parser v0.20.0
[INFO] [stderr]    Compiling tinyvec_macros v0.1.1
[INFO] [stderr]    Compiling renderdoc-sys v1.1.0
[INFO] [stderr]    Compiling profiling v1.0.16
[INFO] [stderr]    Compiling glow v0.13.1
[INFO] [stderr]    Compiling fontconfig-parser v0.5.7
[INFO] [stderr]    Compiling document-features v0.2.10
[INFO] [stderr]    Compiling tinyvec v1.8.1
[INFO] [stderr]    Compiling memmap2 v0.9.5
[INFO] [stderr]    Compiling wgpu v22.1.0
[INFO] [stderr]    Compiling ttf-parser v0.21.1
[INFO] [stderr]    Compiling bytemuck_derive v1.8.1
[INFO] [stderr]    Compiling thiserror-impl v1.0.69
[INFO] [stderr]    Compiling unicode-bidi-mirroring v0.2.0
[INFO] [stderr]    Compiling unicode-script v0.5.7
[INFO] [stderr]    Compiling either v1.13.0
[INFO] [stderr]    Compiling unicode-ccc v0.2.0
[INFO] [stderr]    Compiling yazi v0.1.6
[INFO] [stderr]    Compiling zeno v0.2.3
[INFO] [stderr]    Compiling allocator-api2 v0.2.21
[INFO] [stderr]    Compiling unicode-properties v0.1.3
[INFO] [stderr]    Compiling hashbrown v0.14.5
[INFO] [stderr]    Compiling rayon v1.10.0
[INFO] [stderr]    Compiling fontdb v0.16.2
[INFO] [stderr]    Compiling bytemuck v1.21.0
[INFO] [stderr]    Compiling font-types v0.7.3
[INFO] [stderr]    Compiling sys-locale v0.3.2
[INFO] [stderr]    Compiling unicode-segmentation v1.12.0
[INFO] [stderr]    Compiling unicode-linebreak v0.1.5
[INFO] [stderr]    Compiling rustybuzz v0.14.1
[INFO] [stderr]    Compiling read-fonts v0.22.7
[INFO] [stderr]    Compiling unicode-bidi v0.3.18
[INFO] [stderr]    Compiling static_assertions v1.1.0
[INFO] [stderr]    Compiling rangemap v1.5.1
[INFO] [stderr]    Compiling self_cell v1.1.0
[INFO] [stderr]    Compiling euclid v0.22.11
[INFO] [stderr]    Compiling fontdue v0.8.0
[INFO] [stderr]    Compiling rect_packer v0.2.1
[INFO] [stderr]    Compiling skrifa v0.22.3
[INFO] [stderr]    Compiling swash v0.1.19
[INFO] [stderr]    Compiling cosmic-text v0.12.1
[INFO] [stderr]    Compiling floem-vger v0.3.1 (/opt/rustwide/workdir)
[INFO] [stderr]     Finished `dev` profile [unoptimized + debuginfo] target(s) in 2m 11s
[INFO] running `Command { std: "docker" "inspect" "f1339fed87b6063656c932e760ec9628842bb2f2929ed260d199fd354146aee7", kill_on_drop: false }`
[INFO] running `Command { std: "docker" "rm" "-f" "f1339fed87b6063656c932e760ec9628842bb2f2929ed260d199fd354146aee7", kill_on_drop: false }`
[INFO] [stdout] f1339fed87b6063656c932e760ec9628842bb2f2929ed260d199fd354146aee7
[INFO] running `Command { std: "docker" "create" "-v" "/var/lib/crater-agent-workspace/builds/worker-4-tc1/target:/opt/rustwide/target:rw,Z" "-v" "/var/lib/crater-agent-workspace/builds/worker-4-tc1/source:/opt/rustwide/workdir:ro,Z" "-v" "/var/lib/crater-agent-workspace/cargo-home:/opt/rustwide/cargo-home:ro,Z" "-v" "/var/lib/crater-agent-workspace/rustup-home:/opt/rustwide/rustup-home:ro,Z" "-e" "SOURCE_DIR=/opt/rustwide/workdir" "-e" "CARGO_TARGET_DIR=/opt/rustwide/target" "-e" "CARGO_INCREMENTAL=0" "-e" "RUST_BACKTRACE=full" "-e" "RUSTFLAGS=--cap-lints=forbid" "-e" "RUSTDOCFLAGS=--cap-lints=forbid" "-e" "CARGO_HOME=/opt/rustwide/cargo-home" "-e" "RUSTUP_HOME=/opt/rustwide/rustup-home" "-w" "/opt/rustwide/workdir" "-m" "1610612736" "--user" "0:0" "--network" "none" "ghcr.io/rust-lang/crates-build-env/linux@sha256:819108c5571ea2e421544af4d832f968d213c87fbe3707a016657f43d2f853bc" "/opt/rustwide/cargo-home/bin/cargo" "+nightly-2025-01-18" "test" "--frozen" "--no-run" "--message-format=json", kill_on_drop: false }`
[INFO] [stdout] 2649d1e8f1aa127da8559ad1653a1df933dcc11718897db61b98790555e2d5bf
[INFO] running `Command { std: "docker" "start" "-a" "2649d1e8f1aa127da8559ad1653a1df933dcc11718897db61b98790555e2d5bf", kill_on_drop: false }`
[INFO] [stderr]    Compiling syn v2.0.96
[INFO] [stderr]    Compiling byteorder v1.5.0
[INFO] [stderr]    Compiling slab v0.4.9
[INFO] [stderr]    Compiling futures-core v0.3.31
[INFO] [stderr]    Compiling simd-adler32 v0.3.7
[INFO] [stderr]    Compiling futures-sink v0.3.31
[INFO] [stderr]    Compiling getrandom v0.2.15
[INFO] [stderr]    Compiling pin-utils v0.1.0
[INFO] [stderr]    Compiling pin-project-lite v0.2.16
[INFO] [stderr]    Compiling futures-io v0.3.31
[INFO] [stderr]    Compiling memchr v2.7.4
[INFO] [stderr]    Compiling futures-channel v0.3.31
[INFO] [stderr]    Compiling adler2 v2.0.0
[INFO] [stderr]    Compiling futures-task v0.3.31
[INFO] [stderr]    Compiling miniz_oxide v0.8.3
[INFO] [stderr]    Compiling rand_core v0.6.4
[INFO] [stderr]    Compiling crc32fast v1.4.2
[INFO] [stderr]    Compiling fdeflate v0.3.7
[INFO] [stderr]    Compiling bitflags v1.3.2
[INFO] [stderr]    Compiling futures-intrusive v0.5.0
[INFO] [stderr]    Compiling svg v0.13.1
[INFO] [stderr]    Compiling flate2 v1.0.35
[INFO] [stderr]    Compiling png v0.17.16
[INFO] [stderr]    Compiling zerocopy-derive v0.7.35
[INFO] [stderr]    Compiling bytemuck_derive v1.8.1
[INFO] [stderr]    Compiling thiserror-impl v1.0.69
[INFO] [stderr]    Compiling futures-macro v0.3.31
[INFO] [stderr]    Compiling futures-util v0.3.31
[INFO] [stderr]    Compiling zerocopy v0.7.35
[INFO] [stderr]    Compiling thiserror v1.0.69
[INFO] [stderr]    Compiling naga v22.1.0
[INFO] [stderr]    Compiling bytemuck v1.21.0
[INFO] [stderr]    Compiling ahash v0.8.11
[INFO] [stderr]    Compiling ppv-lite86 v0.2.20
[INFO] [stderr]    Compiling font-types v0.7.3
[INFO] [stderr]    Compiling rustybuzz v0.14.1
[INFO] [stderr]    Compiling hashbrown v0.14.5
[INFO] [stderr]    Compiling rand_chacha v0.3.1
[INFO] [stderr]    Compiling read-fonts v0.22.7
[INFO] [stderr]    Compiling rand v0.8.5
[INFO] [stderr]    Compiling fontdue v0.8.0
[INFO] [stderr]    Compiling futures-executor v0.3.31
[INFO] [stderr]    Compiling futures v0.3.31
[INFO] [stderr]    Compiling wgpu-hal v22.0.0
[INFO] [stderr]    Compiling skrifa v0.22.3
[INFO] [stderr]    Compiling wgpu-core v22.1.0
[INFO] [stderr]    Compiling swash v0.1.19
[INFO] [stderr]    Compiling cosmic-text v0.12.1
[INFO] [stderr]    Compiling wgpu v22.1.0
[INFO] [stderr]    Compiling floem-vger v0.3.1 (/opt/rustwide/workdir)
[INFO] [stdout] warning: unused variable: `paint`
[INFO] [stdout]    --> tests/tests.rs:386:9
[INFO] [stdout]     |
[INFO] [stdout] 386 |     let paint = vger.linear_gradient([0.0, 0.0], [512.0, 512.0], Color::CYAN, Color::MAGENTA, 0.0);
[INFO] [stdout]     |         ^^^^^ help: if this is intentional, prefix it with an underscore: `_paint`
[INFO] [stdout]     |
[INFO] [stdout]     = note: `#[warn(unused_variables)]` on by default
[INFO] [stdout] 
[INFO] [stdout] 
[INFO] [stdout] warning: unused variable: `lorem`
[INFO] [stdout]    --> tests/tests.rs:388:9
[INFO] [stdout]     |
[INFO] [stdout] 388 |     let lorem = "Lorem ipsum dolor sit amet, consectetur adipiscing elit, sed do eiusmod tempor incididunt ut labore et dolore magna aliq...
[INFO] [stdout]     |         ^^^^^ help: if this is intentional, prefix it with an underscore: `_lorem`
[INFO] [stdout] 
[INFO] [stdout] 
[INFO] [stdout] warning: unused variable: `paint`
[INFO] [stdout]    --> tests/tests.rs:439:9
[INFO] [stdout]     |
[INFO] [stdout] 439 |     let paint = vger.linear_gradient([0.0, 0.0], [512.0, 512.0], Color::CYAN, Color::MAGENTA, 0.0);
[INFO] [stdout]     |         ^^^^^ help: if this is intentional, prefix it with an underscore: `_paint`
[INFO] [stdout] 
[INFO] [stdout] 
[INFO] [stdout] warning: unused variable: `lorem`
[INFO] [stdout]    --> tests/tests.rs:441:9
[INFO] [stdout]     |
[INFO] [stdout] 441 |     let lorem = "Lorem ipsum dolor sit amet, consectetur adipiscing elit, sed do eiusmod tempor incididunt ut labore et dolore magna aliq...
[INFO] [stdout]     |         ^^^^^ help: if this is intentional, prefix it with an underscore: `_lorem`
[INFO] [stdout] 
[INFO] [stdout] 
[INFO] [stderr]     Finished `test` profile [unoptimized + debuginfo] target(s) in 1m 42s
[INFO] running `Command { std: "docker" "inspect" "2649d1e8f1aa127da8559ad1653a1df933dcc11718897db61b98790555e2d5bf", kill_on_drop: false }`
[INFO] running `Command { std: "docker" "rm" "-f" "2649d1e8f1aa127da8559ad1653a1df933dcc11718897db61b98790555e2d5bf", kill_on_drop: false }`
[INFO] [stdout] 2649d1e8f1aa127da8559ad1653a1df933dcc11718897db61b98790555e2d5bf
[INFO] running `Command { std: "docker" "create" "-v" "/var/lib/crater-agent-workspace/builds/worker-4-tc1/target:/opt/rustwide/target:rw,Z" "-v" "/var/lib/crater-agent-workspace/builds/worker-4-tc1/source:/opt/rustwide/workdir:ro,Z" "-v" "/var/lib/crater-agent-workspace/cargo-home:/opt/rustwide/cargo-home:ro,Z" "-v" "/var/lib/crater-agent-workspace/rustup-home:/opt/rustwide/rustup-home:ro,Z" "-e" "SOURCE_DIR=/opt/rustwide/workdir" "-e" "CARGO_TARGET_DIR=/opt/rustwide/target" "-e" "CARGO_INCREMENTAL=0" "-e" "RUST_BACKTRACE=full" "-e" "RUSTFLAGS=--cap-lints=forbid" "-e" "RUSTDOCFLAGS=--cap-lints=forbid" "-e" "CARGO_HOME=/opt/rustwide/cargo-home" "-e" "RUSTUP_HOME=/opt/rustwide/rustup-home" "-w" "/opt/rustwide/workdir" "-m" "1610612736" "--user" "0:0" "--network" "none" "ghcr.io/rust-lang/crates-build-env/linux@sha256:819108c5571ea2e421544af4d832f968d213c87fbe3707a016657f43d2f853bc" "/opt/rustwide/cargo-home/bin/cargo" "+nightly-2025-01-18" "test" "--frozen", kill_on_drop: false }`
[INFO] [stdout] 05932ca079e31335e51e6c16cbb3b13752a86e5ab672268e0c8ad8611cd2c244
[INFO] running `Command { std: "docker" "start" "-a" "05932ca079e31335e51e6c16cbb3b13752a86e5ab672268e0c8ad8611cd2c244", kill_on_drop: false }`
[INFO] [stderr] warning: unused variable: `paint`
[INFO] [stderr]    --> tests/tests.rs:386:9
[INFO] [stderr]     |
[INFO] [stderr] 386 |     let paint = vger.linear_gradient([0.0, 0.0], [512.0, 512.0], Color::CYAN, Color::MAGENTA, 0.0);
[INFO] [stderr]     |         ^^^^^ help: if this is intentional, prefix it with an underscore: `_paint`
[INFO] [stderr]     |
[INFO] [stderr]     = note: `#[warn(unused_variables)]` on by default
[INFO] [stderr] 
[INFO] [stderr] warning: unused variable: `lorem`
[INFO] [stderr]    --> tests/tests.rs:388:9
[INFO] [stderr]     |
[INFO] [stderr] 388 |     let lorem = "Lorem ipsum dolor sit amet, consectetur adipiscing elit, sed do eiusmod tempor incididunt ut labore et dolore magna aliq...
[INFO] [stderr]     |         ^^^^^ help: if this is intentional, prefix it with an underscore: `_lorem`
[INFO] [stderr] 
[INFO] [stderr] warning: unused variable: `paint`
[INFO] [stderr]    --> tests/tests.rs:439:9
[INFO] [stderr]     |
[INFO] [stderr] 439 |     let paint = vger.linear_gradient([0.0, 0.0], [512.0, 512.0], Color::CYAN, Color::MAGENTA, 0.0);
[INFO] [stderr]     |         ^^^^^ help: if this is intentional, prefix it with an underscore: `_paint`
[INFO] [stderr] 
[INFO] [stderr] warning: unused variable: `lorem`
[INFO] [stderr]    --> tests/tests.rs:441:9
[INFO] [stderr]     |
[INFO] [stderr] 441 |     let lorem = "Lorem ipsum dolor sit amet, consectetur adipiscing elit, sed do eiusmod tempor incididunt ut labore et dolore magna aliq...
[INFO] [stderr]     |         ^^^^^ help: if this is intentional, prefix it with an underscore: `_lorem`
[INFO] [stderr] 
[INFO] [stderr] warning: `floem-vger` (test "tests") generated 4 warnings
[INFO] [stderr]     Finished `test` profile [unoptimized + debuginfo] target(s) in 0.34s
[INFO] [stderr]      Running unittests src/lib.rs (/opt/rustwide/target/debug/deps/floem_vger-3c7d1e05465275d5)
[INFO] [stdout] 
[INFO] [stdout] running 4 tests
[INFO] [stdout] test prim::tests::test_size ... ok
[INFO] [stdout] test paint::tests::test_paint_size ... ok
[INFO] [stdout] test path::tests::test_path_scanner ... ok
[INFO] [stderr]      Running tests/common.rs (/opt/rustwide/target/debug/deps/common-f65d0d4f227337d3)
[INFO] [stdout] test paint::tests::test_linear_gradient ... ok
[INFO] [stdout] 
[INFO] [stdout] test result: ok. 4 passed; 0 failed; 0 ignored; 0 measured; 0 filtered out; finished in 0.01s
[INFO] [stdout] 
[INFO] [stdout] 
[INFO] [stdout] running 0 tests
[INFO] [stdout] 
[INFO] [stdout] test result: ok. 0 passed; 0 failed; 0 ignored; 0 measured; 0 filtered out; finished in 0.00s
[INFO] [stdout] 
[INFO] [stderr]      Running tests/tests.rs (/opt/rustwide/target/debug/deps/tests-be82de22023038b9)
[INFO] [stdout] 
[INFO] [stdout] running 20 tests
[INFO] [stderr] error: XDG_RUNTIME_DIR not set in the environment.
[INFO] [stderr] error: XDG_RUNTIME_DIR not set in the environment.
[INFO] [stderr] error: XDG_RUNTIME_DIR not set in the environment.
[INFO] [stderr] error: XDG_RUNTIME_DIR not set in the environment.
[INFO] [stderr] error: XDG_RUNTIME_DIR not set in the environment.
[INFO] [stderr] error: XDG_RUNTIME_DIR not set in the environment.
[INFO] [stderr] error: XDG_RUNTIME_DIR not set in the environment.
[INFO] [stderr] error: XDG_RUNTIME_DIR not set in the environment.
[INFO] [stderr] error: XDG_RUNTIME_DIR not set in the environment.
[INFO] [stderr] error: XDG_RUNTIME_DIR not set in the environment.
[INFO] [stderr] error: XDG_RUNTIME_DIR not set in the environment.
[INFO] [stderr] error: XDG_RUNTIME_DIR not set in the environment.
[INFO] [stderr] error: XDG_RUNTIME_DIR not set in the environment.
[INFO] [stderr] error: XDG_RUNTIME_DIR not set in the environment.
[INFO] [stderr] error: XDG_RUNTIME_DIR not set in the environment.
[INFO] [stderr] error: XDG_RUNTIME_DIR not set in the environment.
[INFO] [stderr] error: XDG_RUNTIME_DIR not set in the environment.
[INFO] [stderr] error: XDG_RUNTIME_DIR not set in the environment.
[INFO] [stderr] error: XDG_RUNTIME_DIR not set in the environment.
[INFO] [stderr] error: XDG_RUNTIME_DIR not set in the environment.
[INFO] [stderr] error: XDG_RUNTIME_DIR not set in the environment.
[INFO] [stderr] error: XDG_RUNTIME_DIR not set in the environment.
[INFO] [stderr] error: XDG_RUNTIME_DIR not set in the environment.
[INFO] [stderr] error: XDG_RUNTIME_DIR not set in the environment.
[INFO] [stderr] error: XDG_RUNTIME_DIR not set in the environment.
[INFO] [stderr] error: XDG_RUNTIME_DIR not set in the environment.
[INFO] [stderr] error: XDG_RUNTIME_DIR not set in the environment.
[INFO] [stderr] error: XDG_RUNTIME_DIR not set in the environment.
[INFO] [stderr] error: XDG_RUNTIME_DIR not set in the environment.
[INFO] [stderr] error: XDG_RUNTIME_DIR not set in the environment.
[INFO] [stderr] error: XDG_RUNTIME_DIR not set in the environment.
[INFO] [stderr] error: XDG_RUNTIME_DIR not set in the environment.
[INFO] [stderr] error: XDG_RUNTIME_DIR not set in the environment.
[INFO] [stderr] error: XDG_RUNTIME_DIR not set in the environment.
[INFO] [stderr] error: XDG_RUNTIME_DIR not set in the environment.
[INFO] [stderr] error: XDG_RUNTIME_DIR not set in the environment.
[INFO] [stderr] error: XDG_RUNTIME_DIR not set in the environment.
[INFO] [stderr] error: XDG_RUNTIME_DIR not set in the environment.
[INFO] [stderr] error: XDG_RUNTIME_DIR not set in the environment.
[INFO] [stderr] error: XDG_RUNTIME_DIR not set in the environment.
[INFO] [stdout] test bezier_stroke_gradient ... FAILED
[INFO] [stdout] test fill_circle_array ... FAILED
[INFO] [stderr] error: XDG_RUNTIME_DIR not set in the environment.
[INFO] [stderr] error: XDG_RUNTIME_DIR not set in the environment.
[INFO] [stderr] error: XDG_RUNTIME_DIR not set in the environment.
[INFO] [stderr] error: XDG_RUNTIME_DIR not set in the environment.
[INFO] [stderr] error: XDG_RUNTIME_DIR not set in the environment.
[INFO] [stdout] test fill_rect_gradient ... FAILED
[INFO] [stderr] error: XDG_RUNTIME_DIR not set in the environment.
[INFO] [stderr] error: XDG_RUNTIME_DIR not set in the environment.
[INFO] [stdout] test path_fill ... FAILED
[INFO] [stderr] error: XDG_RUNTIME_DIR not set in the environment.
[INFO] [stderr] error: XDG_RUNTIME_DIR not set in the environment.
[INFO] [stderr] error: XDG_RUNTIME_DIR not set in the environment.
[INFO] [stderr] error: XDG_RUNTIME_DIR not set in the environment.
[INFO] [stdout] test segment_stroke_gradient ... FAILED
[INFO] [stderr] error: XDG_RUNTIME_DIR not set in the environment.
[INFO] [stderr] error: XDG_RUNTIME_DIR not set in the environment.
[INFO] [stderr] error: XDG_RUNTIME_DIR not set in the environment.
[INFO] [stderr] error: XDG_RUNTIME_DIR not set in the environment.
[INFO] [stderr] error: XDG_RUNTIME_DIR not set in the environment.
[INFO] [stderr] error: XDG_RUNTIME_DIR not set in the environment.
[INFO] [stderr] error: XDG_RUNTIME_DIR not set in the environment.
[INFO] [stderr] error: XDG_RUNTIME_DIR not set in the environment.
[INFO] [stderr] error: XDG_RUNTIME_DIR not set in the environment.
[INFO] [stderr] error: XDG_RUNTIME_DIR not set in the environment.
[INFO] [stderr] error: XDG_RUNTIME_DIR not set in the environment.
[INFO] [stderr] error: XDG_RUNTIME_DIR not set in the environment.
[INFO] [stderr] error: XDG_RUNTIME_DIR not set in the environment.
[INFO] [stderr] error: XDG_RUNTIME_DIR not set in the environment.
[INFO] [stdout] test fill_rect ... FAILED
[INFO] [stdout] test test_color_hex ... ok
[INFO] [stderr] error: XDG_RUNTIME_DIR not set in the environment.
[INFO] [stdout] test fill_circle ... FAILED
[INFO] [stderr] error: XDG_RUNTIME_DIR not set in the environment.
[INFO] [stderr] error: XDG_RUNTIME_DIR not set in the environment.
[INFO] [stderr] error: XDG_RUNTIME_DIR not set in the environment.
[INFO] [stderr] error: XDG_RUNTIME_DIR not set in the environment.
[INFO] [stderr] error: XDG_RUNTIME_DIR not set in the environment.
[INFO] [stderr] error: XDG_RUNTIME_DIR not set in the environment.
[INFO] [stderr] error: XDG_RUNTIME_DIR not set in the environment.
[INFO] [stderr] error: XDG_RUNTIME_DIR not set in the environment.
[INFO] [stderr] error: XDG_RUNTIME_DIR not set in the environment.
[INFO] [stdout] test fill_circle_translate ... FAILED
[INFO] [stderr] error: XDG_RUNTIME_DIR not set in the environment.
[INFO] [stderr] error: XDG_RUNTIME_DIR not set in the environment.
[INFO] [stdout] test segment_stroke_vertical ... FAILED
[INFO] [stderr] error: XDG_RUNTIME_DIR not set in the environment.
[INFO] [stderr] error: XDG_RUNTIME_DIR not set in the environment.
[INFO] [stderr] error: XDG_RUNTIME_DIR not set in the environment.
[INFO] [stderr] error: XDG_RUNTIME_DIR not set in the environment.
[INFO] [stderr] error: XDG_RUNTIME_DIR not set in the environment.
[INFO] [stderr] error: XDG_RUNTIME_DIR not set in the environment.
[INFO] [stderr] error: XDG_RUNTIME_DIR not set in the environment.
[INFO] [stderr] error: XDG_RUNTIME_DIR not set in the environment.
[INFO] [stdout] test segment_stroke_horizontal ... FAILED
[INFO] [stderr] error: XDG_RUNTIME_DIR not set in the environment.
[INFO] [stderr] error: XDG_RUNTIME_DIR not set in the environment.
[INFO] [stderr] error: XDG_RUNTIME_DIR not set in the environment.
[INFO] [stderr] error: XDG_RUNTIME_DIR not set in the environment.
[INFO] [stderr] error: XDG_RUNTIME_DIR not set in the environment.
[INFO] [stdout] test stroke_arc_gradient ... FAILED
[INFO] [stderr] error: XDG_RUNTIME_DIR not set in the environment.
[INFO] [stderr] error: XDG_RUNTIME_DIR not set in the environment.
[INFO] [stderr] error: XDG_RUNTIME_DIR not set in the environment.
[INFO] [stderr] error: XDG_RUNTIME_DIR not set in the environment.
[INFO] [stdout] test stroke_rect_gradient ... FAILED
[INFO] [stderr] error: XDG_RUNTIME_DIR not set in the environment.
[INFO] [stdout] test test_scissor ... FAILED
[INFO] [stdout] test text ... FAILED
[INFO] [stdout] test test_scissor_text ... FAILED
[INFO] [stdout] test text_box ... FAILED
[INFO] [stdout] test text_scale ... FAILED
[INFO] [stdout] test text_small ... FAILED
[INFO] [stdout] test segment_stroke_stress has been running for over 60 seconds
[INFO] [stderr] error: test failed, to rerun pass `--test tests`
[INFO] [stderr] 
[INFO] [stderr] Caused by:
[INFO] [stderr]   process didn't exit successfully: `/opt/rustwide/target/debug/deps/tests-be82de22023038b9` (signal: 11, SIGSEGV: invalid memory reference)
[INFO] running `Command { std: "docker" "inspect" "05932ca079e31335e51e6c16cbb3b13752a86e5ab672268e0c8ad8611cd2c244", kill_on_drop: false }`
[INFO] running `Command { std: "docker" "rm" "-f" "05932ca079e31335e51e6c16cbb3b13752a86e5ab672268e0c8ad8611cd2c244", kill_on_drop: false }`
[INFO] [stdout] 05932ca079e31335e51e6c16cbb3b13752a86e5ab672268e0c8ad8611cd2c244
